[INFO] fetching crate loggs 0.1.0...
[INFO] checking loggs-0.1.0 against nightly-2024-02-05 for check-cfg
[INFO] extracting crate loggs 0.1.0 into /workspace/builds/worker-0-tc1/source
[INFO] validating manifest of crates.io crate loggs 0.1.0 on toolchain nightly-2024-02-05
[INFO] running `Command { std: CARGO_HOME="/workspace/cargo-home" RUSTUP_HOME="/workspace/rustup-home" "/workspace/cargo-home/bin/cargo" "+nightly-2024-02-05" "metadata" "--manifest-path" "Cargo.toml" "--no-deps", kill_on_drop: false }`
[INFO] started tweaking crates.io crate loggs 0.1.0
[INFO] finished tweaking crates.io crate loggs 0.1.0
[INFO] tweaked toml for crates.io crate loggs 0.1.0 written to /workspace/builds/worker-0-tc1/source/Cargo.toml
[INFO] running `Command { std: CARGO_HOME="/workspace/cargo-home" RUSTUP_HOME="/workspace/rustup-home" "/workspace/cargo-home/bin/cargo" "+nightly-2024-02-05" "generate-lockfile" "--manifest-path" "Cargo.toml", kill_on_drop: false }`
[INFO] [stderr]     Updating crates.io index
[INFO] running `Command { std: CARGO_HOME="/workspace/cargo-home" RUSTUP_HOME="/workspace/rustup-home" "/workspace/cargo-home/bin/cargo" "+nightly-2024-02-05" "fetch" "--manifest-path" "Cargo.toml", kill_on_drop: false }`
[INFO] running `Command { std: "docker" "create" "-v" "/var/lib/crater-agent-workspace/builds/worker-0-tc1/target:/opt/rustwide/target:rw,Z" "-v" "/var/lib/crater-agent-workspace/builds/worker-0-tc1/source:/opt/rustwide/workdir:ro,Z" "-v" "/var/lib/crater-agent-workspace/cargo-home:/opt/rustwide/cargo-home:ro,Z" "-v" "/var/lib/crater-agent-workspace/rustup-home:/opt/rustwide/rustup-home:ro,Z" "-e" "SOURCE_DIR=/opt/rustwide/workdir" "-e" "CARGO_TARGET_DIR=/opt/rustwide/target" "-e" "CARGO_HOME=/opt/rustwide/cargo-home" "-e" "RUSTUP_HOME=/opt/rustwide/rustup-home" "-w" "/opt/rustwide/workdir" "-m" "1610612736" "--user" "0:0" "--network" "none" "ghcr.io/rust-lang/crates-build-env/linux@sha256:2788e3201cd34a07e3172128adcd8b3090168a8e3bcc40d7c032b9dda1df7d1c" "/opt/rustwide/cargo-home/bin/cargo" "+nightly-2024-02-05" "metadata" "--no-deps" "--format-version=1", kill_on_drop: false }`
[INFO] [stdout] ffc12779afcabb236370b9ec0701f4f45649173d2c5ce14a0695355e41b686cb
[INFO] running `Command { std: "docker" "start" "-a" "ffc12779afcabb236370b9ec0701f4f45649173d2c5ce14a0695355e41b686cb", kill_on_drop: false }`
[INFO] running `Command { std: "docker" "inspect" "ffc12779afcabb236370b9ec0701f4f45649173d2c5ce14a0695355e41b686cb", kill_on_drop: false }`
[INFO] running `Command { std: "docker" "rm" "-f" "ffc12779afcabb236370b9ec0701f4f45649173d2c5ce14a0695355e41b686cb", kill_on_drop: false }`
[INFO] [stdout] ffc12779afcabb236370b9ec0701f4f45649173d2c5ce14a0695355e41b686cb
[INFO] running `Command { std: "docker" "create" "-v" "/var/lib/crater-agent-workspace/builds/worker-0-tc1/target:/opt/rustwide/target:rw,Z" "-v" "/var/lib/crater-agent-workspace/builds/worker-0-tc1/source:/opt/rustwide/workdir:ro,Z" "-v" "/var/lib/crater-agent-workspace/cargo-home:/opt/rustwide/cargo-home:ro,Z" "-v" "/var/lib/crater-agent-workspace/rustup-home:/opt/rustwide/rustup-home:ro,Z" "-e" "SOURCE_DIR=/opt/rustwide/workdir" "-e" "CARGO_TARGET_DIR=/opt/rustwide/target" "-e" "CARGO_INCREMENTAL=0" "-e" "RUST_BACKTRACE=full" "-e" "RUSTFLAGS=--cap-lints=forbid" "-e" "RUSTDOCFLAGS=--cap-lints=forbid" "-e" "CARGO_HOME=/opt/rustwide/cargo-home" "-e" "RUSTUP_HOME=/opt/rustwide/rustup-home" "-w" "/opt/rustwide/workdir" "-m" "1610612736" "--user" "0:0" "--network" "none" "ghcr.io/rust-lang/crates-build-env/linux@sha256:2788e3201cd34a07e3172128adcd8b3090168a8e3bcc40d7c032b9dda1df7d1c" "/opt/rustwide/cargo-home/bin/cargo" "+nightly-2024-02-05" "check" "--frozen" "--all" "--all-targets" "--message-format=json", kill_on_drop: false }`
[INFO] [stdout] 686f3bd62ca1d6498113f1f2878cc4b76a80a5d01a2f00be8cef615b1de62679
[INFO] running `Command { std: "docker" "start" "-a" "686f3bd62ca1d6498113f1f2878cc4b76a80a5d01a2f00be8cef615b1de62679", kill_on_drop: false }`
[INFO] [stderr]    Compiling autocfg v1.1.0
[INFO] [stderr]     Checking iana-time-zone v0.1.60
[INFO] [stderr]    Compiling num-traits v0.2.17
[INFO] [stderr]     Checking chrono v0.4.33
[INFO] [stderr]     Checking loggs v0.1.0 (/opt/rustwide/workdir)
[INFO] [stdout] error[E0425]: cannot find value `save_location` in this scope
[INFO] [stdout]   --> src/lib.rs:32:17
[INFO] [stdout]    |
[INFO] [stdout] 32 |     Logger::new(save_location.as_path())
[INFO] [stdout]    |                 ^^^^^^^^^^^^^ not found in this scope
[INFO] [stdout] 
[INFO] [stdout] 
[INFO] [stdout] error[E0425]: cannot find value `save_location` in this scope
[INFO] [stdout]   --> src/lib.rs:32:17
[INFO] [stdout]    |
[INFO] [stdout] 32 |     Logger::new(save_location.as_path())
[INFO] [stdout]    |                 ^^^^^^^^^^^^^ not found in this scope
[INFO] [stdout] 
[INFO] [stdout] 
[INFO] [stdout] error: aborting due to 1 previous error
[INFO] [stdout] 
[INFO] [stdout] 
[INFO] [stdout] For more information about this error, try `rustc --explain E0425`.
[INFO] [stdout] 
[INFO] [stdout] error: aborting due to 1 previous error
[INFO] [stdout] 
[INFO] [stdout] 
[INFO] [stdout] For more information about this error, try `rustc --explain E0425`.
[INFO] [stdout] 
[INFO] [stderr] error: could not compile `loggs` (lib test) due to 2 previous errors
[INFO] [stderr] warning: build failed, waiting for other jobs to finish...
[INFO] [stderr] error: could not compile `loggs` (lib) due to 2 previous errors
[INFO] running `Command { std: "docker" "inspect" "686f3bd62ca1d6498113f1f2878cc4b76a80a5d01a2f00be8cef615b1de62679", kill_on_drop: false }`
[INFO] running `Command { std: "docker" "rm" "-f" "686f3bd62ca1d6498113f1f2878cc4b76a80a5d01a2f00be8cef615b1de62679", kill_on_drop: false }`
[INFO] [stdout] 686f3bd62ca1d6498113f1f2878cc4b76a80a5d01a2f00be8cef615b1de62679
[INFO] checking loggs-0.1.0 against nightly-2024-02-05+rustflags=-Dunexpected_cfgs+cargoflags=-Zcheck-cfg for check-cfg
[INFO] extracting crate loggs 0.1.0 into /workspace/builds/worker-0-tc2/source
[INFO] validating manifest of crates.io crate loggs 0.1.0 on toolchain nightly-2024-02-05
[INFO] running `Command { std: CARGO_HOME="/workspace/cargo-home" RUSTUP_HOME="/workspace/rustup-home" "/workspace/cargo-home/bin/cargo" "+nightly-2024-02-05" "metadata" "--manifest-path" "Cargo.toml" "--no-deps", kill_on_drop: false }`
[INFO] started tweaking crates.io crate loggs 0.1.0
[INFO] finished tweaking crates.io crate loggs 0.1.0
[INFO] tweaked toml for crates.io crate loggs 0.1.0 written to /workspace/builds/worker-0-tc2/source/Cargo.toml
[INFO] running `Command { std: CARGO_HOME="/workspace/cargo-home" RUSTUP_HOME="/workspace/rustup-home" "/workspace/cargo-home/bin/cargo" "+nightly-2024-02-05" "generate-lockfile" "--manifest-path" "Cargo.toml", kill_on_drop: false }`
[INFO] [stderr]     Updating crates.io index
[INFO] running `Command { std: CARGO_HOME="/workspace/cargo-home" RUSTUP_HOME="/workspace/rustup-home" "/workspace/cargo-home/bin/cargo" "+nightly-2024-02-05" "fetch" "--manifest-path" "Cargo.toml", kill_on_drop: false }`
[INFO] running `Command { std: "docker" "create" "-v" "/var/lib/crater-agent-workspace/builds/worker-0-tc2/target:/opt/rustwide/target:rw,Z" "-v" "/var/lib/crater-agent-workspace/builds/worker-0-tc2/source:/opt/rustwide/workdir:ro,Z" "-v" "/var/lib/crater-agent-workspace/cargo-home:/opt/rustwide/cargo-home:ro,Z" "-v" "/var/lib/crater-agent-workspace/rustup-home:/opt/rustwide/rustup-home:ro,Z" "-e" "SOURCE_DIR=/opt/rustwide/workdir" "-e" "CARGO_TARGET_DIR=/opt/rustwide/target" "-e" "CARGO_HOME=/opt/rustwide/cargo-home" "-e" "RUSTUP_HOME=/opt/rustwide/rustup-home" "-w" "/opt/rustwide/workdir" "-m" "1610612736" "--user" "0:0" "--network" "none" "ghcr.io/rust-lang/crates-build-env/linux@sha256:2788e3201cd34a07e3172128adcd8b3090168a8e3bcc40d7c032b9dda1df7d1c" "/opt/rustwide/cargo-home/bin/cargo" "+nightly-2024-02-05" "metadata" "--no-deps" "--format-version=1", kill_on_drop: false }`
[INFO] [stdout] ec1b5f81d2c76852cf80257a1e8079dd823fd170dd66fead521b7deec8a4c849
[INFO] running `Command { std: "docker" "start" "-a" "ec1b5f81d2c76852cf80257a1e8079dd823fd170dd66fead521b7deec8a4c849", kill_on_drop: false }`
[INFO] running `Command { std: "docker" "inspect" "ec1b5f81d2c76852cf80257a1e8079dd823fd170dd66fead521b7deec8a4c849", kill_on_drop: false }`
[INFO] running `Command { std: "docker" "rm" "-f" "ec1b5f81d2c76852cf80257a1e8079dd823fd170dd66fead521b7deec8a4c849", kill_on_drop: false }`
[INFO] [stdout] ec1b5f81d2c76852cf80257a1e8079dd823fd170dd66fead521b7deec8a4c849
[INFO] running `Command { std: "docker" "create" "-v" "/var/lib/crater-agent-workspace/builds/worker-0-tc2/target:/opt/rustwide/target:rw,Z" "-v" "/var/lib/crater-agent-workspace/builds/worker-0-tc2/source:/opt/rustwide/workdir:ro,Z" "-v" "/var/lib/crater-agent-workspace/cargo-home:/opt/rustwide/cargo-home:ro,Z" "-v" "/var/lib/crater-agent-workspace/rustup-home:/opt/rustwide/rustup-home:ro,Z" "-e" "SOURCE_DIR=/opt/rustwide/workdir" "-e" "CARGO_TARGET_DIR=/opt/rustwide/target" "-e" "CARGO_INCREMENTAL=0" "-e" "RUST_BACKTRACE=full" "-e" "RUSTFLAGS=--cap-lints=forbid -Dunexpected_cfgs" "-e" "RUSTDOCFLAGS=--cap-lints=forbid" "-e" "CARGO_HOME=/opt/rustwide/cargo-home" "-e" "RUSTUP_HOME=/opt/rustwide/rustup-home" "-w" "/opt/rustwide/workdir" "-m" "1610612736" "--user" "0:0" "--network" "none" "ghcr.io/rust-lang/crates-build-env/linux@sha256:2788e3201cd34a07e3172128adcd8b3090168a8e3bcc40d7c032b9dda1df7d1c" "/opt/rustwide/cargo-home/bin/cargo" "+nightly-2024-02-05" "check" "--frozen" "--all" "--all-targets" "--message-format=json" "-Zcheck-cfg", kill_on_drop: false }`
[INFO] [stdout] d923a2f9afa6d651bde4cbcd591773812b0e15c7e391cbec780f02e2ddfcf154
[INFO] running `Command { std: "docker" "start" "-a" "d923a2f9afa6d651bde4cbcd591773812b0e15c7e391cbec780f02e2ddfcf154", kill_on_drop: false }`
[INFO] [stderr]    Compiling autocfg v1.1.0
[INFO] [stderr]     Checking iana-time-zone v0.1.60
[INFO] [stderr]    Compiling num-traits v0.2.17
[INFO] [stderr]     Checking chrono v0.4.33
[INFO] [stderr]     Checking loggs v0.1.0 (/opt/rustwide/workdir)
[INFO] [stdout] error[E0425]: cannot find value `save_location` in this scope
[INFO] [stdout]   --> src/lib.rs:32:17
[INFO] [stdout]    |
[INFO] [stdout] 32 |     Logger::new(save_location.as_path())
[INFO] [stdout]    |                 ^^^^^^^^^^^^^ not found in this scope
[INFO] [stdout] 
[INFO] [stdout] 
[INFO] [stdout] error[E0425]: cannot find value `save_location` in this scope
[INFO] [stdout]   --> src/lib.rs:32:17
[INFO] [stdout]    |
[INFO] [stdout] 32 |     Logger::new(save_location.as_path())
[INFO] [stdout]    |                 ^^^^^^^^^^^^^ not found in this scope
[INFO] [stdout] 
[INFO] [stdout] 
[INFO] [stdout] error: aborting due to 1 previous error
[INFO] [stdout] 
[INFO] [stdout] 
[INFO] [stdout] For more information about this error, try `rustc --explain E0425`.
[INFO] [stdout] 
[INFO] [stderr] error: could not compile `loggs` (lib test) due to 2 previous errors
[INFO] [stdout] error: aborting due to 1 previous error
[INFO] [stdout] 
[INFO] [stdout] 
[INFO] [stderr] warning: build failed, waiting for other jobs to finish...
[INFO] [stdout] For more information about this error, try `rustc --explain E0425`.
[INFO] [stdout] 
[INFO] [stderr] error: could not compile `loggs` (lib) due to 2 previous errors
[INFO] running `Command { std: "docker" "inspect" "d923a2f9afa6d651bde4cbcd591773812b0e15c7e391cbec780f02e2ddfcf154", kill_on_drop: false }`
[INFO] running `Command { std: "docker" "rm" "-f" "d923a2f9afa6d651bde4cbcd591773812b0e15c7e391cbec780f02e2ddfcf154", kill_on_drop: false }`
[INFO] [stdout] d923a2f9afa6d651bde4cbcd591773812b0e15c7e391cbec780f02e2ddfcf154
