[INFO] fetching crate log_loki 0.1.1...
[INFO] checking log_loki-0.1.1 against nightly-2024-02-05 for check-cfg
[INFO] extracting crate log_loki 0.1.1 into /workspace/builds/worker-6-tc1/source
[INFO] validating manifest of crates.io crate log_loki 0.1.1 on toolchain nightly-2024-02-05
[INFO] running `Command { std: CARGO_HOME="/workspace/cargo-home" RUSTUP_HOME="/workspace/rustup-home" "/workspace/cargo-home/bin/cargo" "+nightly-2024-02-05" "metadata" "--manifest-path" "Cargo.toml" "--no-deps", kill_on_drop: false }`
[INFO] started tweaking crates.io crate log_loki 0.1.1
[INFO] finished tweaking crates.io crate log_loki 0.1.1
[INFO] tweaked toml for crates.io crate log_loki 0.1.1 written to /workspace/builds/worker-6-tc1/source/Cargo.toml
[INFO] running `Command { std: CARGO_HOME="/workspace/cargo-home" RUSTUP_HOME="/workspace/rustup-home" "/workspace/cargo-home/bin/cargo" "+nightly-2024-02-05" "generate-lockfile" "--manifest-path" "Cargo.toml", kill_on_drop: false }`
[INFO] [stderr]     Updating crates.io index
[INFO] running `Command { std: CARGO_HOME="/workspace/cargo-home" RUSTUP_HOME="/workspace/rustup-home" "/workspace/cargo-home/bin/cargo" "+nightly-2024-02-05" "fetch" "--manifest-path" "Cargo.toml", kill_on_drop: false }`
[INFO] [stderr]  Downloading crates ...
[INFO] [stderr]   Downloaded kanal v0.1.0-pre8
[INFO] running `Command { std: "docker" "create" "-v" "/var/lib/crater-agent-workspace/builds/worker-6-tc1/target:/opt/rustwide/target:rw,Z" "-v" "/var/lib/crater-agent-workspace/builds/worker-6-tc1/source:/opt/rustwide/workdir:ro,Z" "-v" "/var/lib/crater-agent-workspace/cargo-home:/opt/rustwide/cargo-home:ro,Z" "-v" "/var/lib/crater-agent-workspace/rustup-home:/opt/rustwide/rustup-home:ro,Z" "-e" "SOURCE_DIR=/opt/rustwide/workdir" "-e" "CARGO_TARGET_DIR=/opt/rustwide/target" "-e" "CARGO_HOME=/opt/rustwide/cargo-home" "-e" "RUSTUP_HOME=/opt/rustwide/rustup-home" "-w" "/opt/rustwide/workdir" "-m" "1610612736" "--user" "0:0" "--network" "none" "ghcr.io/rust-lang/crates-build-env/linux@sha256:2788e3201cd34a07e3172128adcd8b3090168a8e3bcc40d7c032b9dda1df7d1c" "/opt/rustwide/cargo-home/bin/cargo" "+nightly-2024-02-05" "metadata" "--no-deps" "--format-version=1", kill_on_drop: false }`
[INFO] [stdout] b1e17208efc0dd1fe3917c59df32c5f89a14c3e3b4b709cf5f4a1dfd9e328921
[INFO] running `Command { std: "docker" "start" "-a" "b1e17208efc0dd1fe3917c59df32c5f89a14c3e3b4b709cf5f4a1dfd9e328921", kill_on_drop: false }`
[INFO] running `Command { std: "docker" "inspect" "b1e17208efc0dd1fe3917c59df32c5f89a14c3e3b4b709cf5f4a1dfd9e328921", kill_on_drop: false }`
[INFO] running `Command { std: "docker" "rm" "-f" "b1e17208efc0dd1fe3917c59df32c5f89a14c3e3b4b709cf5f4a1dfd9e328921", kill_on_drop: false }`
[INFO] [stdout] b1e17208efc0dd1fe3917c59df32c5f89a14c3e3b4b709cf5f4a1dfd9e328921
[INFO] running `Command { std: "docker" "create" "-v" "/var/lib/crater-agent-workspace/builds/worker-6-tc1/target:/opt/rustwide/target:rw,Z" "-v" "/var/lib/crater-agent-workspace/builds/worker-6-tc1/source:/opt/rustwide/workdir:ro,Z" "-v" "/var/lib/crater-agent-workspace/cargo-home:/opt/rustwide/cargo-home:ro,Z" "-v" "/var/lib/crater-agent-workspace/rustup-home:/opt/rustwide/rustup-home:ro,Z" "-e" "SOURCE_DIR=/opt/rustwide/workdir" "-e" "CARGO_TARGET_DIR=/opt/rustwide/target" "-e" "CARGO_INCREMENTAL=0" "-e" "RUST_BACKTRACE=full" "-e" "RUSTFLAGS=--cap-lints=forbid" "-e" "RUSTDOCFLAGS=--cap-lints=forbid" "-e" "CARGO_HOME=/opt/rustwide/cargo-home" "-e" "RUSTUP_HOME=/opt/rustwide/rustup-home" "-w" "/opt/rustwide/workdir" "-m" "1610612736" "--user" "0:0" "--network" "none" "ghcr.io/rust-lang/crates-build-env/linux@sha256:2788e3201cd34a07e3172128adcd8b3090168a8e3bcc40d7c032b9dda1df7d1c" "/opt/rustwide/cargo-home/bin/cargo" "+nightly-2024-02-05" "check" "--frozen" "--all" "--all-targets" "--message-format=json", kill_on_drop: false }`
[INFO] [stdout] 5239e050ac5009d5baf2f105156dcb5d2708e4a57eee1bc7d635fda321281fc3
[INFO] running `Command { std: "docker" "start" "-a" "5239e050ac5009d5baf2f105156dcb5d2708e4a57eee1bc7d635fda321281fc3", kill_on_drop: false }`
[INFO] [stderr]     Checking untrusted v0.9.0
[INFO] [stderr]     Checking spin v0.9.8
[INFO] [stderr]     Checking getrandom v0.2.12
[INFO] [stderr]    Compiling ring v0.17.7
[INFO] [stderr]    Compiling ring v0.16.20
[INFO] [stderr]    Compiling rustls v0.21.10
[INFO] [stderr]     Checking rustls-pemfile v1.0.4
[INFO] [stderr]     Checking untrusted v0.7.1
[INFO] [stderr]    Compiling rustls v0.20.9
[INFO] [stderr]     Checking miniz_oxide v0.7.2
[INFO] [stderr]     Checking webpki-roots v0.25.4
[INFO] [stderr]     Checking rustls-native-certs v0.6.3
[INFO] [stderr]     Checking kanal v0.1.0-pre8
[INFO] [stderr]     Checking flate2 v1.0.28
[INFO] [stderr]     Checking sct v0.7.1
[INFO] [stderr]     Checking rustls-webpki v0.101.7
[INFO] [stderr]     Checking webpki v0.22.4
[INFO] [stderr]     Checking ureq v2.9.1
[INFO] [stderr]     Checking log_loki v0.1.1 (/opt/rustwide/workdir)
[INFO] [stdout] error[E0308]: mismatched types
[INFO] [stdout]    --> src/task.rs:54:54
[INFO] [stdout]     |
[INFO] [stdout] 54  |             agent_builder = agent_builder.tls_config(tls_config);
[INFO] [stdout]     |                                           ---------- ^^^^^^^^^^ expected `ClientConfig`, found a different `ClientConfig`
[INFO] [stdout]     |                                           |
[INFO] [stdout]     |                                           arguments to this method are incorrect
[INFO] [stdout]     |
[INFO] [stdout]     = note: `ClientConfig` and `ClientConfig` have similar names, but are actually distinct types
[INFO] [stdout] note: `ClientConfig` is defined in crate `rustls`
[INFO] [stdout]    --> /opt/rustwide/cargo-home/registry/src/index.crates.io-6f17d22bba15001f/rustls-0.20.9/src/client/client_conn.rs:91:1
[INFO] [stdout]     |
[INFO] [stdout] 91  | pub struct ClientConfig {
[INFO] [stdout]     | ^^^^^^^^^^^^^^^^^^^^^^^
[INFO] [stdout] note: `ClientConfig` is defined in crate `rustls`
[INFO] [stdout]    --> /opt/rustwide/cargo-home/registry/src/index.crates.io-6f17d22bba15001f/rustls-0.21.10/src/client/client_conn.rs:128:1
[INFO] [stdout]     |
[INFO] [stdout] 128 | pub struct ClientConfig {
[INFO] [stdout]     | ^^^^^^^^^^^^^^^^^^^^^^^
[INFO] [stdout]     = note: perhaps two different versions of crate `rustls` are being used?
[INFO] [stdout] note: method defined here
[INFO] [stdout]    --> /opt/rustwide/cargo-home/registry/src/index.crates.io-6f17d22bba15001f/ureq-2.9.1/src/agent.rs:617:12
[INFO] [stdout]     |
[INFO] [stdout] 617 |     pub fn tls_config(mut self, tls_config: Arc<rustls::ClientConfig>) -> Self {
[INFO] [stdout]     |            ^^^^^^^^^^
[INFO] [stdout] 
[INFO] [stdout] 
[INFO] [stdout] error[E0308]: mismatched types
[INFO] [stdout]    --> src/task.rs:54:54
[INFO] [stdout]     |
[INFO] [stdout] 54  |             agent_builder = agent_builder.tls_config(tls_config);
[INFO] [stdout]     |                                           ---------- ^^^^^^^^^^ expected `ClientConfig`, found a different `ClientConfig`
[INFO] [stdout]     |                                           |
[INFO] [stdout]     |                                           arguments to this method are incorrect
[INFO] [stdout]     |
[INFO] [stdout]     = note: `ClientConfig` and `ClientConfig` have similar names, but are actually distinct types
[INFO] [stdout] note: `ClientConfig` is defined in crate `rustls`
[INFO] [stdout]    --> /opt/rustwide/cargo-home/registry/src/index.crates.io-6f17d22bba15001f/rustls-0.20.9/src/client/client_conn.rs:91:1
[INFO] [stdout]     |
[INFO] [stdout] 91  | pub struct ClientConfig {
[INFO] [stdout]     | ^^^^^^^^^^^^^^^^^^^^^^^
[INFO] [stdout] note: `ClientConfig` is defined in crate `rustls`
[INFO] [stdout]    --> /opt/rustwide/cargo-home/registry/src/index.crates.io-6f17d22bba15001f/rustls-0.21.10/src/client/client_conn.rs:128:1
[INFO] [stdout]     |
[INFO] [stdout] 128 | pub struct ClientConfig {
[INFO] [stdout]     | ^^^^^^^^^^^^^^^^^^^^^^^
[INFO] [stdout]     = note: perhaps two different versions of crate `rustls` are being used?
[INFO] [stdout] note: method defined here
[INFO] [stdout]    --> /opt/rustwide/cargo-home/registry/src/index.crates.io-6f17d22bba15001f/ureq-2.9.1/src/agent.rs:617:12
[INFO] [stdout]     |
[INFO] [stdout] 617 |     pub fn tls_config(mut self, tls_config: Arc<rustls::ClientConfig>) -> Self {
[INFO] [stdout]     |            ^^^^^^^^^^
[INFO] [stdout] 
[INFO] [stdout] 
[INFO] [stdout] error: aborting due to 1 previous error
[INFO] [stdout] 
[INFO] [stdout] 
[INFO] [stdout] For more information about this error, try `rustc --explain E0308`.
[INFO] [stdout] 
[INFO] [stdout] error: aborting due to 1 previous error
[INFO] [stdout] 
[INFO] [stdout] 
[INFO] [stdout] For more information about this error, try `rustc --explain E0308`.
[INFO] [stdout] 
[INFO] [stderr] error: could not compile `log_loki` (lib test) due to 2 previous errors
[INFO] [stderr] warning: build failed, waiting for other jobs to finish...
[INFO] [stderr] error: could not compile `log_loki` (lib) due to 2 previous errors
[INFO] running `Command { std: "docker" "inspect" "5239e050ac5009d5baf2f105156dcb5d2708e4a57eee1bc7d635fda321281fc3", kill_on_drop: false }`
[INFO] running `Command { std: "docker" "rm" "-f" "5239e050ac5009d5baf2f105156dcb5d2708e4a57eee1bc7d635fda321281fc3", kill_on_drop: false }`
[INFO] [stdout] 5239e050ac5009d5baf2f105156dcb5d2708e4a57eee1bc7d635fda321281fc3
[INFO] checking log_loki-0.1.1 against nightly-2024-02-05+rustflags=-Dunexpected_cfgs+cargoflags=-Zcheck-cfg for check-cfg
[INFO] extracting crate log_loki 0.1.1 into /workspace/builds/worker-6-tc2/source
[INFO] validating manifest of crates.io crate log_loki 0.1.1 on toolchain nightly-2024-02-05
[INFO] running `Command { std: CARGO_HOME="/workspace/cargo-home" RUSTUP_HOME="/workspace/rustup-home" "/workspace/cargo-home/bin/cargo" "+nightly-2024-02-05" "metadata" "--manifest-path" "Cargo.toml" "--no-deps", kill_on_drop: false }`
[INFO] started tweaking crates.io crate log_loki 0.1.1
[INFO] finished tweaking crates.io crate log_loki 0.1.1
[INFO] tweaked toml for crates.io crate log_loki 0.1.1 written to /workspace/builds/worker-6-tc2/source/Cargo.toml
[INFO] running `Command { std: CARGO_HOME="/workspace/cargo-home" RUSTUP_HOME="/workspace/rustup-home" "/workspace/cargo-home/bin/cargo" "+nightly-2024-02-05" "generate-lockfile" "--manifest-path" "Cargo.toml", kill_on_drop: false }`
[INFO] [stderr]     Updating crates.io index
[INFO] running `Command { std: CARGO_HOME="/workspace/cargo-home" RUSTUP_HOME="/workspace/rustup-home" "/workspace/cargo-home/bin/cargo" "+nightly-2024-02-05" "fetch" "--manifest-path" "Cargo.toml", kill_on_drop: false }`
[INFO] running `Command { std: "docker" "create" "-v" "/var/lib/crater-agent-workspace/builds/worker-6-tc2/target:/opt/rustwide/target:rw,Z" "-v" "/var/lib/crater-agent-workspace/builds/worker-6-tc2/source:/opt/rustwide/workdir:ro,Z" "-v" "/var/lib/crater-agent-workspace/cargo-home:/opt/rustwide/cargo-home:ro,Z" "-v" "/var/lib/crater-agent-workspace/rustup-home:/opt/rustwide/rustup-home:ro,Z" "-e" "SOURCE_DIR=/opt/rustwide/workdir" "-e" "CARGO_TARGET_DIR=/opt/rustwide/target" "-e" "CARGO_HOME=/opt/rustwide/cargo-home" "-e" "RUSTUP_HOME=/opt/rustwide/rustup-home" "-w" "/opt/rustwide/workdir" "-m" "1610612736" "--user" "0:0" "--network" "none" "ghcr.io/rust-lang/crates-build-env/linux@sha256:2788e3201cd34a07e3172128adcd8b3090168a8e3bcc40d7c032b9dda1df7d1c" "/opt/rustwide/cargo-home/bin/cargo" "+nightly-2024-02-05" "metadata" "--no-deps" "--format-version=1", kill_on_drop: false }`
[INFO] [stdout] 836354e7cdd89431c943351c39db849f73a621742ecb705b88339098ac6c5184
[INFO] running `Command { std: "docker" "start" "-a" "836354e7cdd89431c943351c39db849f73a621742ecb705b88339098ac6c5184", kill_on_drop: false }`
[INFO] running `Command { std: "docker" "inspect" "836354e7cdd89431c943351c39db849f73a621742ecb705b88339098ac6c5184", kill_on_drop: false }`
[INFO] running `Command { std: "docker" "rm" "-f" "836354e7cdd89431c943351c39db849f73a621742ecb705b88339098ac6c5184", kill_on_drop: false }`
[INFO] [stdout] 836354e7cdd89431c943351c39db849f73a621742ecb705b88339098ac6c5184
[INFO] running `Command { std: "docker" "create" "-v" "/var/lib/crater-agent-workspace/builds/worker-6-tc2/target:/opt/rustwide/target:rw,Z" "-v" "/var/lib/crater-agent-workspace/builds/worker-6-tc2/source:/opt/rustwide/workdir:ro,Z" "-v" "/var/lib/crater-agent-workspace/cargo-home:/opt/rustwide/cargo-home:ro,Z" "-v" "/var/lib/crater-agent-workspace/rustup-home:/opt/rustwide/rustup-home:ro,Z" "-e" "SOURCE_DIR=/opt/rustwide/workdir" "-e" "CARGO_TARGET_DIR=/opt/rustwide/target" "-e" "CARGO_INCREMENTAL=0" "-e" "RUST_BACKTRACE=full" "-e" "RUSTFLAGS=--cap-lints=forbid -Dunexpected_cfgs" "-e" "RUSTDOCFLAGS=--cap-lints=forbid" "-e" "CARGO_HOME=/opt/rustwide/cargo-home" "-e" "RUSTUP_HOME=/opt/rustwide/rustup-home" "-w" "/opt/rustwide/workdir" "-m" "1610612736" "--user" "0:0" "--network" "none" "ghcr.io/rust-lang/crates-build-env/linux@sha256:2788e3201cd34a07e3172128adcd8b3090168a8e3bcc40d7c032b9dda1df7d1c" "/opt/rustwide/cargo-home/bin/cargo" "+nightly-2024-02-05" "check" "--frozen" "--all" "--all-targets" "--message-format=json" "-Zcheck-cfg", kill_on_drop: false }`
[INFO] [stdout] b5631ccf7fa7f8a86d33d5f030e956eae31d24509ea2a237459c81745cf2eb7a
[INFO] running `Command { std: "docker" "start" "-a" "b5631ccf7fa7f8a86d33d5f030e956eae31d24509ea2a237459c81745cf2eb7a", kill_on_drop: false }`
[INFO] [stderr]     Checking spin v0.9.8
[INFO] [stderr]     Checking untrusted v0.9.0
[INFO] [stderr]    Compiling rustls v0.21.10
[INFO] [stderr]     Checking getrandom v0.2.12
[INFO] [stderr]    Compiling ring v0.17.7
[INFO] [stderr]    Compiling ring v0.16.20
[INFO] [stderr]     Checking rustls-pemfile v1.0.4
[INFO] [stderr]     Checking untrusted v0.7.1
[INFO] [stderr]    Compiling rustls v0.20.9
[INFO] [stderr]     Checking miniz_oxide v0.7.2
[INFO] [stderr]     Checking webpki-roots v0.25.4
[INFO] [stderr]     Checking rustls-native-certs v0.6.3
[INFO] [stderr]     Checking kanal v0.1.0-pre8
[INFO] [stderr]     Checking flate2 v1.0.28
[INFO] [stderr]     Checking sct v0.7.1
[INFO] [stderr]     Checking rustls-webpki v0.101.7
[INFO] [stderr]     Checking webpki v0.22.4
[INFO] [stderr]     Checking ureq v2.9.1
[INFO] [stderr]     Checking log_loki v0.1.1 (/opt/rustwide/workdir)
[INFO] [stdout] error[E0308]: mismatched types
[INFO] [stdout]    --> src/task.rs:54:54
[INFO] [stdout]     |
[INFO] [stdout] 54  |             agent_builder = agent_builder.tls_config(tls_config);
[INFO] [stdout]     |                                           ---------- ^^^^^^^^^^ expected `ClientConfig`, found a different `ClientConfig`
[INFO] [stdout]     |                                           |
[INFO] [stdout]     |                                           arguments to this method are incorrect
[INFO] [stdout]     |
[INFO] [stdout]     = note: `ClientConfig` and `ClientConfig` have similar names, but are actually distinct types
[INFO] [stdout] note: `ClientConfig` is defined in crate `rustls`
[INFO] [stdout]    --> /opt/rustwide/cargo-home/registry/src/index.crates.io-6f17d22bba15001f/rustls-0.20.9/src/client/client_conn.rs:91:1
[INFO] [stdout]     |
[INFO] [stdout] 91  | pub struct ClientConfig {
[INFO] [stdout]     | ^^^^^^^^^^^^^^^^^^^^^^^
[INFO] [stdout] note: `ClientConfig` is defined in crate `rustls`
[INFO] [stdout]    --> /opt/rustwide/cargo-home/registry/src/index.crates.io-6f17d22bba15001f/rustls-0.21.10/src/client/client_conn.rs:128:1
[INFO] [stdout]     |
[INFO] [stdout] 128 | pub struct ClientConfig {
[INFO] [stdout]     | ^^^^^^^^^^^^^^^^^^^^^^^
[INFO] [stdout]     = note: perhaps two different versions of crate `rustls` are being used?
[INFO] [stdout] note: method defined here
[INFO] [stdout]    --> /opt/rustwide/cargo-home/registry/src/index.crates.io-6f17d22bba15001f/ureq-2.9.1/src/agent.rs:617:12
[INFO] [stdout]     |
[INFO] [stdout] 617 |     pub fn tls_config(mut self, tls_config: Arc<rustls::ClientConfig>) -> Self {
[INFO] [stdout]     |            ^^^^^^^^^^
[INFO] [stdout] 
[INFO] [stdout] 
[INFO] [stdout] error[E0308]: mismatched types
[INFO] [stdout]    --> src/task.rs:54:54
[INFO] [stdout]     |
[INFO] [stdout] 54  |             agent_builder = agent_builder.tls_config(tls_config);
[INFO] [stdout]     |                                           ---------- ^^^^^^^^^^ expected `ClientConfig`, found a different `ClientConfig`
[INFO] [stdout]     |                                           |
[INFO] [stdout]     |                                           arguments to this method are incorrect
[INFO] [stdout]     |
[INFO] [stdout]     = note: `ClientConfig` and `ClientConfig` have similar names, but are actually distinct types
[INFO] [stdout] note: `ClientConfig` is defined in crate `rustls`
[INFO] [stdout]    --> /opt/rustwide/cargo-home/registry/src/index.crates.io-6f17d22bba15001f/rustls-0.20.9/src/client/client_conn.rs:91:1
[INFO] [stdout]     |
[INFO] [stdout] 91  | pub struct ClientConfig {
[INFO] [stdout]     | ^^^^^^^^^^^^^^^^^^^^^^^
[INFO] [stdout] note: `ClientConfig` is defined in crate `rustls`
[INFO] [stdout]    --> /opt/rustwide/cargo-home/registry/src/index.crates.io-6f17d22bba15001f/rustls-0.21.10/src/client/client_conn.rs:128:1
[INFO] [stdout]     |
[INFO] [stdout] 128 | pub struct ClientConfig {
[INFO] [stdout]     | ^^^^^^^^^^^^^^^^^^^^^^^
[INFO] [stdout]     = note: perhaps two different versions of crate `rustls` are being used?
[INFO] [stdout] note: method defined here
[INFO] [stdout]    --> /opt/rustwide/cargo-home/registry/src/index.crates.io-6f17d22bba15001f/ureq-2.9.1/src/agent.rs:617:12
[INFO] [stdout]     |
[INFO] [stdout] 617 |     pub fn tls_config(mut self, tls_config: Arc<rustls::ClientConfig>) -> Self {
[INFO] [stdout]     |            ^^^^^^^^^^
[INFO] [stdout] 
[INFO] [stdout] 
[INFO] [stdout] error: aborting due to 1 previous error
[INFO] [stdout] 
[INFO] [stdout] 
[INFO] [stdout] For more information about this error, try `rustc --explain E0308`.
[INFO] [stdout] 
[INFO] [stdout] error: aborting due to 1 previous error
[INFO] [stdout] 
[INFO] [stdout] 
[INFO] [stdout] For more information about this error, try `rustc --explain E0308`.
[INFO] [stdout] 
[INFO] [stderr] error: could not compile `log_loki` (lib) due to 2 previous errors
[INFO] [stderr] warning: build failed, waiting for other jobs to finish...
[INFO] [stderr] error: could not compile `log_loki` (lib test) due to 2 previous errors
[INFO] running `Command { std: "docker" "inspect" "b5631ccf7fa7f8a86d33d5f030e956eae31d24509ea2a237459c81745cf2eb7a", kill_on_drop: false }`
[INFO] running `Command { std: "docker" "rm" "-f" "b5631ccf7fa7f8a86d33d5f030e956eae31d24509ea2a237459c81745cf2eb7a", kill_on_drop: false }`
[INFO] [stdout] b5631ccf7fa7f8a86d33d5f030e956eae31d24509ea2a237459c81745cf2eb7a
