[INFO] fetching crate log-analyzer-collector 0.1.1...
[INFO] checking log-analyzer-collector-0.1.1 against nightly-2024-02-05 for check-cfg
[INFO] extracting crate log-analyzer-collector 0.1.1 into /workspace/builds/worker-3-tc1/source
[INFO] validating manifest of crates.io crate log-analyzer-collector 0.1.1 on toolchain nightly-2024-02-05
[INFO] running `Command { std: CARGO_HOME="/workspace/cargo-home" RUSTUP_HOME="/workspace/rustup-home" "/workspace/cargo-home/bin/cargo" "+nightly-2024-02-05" "metadata" "--manifest-path" "Cargo.toml" "--no-deps", kill_on_drop: false }`
[INFO] started tweaking crates.io crate log-analyzer-collector 0.1.1
[INFO] finished tweaking crates.io crate log-analyzer-collector 0.1.1
[INFO] tweaked toml for crates.io crate log-analyzer-collector 0.1.1 written to /workspace/builds/worker-3-tc1/source/Cargo.toml
[INFO] crate crates.io crate log-analyzer-collector 0.1.1 already has a lockfile, it will not be regenerated
[INFO] running `Command { std: CARGO_HOME="/workspace/cargo-home" RUSTUP_HOME="/workspace/rustup-home" "/workspace/cargo-home/bin/cargo" "+nightly-2024-02-05" "fetch" "--manifest-path" "Cargo.toml", kill_on_drop: false }`
[INFO] [stderr]     Updating crates.io index
[INFO] [stderr]  Downloading crates ...
[INFO] [stderr]   Downloaded futures-core v0.3.14
[INFO] [stderr]   Downloaded enum-ordinalize v3.1.10
[INFO] [stderr]   Downloaded futures v0.3.14
[INFO] [stderr]   Downloaded tokio-util v0.6.6
[INFO] [stderr]   Downloaded tokio-serde v0.8.0
[INFO] [stderr]   Downloaded futures-executor v0.3.14
[INFO] [stderr]   Downloaded futures-task v0.3.14
[INFO] [stderr]   Downloaded futures-io v0.3.14
[INFO] [stderr]   Downloaded futures-macro v0.3.14
[INFO] [stderr]   Downloaded notify v4.0.16
[INFO] [stderr]   Downloaded tokio v1.5.0
[INFO] [stderr]   Downloaded futures-util v0.3.14
[INFO] [stderr]   Downloaded serde_cbor v0.11.1
[INFO] [stderr]   Downloaded tracing-subscriber v0.2.18
[INFO] [stderr]   Downloaded num-bigint v0.4.0
[INFO] [stderr]   Downloaded log-analyzer-transient-types v0.1.0
[INFO] [stderr]   Downloaded educe v0.4.16
[INFO] running `Command { std: "docker" "create" "-v" "/var/lib/crater-agent-workspace/builds/worker-3-tc1/target:/opt/rustwide/target:rw,Z" "-v" "/var/lib/crater-agent-workspace/builds/worker-3-tc1/source:/opt/rustwide/workdir:ro,Z" "-v" "/var/lib/crater-agent-workspace/cargo-home:/opt/rustwide/cargo-home:ro,Z" "-v" "/var/lib/crater-agent-workspace/rustup-home:/opt/rustwide/rustup-home:ro,Z" "-e" "SOURCE_DIR=/opt/rustwide/workdir" "-e" "CARGO_TARGET_DIR=/opt/rustwide/target" "-e" "CARGO_HOME=/opt/rustwide/cargo-home" "-e" "RUSTUP_HOME=/opt/rustwide/rustup-home" "-w" "/opt/rustwide/workdir" "-m" "1610612736" "--user" "0:0" "--network" "none" "ghcr.io/rust-lang/crates-build-env/linux@sha256:2788e3201cd34a07e3172128adcd8b3090168a8e3bcc40d7c032b9dda1df7d1c" "/opt/rustwide/cargo-home/bin/cargo" "+nightly-2024-02-05" "metadata" "--no-deps" "--format-version=1", kill_on_drop: false }`
[INFO] [stdout] 737c1b1387f61575f9572e264b35adc2f910ca73422cb1022a8813deb83d7da6
[INFO] running `Command { std: "docker" "start" "-a" "737c1b1387f61575f9572e264b35adc2f910ca73422cb1022a8813deb83d7da6", kill_on_drop: false }`
[INFO] running `Command { std: "docker" "inspect" "737c1b1387f61575f9572e264b35adc2f910ca73422cb1022a8813deb83d7da6", kill_on_drop: false }`
[INFO] running `Command { std: "docker" "rm" "-f" "737c1b1387f61575f9572e264b35adc2f910ca73422cb1022a8813deb83d7da6", kill_on_drop: false }`
[INFO] [stdout] 737c1b1387f61575f9572e264b35adc2f910ca73422cb1022a8813deb83d7da6
[INFO] running `Command { std: "docker" "create" "-v" "/var/lib/crater-agent-workspace/builds/worker-3-tc1/target:/opt/rustwide/target:rw,Z" "-v" "/var/lib/crater-agent-workspace/builds/worker-3-tc1/source:/opt/rustwide/workdir:ro,Z" "-v" "/var/lib/crater-agent-workspace/cargo-home:/opt/rustwide/cargo-home:ro,Z" "-v" "/var/lib/crater-agent-workspace/rustup-home:/opt/rustwide/rustup-home:ro,Z" "-e" "SOURCE_DIR=/opt/rustwide/workdir" "-e" "CARGO_TARGET_DIR=/opt/rustwide/target" "-e" "CARGO_INCREMENTAL=0" "-e" "RUST_BACKTRACE=full" "-e" "RUSTFLAGS=--cap-lints=forbid" "-e" "RUSTDOCFLAGS=--cap-lints=forbid" "-e" "CARGO_HOME=/opt/rustwide/cargo-home" "-e" "RUSTUP_HOME=/opt/rustwide/rustup-home" "-w" "/opt/rustwide/workdir" "-m" "1610612736" "--user" "0:0" "--network" "none" "ghcr.io/rust-lang/crates-build-env/linux@sha256:2788e3201cd34a07e3172128adcd8b3090168a8e3bcc40d7c032b9dda1df7d1c" "/opt/rustwide/cargo-home/bin/cargo" "+nightly-2024-02-05" "check" "--frozen" "--all" "--all-targets" "--message-format=json", kill_on_drop: false }`
[INFO] [stdout] 83e1e709e2bc34164a4b53cfdfb297c97ab19480e9fb402af6fc027c169e1e5f
[INFO] running `Command { std: "docker" "start" "-a" "83e1e709e2bc34164a4b53cfdfb297c97ab19480e9fb402af6fc027c169e1e5f", kill_on_drop: false }`
[INFO] [stderr]    Compiling proc-macro2 v1.0.26
[INFO] [stderr]    Compiling syn v1.0.72
[INFO] [stderr]    Compiling libc v0.2.94
[INFO] [stderr]    Compiling serde_derive v1.0.125
[INFO] [stderr]    Compiling log v0.4.14
[INFO] [stderr]    Compiling memchr v2.4.0
[INFO] [stderr]    Compiling serde v1.0.125
[INFO] [stderr]     Checking pin-project-lite v0.2.6
[INFO] [stderr]     Checking futures-sink v0.3.14
[INFO] [stderr]     Checking futures-core v0.3.14
[INFO] [stderr]     Checking slab v0.4.3
[INFO] [stderr]    Compiling num-traits v0.2.14
[INFO] [stderr]    Compiling num-integer v0.1.44
[INFO] [stderr]    Compiling num-bigint v0.4.0
[INFO] [stderr]     Checking smallvec v1.6.1
[INFO] [stderr]    Compiling proc-macro-nested v0.1.7
[INFO] [stderr]     Checking tracing-core v0.1.18
[INFO] [stderr]     Checking instant v0.1.9
[INFO] [stderr]    Compiling ryu v1.0.5
[INFO] [stderr]     Checking once_cell v1.7.2
[INFO] [stderr]    Compiling bitflags v1.2.1
[INFO] [stderr]     Checking lock_api v0.4.4
[INFO] [stderr]     Checking futures-channel v0.3.14
[INFO] [stderr]    Compiling tokio v1.5.0
[INFO] [stderr]    Compiling serde_json v1.0.64
[INFO] [stderr]     Checking byteorder v1.4.3
[INFO] [stderr]     Checking futures-task v0.3.14
[INFO] [stderr]     Checking bytes v1.0.1
[INFO] [stderr]     Checking futures-io v0.3.14
[INFO] [stderr]     Checking same-file v1.0.6
[INFO] [stderr]     Checking half v1.7.1
[INFO] [stderr]     Checking lazycell v1.3.0
[INFO] [stderr]     Checking itoa v0.4.7
[INFO] [stderr]     Checking walkdir v2.3.2
[INFO] [stderr]     Checking regex-automata v0.1.9
[INFO] [stderr]     Checking tracing-log v0.1.2
[INFO] [stderr]     Checking thread_local v1.1.3
[INFO] [stderr]     Checking sharded-slab v0.1.1
[INFO] [stderr]     Checking ansi_term v0.12.1
[INFO] [stderr]     Checking aho-corasick v0.7.18
[INFO] [stderr]    Compiling quote v1.0.9
[INFO] [stderr]     Checking net2 v0.2.37
[INFO] [stderr]     Checking iovec v0.1.4
[INFO] [stderr]     Checking parking_lot_core v0.8.3
[INFO] [stderr]     Checking signal-hook-registry v1.3.0
[INFO] [stderr]     Checking num_cpus v1.13.0
[INFO] [stderr]     Checking inotify-sys v0.1.5
[INFO] [stderr]     Checking mio v0.7.11
[INFO] [stderr]     Checking filetime v0.2.14
[INFO] [stderr]     Checking inotify v0.7.1
[INFO] [stderr]     Checking matchers v0.0.1
[INFO] [stderr]     Checking parking_lot v0.11.1
[INFO] [stderr]     Checking mio v0.6.23
[INFO] [stderr]     Checking chrono v0.4.19
[INFO] [stderr]     Checking regex v1.5.4
[INFO] [stderr]     Checking mio-extras v2.0.6
[INFO] [stderr]     Checking notify v4.0.16
[INFO] [stdout] error[E0308]: mismatched types
[INFO] [stdout]   --> /opt/rustwide/cargo-home/registry/src/index.crates.io-6f17d22bba15001f/num-bigint-0.4.0/src/biguint/convert.rs:70:19
[INFO] [stdout]    |
[INFO] [stdout] 70 |         .div_ceil(&big_digit::BITS.into())
[INFO] [stdout]    |          -------- ^^^^^^^^^^^^^^^^^^^^^^^ expected `u64`, found `&_`
[INFO] [stdout]    |          |
[INFO] [stdout]    |          arguments to this method are incorrect
[INFO] [stdout]    |
[INFO] [stdout]    = note:   expected type `u64`
[INFO] [stdout]            found reference `&_`
[INFO] [stdout] note: method defined here
[INFO] [stdout]   --> /rustc/268dbbbc4b3fd71c5f360a4d0728295252430b5b/library/core/src/num/mod.rs:1181:5
[INFO] [stdout]    = note: this error originates in the macro `uint_impl` (in Nightly builds, run with -Z macro-backtrace for more info)
[INFO] [stdout] help: consider removing the borrow
[INFO] [stdout]    |
[INFO] [stdout] 70 -         .div_ceil(&big_digit::BITS.into())
[INFO] [stdout] 70 +         .div_ceil(big_digit::BITS.into())
[INFO] [stdout]    |
[INFO] [stdout] 
[INFO] [stdout] 
[INFO] [stdout] error[E0308]: mismatched types
[INFO] [stdout]    --> /opt/rustwide/cargo-home/registry/src/index.crates.io-6f17d22bba15001f/num-bigint-0.4.0/src/biguint/convert.rs:585:19
[INFO] [stdout]     |
[INFO] [stdout] 585 |         .div_ceil(&u64::from(bits))
[INFO] [stdout]     |          -------- ^^^^^^^^^^^^^^^^ expected `u64`, found `&u64`
[INFO] [stdout]     |          |
[INFO] [stdout]     |          arguments to this method are incorrect
[INFO] [stdout]     |
[INFO] [stdout] note: method defined here
[INFO] [stdout]    --> /rustc/268dbbbc4b3fd71c5f360a4d0728295252430b5b/library/core/src/num/mod.rs:1181:5
[INFO] [stdout]     = note: this error originates in the macro `uint_impl` (in Nightly builds, run with -Z macro-backtrace for more info)
[INFO] [stdout] help: consider removing the borrow
[INFO] [stdout]     |
[INFO] [stdout] 585 -         .div_ceil(&u64::from(bits))
[INFO] [stdout] 585 +         .div_ceil(u64::from(bits))
[INFO] [stdout]     |
[INFO] [stdout] 
[INFO] [stdout] 
[INFO] [stdout] error[E0308]: mismatched types
[INFO] [stdout]    --> /opt/rustwide/cargo-home/registry/src/index.crates.io-6f17d22bba15001f/num-bigint-0.4.0/src/biguint/convert.rs:613:19
[INFO] [stdout]     |
[INFO] [stdout] 613 |         .div_ceil(&u64::from(bits))
[INFO] [stdout]     |          -------- ^^^^^^^^^^^^^^^^ expected `u64`, found `&u64`
[INFO] [stdout]     |          |
[INFO] [stdout]     |          arguments to this method are incorrect
[INFO] [stdout]     |
[INFO] [stdout] note: method defined here
[INFO] [stdout]    --> /rustc/268dbbbc4b3fd71c5f360a4d0728295252430b5b/library/core/src/num/mod.rs:1181:5
[INFO] [stdout]     = note: this error originates in the macro `uint_impl` (in Nightly builds, run with -Z macro-backtrace for more info)
[INFO] [stdout] help: consider removing the borrow
[INFO] [stdout]     |
[INFO] [stdout] 613 -         .div_ceil(&u64::from(bits))
[INFO] [stdout] 613 +         .div_ceil(u64::from(bits))
[INFO] [stdout]     |
[INFO] [stdout] 
[INFO] [stdout] 
[INFO] [stdout] error[E0308]: mismatched types
[INFO] [stdout]    --> /opt/rustwide/cargo-home/registry/src/index.crates.io-6f17d22bba15001f/num-bigint-0.4.0/src/biguint.rs:398:54
[INFO] [stdout]     |
[INFO] [stdout] 398 |                 let root_scale = extra_bits.div_ceil(&n64);
[INFO] [stdout]     |                                             -------- ^^^^ expected `u64`, found `&u64`
[INFO] [stdout]     |                                             |
[INFO] [stdout]     |                                             arguments to this method are incorrect
[INFO] [stdout]     |
[INFO] [stdout] note: method defined here
[INFO] [stdout]    --> /rustc/268dbbbc4b3fd71c5f360a4d0728295252430b5b/library/core/src/num/mod.rs:1181:5
[INFO] [stdout]     = note: this error originates in the macro `uint_impl` (in Nightly builds, run with -Z macro-backtrace for more info)
[INFO] [stdout] help: consider removing the borrow
[INFO] [stdout]     |
[INFO] [stdout] 398 -                 let root_scale = extra_bits.div_ceil(&n64);
[INFO] [stdout] 398 +                 let root_scale = extra_bits.div_ceil(n64);
[INFO] [stdout]     |
[INFO] [stdout] 
[INFO] [stdout] 
[INFO] [stdout] error: aborting due to 4 previous errors
[INFO] [stdout] 
[INFO] [stdout] 
[INFO] [stdout] For more information about this error, try `rustc --explain E0308`.
[INFO] [stdout] 
[INFO] [stderr] error: could not compile `num-bigint` (lib) due to 5 previous errors
[INFO] [stderr] warning: build failed, waiting for other jobs to finish...
[INFO] running `Command { std: "docker" "inspect" "83e1e709e2bc34164a4b53cfdfb297c97ab19480e9fb402af6fc027c169e1e5f", kill_on_drop: false }`
[INFO] running `Command { std: "docker" "rm" "-f" "83e1e709e2bc34164a4b53cfdfb297c97ab19480e9fb402af6fc027c169e1e5f", kill_on_drop: false }`
[INFO] [stdout] 83e1e709e2bc34164a4b53cfdfb297c97ab19480e9fb402af6fc027c169e1e5f
[INFO] checking log-analyzer-collector-0.1.1 against nightly-2024-02-05+rustflags=-Dunexpected_cfgs+cargoflags=-Zcheck-cfg for check-cfg
[INFO] extracting crate log-analyzer-collector 0.1.1 into /workspace/builds/worker-3-tc2/source
[INFO] validating manifest of crates.io crate log-analyzer-collector 0.1.1 on toolchain nightly-2024-02-05
[INFO] running `Command { std: CARGO_HOME="/workspace/cargo-home" RUSTUP_HOME="/workspace/rustup-home" "/workspace/cargo-home/bin/cargo" "+nightly-2024-02-05" "metadata" "--manifest-path" "Cargo.toml" "--no-deps", kill_on_drop: false }`
[INFO] started tweaking crates.io crate log-analyzer-collector 0.1.1
[INFO] finished tweaking crates.io crate log-analyzer-collector 0.1.1
[INFO] tweaked toml for crates.io crate log-analyzer-collector 0.1.1 written to /workspace/builds/worker-3-tc2/source/Cargo.toml
[INFO] crate crates.io crate log-analyzer-collector 0.1.1 already has a lockfile, it will not be regenerated
[INFO] running `Command { std: CARGO_HOME="/workspace/cargo-home" RUSTUP_HOME="/workspace/rustup-home" "/workspace/cargo-home/bin/cargo" "+nightly-2024-02-05" "fetch" "--manifest-path" "Cargo.toml", kill_on_drop: false }`
[INFO] running `Command { std: "docker" "create" "-v" "/var/lib/crater-agent-workspace/builds/worker-3-tc2/target:/opt/rustwide/target:rw,Z" "-v" "/var/lib/crater-agent-workspace/builds/worker-3-tc2/source:/opt/rustwide/workdir:ro,Z" "-v" "/var/lib/crater-agent-workspace/cargo-home:/opt/rustwide/cargo-home:ro,Z" "-v" "/var/lib/crater-agent-workspace/rustup-home:/opt/rustwide/rustup-home:ro,Z" "-e" "SOURCE_DIR=/opt/rustwide/workdir" "-e" "CARGO_TARGET_DIR=/opt/rustwide/target" "-e" "CARGO_HOME=/opt/rustwide/cargo-home" "-e" "RUSTUP_HOME=/opt/rustwide/rustup-home" "-w" "/opt/rustwide/workdir" "-m" "1610612736" "--user" "0:0" "--network" "none" "ghcr.io/rust-lang/crates-build-env/linux@sha256:2788e3201cd34a07e3172128adcd8b3090168a8e3bcc40d7c032b9dda1df7d1c" "/opt/rustwide/cargo-home/bin/cargo" "+nightly-2024-02-05" "metadata" "--no-deps" "--format-version=1", kill_on_drop: false }`
[INFO] [stdout] d198cb2659ab02c0b82391bbf6a055c1ed6b3eb8125809a82d92a536824c190f
[INFO] running `Command { std: "docker" "start" "-a" "d198cb2659ab02c0b82391bbf6a055c1ed6b3eb8125809a82d92a536824c190f", kill_on_drop: false }`
[INFO] running `Command { std: "docker" "inspect" "d198cb2659ab02c0b82391bbf6a055c1ed6b3eb8125809a82d92a536824c190f", kill_on_drop: false }`
[INFO] running `Command { std: "docker" "rm" "-f" "d198cb2659ab02c0b82391bbf6a055c1ed6b3eb8125809a82d92a536824c190f", kill_on_drop: false }`
[INFO] [stdout] d198cb2659ab02c0b82391bbf6a055c1ed6b3eb8125809a82d92a536824c190f
[INFO] running `Command { std: "docker" "create" "-v" "/var/lib/crater-agent-workspace/builds/worker-3-tc2/target:/opt/rustwide/target:rw,Z" "-v" "/var/lib/crater-agent-workspace/builds/worker-3-tc2/source:/opt/rustwide/workdir:ro,Z" "-v" "/var/lib/crater-agent-workspace/cargo-home:/opt/rustwide/cargo-home:ro,Z" "-v" "/var/lib/crater-agent-workspace/rustup-home:/opt/rustwide/rustup-home:ro,Z" "-e" "SOURCE_DIR=/opt/rustwide/workdir" "-e" "CARGO_TARGET_DIR=/opt/rustwide/target" "-e" "CARGO_INCREMENTAL=0" "-e" "RUST_BACKTRACE=full" "-e" "RUSTFLAGS=--cap-lints=forbid -Dunexpected_cfgs" "-e" "RUSTDOCFLAGS=--cap-lints=forbid" "-e" "CARGO_HOME=/opt/rustwide/cargo-home" "-e" "RUSTUP_HOME=/opt/rustwide/rustup-home" "-w" "/opt/rustwide/workdir" "-m" "1610612736" "--user" "0:0" "--network" "none" "ghcr.io/rust-lang/crates-build-env/linux@sha256:2788e3201cd34a07e3172128adcd8b3090168a8e3bcc40d7c032b9dda1df7d1c" "/opt/rustwide/cargo-home/bin/cargo" "+nightly-2024-02-05" "check" "--frozen" "--all" "--all-targets" "--message-format=json" "-Zcheck-cfg", kill_on_drop: false }`
[INFO] [stdout] 8bc0244b94567c0936197c8c0bd75d570573b0112895b5f68c692c03b3ff0870
[INFO] running `Command { std: "docker" "start" "-a" "8bc0244b94567c0936197c8c0bd75d570573b0112895b5f68c692c03b3ff0870", kill_on_drop: false }`
[INFO] [stderr]    Compiling proc-macro2 v1.0.26
[INFO] [stderr]    Compiling syn v1.0.72
[INFO] [stderr]    Compiling libc v0.2.94
[INFO] [stderr]    Compiling memchr v2.4.0
[INFO] [stderr]    Compiling serde_derive v1.0.125
[INFO] [stderr]    Compiling log v0.4.14
[INFO] [stderr]    Compiling serde v1.0.125
[INFO] [stderr]     Checking pin-project-lite v0.2.6
[INFO] [stderr]     Checking slab v0.4.3
[INFO] [stderr]     Checking futures-sink v0.3.14
[INFO] [stderr]     Checking futures-core v0.3.14
[INFO] [stderr]    Compiling num-traits v0.2.14
[INFO] [stderr]    Compiling num-integer v0.1.44
[INFO] [stderr]    Compiling num-bigint v0.4.0
[INFO] [stderr]     Checking smallvec v1.6.1
[INFO] [stderr]    Compiling proc-macro-nested v0.1.7
[INFO] [stderr]     Checking instant v0.1.9
[INFO] [stderr]     Checking tracing-core v0.1.18
[INFO] [stderr]    Compiling ryu v1.0.5
[INFO] [stderr]     Checking once_cell v1.7.2
[INFO] [stderr]    Compiling bitflags v1.2.1
[INFO] [stderr]     Checking lock_api v0.4.4
[INFO] [stderr]     Checking futures-channel v0.3.14
[INFO] [stderr]    Compiling tokio v1.5.0
[INFO] [stderr]    Compiling serde_json v1.0.64
[INFO] [stderr]     Checking byteorder v1.4.3
[INFO] [stderr]     Checking futures-task v0.3.14
[INFO] [stderr]     Checking futures-io v0.3.14
[INFO] [stderr]     Checking bytes v1.0.1
[INFO] [stderr]     Checking itoa v0.4.7
[INFO] [stderr]     Checking lazycell v1.3.0
[INFO] [stderr]     Checking same-file v1.0.6
[INFO] [stderr]     Checking half v1.7.1
[INFO] [stderr]     Checking tracing-log v0.1.2
[INFO] [stderr]     Checking thread_local v1.1.3
[INFO] [stderr]     Checking sharded-slab v0.1.1
[INFO] [stderr]     Checking regex-automata v0.1.9
[INFO] [stderr]     Checking walkdir v2.3.2
[INFO] [stderr]     Checking ansi_term v0.12.1
[INFO] [stderr]    Compiling quote v1.0.9
[INFO] [stderr]     Checking aho-corasick v0.7.18
[INFO] [stderr]     Checking net2 v0.2.37
[INFO] [stderr]     Checking parking_lot_core v0.8.3
[INFO] [stderr]     Checking iovec v0.1.4
[INFO] [stderr]     Checking mio v0.7.11
[INFO] [stderr]     Checking num_cpus v1.13.0
[INFO] [stderr]     Checking inotify-sys v0.1.5
[INFO] [stderr]     Checking signal-hook-registry v1.3.0
[INFO] [stderr]     Checking filetime v0.2.14
[INFO] [stderr]     Checking inotify v0.7.1
[INFO] [stderr]     Checking parking_lot v0.11.1
[INFO] [stderr]     Checking mio v0.6.23
[INFO] [stderr]     Checking matchers v0.0.1
[INFO] [stderr]     Checking regex v1.5.4
[INFO] [stderr]     Checking chrono v0.4.19
[INFO] [stderr]     Checking mio-extras v2.0.6
[INFO] [stderr]     Checking notify v4.0.16
[INFO] [stdout] error[E0308]: mismatched types
[INFO] [stdout]   --> /opt/rustwide/cargo-home/registry/src/index.crates.io-6f17d22bba15001f/num-bigint-0.4.0/src/biguint/convert.rs:70:19
[INFO] [stdout]    |
[INFO] [stdout] 70 |         .div_ceil(&big_digit::BITS.into())
[INFO] [stdout]    |          -------- ^^^^^^^^^^^^^^^^^^^^^^^ expected `u64`, found `&_`
[INFO] [stdout]    |          |
[INFO] [stdout]    |          arguments to this method are incorrect
[INFO] [stdout]    |
[INFO] [stdout]    = note:   expected type `u64`
[INFO] [stdout]            found reference `&_`
[INFO] [stdout] note: method defined here
[INFO] [stdout]   --> /rustc/268dbbbc4b3fd71c5f360a4d0728295252430b5b/library/core/src/num/mod.rs:1181:5
[INFO] [stdout]    = note: this error originates in the macro `uint_impl` (in Nightly builds, run with -Z macro-backtrace for more info)
[INFO] [stdout] help: consider removing the borrow
[INFO] [stdout]    |
[INFO] [stdout] 70 -         .div_ceil(&big_digit::BITS.into())
[INFO] [stdout] 70 +         .div_ceil(big_digit::BITS.into())
[INFO] [stdout]    |
[INFO] [stdout] 
[INFO] [stdout] 
[INFO] [stdout] error[E0308]: mismatched types
[INFO] [stdout]    --> /opt/rustwide/cargo-home/registry/src/index.crates.io-6f17d22bba15001f/num-bigint-0.4.0/src/biguint/convert.rs:585:19
[INFO] [stdout]     |
[INFO] [stdout] 585 |         .div_ceil(&u64::from(bits))
[INFO] [stdout]     |          -------- ^^^^^^^^^^^^^^^^ expected `u64`, found `&u64`
[INFO] [stdout]     |          |
[INFO] [stdout]     |          arguments to this method are incorrect
[INFO] [stdout]     |
[INFO] [stdout] note: method defined here
[INFO] [stdout]    --> /rustc/268dbbbc4b3fd71c5f360a4d0728295252430b5b/library/core/src/num/mod.rs:1181:5
[INFO] [stdout]     = note: this error originates in the macro `uint_impl` (in Nightly builds, run with -Z macro-backtrace for more info)
[INFO] [stdout] help: consider removing the borrow
[INFO] [stdout]     |
[INFO] [stdout] 585 -         .div_ceil(&u64::from(bits))
[INFO] [stdout] 585 +         .div_ceil(u64::from(bits))
[INFO] [stdout]     |
[INFO] [stdout] 
[INFO] [stdout] 
[INFO] [stdout] error[E0308]: mismatched types
[INFO] [stdout]    --> /opt/rustwide/cargo-home/registry/src/index.crates.io-6f17d22bba15001f/num-bigint-0.4.0/src/biguint/convert.rs:613:19
[INFO] [stdout]     |
[INFO] [stdout] 613 |         .div_ceil(&u64::from(bits))
[INFO] [stdout]     |          -------- ^^^^^^^^^^^^^^^^ expected `u64`, found `&u64`
[INFO] [stdout]     |          |
[INFO] [stdout]     |          arguments to this method are incorrect
[INFO] [stdout]     |
[INFO] [stdout] note: method defined here
[INFO] [stdout]    --> /rustc/268dbbbc4b3fd71c5f360a4d0728295252430b5b/library/core/src/num/mod.rs:1181:5
[INFO] [stdout]     = note: this error originates in the macro `uint_impl` (in Nightly builds, run with -Z macro-backtrace for more info)
[INFO] [stdout] help: consider removing the borrow
[INFO] [stdout]     |
[INFO] [stdout] 613 -         .div_ceil(&u64::from(bits))
[INFO] [stdout] 613 +         .div_ceil(u64::from(bits))
[INFO] [stdout]     |
[INFO] [stdout] 
[INFO] [stdout] 
[INFO] [stdout] error[E0308]: mismatched types
[INFO] [stdout]    --> /opt/rustwide/cargo-home/registry/src/index.crates.io-6f17d22bba15001f/num-bigint-0.4.0/src/biguint.rs:398:54
[INFO] [stdout]     |
[INFO] [stdout] 398 |                 let root_scale = extra_bits.div_ceil(&n64);
[INFO] [stdout]     |                                             -------- ^^^^ expected `u64`, found `&u64`
[INFO] [stdout]     |                                             |
[INFO] [stdout]     |                                             arguments to this method are incorrect
[INFO] [stdout]     |
[INFO] [stdout] note: method defined here
[INFO] [stdout]    --> /rustc/268dbbbc4b3fd71c5f360a4d0728295252430b5b/library/core/src/num/mod.rs:1181:5
[INFO] [stdout]     = note: this error originates in the macro `uint_impl` (in Nightly builds, run with -Z macro-backtrace for more info)
[INFO] [stdout] help: consider removing the borrow
[INFO] [stdout]     |
[INFO] [stdout] 398 -                 let root_scale = extra_bits.div_ceil(&n64);
[INFO] [stdout] 398 +                 let root_scale = extra_bits.div_ceil(n64);
[INFO] [stdout]     |
[INFO] [stdout] 
[INFO] [stdout] 
[INFO] [stdout] error: aborting due to 4 previous errors
[INFO] [stdout] 
[INFO] [stdout] 
[INFO] [stdout] For more information about this error, try `rustc --explain E0308`.
[INFO] [stdout] 
[INFO] [stderr] error: could not compile `num-bigint` (lib) due to 5 previous errors
[INFO] [stderr] warning: build failed, waiting for other jobs to finish...
[INFO] running `Command { std: "docker" "inspect" "8bc0244b94567c0936197c8c0bd75d570573b0112895b5f68c692c03b3ff0870", kill_on_drop: false }`
[INFO] running `Command { std: "docker" "rm" "-f" "8bc0244b94567c0936197c8c0bd75d570573b0112895b5f68c692c03b3ff0870", kill_on_drop: false }`
[INFO] [stdout] 8bc0244b94567c0936197c8c0bd75d570573b0112895b5f68c692c03b3ff0870
