[INFO] fetching crate locutus-node 0.0.1...
[INFO] checking locutus-node-0.0.1 against nightly-2024-02-05 for check-cfg
[INFO] extracting crate locutus-node 0.0.1 into /workspace/builds/worker-4-tc1/source
[INFO] validating manifest of crates.io crate locutus-node 0.0.1 on toolchain nightly-2024-02-05
[INFO] running `Command { std: CARGO_HOME="/workspace/cargo-home" RUSTUP_HOME="/workspace/rustup-home" "/workspace/cargo-home/bin/cargo" "+nightly-2024-02-05" "metadata" "--manifest-path" "Cargo.toml" "--no-deps", kill_on_drop: false }`
[INFO] started tweaking crates.io crate locutus-node 0.0.1
[INFO] finished tweaking crates.io crate locutus-node 0.0.1
[INFO] tweaked toml for crates.io crate locutus-node 0.0.1 written to /workspace/builds/worker-4-tc1/source/Cargo.toml
[INFO] crate crates.io crate locutus-node 0.0.1 already has a lockfile, it will not be regenerated
[INFO] running `Command { std: CARGO_HOME="/workspace/cargo-home" RUSTUP_HOME="/workspace/rustup-home" "/workspace/cargo-home/bin/cargo" "+nightly-2024-02-05" "fetch" "--manifest-path" "Cargo.toml", kill_on_drop: false }`
[INFO] [stderr]     Updating crates.io index
[INFO] [stderr]  Downloading crates ...
[INFO] [stderr]   Downloaded wasmer-engine v2.3.0
[INFO] [stderr]   Downloaded thiserror v1.0.33
[INFO] [stderr]   Downloaded crc-catalog v2.1.0
[INFO] [stderr]   Downloaded cranelift-frontend v0.82.3
[INFO] [stderr]   Downloaded crc v3.0.0
[INFO] [stderr]   Downloaded futures v0.3.24
[INFO] [stderr]   Downloaded rmp-serde v1.1.0
[INFO] [stderr]   Downloaded bytecheck_derive v0.6.9
[INFO] [stderr]   Downloaded wasmer-artifact v2.3.0
[INFO] [stderr]   Downloaded loupe-derive v0.1.3
[INFO] [stderr]   Downloaded multipart v0.18.0
[INFO] [stderr]   Downloaded wasmer-object v2.3.0
[INFO] [stderr]   Downloaded crossbeam-queue v0.3.6
[INFO] [stderr]   Downloaded sha2 v0.10.5
[INFO] [stderr]   Downloaded target-lexicon v0.12.4
[INFO] [stderr]   Downloaded paste v1.0.9
[INFO] [stderr]   Downloaded hashlink v0.8.0
[INFO] [stderr]   Downloaded wasmer-derive v2.3.0
[INFO] [stderr]   Downloaded warp v0.3.2
[INFO] [stderr]   Downloaded more-asserts v0.2.2
[INFO] [stderr]   Downloaded wasmer-compiler-cranelift v2.3.0
[INFO] [stderr]   Downloaded rkyv v0.7.39
[INFO] [stderr]   Downloaded lzma-sys v0.1.19
[INFO] [stderr]   Downloaded blake2 v0.10.4
[INFO] [stderr]   Downloaded cranelift-codegen v0.82.3
[INFO] [stderr]   Downloaded time v0.3.14
[INFO] [stderr]   Downloaded thiserror-impl v1.0.33
[INFO] [stderr]   Downloaded wasmer-engine-universal v2.3.0
[INFO] [stderr]   Downloaded sqlx-core v0.6.1
[INFO] [stderr]   Downloaded pest_meta v2.3.0
[INFO] [stderr]   Downloaded pest_generator v2.3.0
[INFO] [stderr]   Downloaded config v0.13.2
[INFO] [stderr]   Downloaded nix v0.25.0
[INFO] [stderr]   Downloaded libp2p-deflate v0.31.0
[INFO] [stderr]   Downloaded anyhow v1.0.63
[INFO] [stderr]   Downloaded serde_with_macros v2.0.0
[INFO] [stderr]   Downloaded serde_with v2.0.0
[INFO] [stderr]   Downloaded cranelift-bforest v0.82.3
[INFO] [stderr]   Downloaded cranelift-codegen-meta v0.82.3
[INFO] [stderr]   Downloaded cranelift-codegen-shared v0.82.3
[INFO] [stderr]   Downloaded regalloc v0.0.34
[INFO] [stderr]   Downloaded pest v2.3.0
[INFO] [stderr]   Downloaded corosensei v0.1.3
[INFO] [stderr]   Downloaded bytecheck v0.6.9
[INFO] [stderr]   Downloaded dtoa v1.0.3
[INFO] [stderr]   Downloaded signature v1.6.0
[INFO] [stderr]   Downloaded wasmer-engine-universal-artifact v2.3.0
[INFO] [stderr]   Downloaded sqlx-rt v0.6.1
[INFO] [stderr]   Downloaded wasmer-engine-dylib v2.3.0
[INFO] [stderr]   Downloaded rmp v0.8.11
[INFO] [stderr]   Downloaded llvm-sys v120.2.4
[INFO] [stderr]   Downloaded rkyv_derive v0.7.39
[INFO] [stderr]   Downloaded polling v2.3.0
[INFO] [stderr]   Downloaded inkwell_internals v0.5.0
[INFO] [stderr]   Downloaded wasmer v2.3.0
[INFO] [stderr]   Downloaded async-io v1.9.0
[INFO] [stderr]   Downloaded rustls-pemfile v1.0.1
[INFO] [stderr]   Downloaded sqlx-macros v0.6.1
[INFO] [stderr]   Downloaded wasmparser v0.83.0
[INFO] [stderr]   Downloaded stretto v0.5.1
[INFO] [stderr]   Downloaded pest_derive v2.3.0
[INFO] [stderr]   Downloaded locutus-macros v0.0.1
[INFO] [stderr]   Downloaded ctrlc v3.2.3
[INFO] [stderr]   Downloaded cranelift-entity v0.82.3
[INFO] [stderr]   Downloaded wasmer-types v2.3.0
[INFO] [stderr]   Downloaded rmpv v1.0.0
[INFO] [stderr]   Downloaded sha1 v0.10.4
[INFO] [stderr]   Downloaded region v3.0.0
[INFO] [stderr]   Downloaded rend v0.3.6
[INFO] [stderr]   Downloaded locutus-stdlib v0.0.1
[INFO] [stderr]   Downloaded spin v0.9.4
[INFO] [stderr]   Downloaded wasmer-compiler v2.3.0
[INFO] [stderr]   Downloaded cpufeatures v0.2.4
[INFO] [stderr]   Downloaded wg v0.2.1
[INFO] [stderr]   Downloaded locutus-runtime v0.0.1
[INFO] [stderr]   Downloaded wasmer-compiler-llvm v2.3.0
[INFO] [stderr]   Downloaded serde_bytes v0.11.7
[INFO] [stderr]   Downloaded loupe v0.1.3
[INFO] [stderr]   Downloaded wasmer-vm v2.3.0
[INFO] [stderr]   Downloaded enum-iterator v0.7.0
[INFO] [stderr]   Downloaded dotenvy v0.15.3
[INFO] [stderr]   Downloaded enum-iterator-derive v0.7.0
[INFO] [stderr]   Downloaded sqlx v0.6.1
[INFO] [stderr]   Downloaded inkwell v0.1.0-beta.4
[INFO] [stderr]   Downloaded locutus-core v0.0.1
[INFO] [stderr]   Downloaded stretto v0.4.6
[INFO] running `Command { std: "docker" "create" "-v" "/var/lib/crater-agent-workspace/builds/worker-4-tc1/target:/opt/rustwide/target:rw,Z" "-v" "/var/lib/crater-agent-workspace/builds/worker-4-tc1/source:/opt/rustwide/workdir:ro,Z" "-v" "/var/lib/crater-agent-workspace/cargo-home:/opt/rustwide/cargo-home:ro,Z" "-v" "/var/lib/crater-agent-workspace/rustup-home:/opt/rustwide/rustup-home:ro,Z" "-e" "SOURCE_DIR=/opt/rustwide/workdir" "-e" "CARGO_TARGET_DIR=/opt/rustwide/target" "-e" "CARGO_HOME=/opt/rustwide/cargo-home" "-e" "RUSTUP_HOME=/opt/rustwide/rustup-home" "-w" "/opt/rustwide/workdir" "-m" "1610612736" "--user" "0:0" "--network" "none" "ghcr.io/rust-lang/crates-build-env/linux@sha256:2788e3201cd34a07e3172128adcd8b3090168a8e3bcc40d7c032b9dda1df7d1c" "/opt/rustwide/cargo-home/bin/cargo" "+nightly-2024-02-05" "metadata" "--no-deps" "--format-version=1", kill_on_drop: false }`
[INFO] [stdout] 9e7b31e8b65740439f69e97188efd2f72ed0885f68dd540a91c0db0892e30cb0
[INFO] running `Command { std: "docker" "start" "-a" "9e7b31e8b65740439f69e97188efd2f72ed0885f68dd540a91c0db0892e30cb0", kill_on_drop: false }`
[INFO] running `Command { std: "docker" "inspect" "9e7b31e8b65740439f69e97188efd2f72ed0885f68dd540a91c0db0892e30cb0", kill_on_drop: false }`
[INFO] running `Command { std: "docker" "rm" "-f" "9e7b31e8b65740439f69e97188efd2f72ed0885f68dd540a91c0db0892e30cb0", kill_on_drop: false }`
[INFO] [stdout] 9e7b31e8b65740439f69e97188efd2f72ed0885f68dd540a91c0db0892e30cb0
[INFO] running `Command { std: "docker" "create" "-v" "/var/lib/crater-agent-workspace/builds/worker-4-tc1/target:/opt/rustwide/target:rw,Z" "-v" "/var/lib/crater-agent-workspace/builds/worker-4-tc1/source:/opt/rustwide/workdir:ro,Z" "-v" "/var/lib/crater-agent-workspace/cargo-home:/opt/rustwide/cargo-home:ro,Z" "-v" "/var/lib/crater-agent-workspace/rustup-home:/opt/rustwide/rustup-home:ro,Z" "-e" "SOURCE_DIR=/opt/rustwide/workdir" "-e" "CARGO_TARGET_DIR=/opt/rustwide/target" "-e" "CARGO_INCREMENTAL=0" "-e" "RUST_BACKTRACE=full" "-e" "RUSTFLAGS=--cap-lints=forbid" "-e" "RUSTDOCFLAGS=--cap-lints=forbid" "-e" "CARGO_HOME=/opt/rustwide/cargo-home" "-e" "RUSTUP_HOME=/opt/rustwide/rustup-home" "-w" "/opt/rustwide/workdir" "-m" "1610612736" "--user" "0:0" "--network" "none" "ghcr.io/rust-lang/crates-build-env/linux@sha256:2788e3201cd34a07e3172128adcd8b3090168a8e3bcc40d7c032b9dda1df7d1c" "/opt/rustwide/cargo-home/bin/cargo" "+nightly-2024-02-05" "check" "--frozen" "--all" "--all-targets" "--message-format=json", kill_on_drop: false }`
[INFO] [stdout] 09319afe1a4810aadb5a32e98bb16428726319db7e5a65c6909868aa367d9dd1
[INFO] running `Command { std: "docker" "start" "-a" "09319afe1a4810aadb5a32e98bb16428726319db7e5a65c6909868aa367d9dd1", kill_on_drop: false }`
[INFO] [stderr]    Compiling proc-macro2 v1.0.43
[INFO] [stderr]    Compiling syn v1.0.99
[INFO] [stderr]    Compiling libc v0.2.132
[INFO] [stderr]    Compiling serde_derive v1.0.144
[INFO] [stderr]    Compiling serde v1.0.144
[INFO] [stderr]     Checking once_cell v1.14.0
[INFO] [stderr]    Compiling memchr v2.5.0
[INFO] [stderr]     Checking scopeguard v1.1.0
[INFO] [stderr]    Compiling log v0.4.17
[INFO] [stderr]    Compiling futures-core v0.3.24
[INFO] [stderr]    Compiling lock_api v0.4.8
[INFO] [stdout] error[E0422]: cannot find struct, variant or union type `LineColumn` in crate `proc_macro`
[INFO] [stdout]    --> /opt/rustwide/cargo-home/registry/src/index.crates.io-6f17d22bba15001f/proc-macro2-1.0.43/src/wrapper.rs:479:33
[INFO] [stdout]     |
[INFO] [stdout] 479 |                 let proc_macro::LineColumn { line, column } = s.start();
[INFO] [stdout]     |                                 ^^^^^^^^^^ not found in `proc_macro`
[INFO] [stdout]     |
[INFO] [stdout] help: consider importing one of these items
[INFO] [stdout]     |
[INFO] [stdout] 1   + use crate::LineColumn;
[INFO] [stdout]     |
[INFO] [stdout] 1   + use crate::fallback::LineColumn;
[INFO] [stdout]     |
[INFO] [stdout] help: if you import `LineColumn`, refer to it directly
[INFO] [stdout]     |
[INFO] [stdout] 479 -                 let proc_macro::LineColumn { line, column } = s.start();
[INFO] [stdout] 479 +                 let LineColumn { line, column } = s.start();
[INFO] [stdout]     |
[INFO] [stdout] 
[INFO] [stdout] 
[INFO] [stdout] error[E0422]: cannot find struct, variant or union type `LineColumn` in crate `proc_macro`
[INFO] [stdout]    --> /opt/rustwide/cargo-home/registry/src/index.crates.io-6f17d22bba15001f/proc-macro2-1.0.43/src/wrapper.rs:496:33
[INFO] [stdout]     |
[INFO] [stdout] 496 |                 let proc_macro::LineColumn { line, column } = s.end();
[INFO] [stdout]     |                                 ^^^^^^^^^^ not found in `proc_macro`
[INFO] [stdout]     |
[INFO] [stdout] help: consider importing one of these items
[INFO] [stdout]     |
[INFO] [stdout] 1   + use crate::LineColumn;
[INFO] [stdout]     |
[INFO] [stdout] 1   + use crate::fallback::LineColumn;
[INFO] [stdout]     |
[INFO] [stdout] help: if you import `LineColumn`, refer to it directly
[INFO] [stdout]     |
[INFO] [stdout] 496 -                 let proc_macro::LineColumn { line, column } = s.end();
[INFO] [stdout] 496 +                 let LineColumn { line, column } = s.end();
[INFO] [stdout]     |
[INFO] [stdout] 
[INFO] [stdout] 
[INFO] [stderr]    Compiling typenum v1.15.0
[INFO] [stderr]    Compiling generic-array v0.14.6
[INFO] [stdout] error: aborting due to 2 previous errors
[INFO] [stdout] 
[INFO] [stdout] 
[INFO] [stdout] For more information about this error, try `rustc --explain E0422`.
[INFO] [stdout] 
[INFO] [stderr] error: could not compile `proc-macro2` (lib) due to 3 previous errors
[INFO] [stderr] warning: build failed, waiting for other jobs to finish...
[INFO] running `Command { std: "docker" "inspect" "09319afe1a4810aadb5a32e98bb16428726319db7e5a65c6909868aa367d9dd1", kill_on_drop: false }`
[INFO] running `Command { std: "docker" "rm" "-f" "09319afe1a4810aadb5a32e98bb16428726319db7e5a65c6909868aa367d9dd1", kill_on_drop: false }`
[INFO] [stdout] 09319afe1a4810aadb5a32e98bb16428726319db7e5a65c6909868aa367d9dd1
[INFO] checking locutus-node-0.0.1 against nightly-2024-02-05+rustflags=-Dunexpected_cfgs+cargoflags=-Zcheck-cfg for check-cfg
[INFO] extracting crate locutus-node 0.0.1 into /workspace/builds/worker-4-tc2/source
[INFO] validating manifest of crates.io crate locutus-node 0.0.1 on toolchain nightly-2024-02-05
[INFO] running `Command { std: CARGO_HOME="/workspace/cargo-home" RUSTUP_HOME="/workspace/rustup-home" "/workspace/cargo-home/bin/cargo" "+nightly-2024-02-05" "metadata" "--manifest-path" "Cargo.toml" "--no-deps", kill_on_drop: false }`
[INFO] started tweaking crates.io crate locutus-node 0.0.1
[INFO] finished tweaking crates.io crate locutus-node 0.0.1
[INFO] tweaked toml for crates.io crate locutus-node 0.0.1 written to /workspace/builds/worker-4-tc2/source/Cargo.toml
[INFO] crate crates.io crate locutus-node 0.0.1 already has a lockfile, it will not be regenerated
[INFO] running `Command { std: CARGO_HOME="/workspace/cargo-home" RUSTUP_HOME="/workspace/rustup-home" "/workspace/cargo-home/bin/cargo" "+nightly-2024-02-05" "fetch" "--manifest-path" "Cargo.toml", kill_on_drop: false }`
[INFO] running `Command { std: "docker" "create" "-v" "/var/lib/crater-agent-workspace/builds/worker-4-tc2/target:/opt/rustwide/target:rw,Z" "-v" "/var/lib/crater-agent-workspace/builds/worker-4-tc2/source:/opt/rustwide/workdir:ro,Z" "-v" "/var/lib/crater-agent-workspace/cargo-home:/opt/rustwide/cargo-home:ro,Z" "-v" "/var/lib/crater-agent-workspace/rustup-home:/opt/rustwide/rustup-home:ro,Z" "-e" "SOURCE_DIR=/opt/rustwide/workdir" "-e" "CARGO_TARGET_DIR=/opt/rustwide/target" "-e" "CARGO_HOME=/opt/rustwide/cargo-home" "-e" "RUSTUP_HOME=/opt/rustwide/rustup-home" "-w" "/opt/rustwide/workdir" "-m" "1610612736" "--user" "0:0" "--network" "none" "ghcr.io/rust-lang/crates-build-env/linux@sha256:2788e3201cd34a07e3172128adcd8b3090168a8e3bcc40d7c032b9dda1df7d1c" "/opt/rustwide/cargo-home/bin/cargo" "+nightly-2024-02-05" "metadata" "--no-deps" "--format-version=1", kill_on_drop: false }`
[INFO] [stdout] b9eeeb77716a55017d331bafad3873babdc70867f4fcd4e3bcfc2cccd90dae48
[INFO] running `Command { std: "docker" "start" "-a" "b9eeeb77716a55017d331bafad3873babdc70867f4fcd4e3bcfc2cccd90dae48", kill_on_drop: false }`
[INFO] running `Command { std: "docker" "inspect" "b9eeeb77716a55017d331bafad3873babdc70867f4fcd4e3bcfc2cccd90dae48", kill_on_drop: false }`
[INFO] running `Command { std: "docker" "rm" "-f" "b9eeeb77716a55017d331bafad3873babdc70867f4fcd4e3bcfc2cccd90dae48", kill_on_drop: false }`
[INFO] [stdout] b9eeeb77716a55017d331bafad3873babdc70867f4fcd4e3bcfc2cccd90dae48
[INFO] running `Command { std: "docker" "create" "-v" "/var/lib/crater-agent-workspace/builds/worker-4-tc2/target:/opt/rustwide/target:rw,Z" "-v" "/var/lib/crater-agent-workspace/builds/worker-4-tc2/source:/opt/rustwide/workdir:ro,Z" "-v" "/var/lib/crater-agent-workspace/cargo-home:/opt/rustwide/cargo-home:ro,Z" "-v" "/var/lib/crater-agent-workspace/rustup-home:/opt/rustwide/rustup-home:ro,Z" "-e" "SOURCE_DIR=/opt/rustwide/workdir" "-e" "CARGO_TARGET_DIR=/opt/rustwide/target" "-e" "CARGO_INCREMENTAL=0" "-e" "RUST_BACKTRACE=full" "-e" "RUSTFLAGS=--cap-lints=forbid -Dunexpected_cfgs" "-e" "RUSTDOCFLAGS=--cap-lints=forbid" "-e" "CARGO_HOME=/opt/rustwide/cargo-home" "-e" "RUSTUP_HOME=/opt/rustwide/rustup-home" "-w" "/opt/rustwide/workdir" "-m" "1610612736" "--user" "0:0" "--network" "none" "ghcr.io/rust-lang/crates-build-env/linux@sha256:2788e3201cd34a07e3172128adcd8b3090168a8e3bcc40d7c032b9dda1df7d1c" "/opt/rustwide/cargo-home/bin/cargo" "+nightly-2024-02-05" "check" "--frozen" "--all" "--all-targets" "--message-format=json" "-Zcheck-cfg", kill_on_drop: false }`
[INFO] [stdout] e07a8ea431692bfbd9bad0c2a5330e5f9f297901381216481c26d28da9dd2285
[INFO] running `Command { std: "docker" "start" "-a" "e07a8ea431692bfbd9bad0c2a5330e5f9f297901381216481c26d28da9dd2285", kill_on_drop: false }`
[INFO] [stderr]    Compiling proc-macro2 v1.0.43
[INFO] [stderr]    Compiling syn v1.0.99
[INFO] [stderr]    Compiling libc v0.2.132
[INFO] [stderr]    Compiling serde_derive v1.0.144
[INFO] [stderr]    Compiling serde v1.0.144
[INFO] [stderr]     Checking once_cell v1.14.0
[INFO] [stderr]    Compiling memchr v2.5.0
[INFO] [stderr]     Checking scopeguard v1.1.0
[INFO] [stderr]    Compiling log v0.4.17
[INFO] [stderr]    Compiling futures-core v0.3.24
[INFO] [stderr]    Compiling lock_api v0.4.8
[INFO] [stderr]    Compiling typenum v1.15.0
[INFO] [stdout] error[E0422]: cannot find struct, variant or union type `LineColumn` in crate `proc_macro`
[INFO] [stdout]    --> /opt/rustwide/cargo-home/registry/src/index.crates.io-6f17d22bba15001f/proc-macro2-1.0.43/src/wrapper.rs:479:33
[INFO] [stdout]     |
[INFO] [stdout] 479 |                 let proc_macro::LineColumn { line, column } = s.start();
[INFO] [stdout]     |                                 ^^^^^^^^^^ not found in `proc_macro`
[INFO] [stdout]     |
[INFO] [stdout] help: consider importing one of these items
[INFO] [stdout]     |
[INFO] [stdout] 1   + use crate::LineColumn;
[INFO] [stdout]     |
[INFO] [stdout] 1   + use crate::fallback::LineColumn;
[INFO] [stdout]     |
[INFO] [stdout] help: if you import `LineColumn`, refer to it directly
[INFO] [stdout]     |
[INFO] [stdout] 479 -                 let proc_macro::LineColumn { line, column } = s.start();
[INFO] [stdout] 479 +                 let LineColumn { line, column } = s.start();
[INFO] [stdout]     |
[INFO] [stdout] 
[INFO] [stdout] 
[INFO] [stdout] error[E0422]: cannot find struct, variant or union type `LineColumn` in crate `proc_macro`
[INFO] [stdout]    --> /opt/rustwide/cargo-home/registry/src/index.crates.io-6f17d22bba15001f/proc-macro2-1.0.43/src/wrapper.rs:496:33
[INFO] [stdout]     |
[INFO] [stdout] 496 |                 let proc_macro::LineColumn { line, column } = s.end();
[INFO] [stdout]     |                                 ^^^^^^^^^^ not found in `proc_macro`
[INFO] [stdout]     |
[INFO] [stdout] help: consider importing one of these items
[INFO] [stdout]     |
[INFO] [stdout] 1   + use crate::LineColumn;
[INFO] [stdout]     |
[INFO] [stdout] 1   + use crate::fallback::LineColumn;
[INFO] [stdout]     |
[INFO] [stdout] help: if you import `LineColumn`, refer to it directly
[INFO] [stdout]     |
[INFO] [stdout] 496 -                 let proc_macro::LineColumn { line, column } = s.end();
[INFO] [stdout] 496 +                 let LineColumn { line, column } = s.end();
[INFO] [stdout]     |
[INFO] [stdout] 
[INFO] [stdout] 
[INFO] [stderr]    Compiling generic-array v0.14.6
[INFO] [stdout] error: aborting due to 2 previous errors
[INFO] [stdout] 
[INFO] [stdout] 
[INFO] [stdout] For more information about this error, try `rustc --explain E0422`.
[INFO] [stdout] 
[INFO] [stderr] error: could not compile `proc-macro2` (lib) due to 3 previous errors
[INFO] [stderr] warning: build failed, waiting for other jobs to finish...
[INFO] running `Command { std: "docker" "inspect" "e07a8ea431692bfbd9bad0c2a5330e5f9f297901381216481c26d28da9dd2285", kill_on_drop: false }`
[INFO] running `Command { std: "docker" "rm" "-f" "e07a8ea431692bfbd9bad0c2a5330e5f9f297901381216481c26d28da9dd2285", kill_on_drop: false }`
[INFO] [stdout] e07a8ea431692bfbd9bad0c2a5330e5f9f297901381216481c26d28da9dd2285
