[INFO] fetching crate lmnkjgkj-std-backtrace-anyhow 0.0.1...
[INFO] checking lmnkjgkj-std-backtrace-anyhow-0.0.1 against nightly-2024-02-05 for check-cfg
[INFO] extracting crate lmnkjgkj-std-backtrace-anyhow 0.0.1 into /workspace/builds/worker-2-tc1/source
[INFO] validating manifest of crates.io crate lmnkjgkj-std-backtrace-anyhow 0.0.1 on toolchain nightly-2024-02-05
[INFO] running `Command { std: CARGO_HOME="/workspace/cargo-home" RUSTUP_HOME="/workspace/rustup-home" "/workspace/cargo-home/bin/cargo" "+nightly-2024-02-05" "metadata" "--manifest-path" "Cargo.toml" "--no-deps", kill_on_drop: false }`
[INFO] removed /workspace/builds/worker-2-tc1/source/rust-toolchain.toml
[INFO] started tweaking crates.io crate lmnkjgkj-std-backtrace-anyhow 0.0.1
[INFO] finished tweaking crates.io crate lmnkjgkj-std-backtrace-anyhow 0.0.1
[INFO] tweaked toml for crates.io crate lmnkjgkj-std-backtrace-anyhow 0.0.1 written to /workspace/builds/worker-2-tc1/source/Cargo.toml
[INFO] running `Command { std: CARGO_HOME="/workspace/cargo-home" RUSTUP_HOME="/workspace/rustup-home" "/workspace/cargo-home/bin/cargo" "+nightly-2024-02-05" "generate-lockfile" "--manifest-path" "Cargo.toml", kill_on_drop: false }`
[INFO] [stderr]     Updating crates.io index
[INFO] running `Command { std: CARGO_HOME="/workspace/cargo-home" RUSTUP_HOME="/workspace/rustup-home" "/workspace/cargo-home/bin/cargo" "+nightly-2024-02-05" "fetch" "--manifest-path" "Cargo.toml", kill_on_drop: false }`
[INFO] running `Command { std: "docker" "create" "-v" "/var/lib/crater-agent-workspace/builds/worker-2-tc1/target:/opt/rustwide/target:rw,Z" "-v" "/var/lib/crater-agent-workspace/builds/worker-2-tc1/source:/opt/rustwide/workdir:ro,Z" "-v" "/var/lib/crater-agent-workspace/cargo-home:/opt/rustwide/cargo-home:ro,Z" "-v" "/var/lib/crater-agent-workspace/rustup-home:/opt/rustwide/rustup-home:ro,Z" "-e" "SOURCE_DIR=/opt/rustwide/workdir" "-e" "CARGO_TARGET_DIR=/opt/rustwide/target" "-e" "CARGO_HOME=/opt/rustwide/cargo-home" "-e" "RUSTUP_HOME=/opt/rustwide/rustup-home" "-w" "/opt/rustwide/workdir" "-m" "1610612736" "--user" "0:0" "--network" "none" "ghcr.io/rust-lang/crates-build-env/linux@sha256:2788e3201cd34a07e3172128adcd8b3090168a8e3bcc40d7c032b9dda1df7d1c" "/opt/rustwide/cargo-home/bin/cargo" "+nightly-2024-02-05" "metadata" "--no-deps" "--format-version=1", kill_on_drop: false }`
[INFO] [stdout] 995cea29a1789b19617936b21dad4b3d7ab8515e726b454627c60fe94aaccbdb
[INFO] running `Command { std: "docker" "start" "-a" "995cea29a1789b19617936b21dad4b3d7ab8515e726b454627c60fe94aaccbdb", kill_on_drop: false }`
[INFO] running `Command { std: "docker" "inspect" "995cea29a1789b19617936b21dad4b3d7ab8515e726b454627c60fe94aaccbdb", kill_on_drop: false }`
[INFO] running `Command { std: "docker" "rm" "-f" "995cea29a1789b19617936b21dad4b3d7ab8515e726b454627c60fe94aaccbdb", kill_on_drop: false }`
[INFO] [stdout] 995cea29a1789b19617936b21dad4b3d7ab8515e726b454627c60fe94aaccbdb
[INFO] running `Command { std: "docker" "create" "-v" "/var/lib/crater-agent-workspace/builds/worker-2-tc1/target:/opt/rustwide/target:rw,Z" "-v" "/var/lib/crater-agent-workspace/builds/worker-2-tc1/source:/opt/rustwide/workdir:ro,Z" "-v" "/var/lib/crater-agent-workspace/cargo-home:/opt/rustwide/cargo-home:ro,Z" "-v" "/var/lib/crater-agent-workspace/rustup-home:/opt/rustwide/rustup-home:ro,Z" "-e" "SOURCE_DIR=/opt/rustwide/workdir" "-e" "CARGO_TARGET_DIR=/opt/rustwide/target" "-e" "CARGO_INCREMENTAL=0" "-e" "RUST_BACKTRACE=full" "-e" "RUSTFLAGS=--cap-lints=forbid" "-e" "RUSTDOCFLAGS=--cap-lints=forbid" "-e" "CARGO_HOME=/opt/rustwide/cargo-home" "-e" "RUSTUP_HOME=/opt/rustwide/rustup-home" "-w" "/opt/rustwide/workdir" "-m" "1610612736" "--user" "0:0" "--network" "none" "ghcr.io/rust-lang/crates-build-env/linux@sha256:2788e3201cd34a07e3172128adcd8b3090168a8e3bcc40d7c032b9dda1df7d1c" "/opt/rustwide/cargo-home/bin/cargo" "+nightly-2024-02-05" "check" "--frozen" "--all" "--all-targets" "--message-format=json", kill_on_drop: false }`
[INFO] [stdout] 9b129e073992aa0478951db5b7537417fa6c0fb761f9619dea9c5c5dbfbd0cb4
[INFO] running `Command { std: "docker" "start" "-a" "9b129e073992aa0478951db5b7537417fa6c0fb761f9619dea9c5c5dbfbd0cb4", kill_on_drop: false }`
[INFO] [stderr]    Compiling serde v1.0.196
[INFO] [stderr]     Checking futures-sink v0.3.30
[INFO] [stderr]     Checking futures-core v0.3.30
[INFO] [stderr]    Compiling trybuild v1.0.89
[INFO] [stderr]     Checking futures-task v0.3.30
[INFO] [stderr]    Compiling lmnkjgkj-std-backtrace-anyhow v0.0.1 (/opt/rustwide/workdir)
[INFO] [stderr]    Compiling syn v1.0.109
[INFO] [stderr]     Checking futures-io v0.3.30
[INFO] [stderr]     Checking dissimilar v1.0.7
[INFO] [stderr]    Compiling syn v2.0.48
[INFO] [stderr]     Checking futures-channel v0.3.30
[INFO] [stderr]     Checking futures-util v0.3.30
[INFO] [stderr]     Checking futures v0.3.30
[INFO] [stderr]    Compiling thiserror-impl v1.0.56
[INFO] [stderr]    Compiling serde_derive v1.0.196
[INFO] [stderr]     Checking serde_json v1.0.113
[INFO] [stderr]     Checking basic-toml v0.1.8
[INFO] [stderr]     Checking thiserror v1.0.56
[INFO] [stdout] error[E0432]: unresolved import `anyhow`
[INFO] [stdout]  --> tests/test_backtrace.rs:9:9
[INFO] [stdout]   |
[INFO] [stdout] 9 |     use anyhow::anyhow;
[INFO] [stdout]   |         ^^^^^^ use of undeclared crate or module `anyhow`
[INFO] [stdout] 
[INFO] [stdout] 
[INFO] [stdout] error[E0432]: unresolved import `anyhow`
[INFO] [stdout]  --> tests/test_ffi.rs:3:5
[INFO] [stdout]   |
[INFO] [stdout] 3 | use anyhow::anyhow;
[INFO] [stdout]   |     ^^^^^^ use of undeclared crate or module `anyhow`
[INFO] [stdout] 
[INFO] [stdout] 
[INFO] [stdout] error[E0432]: unresolved import `anyhow`
[INFO] [stdout]  --> tests/test_convert.rs:6:5
[INFO] [stdout]   |
[INFO] [stdout] 6 | use anyhow::{Error, Result};
[INFO] [stdout]   |     ^^^^^^ use of undeclared crate or module `anyhow`
[INFO] [stdout] 
[INFO] [stdout] 
[INFO] [stdout] error[E0432]: unresolved import `anyhow`
[INFO] [stdout]  --> tests/common/mod.rs:1:5
[INFO] [stdout]   |
[INFO] [stdout] 1 | use anyhow::{bail, Result};
[INFO] [stdout]   |     ^^^^^^ use of undeclared crate or module `anyhow`
[INFO] [stdout] 
[INFO] [stdout] 
[INFO] [stdout] error[E0432]: unresolved import `anyhow`
[INFO] [stdout]   --> tests/test_macros.rs:13:5
[INFO] [stdout]    |
[INFO] [stdout] 13 | use anyhow::{anyhow, ensure};
[INFO] [stdout]    |     ^^^^^^ use of undeclared crate or module `anyhow`
[INFO] [stdout] 
[INFO] [stdout] 
[INFO] [stdout] error[E0432]: unresolved import `anyhow`
[INFO] [stdout]   --> tests/test_ensure.rs:21:5
[INFO] [stdout]    |
[INFO] [stdout] 21 | use anyhow::{anyhow, ensure, Chain, Error, Result};
[INFO] [stdout]    |     ^^^^^^ use of undeclared crate or module `anyhow`
[INFO] [stdout] 
[INFO] [stdout] 
[INFO] [stdout] warning: unused import: `std::io`
[INFO] [stdout]  --> tests/common/mod.rs:2:5
[INFO] [stdout]   |
[INFO] [stdout] 2 | use std::io;
[INFO] [stdout]   |     ^^^^^^^
[INFO] [stdout]   |
[INFO] [stdout]   = note: `#[warn(unused_imports)]` on by default
[INFO] [stdout] 
[INFO] [stdout] 
[INFO] [stdout] error: aborting due to 1 previous error
[INFO] [stdout] 
[INFO] [stdout] 
[INFO] [stdout] For more information about this error, try `rustc --explain E0432`.
[INFO] [stdout] 
[INFO] [stdout] error: aborting due to 1 previous error
[INFO] [stdout] 
[INFO] [stdout] 
[INFO] [stdout] For more information about this error, try `rustc --explain E0432`.
[INFO] [stdout] 
[INFO] [stdout] error[E0432]: unresolved import `anyhow`
[INFO] [stdout]  --> tests/test_source.rs:1:5
[INFO] [stdout]   |
[INFO] [stdout] 1 | use anyhow::anyhow;
[INFO] [stdout]   |     ^^^^^^ use of undeclared crate or module `anyhow`
[INFO] [stdout] 
[INFO] [stdout] 
[INFO] [stdout] warning: unused import: `self::Enum::Generic`
[INFO] [stdout]   --> tests/test_ensure.rs:20:5
[INFO] [stdout]    |
[INFO] [stdout] 20 | use self::Enum::Generic;
[INFO] [stdout]    |     ^^^^^^^^^^^^^^^^^^^
[INFO] [stdout]    |
[INFO] [stdout]    = note: `#[warn(unused_imports)]` on by default
[INFO] [stdout] 
[INFO] [stdout] 
[INFO] [stdout] warning: unused import: `std::iter`
[INFO] [stdout]   --> tests/test_ensure.rs:23:5
[INFO] [stdout]    |
[INFO] [stdout] 23 | use std::iter;
[INFO] [stdout]    |     ^^^^^^^^^
[INFO] [stdout] 
[INFO] [stdout] 
[INFO] [stdout] warning: unused import: `PhantomData as P`
[INFO] [stdout]   --> tests/test_ensure.rs:24:32
[INFO] [stdout]    |
[INFO] [stdout] 24 | use std::marker::{PhantomData, PhantomData as P};
[INFO] [stdout]    |                                ^^^^^^^^^^^^^^^^
[INFO] [stdout] 
[INFO] [stdout] 
[INFO] [stdout] warning: unused import: `std::ptr`
[INFO] [stdout]   --> tests/test_ensure.rs:27:5
[INFO] [stdout]    |
[INFO] [stdout] 27 | use std::ptr;
[INFO] [stdout]    |     ^^^^^^^^
[INFO] [stdout] 
[INFO] [stdout] 
[INFO] [stdout] error[E0432]: unresolved import `anyhow`
[INFO] [stdout]  --> tests/test_repr.rs:4:5
[INFO] [stdout]   |
[INFO] [stdout] 4 | use anyhow::Error;
[INFO] [stdout]   |     ^^^^^^ use of undeclared crate or module `anyhow`
[INFO] [stdout] 
[INFO] [stdout] 
[INFO] [stdout] error[E0432]: unresolved import `anyhow`
[INFO] [stdout]  --> tests/test_chain.rs:1:5
[INFO] [stdout]   |
[INFO] [stdout] 1 | use anyhow::{anyhow, Chain, Error};
[INFO] [stdout]   |     ^^^^^^ use of undeclared crate or module `anyhow`
[INFO] [stdout] 
[INFO] [stdout] 
[INFO] [stdout] warning: unused macro definition: `int`
[INFO] [stdout]    --> tests/test_ensure.rs:622:18
[INFO] [stdout]     |
[INFO] [stdout] 622 |     macro_rules! int {
[INFO] [stdout]     |                  ^^^
[INFO] [stdout]     |
[INFO] [stdout]     = note: `#[warn(unused_macros)]` on by default
[INFO] [stdout] 
[INFO] [stdout] 
[INFO] [stdout] error[E0432]: unresolved import `anyhow`
[INFO] [stdout]  --> tests/common/mod.rs:1:5
[INFO] [stdout]   |
[INFO] [stdout] 1 | use anyhow::{bail, Result};
[INFO] [stdout]   |     ^^^^^^ use of undeclared crate or module `anyhow`
[INFO] [stdout] 
[INFO] [stdout] 
[INFO] [stdout] error[E0432]: unresolved import `anyhow`
[INFO] [stdout]  --> tests/test_context.rs:9:5
[INFO] [stdout]   |
[INFO] [stdout] 9 | use anyhow::{Context, Error, Result};
[INFO] [stdout]   |     ^^^^^^ use of undeclared crate or module `anyhow`
[INFO] [stdout] 
[INFO] [stdout] 
[INFO] [stderr] error: could not compile `lmnkjgkj-std-backtrace-anyhow` (test "test_backtrace") due to 2 previous errors
[INFO] [stdout] error[E0432]: unresolved import `anyhow`
[INFO] [stdout]  --> tests/test_downcast.rs:8:5
[INFO] [stdout]   |
[INFO] [stdout] 8 | use anyhow::Error;
[INFO] [stdout]   |     ^^^^^^ use of undeclared crate or module `anyhow`
[INFO] [stdout] 
[INFO] [stdout] 
[INFO] [stderr] warning: build failed, waiting for other jobs to finish...
[INFO] [stderr] error: could not compile `lmnkjgkj-std-backtrace-anyhow` (test "test_ffi") due to 2 previous errors
[INFO] [stdout] warning: unused import: `std::io`
[INFO] [stdout]  --> tests/common/mod.rs:2:5
[INFO] [stdout]   |
[INFO] [stdout] 2 | use std::io;
[INFO] [stdout]   |     ^^^^^^^
[INFO] [stdout]   |
[INFO] [stdout]   = note: `#[warn(unused_imports)]` on by default
[INFO] [stdout] 
[INFO] [stdout] 
[INFO] [stdout] error[E0432]: unresolved import `anyhow`
[INFO] [stdout]  --> tests/test_fmt.rs:1:5
[INFO] [stdout]   |
[INFO] [stdout] 1 | use anyhow::{bail, Context, Result};
[INFO] [stdout]   |     ^^^^^^ use of undeclared crate or module `anyhow`
[INFO] [stdout] 
[INFO] [stdout] 
[INFO] [stdout] warning: unused import: `std::io`
[INFO] [stdout]  --> tests/test_fmt.rs:2:5
[INFO] [stdout]   |
[INFO] [stdout] 2 | use std::io;
[INFO] [stdout]   |     ^^^^^^^
[INFO] [stdout]   |
[INFO] [stdout]   = note: `#[warn(unused_imports)]` on by default
[INFO] [stdout] 
[INFO] [stdout] 
[INFO] [stdout] error[E0432]: unresolved import `anyhow`
[INFO] [stdout]  --> tests/test_autotrait.rs:1:5
[INFO] [stdout]   |
[INFO] [stdout] 1 | use anyhow::Error;
[INFO] [stdout]   |     ^^^^^^ use of undeclared crate or module `anyhow`
[INFO] [stdout] 
[INFO] [stdout] 
[INFO] [stdout] error[E0432]: unresolved import `anyhow`
[INFO] [stdout]  --> tests/test_boxed.rs:6:5
[INFO] [stdout]   |
[INFO] [stdout] 6 | use anyhow::anyhow;
[INFO] [stdout]   |     ^^^^^^ use of undeclared crate or module `anyhow`
[INFO] [stdout] 
[INFO] [stdout] 
[INFO] [stdout] error: aborting due to 2 previous errors; 1 warning emitted
[INFO] [stdout] 
[INFO] [stdout] 
[INFO] [stdout] For more information about this error, try `rustc --explain E0432`.
[INFO] [stdout] 
[INFO] [stdout] error: aborting due to 1 previous error
[INFO] [stdout] 
[INFO] [stdout] 
[INFO] [stdout] For more information about this error, try `rustc --explain E0432`.
[INFO] [stdout] 
[INFO] [stdout] error: aborting due to 1 previous error
[INFO] [stdout] 
[INFO] [stdout] 
[INFO] [stderr] error: could not compile `lmnkjgkj-std-backtrace-anyhow` (test "test_macros") due to 3 previous errors; 1 warning emitted
[INFO] [stdout] For more information about this error, try `rustc --explain E0432`.
[INFO] [stdout] 
[INFO] [stdout] error: aborting due to 1 previous error; 1 warning emitted
[INFO] [stdout] 
[INFO] [stdout] 
[INFO] [stdout] For more information about this error, try `rustc --explain E0432`.
[INFO] [stdout] 
[INFO] [stderr] error: could not compile `lmnkjgkj-std-backtrace-anyhow` (test "test_autotrait") due to 2 previous errors
[INFO] [stdout] error: aborting due to 1 previous error
[INFO] [stdout] 
[INFO] [stdout] 
[INFO] [stdout] For more information about this error, try `rustc --explain E0432`.
[INFO] [stdout] 
[INFO] [stdout] error: aborting due to 1 previous error
[INFO] [stdout] 
[INFO] [stdout] 
[INFO] [stdout] For more information about this error, try `rustc --explain E0432`.
[INFO] [stdout] 
[INFO] [stdout] error: aborting due to 1 previous error
[INFO] [stdout] 
[INFO] [stdout] 
[INFO] [stdout] For more information about this error, try `rustc --explain E0432`.
[INFO] [stdout] 
[INFO] [stderr] error: could not compile `lmnkjgkj-std-backtrace-anyhow` (test "test_source") due to 2 previous errors
[INFO] [stderr] error: could not compile `lmnkjgkj-std-backtrace-anyhow` (test "test_fmt") due to 2 previous errors; 1 warning emitted
[INFO] [stderr] error: could not compile `lmnkjgkj-std-backtrace-anyhow` (test "test_chain") due to 2 previous errors
[INFO] [stderr] error: could not compile `lmnkjgkj-std-backtrace-anyhow` (test "test_convert") due to 2 previous errors
[INFO] [stderr] error: could not compile `lmnkjgkj-std-backtrace-anyhow` (test "test_repr") due to 2 previous errors
[INFO] [stdout] error: aborting due to 2 previous errors; 1 warning emitted
[INFO] [stdout] 
[INFO] [stdout] 
[INFO] [stdout] For more information about this error, try `rustc --explain E0432`.
[INFO] [stdout] 
[INFO] [stdout] error: aborting due to 1 previous error
[INFO] [stdout] 
[INFO] [stdout] 
[INFO] [stdout] For more information about this error, try `rustc --explain E0432`.
[INFO] [stdout] 
[INFO] [stderr] error: could not compile `lmnkjgkj-std-backtrace-anyhow` (test "test_downcast") due to 3 previous errors; 1 warning emitted
[INFO] [stderr] error: could not compile `lmnkjgkj-std-backtrace-anyhow` (test "test_boxed") due to 2 previous errors
[INFO] [stdout] error: aborting due to 1 previous error; 5 warnings emitted
[INFO] [stdout] 
[INFO] [stdout] 
[INFO] [stdout] For more information about this error, try `rustc --explain E0432`.
[INFO] [stdout] 
[INFO] [stderr] error: could not compile `lmnkjgkj-std-backtrace-anyhow` (test "test_ensure") due to 2 previous errors; 5 warnings emitted
[INFO] [stdout] error[E0599]: no method named `context` found for enum `Result` in the current scope
[INFO] [stdout]    --> tests/test_context.rs:17:28
[INFO] [stdout]     |
[INFO] [stdout] 17  |     let y: u32 = x.parse().context("...")?;
[INFO] [stdout]     |                            ^^^^^^^ method not found in `Result<_, _>`
[INFO] [stdout]     |
[INFO] [stdout]    ::: /opt/rustwide/workdir/src/lib.rs:596:8
[INFO] [stdout]     |
[INFO] [stdout] 596 |     fn context<C>(self, context: C) -> Result<T, Error>
[INFO] [stdout]     |        ------- the method is available for `Result<_, _>` here
[INFO] [stdout]     |
[INFO] [stdout]     = help: items from traits can only be used if the trait is in scope
[INFO] [stdout] help: the following trait is implemented but not in scope; perhaps add a `use` for it:
[INFO] [stdout]     |
[INFO] [stdout] 6   + use lmnkjgkj_std_backtrace_anyhow::Context;
[INFO] [stdout]     |
[INFO] [stdout] 
[INFO] [stdout] 
[INFO] [stdout] error[E0599]: no method named `context` found for enum `Result` in the current scope
[INFO] [stdout]    --> tests/test_context.rs:79:10
[INFO] [stdout]     |
[INFO] [stdout] 78  |       let mid = Err::<(), LowLevel>(low)
[INFO] [stdout]     |  _______________-
[INFO] [stdout] 79  | |         .context(MidLevel {
[INFO] [stdout]     | |         -^^^^^^^ method not found in `Result<(), LowLevel>`
[INFO] [stdout]     | |_________|
[INFO] [stdout]     | 
[INFO] [stdout]     |
[INFO] [stdout]    ::: /opt/rustwide/workdir/src/lib.rs:596:8
[INFO] [stdout]     |
[INFO] [stdout] 596 |       fn context<C>(self, context: C) -> Result<T, Error>
[INFO] [stdout]     |          ------- the method is available for `Result<(), LowLevel>` here
[INFO] [stdout]     |
[INFO] [stdout]     = help: items from traits can only be used if the trait is in scope
[INFO] [stdout] help: the following trait is implemented but not in scope; perhaps add a `use` for it:
[INFO] [stdout]     |
[INFO] [stdout] 6   + use lmnkjgkj_std_backtrace_anyhow::Context;
[INFO] [stdout]     |
[INFO] [stdout] 
[INFO] [stdout] 
[INFO] [stdout] error: aborting due to 3 previous errors
[INFO] [stdout] 
[INFO] [stdout] 
[INFO] [stdout] Some errors have detailed explanations: E0432, E0599.
[INFO] [stdout] 
[INFO] [stdout] For more information about an error, try `rustc --explain E0432`.
[INFO] [stdout] 
[INFO] [stderr] error: could not compile `lmnkjgkj-std-backtrace-anyhow` (test "test_context") due to 4 previous errors
[INFO] running `Command { std: "docker" "inspect" "9b129e073992aa0478951db5b7537417fa6c0fb761f9619dea9c5c5dbfbd0cb4", kill_on_drop: false }`
[INFO] running `Command { std: "docker" "rm" "-f" "9b129e073992aa0478951db5b7537417fa6c0fb761f9619dea9c5c5dbfbd0cb4", kill_on_drop: false }`
[INFO] [stdout] 9b129e073992aa0478951db5b7537417fa6c0fb761f9619dea9c5c5dbfbd0cb4
[INFO] checking lmnkjgkj-std-backtrace-anyhow-0.0.1 against nightly-2024-02-05+rustflags=-Dunexpected_cfgs+cargoflags=-Zcheck-cfg for check-cfg
[INFO] extracting crate lmnkjgkj-std-backtrace-anyhow 0.0.1 into /workspace/builds/worker-2-tc2/source
[INFO] validating manifest of crates.io crate lmnkjgkj-std-backtrace-anyhow 0.0.1 on toolchain nightly-2024-02-05
[INFO] running `Command { std: CARGO_HOME="/workspace/cargo-home" RUSTUP_HOME="/workspace/rustup-home" "/workspace/cargo-home/bin/cargo" "+nightly-2024-02-05" "metadata" "--manifest-path" "Cargo.toml" "--no-deps", kill_on_drop: false }`
[INFO] removed /workspace/builds/worker-2-tc2/source/rust-toolchain.toml
[INFO] started tweaking crates.io crate lmnkjgkj-std-backtrace-anyhow 0.0.1
[INFO] finished tweaking crates.io crate lmnkjgkj-std-backtrace-anyhow 0.0.1
[INFO] tweaked toml for crates.io crate lmnkjgkj-std-backtrace-anyhow 0.0.1 written to /workspace/builds/worker-2-tc2/source/Cargo.toml
[INFO] running `Command { std: CARGO_HOME="/workspace/cargo-home" RUSTUP_HOME="/workspace/rustup-home" "/workspace/cargo-home/bin/cargo" "+nightly-2024-02-05" "generate-lockfile" "--manifest-path" "Cargo.toml", kill_on_drop: false }`
[INFO] [stderr]     Updating crates.io index
[INFO] running `Command { std: CARGO_HOME="/workspace/cargo-home" RUSTUP_HOME="/workspace/rustup-home" "/workspace/cargo-home/bin/cargo" "+nightly-2024-02-05" "fetch" "--manifest-path" "Cargo.toml", kill_on_drop: false }`
[INFO] running `Command { std: "docker" "create" "-v" "/var/lib/crater-agent-workspace/builds/worker-2-tc2/target:/opt/rustwide/target:rw,Z" "-v" "/var/lib/crater-agent-workspace/builds/worker-2-tc2/source:/opt/rustwide/workdir:ro,Z" "-v" "/var/lib/crater-agent-workspace/cargo-home:/opt/rustwide/cargo-home:ro,Z" "-v" "/var/lib/crater-agent-workspace/rustup-home:/opt/rustwide/rustup-home:ro,Z" "-e" "SOURCE_DIR=/opt/rustwide/workdir" "-e" "CARGO_TARGET_DIR=/opt/rustwide/target" "-e" "CARGO_HOME=/opt/rustwide/cargo-home" "-e" "RUSTUP_HOME=/opt/rustwide/rustup-home" "-w" "/opt/rustwide/workdir" "-m" "1610612736" "--user" "0:0" "--network" "none" "ghcr.io/rust-lang/crates-build-env/linux@sha256:2788e3201cd34a07e3172128adcd8b3090168a8e3bcc40d7c032b9dda1df7d1c" "/opt/rustwide/cargo-home/bin/cargo" "+nightly-2024-02-05" "metadata" "--no-deps" "--format-version=1", kill_on_drop: false }`
[INFO] [stdout] 60a0b1e52085f54fdd7a73b4c8619eadfa545e52b0ec8105f936906e9e41985b
[INFO] running `Command { std: "docker" "start" "-a" "60a0b1e52085f54fdd7a73b4c8619eadfa545e52b0ec8105f936906e9e41985b", kill_on_drop: false }`
[INFO] running `Command { std: "docker" "inspect" "60a0b1e52085f54fdd7a73b4c8619eadfa545e52b0ec8105f936906e9e41985b", kill_on_drop: false }`
[INFO] running `Command { std: "docker" "rm" "-f" "60a0b1e52085f54fdd7a73b4c8619eadfa545e52b0ec8105f936906e9e41985b", kill_on_drop: false }`
[INFO] [stdout] 60a0b1e52085f54fdd7a73b4c8619eadfa545e52b0ec8105f936906e9e41985b
[INFO] running `Command { std: "docker" "create" "-v" "/var/lib/crater-agent-workspace/builds/worker-2-tc2/target:/opt/rustwide/target:rw,Z" "-v" "/var/lib/crater-agent-workspace/builds/worker-2-tc2/source:/opt/rustwide/workdir:ro,Z" "-v" "/var/lib/crater-agent-workspace/cargo-home:/opt/rustwide/cargo-home:ro,Z" "-v" "/var/lib/crater-agent-workspace/rustup-home:/opt/rustwide/rustup-home:ro,Z" "-e" "SOURCE_DIR=/opt/rustwide/workdir" "-e" "CARGO_TARGET_DIR=/opt/rustwide/target" "-e" "CARGO_INCREMENTAL=0" "-e" "RUST_BACKTRACE=full" "-e" "RUSTFLAGS=--cap-lints=forbid -Dunexpected_cfgs" "-e" "RUSTDOCFLAGS=--cap-lints=forbid" "-e" "CARGO_HOME=/opt/rustwide/cargo-home" "-e" "RUSTUP_HOME=/opt/rustwide/rustup-home" "-w" "/opt/rustwide/workdir" "-m" "1610612736" "--user" "0:0" "--network" "none" "ghcr.io/rust-lang/crates-build-env/linux@sha256:2788e3201cd34a07e3172128adcd8b3090168a8e3bcc40d7c032b9dda1df7d1c" "/opt/rustwide/cargo-home/bin/cargo" "+nightly-2024-02-05" "check" "--frozen" "--all" "--all-targets" "--message-format=json" "-Zcheck-cfg", kill_on_drop: false }`
[INFO] [stdout] 6dbc3a0f4336cdbaddab134ce6e0bf124b45ce79de0863512e72a95cc8c65729
[INFO] running `Command { std: "docker" "start" "-a" "6dbc3a0f4336cdbaddab134ce6e0bf124b45ce79de0863512e72a95cc8c65729", kill_on_drop: false }`
[INFO] [stderr]    Compiling serde v1.0.196
[INFO] [stderr]     Checking futures-sink v0.3.30
[INFO] [stderr]     Checking futures-core v0.3.30
[INFO] [stderr]    Compiling lmnkjgkj-std-backtrace-anyhow v0.0.1 (/opt/rustwide/workdir)
[INFO] [stderr]     Checking futures-task v0.3.30
[INFO] [stderr]    Compiling trybuild v1.0.89
[INFO] [stderr]    Compiling syn v1.0.109
[INFO] [stderr]     Checking futures-io v0.3.30
[INFO] [stderr]     Checking dissimilar v1.0.7
[INFO] [stderr]    Compiling syn v2.0.48
[INFO] [stdout] error: unexpected `cfg` condition value: `backtrace`
[INFO] [stdout]  --> build.rs:9:11
[INFO] [stdout]   |
[INFO] [stdout] 9 | #[cfg(all(feature = "backtrace", not(feature = "std")))]
[INFO] [stdout]   |           ^^^^^^^^^^^^^^^^^^^^^
[INFO] [stdout]   |
[INFO] [stdout]   = note: expected values for `feature` are: `default`, `std`
[INFO] [stdout]   = help: consider adding `backtrace` as a feature in `Cargo.toml`
[INFO] [stdout]   = note: see <https://doc.rust-lang.org/nightly/cargo/reference/unstable.html#check-cfg> for more information about checking conditional configuration
[INFO] [stdout]   = note: requested on the command line with `-D unexpected-cfgs`
[INFO] [stdout] 
[INFO] [stdout] 
[INFO] [stdout] error: aborting due to 1 previous error
[INFO] [stdout] 
[INFO] [stdout] 
[INFO] [stderr] error: could not compile `lmnkjgkj-std-backtrace-anyhow` (build script) due to 2 previous errors
[INFO] [stderr] warning: build failed, waiting for other jobs to finish...
[INFO] running `Command { std: "docker" "inspect" "6dbc3a0f4336cdbaddab134ce6e0bf124b45ce79de0863512e72a95cc8c65729", kill_on_drop: false }`
[INFO] running `Command { std: "docker" "rm" "-f" "6dbc3a0f4336cdbaddab134ce6e0bf124b45ce79de0863512e72a95cc8c65729", kill_on_drop: false }`
[INFO] [stdout] 6dbc3a0f4336cdbaddab134ce6e0bf124b45ce79de0863512e72a95cc8c65729
