[INFO] fetching crate litcoin 0.28.1...
[INFO] checking litcoin-0.28.1 against nightly-2024-02-05 for check-cfg
[INFO] extracting crate litcoin 0.28.1 into /workspace/builds/worker-5-tc1/source
[INFO] validating manifest of crates.io crate litcoin 0.28.1 on toolchain nightly-2024-02-05
[INFO] running `Command { std: CARGO_HOME="/workspace/cargo-home" RUSTUP_HOME="/workspace/rustup-home" "/workspace/cargo-home/bin/cargo" "+nightly-2024-02-05" "metadata" "--manifest-path" "Cargo.toml" "--no-deps", kill_on_drop: false }`
[INFO] started tweaking crates.io crate litcoin 0.28.1
[INFO] removed 0 missing examples
[INFO] finished tweaking crates.io crate litcoin 0.28.1
[INFO] tweaked toml for crates.io crate litcoin 0.28.1 written to /workspace/builds/worker-5-tc1/source/Cargo.toml
[INFO] crate crates.io crate litcoin 0.28.1 already has a lockfile, it will not be regenerated
[INFO] running `Command { std: CARGO_HOME="/workspace/cargo-home" RUSTUP_HOME="/workspace/rustup-home" "/workspace/cargo-home/bin/cargo" "+nightly-2024-02-05" "fetch" "--manifest-path" "Cargo.toml", kill_on_drop: false }`
[INFO] [stderr]  Downloading crates ...
[INFO] [stderr]   Downloaded core2 v0.3.3
[INFO] [stderr]   Downloaded bitcoinconsensus v0.19.0-3
[INFO] running `Command { std: "docker" "create" "-v" "/var/lib/crater-agent-workspace/builds/worker-5-tc1/target:/opt/rustwide/target:rw,Z" "-v" "/var/lib/crater-agent-workspace/builds/worker-5-tc1/source:/opt/rustwide/workdir:ro,Z" "-v" "/var/lib/crater-agent-workspace/cargo-home:/opt/rustwide/cargo-home:ro,Z" "-v" "/var/lib/crater-agent-workspace/rustup-home:/opt/rustwide/rustup-home:ro,Z" "-e" "SOURCE_DIR=/opt/rustwide/workdir" "-e" "CARGO_TARGET_DIR=/opt/rustwide/target" "-e" "CARGO_HOME=/opt/rustwide/cargo-home" "-e" "RUSTUP_HOME=/opt/rustwide/rustup-home" "-w" "/opt/rustwide/workdir" "-m" "1610612736" "--user" "0:0" "--network" "none" "ghcr.io/rust-lang/crates-build-env/linux@sha256:2788e3201cd34a07e3172128adcd8b3090168a8e3bcc40d7c032b9dda1df7d1c" "/opt/rustwide/cargo-home/bin/cargo" "+nightly-2024-02-05" "metadata" "--no-deps" "--format-version=1", kill_on_drop: false }`
[INFO] [stdout] cf02746a7a683ea729a5f6a576dba10d3c2bf7a99c0e20635800d8794d9f391d
[INFO] running `Command { std: "docker" "start" "-a" "cf02746a7a683ea729a5f6a576dba10d3c2bf7a99c0e20635800d8794d9f391d", kill_on_drop: false }`
[INFO] running `Command { std: "docker" "inspect" "cf02746a7a683ea729a5f6a576dba10d3c2bf7a99c0e20635800d8794d9f391d", kill_on_drop: false }`
[INFO] running `Command { std: "docker" "rm" "-f" "cf02746a7a683ea729a5f6a576dba10d3c2bf7a99c0e20635800d8794d9f391d", kill_on_drop: false }`
[INFO] [stdout] cf02746a7a683ea729a5f6a576dba10d3c2bf7a99c0e20635800d8794d9f391d
[INFO] running `Command { std: "docker" "create" "-v" "/var/lib/crater-agent-workspace/builds/worker-5-tc1/target:/opt/rustwide/target:rw,Z" "-v" "/var/lib/crater-agent-workspace/builds/worker-5-tc1/source:/opt/rustwide/workdir:ro,Z" "-v" "/var/lib/crater-agent-workspace/cargo-home:/opt/rustwide/cargo-home:ro,Z" "-v" "/var/lib/crater-agent-workspace/rustup-home:/opt/rustwide/rustup-home:ro,Z" "-e" "SOURCE_DIR=/opt/rustwide/workdir" "-e" "CARGO_TARGET_DIR=/opt/rustwide/target" "-e" "CARGO_INCREMENTAL=0" "-e" "RUST_BACKTRACE=full" "-e" "RUSTFLAGS=--cap-lints=forbid" "-e" "RUSTDOCFLAGS=--cap-lints=forbid" "-e" "CARGO_HOME=/opt/rustwide/cargo-home" "-e" "RUSTUP_HOME=/opt/rustwide/rustup-home" "-w" "/opt/rustwide/workdir" "-m" "1610612736" "--user" "0:0" "--network" "none" "ghcr.io/rust-lang/crates-build-env/linux@sha256:2788e3201cd34a07e3172128adcd8b3090168a8e3bcc40d7c032b9dda1df7d1c" "/opt/rustwide/cargo-home/bin/cargo" "+nightly-2024-02-05" "check" "--frozen" "--all" "--all-targets" "--message-format=json", kill_on_drop: false }`
[INFO] [stdout] 14ef454ce12578e80bf03a5bdee4c3eef8b42a6ffb0a07d91e89facad8aec2ad
[INFO] running `Command { std: "docker" "start" "-a" "14ef454ce12578e80bf03a5bdee4c3eef8b42a6ffb0a07d91e89facad8aec2ad", kill_on_drop: false }`
[INFO] [stderr]    Compiling autocfg v1.1.0
[INFO] [stderr]     Checking rand_core v0.4.2
[INFO] [stderr]    Compiling libc v0.2.139
[INFO] [stderr]    Compiling serde v1.0.152
[INFO] [stderr]    Compiling cc v1.0.79
[INFO] [stderr]    Compiling ryu v1.0.4
[INFO] [stderr]    Compiling serde_test v1.0.152
[INFO] [stderr]     Checking bech32 v0.8.1
[INFO] [stderr]     Checking rand_core v0.3.1
[INFO] [stderr]     Checking rand_jitter v0.1.4
[INFO] [stderr]    Compiling autocfg v0.1.8
[INFO] [stderr]     Checking rand_xorshift v0.1.1
[INFO] [stderr]     Checking rand_isaac v0.1.1
[INFO] [stderr]     Checking rand_hc v0.1.0
[INFO] [stderr]     Checking itoa v0.4.8
[INFO] [stderr]    Compiling rand_pcg v0.1.2
[INFO] [stderr]    Compiling rand_chacha v0.1.1
[INFO] [stderr]    Compiling rand v0.6.5
[INFO] [stderr]     Checking bitcoin_hashes v0.10.0
[INFO] [stderr]    Compiling secp256k1-sys v0.5.2
[INFO] [stderr]     Checking rand_os v0.1.3
[INFO] [stderr]     Checking bincode v1.3.3
[INFO] [stderr]     Checking serde_json v1.0.44
[INFO] [stderr]     Checking secp256k1 v0.22.2
[INFO] [stderr]     Checking litcoin v0.28.1 (/opt/rustwide/workdir)
[INFO] [stdout] error[E0463]: can't find crate for `litcoinlib`
[INFO] [stdout]  --> examples/handshake.rs:1:1
[INFO] [stdout]   |
[INFO] [stdout] 1 | extern crate litcoinlib;
[INFO] [stdout]   | ^^^^^^^^^^^^^^^^^^^^^^^^ can't find crate
[INFO] [stdout] 
[INFO] [stdout] 
[INFO] [stdout] error[E0463]: can't find crate for `litcoinlib`
[INFO] [stdout]  --> examples/bip32.rs:1:1
[INFO] [stdout]   |
[INFO] [stdout] 1 | extern crate litcoinlib;
[INFO] [stdout]   | ^^^^^^^^^^^^^^^^^^^^^^^^ can't find crate
[INFO] [stdout] 
[INFO] [stdout] 
[INFO] [stdout] warning: unused import: `std::str::FromStr`
[INFO] [stdout]  --> examples/bip32.rs:4:5
[INFO] [stdout]   |
[INFO] [stdout] 4 | use std::str::FromStr;
[INFO] [stdout]   |     ^^^^^^^^^^^^^^^^^
[INFO] [stdout]   |
[INFO] [stdout]   = note: `#[warn(unused_imports)]` on by default
[INFO] [stdout] 
[INFO] [stdout] 
[INFO] [stdout] error: aborting due to 1 previous error
[INFO] [stdout] 
[INFO] [stdout] 
[INFO] [stdout] For more information about this error, try `rustc --explain E0463`.
[INFO] [stdout] 
[INFO] [stderr] error: could not compile `litcoin` (example "handshake") due to 2 previous errors
[INFO] [stderr] warning: build failed, waiting for other jobs to finish...
[INFO] [stdout] error[E0599]: no function or associated item named `from_hex` found for struct `Vec<_, _>` in the current scope
[INFO] [stdout]   --> examples/bip32.rs:37:21
[INFO] [stdout]    |
[INFO] [stdout] 37 |     let seed = Vec::from_hex(seed_hex).unwrap();
[INFO] [stdout]    |                     ^^^^^^^^ function or associated item not found in `Vec<_, _>`
[INFO] [stdout]    |
[INFO] [stdout] note: if you're trying to build a new `Vec<_, _>` consider using one of the following associated functions:
[INFO] [stdout]       Vec::<T>::new
[INFO] [stdout]       Vec::<T>::with_capacity
[INFO] [stdout]       Vec::<T>::from_raw_parts
[INFO] [stdout]       Vec::<T, A>::new_in
[INFO] [stdout]       and 2 others
[INFO] [stdout]   --> /rustc/268dbbbc4b3fd71c5f360a4d0728295252430b5b/library/alloc/src/vec/mod.rs:422:5
[INFO] [stdout] 
[INFO] [stdout] 
[INFO] [stdout] error: aborting due to 2 previous errors; 1 warning emitted
[INFO] [stdout] 
[INFO] [stdout] 
[INFO] [stdout] Some errors have detailed explanations: E0463, E0599.
[INFO] [stdout] 
[INFO] [stdout] For more information about an error, try `rustc --explain E0463`.
[INFO] [stdout] 
[INFO] [stderr] error: could not compile `litcoin` (example "bip32") due to 3 previous errors; 1 warning emitted
[INFO] running `Command { std: "docker" "inspect" "14ef454ce12578e80bf03a5bdee4c3eef8b42a6ffb0a07d91e89facad8aec2ad", kill_on_drop: false }`
[INFO] running `Command { std: "docker" "rm" "-f" "14ef454ce12578e80bf03a5bdee4c3eef8b42a6ffb0a07d91e89facad8aec2ad", kill_on_drop: false }`
[INFO] [stdout] 14ef454ce12578e80bf03a5bdee4c3eef8b42a6ffb0a07d91e89facad8aec2ad
