[INFO] fetching crate lipstick_compiler 0.4.0...
[INFO] checking lipstick_compiler-0.4.0 against nightly-2024-02-05 for check-cfg
[INFO] extracting crate lipstick_compiler 0.4.0 into /workspace/builds/worker-7-tc1/source
[INFO] validating manifest of crates.io crate lipstick_compiler 0.4.0 on toolchain nightly-2024-02-05
[INFO] running `Command { std: CARGO_HOME="/workspace/cargo-home" RUSTUP_HOME="/workspace/rustup-home" "/workspace/cargo-home/bin/cargo" "+nightly-2024-02-05" "metadata" "--manifest-path" "Cargo.toml" "--no-deps", kill_on_drop: false }`
[INFO] started tweaking crates.io crate lipstick_compiler 0.4.0
[INFO] finished tweaking crates.io crate lipstick_compiler 0.4.0
[INFO] tweaked toml for crates.io crate lipstick_compiler 0.4.0 written to /workspace/builds/worker-7-tc1/source/Cargo.toml
[INFO] running `Command { std: CARGO_HOME="/workspace/cargo-home" RUSTUP_HOME="/workspace/rustup-home" "/workspace/cargo-home/bin/cargo" "+nightly-2024-02-05" "generate-lockfile" "--manifest-path" "Cargo.toml", kill_on_drop: false }`
[INFO] [stderr]     Updating crates.io index
[INFO] running `Command { std: CARGO_HOME="/workspace/cargo-home" RUSTUP_HOME="/workspace/rustup-home" "/workspace/cargo-home/bin/cargo" "+nightly-2024-02-05" "fetch" "--manifest-path" "Cargo.toml", kill_on_drop: false }`
[INFO] [stderr]  Downloading crates ...
[INFO] [stderr]   Downloaded string-interner v0.12.2
[INFO] running `Command { std: "docker" "create" "-v" "/var/lib/crater-agent-workspace/builds/worker-7-tc1/target:/opt/rustwide/target:rw,Z" "-v" "/var/lib/crater-agent-workspace/builds/worker-7-tc1/source:/opt/rustwide/workdir:ro,Z" "-v" "/var/lib/crater-agent-workspace/cargo-home:/opt/rustwide/cargo-home:ro,Z" "-v" "/var/lib/crater-agent-workspace/rustup-home:/opt/rustwide/rustup-home:ro,Z" "-e" "SOURCE_DIR=/opt/rustwide/workdir" "-e" "CARGO_TARGET_DIR=/opt/rustwide/target" "-e" "CARGO_HOME=/opt/rustwide/cargo-home" "-e" "RUSTUP_HOME=/opt/rustwide/rustup-home" "-w" "/opt/rustwide/workdir" "-m" "1610612736" "--user" "0:0" "--network" "none" "ghcr.io/rust-lang/crates-build-env/linux@sha256:2788e3201cd34a07e3172128adcd8b3090168a8e3bcc40d7c032b9dda1df7d1c" "/opt/rustwide/cargo-home/bin/cargo" "+nightly-2024-02-05" "metadata" "--no-deps" "--format-version=1", kill_on_drop: false }`
[INFO] [stdout] efffe6af34b26b51045b8d179093a7fa59983f8cc82cb5f3c6754836be7347cf
[INFO] running `Command { std: "docker" "start" "-a" "efffe6af34b26b51045b8d179093a7fa59983f8cc82cb5f3c6754836be7347cf", kill_on_drop: false }`
[INFO] running `Command { std: "docker" "inspect" "efffe6af34b26b51045b8d179093a7fa59983f8cc82cb5f3c6754836be7347cf", kill_on_drop: false }`
[INFO] running `Command { std: "docker" "rm" "-f" "efffe6af34b26b51045b8d179093a7fa59983f8cc82cb5f3c6754836be7347cf", kill_on_drop: false }`
[INFO] [stdout] efffe6af34b26b51045b8d179093a7fa59983f8cc82cb5f3c6754836be7347cf
[INFO] running `Command { std: "docker" "create" "-v" "/var/lib/crater-agent-workspace/builds/worker-7-tc1/target:/opt/rustwide/target:rw,Z" "-v" "/var/lib/crater-agent-workspace/builds/worker-7-tc1/source:/opt/rustwide/workdir:ro,Z" "-v" "/var/lib/crater-agent-workspace/cargo-home:/opt/rustwide/cargo-home:ro,Z" "-v" "/var/lib/crater-agent-workspace/rustup-home:/opt/rustwide/rustup-home:ro,Z" "-e" "SOURCE_DIR=/opt/rustwide/workdir" "-e" "CARGO_TARGET_DIR=/opt/rustwide/target" "-e" "CARGO_INCREMENTAL=0" "-e" "RUST_BACKTRACE=full" "-e" "RUSTFLAGS=--cap-lints=forbid" "-e" "RUSTDOCFLAGS=--cap-lints=forbid" "-e" "CARGO_HOME=/opt/rustwide/cargo-home" "-e" "RUSTUP_HOME=/opt/rustwide/rustup-home" "-w" "/opt/rustwide/workdir" "-m" "1610612736" "--user" "0:0" "--network" "none" "ghcr.io/rust-lang/crates-build-env/linux@sha256:2788e3201cd34a07e3172128adcd8b3090168a8e3bcc40d7c032b9dda1df7d1c" "/opt/rustwide/cargo-home/bin/cargo" "+nightly-2024-02-05" "check" "--frozen" "--all" "--all-targets" "--message-format=json", kill_on_drop: false }`
[INFO] [stdout] d059aeccd11a1fd3706cd26f6c3aff972e0c26475b2bc204ca73d46591196439
[INFO] running `Command { std: "docker" "start" "-a" "d059aeccd11a1fd3706cd26f6c3aff972e0c26475b2bc204ca73d46591196439", kill_on_drop: false }`
[INFO] [stderr]    Compiling proc-macro2 v1.0.78
[INFO] [stderr]    Compiling syn v1.0.109
[INFO] [stderr]     Checking ahash v0.4.8
[INFO] [stderr]    Compiling serde v1.0.196
[INFO] [stderr]     Checking codespan-reporting v0.11.1
[INFO] [stderr]     Checking hashbrown v0.9.1
[INFO] [stderr]     Checking quote v1.0.35
[INFO] [stderr]     Checking string-interner v0.12.2
[INFO] [stderr]     Checking lipstick_compiler v0.4.0 (/opt/rustwide/workdir)
[INFO] [stdout] error[E0599]: no variant or associated item named `__TestExhaustive` found for enum `syn::Item` in the current scope
[INFO] [stdout]    --> src/codegen.rs:233:24
[INFO] [stdout]     |
[INFO] [stdout] 233 |             syn::Item::__TestExhaustive(_) => unreachable!(),
[INFO] [stdout]     |                        ^^^^^^^^^^^^^^^^ variant or associated item not found in `syn::Item`
[INFO] [stdout] 
[INFO] [stdout] 
[INFO] [stdout] error[E0599]: no variant or associated item named `__TestExhaustive` found for enum `syn::Item` in the current scope
[INFO] [stdout]    --> src/codegen.rs:233:24
[INFO] [stdout]     |
[INFO] [stdout] 233 |             syn::Item::__TestExhaustive(_) => unreachable!(),
[INFO] [stdout]     |                        ^^^^^^^^^^^^^^^^ variant or associated item not found in `syn::Item`
[INFO] [stdout] 
[INFO] [stdout] 
[INFO] [stdout] error[E0599]: no variant or associated item named `__TestExhaustive` found for enum `syn::Type` in the current scope
[INFO] [stdout]    --> src/codegen.rs:501:28
[INFO] [stdout]     |
[INFO] [stdout] 501 |                 syn::Type::__TestExhaustive(_) => unreachable!(),
[INFO] [stdout]     |                            ^^^^^^^^^^^^^^^^ variant or associated item not found in `syn::Type`
[INFO] [stdout] 
[INFO] [stdout] 
[INFO] [stdout] error[E0599]: no variant or associated item named `__TestExhaustive` found for enum `syn::Type` in the current scope
[INFO] [stdout]    --> src/codegen.rs:501:28
[INFO] [stdout]     |
[INFO] [stdout] 501 |                 syn::Type::__TestExhaustive(_) => unreachable!(),
[INFO] [stdout]     |                            ^^^^^^^^^^^^^^^^ variant or associated item not found in `syn::Type`
[INFO] [stdout] 
[INFO] [stdout] 
[INFO] [stdout] error[E0599]: no variant or associated item named `__TestExhaustive` found for enum `syn::Expr` in the current scope
[INFO] [stdout]    --> src/codegen.rs:904:24
[INFO] [stdout]     |
[INFO] [stdout] 904 |             syn::Expr::__TestExhaustive(_) => unreachable!(),
[INFO] [stdout]     |                        ^^^^^^^^^^^^^^^^ variant or associated item not found in `syn::Expr`
[INFO] [stdout] 
[INFO] [stdout] 
[INFO] [stdout] error[E0599]: no variant or associated item named `__TestExhaustive` found for enum `syn::Expr` in the current scope
[INFO] [stdout]    --> src/codegen.rs:904:24
[INFO] [stdout]     |
[INFO] [stdout] 904 |             syn::Expr::__TestExhaustive(_) => unreachable!(),
[INFO] [stdout]     |                        ^^^^^^^^^^^^^^^^ variant or associated item not found in `syn::Expr`
[INFO] [stdout] 
[INFO] [stdout] 
[INFO] [stdout] error[E0599]: no variant or associated item named `__TestExhaustive` found for enum `syn::Expr` in the current scope
[INFO] [stdout]     --> src/codegen.rs:1169:24
[INFO] [stdout]      |
[INFO] [stdout] 1169 |             syn::Expr::__TestExhaustive(_) => unreachable!(),
[INFO] [stdout]      |                        ^^^^^^^^^^^^^^^^ variant or associated item not found in `syn::Expr`
[INFO] [stdout] 
[INFO] [stdout] 
[INFO] [stdout] error[E0599]: no variant or associated item named `__TestExhaustive` found for enum `syn::Expr` in the current scope
[INFO] [stdout]     --> src/codegen.rs:1169:24
[INFO] [stdout]      |
[INFO] [stdout] 1169 |             syn::Expr::__TestExhaustive(_) => unreachable!(),
[INFO] [stdout]      |                        ^^^^^^^^^^^^^^^^ variant or associated item not found in `syn::Expr`
[INFO] [stdout] 
[INFO] [stdout] 
[INFO] [stdout] error[E0599]: no variant or associated item named `__TestExhaustive` found for enum `syn::Expr` in the current scope
[INFO] [stdout]    --> src/typecheck.rs:237:19
[INFO] [stdout]     |
[INFO] [stdout] 237 |             Expr::__TestExhaustive(_) => unreachable!(),
[INFO] [stdout]     |                   ^^^^^^^^^^^^^^^^ variant or associated item not found in `syn::Expr`
[INFO] [stdout] 
[INFO] [stdout] 
[INFO] [stdout] error[E0599]: no variant or associated item named `__TestExhaustive` found for enum `syn::Expr` in the current scope
[INFO] [stdout]    --> src/typecheck.rs:237:19
[INFO] [stdout]     |
[INFO] [stdout] 237 |             Expr::__TestExhaustive(_) => unreachable!(),
[INFO] [stdout]     |                   ^^^^^^^^^^^^^^^^ variant or associated item not found in `syn::Expr`
[INFO] [stdout] 
[INFO] [stdout] 
[INFO] [stdout] error[E0599]: no variant or associated item named `__TestExhaustive` found for enum `syn::Type` in the current scope
[INFO] [stdout]    --> src/typecheck.rs:560:20
[INFO] [stdout]     |
[INFO] [stdout] 560 |         syn::Type::__TestExhaustive(_) => unreachable!(),
[INFO] [stdout]     |                    ^^^^^^^^^^^^^^^^ variant or associated item not found in `syn::Type`
[INFO] [stdout] 
[INFO] [stdout] 
[INFO] [stdout] error[E0599]: no variant or associated item named `__TestExhaustive` found for enum `syn::Type` in the current scope
[INFO] [stdout]    --> src/typecheck.rs:560:20
[INFO] [stdout]     |
[INFO] [stdout] 560 |         syn::Type::__TestExhaustive(_) => unreachable!(),
[INFO] [stdout]     |                    ^^^^^^^^^^^^^^^^ variant or associated item not found in `syn::Type`
[INFO] [stdout] 
[INFO] [stdout] 
[INFO] [stdout] error: aborting due to 6 previous errors
[INFO] [stdout] 
[INFO] [stdout] 
[INFO] [stdout] For more information about this error, try `rustc --explain E0599`.
[INFO] [stdout] 
[INFO] [stdout] error: aborting due to 6 previous errors
[INFO] [stdout] 
[INFO] [stdout] 
[INFO] [stdout] For more information about this error, try `rustc --explain E0599`.
[INFO] [stdout] 
[INFO] [stderr] error: could not compile `lipstick_compiler` (lib) due to 7 previous errors
[INFO] [stderr] warning: build failed, waiting for other jobs to finish...
[INFO] [stderr] error: could not compile `lipstick_compiler` (lib test) due to 7 previous errors
[INFO] running `Command { std: "docker" "inspect" "d059aeccd11a1fd3706cd26f6c3aff972e0c26475b2bc204ca73d46591196439", kill_on_drop: false }`
[INFO] running `Command { std: "docker" "rm" "-f" "d059aeccd11a1fd3706cd26f6c3aff972e0c26475b2bc204ca73d46591196439", kill_on_drop: false }`
[INFO] [stdout] d059aeccd11a1fd3706cd26f6c3aff972e0c26475b2bc204ca73d46591196439
[INFO] checking lipstick_compiler-0.4.0 against nightly-2024-02-05+rustflags=-Dunexpected_cfgs+cargoflags=-Zcheck-cfg for check-cfg
[INFO] extracting crate lipstick_compiler 0.4.0 into /workspace/builds/worker-7-tc2/source
[INFO] validating manifest of crates.io crate lipstick_compiler 0.4.0 on toolchain nightly-2024-02-05
[INFO] running `Command { std: CARGO_HOME="/workspace/cargo-home" RUSTUP_HOME="/workspace/rustup-home" "/workspace/cargo-home/bin/cargo" "+nightly-2024-02-05" "metadata" "--manifest-path" "Cargo.toml" "--no-deps", kill_on_drop: false }`
[INFO] started tweaking crates.io crate lipstick_compiler 0.4.0
[INFO] finished tweaking crates.io crate lipstick_compiler 0.4.0
[INFO] tweaked toml for crates.io crate lipstick_compiler 0.4.0 written to /workspace/builds/worker-7-tc2/source/Cargo.toml
[INFO] running `Command { std: CARGO_HOME="/workspace/cargo-home" RUSTUP_HOME="/workspace/rustup-home" "/workspace/cargo-home/bin/cargo" "+nightly-2024-02-05" "generate-lockfile" "--manifest-path" "Cargo.toml", kill_on_drop: false }`
[INFO] [stderr]     Updating crates.io index
[INFO] running `Command { std: CARGO_HOME="/workspace/cargo-home" RUSTUP_HOME="/workspace/rustup-home" "/workspace/cargo-home/bin/cargo" "+nightly-2024-02-05" "fetch" "--manifest-path" "Cargo.toml", kill_on_drop: false }`
[INFO] running `Command { std: "docker" "create" "-v" "/var/lib/crater-agent-workspace/builds/worker-7-tc2/target:/opt/rustwide/target:rw,Z" "-v" "/var/lib/crater-agent-workspace/builds/worker-7-tc2/source:/opt/rustwide/workdir:ro,Z" "-v" "/var/lib/crater-agent-workspace/cargo-home:/opt/rustwide/cargo-home:ro,Z" "-v" "/var/lib/crater-agent-workspace/rustup-home:/opt/rustwide/rustup-home:ro,Z" "-e" "SOURCE_DIR=/opt/rustwide/workdir" "-e" "CARGO_TARGET_DIR=/opt/rustwide/target" "-e" "CARGO_HOME=/opt/rustwide/cargo-home" "-e" "RUSTUP_HOME=/opt/rustwide/rustup-home" "-w" "/opt/rustwide/workdir" "-m" "1610612736" "--user" "0:0" "--network" "none" "ghcr.io/rust-lang/crates-build-env/linux@sha256:2788e3201cd34a07e3172128adcd8b3090168a8e3bcc40d7c032b9dda1df7d1c" "/opt/rustwide/cargo-home/bin/cargo" "+nightly-2024-02-05" "metadata" "--no-deps" "--format-version=1", kill_on_drop: false }`
[INFO] [stdout] 038c35f0247ba51c214d5ab26efa7c2523754edc107d2e4a3b6be6d8adf00b4e
[INFO] running `Command { std: "docker" "start" "-a" "038c35f0247ba51c214d5ab26efa7c2523754edc107d2e4a3b6be6d8adf00b4e", kill_on_drop: false }`
[INFO] running `Command { std: "docker" "inspect" "038c35f0247ba51c214d5ab26efa7c2523754edc107d2e4a3b6be6d8adf00b4e", kill_on_drop: false }`
[INFO] running `Command { std: "docker" "rm" "-f" "038c35f0247ba51c214d5ab26efa7c2523754edc107d2e4a3b6be6d8adf00b4e", kill_on_drop: false }`
[INFO] [stdout] 038c35f0247ba51c214d5ab26efa7c2523754edc107d2e4a3b6be6d8adf00b4e
[INFO] running `Command { std: "docker" "create" "-v" "/var/lib/crater-agent-workspace/builds/worker-7-tc2/target:/opt/rustwide/target:rw,Z" "-v" "/var/lib/crater-agent-workspace/builds/worker-7-tc2/source:/opt/rustwide/workdir:ro,Z" "-v" "/var/lib/crater-agent-workspace/cargo-home:/opt/rustwide/cargo-home:ro,Z" "-v" "/var/lib/crater-agent-workspace/rustup-home:/opt/rustwide/rustup-home:ro,Z" "-e" "SOURCE_DIR=/opt/rustwide/workdir" "-e" "CARGO_TARGET_DIR=/opt/rustwide/target" "-e" "CARGO_INCREMENTAL=0" "-e" "RUST_BACKTRACE=full" "-e" "RUSTFLAGS=--cap-lints=forbid -Dunexpected_cfgs" "-e" "RUSTDOCFLAGS=--cap-lints=forbid" "-e" "CARGO_HOME=/opt/rustwide/cargo-home" "-e" "RUSTUP_HOME=/opt/rustwide/rustup-home" "-w" "/opt/rustwide/workdir" "-m" "1610612736" "--user" "0:0" "--network" "none" "ghcr.io/rust-lang/crates-build-env/linux@sha256:2788e3201cd34a07e3172128adcd8b3090168a8e3bcc40d7c032b9dda1df7d1c" "/opt/rustwide/cargo-home/bin/cargo" "+nightly-2024-02-05" "check" "--frozen" "--all" "--all-targets" "--message-format=json" "-Zcheck-cfg", kill_on_drop: false }`
[INFO] [stdout] c5d23c2b66d4907558f943257c111fbc1a688df9d52e8f8bb31170a9671eb5a2
[INFO] running `Command { std: "docker" "start" "-a" "c5d23c2b66d4907558f943257c111fbc1a688df9d52e8f8bb31170a9671eb5a2", kill_on_drop: false }`
[INFO] [stderr]    Compiling proc-macro2 v1.0.78
[INFO] [stderr]     Checking ahash v0.4.8
[INFO] [stderr]    Compiling syn v1.0.109
[INFO] [stderr]    Compiling serde v1.0.196
[INFO] [stderr]     Checking codespan-reporting v0.11.1
[INFO] [stderr]     Checking hashbrown v0.9.1
[INFO] [stderr]     Checking quote v1.0.35
[INFO] [stderr]     Checking string-interner v0.12.2
[INFO] [stderr]     Checking lipstick_compiler v0.4.0 (/opt/rustwide/workdir)
[INFO] [stdout] error[E0599]: no variant or associated item named `__TestExhaustive` found for enum `syn::Item` in the current scope
[INFO] [stdout]    --> src/codegen.rs:233:24
[INFO] [stdout]     |
[INFO] [stdout] 233 |             syn::Item::__TestExhaustive(_) => unreachable!(),
[INFO] [stdout]     |                        ^^^^^^^^^^^^^^^^ variant or associated item not found in `syn::Item`
[INFO] [stdout] 
[INFO] [stdout] 
[INFO] [stdout] error[E0599]: no variant or associated item named `__TestExhaustive` found for enum `syn::Item` in the current scope
[INFO] [stdout]    --> src/codegen.rs:233:24
[INFO] [stdout]     |
[INFO] [stdout] 233 |             syn::Item::__TestExhaustive(_) => unreachable!(),
[INFO] [stdout]     |                        ^^^^^^^^^^^^^^^^ variant or associated item not found in `syn::Item`
[INFO] [stdout] 
[INFO] [stdout] 
[INFO] [stdout] error[E0599]: no variant or associated item named `__TestExhaustive` found for enum `syn::Type` in the current scope
[INFO] [stdout]    --> src/codegen.rs:501:28
[INFO] [stdout]     |
[INFO] [stdout] 501 |                 syn::Type::__TestExhaustive(_) => unreachable!(),
[INFO] [stdout]     |                            ^^^^^^^^^^^^^^^^ variant or associated item not found in `syn::Type`
[INFO] [stdout] 
[INFO] [stdout] 
[INFO] [stdout] error[E0599]: no variant or associated item named `__TestExhaustive` found for enum `syn::Type` in the current scope
[INFO] [stdout]    --> src/codegen.rs:501:28
[INFO] [stdout]     |
[INFO] [stdout] 501 |                 syn::Type::__TestExhaustive(_) => unreachable!(),
[INFO] [stdout]     |                            ^^^^^^^^^^^^^^^^ variant or associated item not found in `syn::Type`
[INFO] [stdout] 
[INFO] [stdout] 
[INFO] [stdout] error[E0599]: no variant or associated item named `__TestExhaustive` found for enum `syn::Expr` in the current scope
[INFO] [stdout]    --> src/codegen.rs:904:24
[INFO] [stdout]     |
[INFO] [stdout] 904 |             syn::Expr::__TestExhaustive(_) => unreachable!(),
[INFO] [stdout]     |                        ^^^^^^^^^^^^^^^^ variant or associated item not found in `syn::Expr`
[INFO] [stdout] 
[INFO] [stdout] 
[INFO] [stdout] error[E0599]: no variant or associated item named `__TestExhaustive` found for enum `syn::Expr` in the current scope
[INFO] [stdout]    --> src/codegen.rs:904:24
[INFO] [stdout]     |
[INFO] [stdout] 904 |             syn::Expr::__TestExhaustive(_) => unreachable!(),
[INFO] [stdout]     |                        ^^^^^^^^^^^^^^^^ variant or associated item not found in `syn::Expr`
[INFO] [stdout] 
[INFO] [stdout] 
[INFO] [stdout] error[E0599]: no variant or associated item named `__TestExhaustive` found for enum `syn::Expr` in the current scope
[INFO] [stdout]     --> src/codegen.rs:1169:24
[INFO] [stdout]      |
[INFO] [stdout] 1169 |             syn::Expr::__TestExhaustive(_) => unreachable!(),
[INFO] [stdout]      |                        ^^^^^^^^^^^^^^^^ variant or associated item not found in `syn::Expr`
[INFO] [stdout] 
[INFO] [stdout] 
[INFO] [stdout] error[E0599]: no variant or associated item named `__TestExhaustive` found for enum `syn::Expr` in the current scope
[INFO] [stdout]     --> src/codegen.rs:1169:24
[INFO] [stdout]      |
[INFO] [stdout] 1169 |             syn::Expr::__TestExhaustive(_) => unreachable!(),
[INFO] [stdout]      |                        ^^^^^^^^^^^^^^^^ variant or associated item not found in `syn::Expr`
[INFO] [stdout] 
[INFO] [stdout] 
[INFO] [stdout] error[E0599]: no variant or associated item named `__TestExhaustive` found for enum `syn::Expr` in the current scope
[INFO] [stdout]    --> src/typecheck.rs:237:19
[INFO] [stdout]     |
[INFO] [stdout] 237 |             Expr::__TestExhaustive(_) => unreachable!(),
[INFO] [stdout]     |                   ^^^^^^^^^^^^^^^^ variant or associated item not found in `syn::Expr`
[INFO] [stdout] 
[INFO] [stdout] 
[INFO] [stdout] error[E0599]: no variant or associated item named `__TestExhaustive` found for enum `syn::Expr` in the current scope
[INFO] [stdout]    --> src/typecheck.rs:237:19
[INFO] [stdout]     |
[INFO] [stdout] 237 |             Expr::__TestExhaustive(_) => unreachable!(),
[INFO] [stdout]     |                   ^^^^^^^^^^^^^^^^ variant or associated item not found in `syn::Expr`
[INFO] [stdout] 
[INFO] [stdout] 
[INFO] [stdout] error[E0599]: no variant or associated item named `__TestExhaustive` found for enum `syn::Type` in the current scope
[INFO] [stdout]    --> src/typecheck.rs:560:20
[INFO] [stdout]     |
[INFO] [stdout] 560 |         syn::Type::__TestExhaustive(_) => unreachable!(),
[INFO] [stdout]     |                    ^^^^^^^^^^^^^^^^ variant or associated item not found in `syn::Type`
[INFO] [stdout] 
[INFO] [stdout] 
[INFO] [stdout] error[E0599]: no variant or associated item named `__TestExhaustive` found for enum `syn::Type` in the current scope
[INFO] [stdout]    --> src/typecheck.rs:560:20
[INFO] [stdout]     |
[INFO] [stdout] 560 |         syn::Type::__TestExhaustive(_) => unreachable!(),
[INFO] [stdout]     |                    ^^^^^^^^^^^^^^^^ variant or associated item not found in `syn::Type`
[INFO] [stdout] 
[INFO] [stdout] 
[INFO] [stdout] error: aborting due to 6 previous errors
[INFO] [stdout] 
[INFO] [stdout] 
[INFO] [stdout] For more information about this error, try `rustc --explain E0599`.
[INFO] [stdout] 
[INFO] [stdout] error: aborting due to 6 previous errors
[INFO] [stdout] 
[INFO] [stdout] 
[INFO] [stdout] For more information about this error, try `rustc --explain E0599`.
[INFO] [stdout] 
[INFO] [stderr] error: could not compile `lipstick_compiler` (lib test) due to 7 previous errors
[INFO] [stderr] warning: build failed, waiting for other jobs to finish...
[INFO] [stderr] error: could not compile `lipstick_compiler` (lib) due to 7 previous errors
[INFO] running `Command { std: "docker" "inspect" "c5d23c2b66d4907558f943257c111fbc1a688df9d52e8f8bb31170a9671eb5a2", kill_on_drop: false }`
[INFO] running `Command { std: "docker" "rm" "-f" "c5d23c2b66d4907558f943257c111fbc1a688df9d52e8f8bb31170a9671eb5a2", kill_on_drop: false }`
[INFO] [stdout] c5d23c2b66d4907558f943257c111fbc1a688df9d52e8f8bb31170a9671eb5a2
