[INFO] fetching crate linearalgebra 0.1.9...
[INFO] checking linearalgebra-0.1.9 against nightly-2024-02-05 for check-cfg
[INFO] extracting crate linearalgebra 0.1.9 into /workspace/builds/worker-1-tc1/source
[INFO] validating manifest of crates.io crate linearalgebra 0.1.9 on toolchain nightly-2024-02-05
[INFO] running `Command { std: CARGO_HOME="/workspace/cargo-home" RUSTUP_HOME="/workspace/rustup-home" "/workspace/cargo-home/bin/cargo" "+nightly-2024-02-05" "metadata" "--manifest-path" "Cargo.toml" "--no-deps", kill_on_drop: false }`
[INFO] started tweaking crates.io crate linearalgebra 0.1.9
[INFO] finished tweaking crates.io crate linearalgebra 0.1.9
[INFO] tweaked toml for crates.io crate linearalgebra 0.1.9 written to /workspace/builds/worker-1-tc1/source/Cargo.toml
[INFO] running `Command { std: CARGO_HOME="/workspace/cargo-home" RUSTUP_HOME="/workspace/rustup-home" "/workspace/cargo-home/bin/cargo" "+nightly-2024-02-05" "generate-lockfile" "--manifest-path" "Cargo.toml", kill_on_drop: false }`
[INFO] [stderr]     Updating crates.io index
[INFO] running `Command { std: CARGO_HOME="/workspace/cargo-home" RUSTUP_HOME="/workspace/rustup-home" "/workspace/cargo-home/bin/cargo" "+nightly-2024-02-05" "fetch" "--manifest-path" "Cargo.toml", kill_on_drop: false }`
[INFO] [stderr]     Blocking waiting for file lock on package cache
[INFO] running `Command { std: "docker" "create" "-v" "/var/lib/crater-agent-workspace/builds/worker-1-tc1/target:/opt/rustwide/target:rw,Z" "-v" "/var/lib/crater-agent-workspace/builds/worker-1-tc1/source:/opt/rustwide/workdir:ro,Z" "-v" "/var/lib/crater-agent-workspace/cargo-home:/opt/rustwide/cargo-home:ro,Z" "-v" "/var/lib/crater-agent-workspace/rustup-home:/opt/rustwide/rustup-home:ro,Z" "-e" "SOURCE_DIR=/opt/rustwide/workdir" "-e" "CARGO_TARGET_DIR=/opt/rustwide/target" "-e" "CARGO_HOME=/opt/rustwide/cargo-home" "-e" "RUSTUP_HOME=/opt/rustwide/rustup-home" "-w" "/opt/rustwide/workdir" "-m" "1610612736" "--user" "0:0" "--network" "none" "ghcr.io/rust-lang/crates-build-env/linux@sha256:2788e3201cd34a07e3172128adcd8b3090168a8e3bcc40d7c032b9dda1df7d1c" "/opt/rustwide/cargo-home/bin/cargo" "+nightly-2024-02-05" "metadata" "--no-deps" "--format-version=1", kill_on_drop: false }`
[INFO] [stdout] 1ef4d3cceaa886b196cdf531fd63eb167b5a5b2e4e69fe13aaa7b7ad385c5ba5
[INFO] running `Command { std: "docker" "start" "-a" "1ef4d3cceaa886b196cdf531fd63eb167b5a5b2e4e69fe13aaa7b7ad385c5ba5", kill_on_drop: false }`
[INFO] running `Command { std: "docker" "inspect" "1ef4d3cceaa886b196cdf531fd63eb167b5a5b2e4e69fe13aaa7b7ad385c5ba5", kill_on_drop: false }`
[INFO] running `Command { std: "docker" "rm" "-f" "1ef4d3cceaa886b196cdf531fd63eb167b5a5b2e4e69fe13aaa7b7ad385c5ba5", kill_on_drop: false }`
[INFO] [stdout] 1ef4d3cceaa886b196cdf531fd63eb167b5a5b2e4e69fe13aaa7b7ad385c5ba5
[INFO] running `Command { std: "docker" "create" "-v" "/var/lib/crater-agent-workspace/builds/worker-1-tc1/target:/opt/rustwide/target:rw,Z" "-v" "/var/lib/crater-agent-workspace/builds/worker-1-tc1/source:/opt/rustwide/workdir:ro,Z" "-v" "/var/lib/crater-agent-workspace/cargo-home:/opt/rustwide/cargo-home:ro,Z" "-v" "/var/lib/crater-agent-workspace/rustup-home:/opt/rustwide/rustup-home:ro,Z" "-e" "SOURCE_DIR=/opt/rustwide/workdir" "-e" "CARGO_TARGET_DIR=/opt/rustwide/target" "-e" "CARGO_INCREMENTAL=0" "-e" "RUST_BACKTRACE=full" "-e" "RUSTFLAGS=--cap-lints=forbid" "-e" "RUSTDOCFLAGS=--cap-lints=forbid" "-e" "CARGO_HOME=/opt/rustwide/cargo-home" "-e" "RUSTUP_HOME=/opt/rustwide/rustup-home" "-w" "/opt/rustwide/workdir" "-m" "1610612736" "--user" "0:0" "--network" "none" "ghcr.io/rust-lang/crates-build-env/linux@sha256:2788e3201cd34a07e3172128adcd8b3090168a8e3bcc40d7c032b9dda1df7d1c" "/opt/rustwide/cargo-home/bin/cargo" "+nightly-2024-02-05" "check" "--frozen" "--all" "--all-targets" "--message-format=json", kill_on_drop: false }`
[INFO] [stdout] d10d444179016fc2c922682beea39a24df87aa130af5bc0dc8ecc308f4f0c3db
[INFO] running `Command { std: "docker" "start" "-a" "d10d444179016fc2c922682beea39a24df87aa130af5bc0dc8ecc308f4f0c3db", kill_on_drop: false }`
[INFO] [stderr]    Compiling crossbeam-utils v0.8.19
[INFO] [stderr]    Compiling libc v0.2.153
[INFO] [stderr]     Checking cfg-if v1.0.0
[INFO] [stderr]    Compiling rayon-core v1.12.1
[INFO] [stderr]     Checking either v1.9.0
[INFO] [stderr]     Checking ppv-lite86 v0.2.17
[INFO] [stderr]     Checking crossbeam-epoch v0.9.18
[INFO] [stderr]     Checking crossbeam-deque v0.8.5
[INFO] [stderr]     Checking getrandom v0.2.12
[INFO] [stderr]     Checking rand_core v0.6.4
[INFO] [stderr]     Checking rand_chacha v0.3.1
[INFO] [stderr]     Checking rand v0.8.5
[INFO] [stderr]     Checking rayon v1.8.1
[INFO] [stderr]     Checking linearalgebra v0.1.9 (/opt/rustwide/workdir)
[INFO] [stdout] error[E0432]: unresolved import `std::simd::SimdFloat`
[INFO] [stdout]  --> src/matrix/mat_impl.rs:5:18
[INFO] [stdout]   |
[INFO] [stdout] 5 |     simd::{Simd, SimdFloat},
[INFO] [stdout]   |                  ^^^^^^^^^
[INFO] [stdout]   |                  |
[INFO] [stdout]   |                  no `SimdFloat` in `simd`
[INFO] [stdout]   |                  help: a similar name exists in the module: `StdFloat`
[INFO] [stdout]   |
[INFO] [stdout]   = help: consider importing one of these items instead:
[INFO] [stdout]           core::simd::prelude::SimdFloat
[INFO] [stdout]           std::simd::prelude::SimdFloat
[INFO] [stdout] 
[INFO] [stdout] 
[INFO] [stdout] error[E0432]: unresolved import `std::simd::SimdFloat`
[INFO] [stdout]  --> src/matrix/mat_impl.rs:5:18
[INFO] [stdout]   |
[INFO] [stdout] 5 |     simd::{Simd, SimdFloat},
[INFO] [stdout]   |                  ^^^^^^^^^
[INFO] [stdout]   |                  |
[INFO] [stdout]   |                  no `SimdFloat` in `simd`
[INFO] [stdout]   |                  help: a similar name exists in the module: `StdFloat`
[INFO] [stdout]   |
[INFO] [stdout]   = help: consider importing one of these items instead:
[INFO] [stdout]           core::simd::prelude::SimdFloat
[INFO] [stdout]           std::simd::prelude::SimdFloat
[INFO] [stdout] 
[INFO] [stdout] 
[INFO] [stdout] error[E0599]: no method named `reduce_sum` found for struct `Simd` in the current scope
[INFO] [stdout]    --> src/matrix/mat_impl.rs:327:28
[INFO] [stdout]     |
[INFO] [stdout] 327 |                 total_simd.reduce_sum()
[INFO] [stdout]     |                            ^^^^^^^^^^ method not found in `Simd<f64, 8>`
[INFO] [stdout]    --> /rustc/268dbbbc4b3fd71c5f360a4d0728295252430b5b/library/core/src/../../portable-simd/crates/core_simd/src/simd/num/float.rs:169:8
[INFO] [stdout]     |
[INFO] [stdout]     = note: the method is available for `Simd<f64, 8>` here
[INFO] [stdout]     |
[INFO] [stdout]     = help: items from traits can only be used if the trait is in scope
[INFO] [stdout] help: the following trait is implemented but not in scope; perhaps add a `use` for it:
[INFO] [stdout]     |
[INFO] [stdout] 1   + use std::simd::num::SimdFloat;
[INFO] [stdout]     |
[INFO] [stdout] 
[INFO] [stdout] 
[INFO] [stdout] error[E0599]: no method named `reduce_sum` found for struct `Simd` in the current scope
[INFO] [stdout]    --> src/matrix/mat_impl.rs:327:28
[INFO] [stdout]     |
[INFO] [stdout] 327 |                 total_simd.reduce_sum()
[INFO] [stdout]     |                            ^^^^^^^^^^ method not found in `Simd<f64, 8>`
[INFO] [stdout]    --> /rustc/268dbbbc4b3fd71c5f360a4d0728295252430b5b/library/core/src/../../portable-simd/crates/core_simd/src/simd/num/float.rs:169:8
[INFO] [stdout]     |
[INFO] [stdout]     = note: the method is available for `Simd<f64, 8>` here
[INFO] [stdout]     |
[INFO] [stdout]     = help: items from traits can only be used if the trait is in scope
[INFO] [stdout] help: the following trait is implemented but not in scope; perhaps add a `use` for it:
[INFO] [stdout]     |
[INFO] [stdout] 1   + use std::simd::num::SimdFloat;
[INFO] [stdout]     |
[INFO] [stdout] 
[INFO] [stdout] 
[INFO] [stdout] error: aborting due to 2 previous errors
[INFO] [stdout] 
[INFO] [stdout] 
[INFO] [stdout] Some errors have detailed explanations: E0432, E0599.
[INFO] [stdout] 
[INFO] [stdout] For more information about an error, try `rustc --explain E0432`.
[INFO] [stdout] 
[INFO] [stderr] error: could not compile `linearalgebra` (lib) due to 3 previous errors
[INFO] [stderr] warning: build failed, waiting for other jobs to finish...
[INFO] [stdout] error: aborting due to 2 previous errors
[INFO] [stdout] 
[INFO] [stdout] 
[INFO] [stdout] Some errors have detailed explanations: E0432, E0599.
[INFO] [stdout] 
[INFO] [stdout] For more information about an error, try `rustc --explain E0432`.
[INFO] [stdout] 
[INFO] [stderr] error: could not compile `linearalgebra` (lib test) due to 3 previous errors
[INFO] running `Command { std: "docker" "inspect" "d10d444179016fc2c922682beea39a24df87aa130af5bc0dc8ecc308f4f0c3db", kill_on_drop: false }`
[INFO] running `Command { std: "docker" "rm" "-f" "d10d444179016fc2c922682beea39a24df87aa130af5bc0dc8ecc308f4f0c3db", kill_on_drop: false }`
[INFO] [stdout] d10d444179016fc2c922682beea39a24df87aa130af5bc0dc8ecc308f4f0c3db
[INFO] checking linearalgebra-0.1.9 against nightly-2024-02-05+rustflags=-Dunexpected_cfgs+cargoflags=-Zcheck-cfg for check-cfg
[INFO] extracting crate linearalgebra 0.1.9 into /workspace/builds/worker-1-tc2/source
[INFO] validating manifest of crates.io crate linearalgebra 0.1.9 on toolchain nightly-2024-02-05
[INFO] running `Command { std: CARGO_HOME="/workspace/cargo-home" RUSTUP_HOME="/workspace/rustup-home" "/workspace/cargo-home/bin/cargo" "+nightly-2024-02-05" "metadata" "--manifest-path" "Cargo.toml" "--no-deps", kill_on_drop: false }`
[INFO] started tweaking crates.io crate linearalgebra 0.1.9
[INFO] finished tweaking crates.io crate linearalgebra 0.1.9
[INFO] tweaked toml for crates.io crate linearalgebra 0.1.9 written to /workspace/builds/worker-1-tc2/source/Cargo.toml
[INFO] running `Command { std: CARGO_HOME="/workspace/cargo-home" RUSTUP_HOME="/workspace/rustup-home" "/workspace/cargo-home/bin/cargo" "+nightly-2024-02-05" "generate-lockfile" "--manifest-path" "Cargo.toml", kill_on_drop: false }`
[INFO] [stderr]     Updating crates.io index
[INFO] running `Command { std: CARGO_HOME="/workspace/cargo-home" RUSTUP_HOME="/workspace/rustup-home" "/workspace/cargo-home/bin/cargo" "+nightly-2024-02-05" "fetch" "--manifest-path" "Cargo.toml", kill_on_drop: false }`
[INFO] running `Command { std: "docker" "create" "-v" "/var/lib/crater-agent-workspace/builds/worker-1-tc2/target:/opt/rustwide/target:rw,Z" "-v" "/var/lib/crater-agent-workspace/builds/worker-1-tc2/source:/opt/rustwide/workdir:ro,Z" "-v" "/var/lib/crater-agent-workspace/cargo-home:/opt/rustwide/cargo-home:ro,Z" "-v" "/var/lib/crater-agent-workspace/rustup-home:/opt/rustwide/rustup-home:ro,Z" "-e" "SOURCE_DIR=/opt/rustwide/workdir" "-e" "CARGO_TARGET_DIR=/opt/rustwide/target" "-e" "CARGO_HOME=/opt/rustwide/cargo-home" "-e" "RUSTUP_HOME=/opt/rustwide/rustup-home" "-w" "/opt/rustwide/workdir" "-m" "1610612736" "--user" "0:0" "--network" "none" "ghcr.io/rust-lang/crates-build-env/linux@sha256:2788e3201cd34a07e3172128adcd8b3090168a8e3bcc40d7c032b9dda1df7d1c" "/opt/rustwide/cargo-home/bin/cargo" "+nightly-2024-02-05" "metadata" "--no-deps" "--format-version=1", kill_on_drop: false }`
[INFO] [stdout] 8f9c060feee116446e830ade0f720df28b02226d69ad6cf96adca6ba77823fef
[INFO] running `Command { std: "docker" "start" "-a" "8f9c060feee116446e830ade0f720df28b02226d69ad6cf96adca6ba77823fef", kill_on_drop: false }`
[INFO] running `Command { std: "docker" "inspect" "8f9c060feee116446e830ade0f720df28b02226d69ad6cf96adca6ba77823fef", kill_on_drop: false }`
[INFO] running `Command { std: "docker" "rm" "-f" "8f9c060feee116446e830ade0f720df28b02226d69ad6cf96adca6ba77823fef", kill_on_drop: false }`
[INFO] [stdout] 8f9c060feee116446e830ade0f720df28b02226d69ad6cf96adca6ba77823fef
[INFO] running `Command { std: "docker" "create" "-v" "/var/lib/crater-agent-workspace/builds/worker-1-tc2/target:/opt/rustwide/target:rw,Z" "-v" "/var/lib/crater-agent-workspace/builds/worker-1-tc2/source:/opt/rustwide/workdir:ro,Z" "-v" "/var/lib/crater-agent-workspace/cargo-home:/opt/rustwide/cargo-home:ro,Z" "-v" "/var/lib/crater-agent-workspace/rustup-home:/opt/rustwide/rustup-home:ro,Z" "-e" "SOURCE_DIR=/opt/rustwide/workdir" "-e" "CARGO_TARGET_DIR=/opt/rustwide/target" "-e" "CARGO_INCREMENTAL=0" "-e" "RUST_BACKTRACE=full" "-e" "RUSTFLAGS=--cap-lints=forbid -Dunexpected_cfgs" "-e" "RUSTDOCFLAGS=--cap-lints=forbid" "-e" "CARGO_HOME=/opt/rustwide/cargo-home" "-e" "RUSTUP_HOME=/opt/rustwide/rustup-home" "-w" "/opt/rustwide/workdir" "-m" "1610612736" "--user" "0:0" "--network" "none" "ghcr.io/rust-lang/crates-build-env/linux@sha256:2788e3201cd34a07e3172128adcd8b3090168a8e3bcc40d7c032b9dda1df7d1c" "/opt/rustwide/cargo-home/bin/cargo" "+nightly-2024-02-05" "check" "--frozen" "--all" "--all-targets" "--message-format=json" "-Zcheck-cfg", kill_on_drop: false }`
[INFO] [stdout] 5b1f79d997b79e9ee8e480ef8eafb8d8f855768740c71416d903c11ed683bbd4
[INFO] running `Command { std: "docker" "start" "-a" "5b1f79d997b79e9ee8e480ef8eafb8d8f855768740c71416d903c11ed683bbd4", kill_on_drop: false }`
[INFO] [stderr]    Compiling crossbeam-utils v0.8.19
[INFO] [stderr]    Compiling libc v0.2.153
[INFO] [stderr]     Checking cfg-if v1.0.0
[INFO] [stderr]    Compiling rayon-core v1.12.1
[INFO] [stderr]     Checking either v1.9.0
[INFO] [stderr]     Checking ppv-lite86 v0.2.17
[INFO] [stderr]     Checking crossbeam-epoch v0.9.18
[INFO] [stderr]     Checking crossbeam-deque v0.8.5
[INFO] [stderr]     Checking getrandom v0.2.12
[INFO] [stderr]     Checking rand_core v0.6.4
[INFO] [stderr]     Checking rand_chacha v0.3.1
[INFO] [stderr]     Checking rand v0.8.5
[INFO] [stderr]     Checking rayon v1.8.1
[INFO] [stderr]     Checking linearalgebra v0.1.9 (/opt/rustwide/workdir)
[INFO] [stdout] error[E0432]: unresolved import `std::simd::SimdFloat`
[INFO] [stdout]  --> src/matrix/mat_impl.rs:5:18
[INFO] [stdout]   |
[INFO] [stdout] 5 |     simd::{Simd, SimdFloat},
[INFO] [stdout]   |                  ^^^^^^^^^
[INFO] [stdout]   |                  |
[INFO] [stdout]   |                  no `SimdFloat` in `simd`
[INFO] [stdout]   |                  help: a similar name exists in the module: `StdFloat`
[INFO] [stdout]   |
[INFO] [stdout]   = help: consider importing one of these items instead:
[INFO] [stdout]           core::simd::prelude::SimdFloat
[INFO] [stdout]           std::simd::prelude::SimdFloat
[INFO] [stdout] 
[INFO] [stdout] 
[INFO] [stdout] error[E0432]: unresolved import `std::simd::SimdFloat`
[INFO] [stdout]  --> src/matrix/mat_impl.rs:5:18
[INFO] [stdout]   |
[INFO] [stdout] 5 |     simd::{Simd, SimdFloat},
[INFO] [stdout]   |                  ^^^^^^^^^
[INFO] [stdout]   |                  |
[INFO] [stdout]   |                  no `SimdFloat` in `simd`
[INFO] [stdout]   |                  help: a similar name exists in the module: `StdFloat`
[INFO] [stdout]   |
[INFO] [stdout]   = help: consider importing one of these items instead:
[INFO] [stdout]           core::simd::prelude::SimdFloat
[INFO] [stdout]           std::simd::prelude::SimdFloat
[INFO] [stdout] 
[INFO] [stdout] 
[INFO] [stdout] error: unexpected `cfg` condition value: `fast`
[INFO] [stdout]  --> src/matrix/mod.rs:4:7
[INFO] [stdout]   |
[INFO] [stdout] 4 | #[cfg(feature = "fast")]
[INFO] [stdout]   |       ^^^^^^^^^^^^^^^^ help: remove the condition
[INFO] [stdout]   |
[INFO] [stdout]   = note: no expected values for `feature`
[INFO] [stdout]   = help: consider adding `fast` as a feature in `Cargo.toml`
[INFO] [stdout]   = note: see <https://doc.rust-lang.org/nightly/cargo/reference/unstable.html#check-cfg> for more information about checking conditional configuration
[INFO] [stdout]   = note: requested on the command line with `-D unexpected-cfgs`
[INFO] [stdout] 
[INFO] [stdout] 
[INFO] [stdout] error: unexpected `cfg` condition value: `fast`
[INFO] [stdout]  --> src/matrix/mod.rs:4:7
[INFO] [stdout]   |
[INFO] [stdout] 4 | #[cfg(feature = "fast")]
[INFO] [stdout]   |       ^^^^^^^^^^^^^^^^ help: remove the condition
[INFO] [stdout]   |
[INFO] [stdout]   = note: no expected values for `feature`
[INFO] [stdout]   = help: consider adding `fast` as a feature in `Cargo.toml`
[INFO] [stdout]   = note: see <https://doc.rust-lang.org/nightly/cargo/reference/unstable.html#check-cfg> for more information about checking conditional configuration
[INFO] [stdout]   = note: requested on the command line with `-D unexpected-cfgs`
[INFO] [stdout] 
[INFO] [stdout] 
[INFO] [stdout] error[E0599]: no method named `reduce_sum` found for struct `Simd` in the current scope
[INFO] [stdout]    --> src/matrix/mat_impl.rs:327:28
[INFO] [stdout]     |
[INFO] [stdout] 327 |                 total_simd.reduce_sum()
[INFO] [stdout]     |                            ^^^^^^^^^^ method not found in `Simd<f64, 8>`
[INFO] [stdout]    --> /rustc/268dbbbc4b3fd71c5f360a4d0728295252430b5b/library/core/src/../../portable-simd/crates/core_simd/src/simd/num/float.rs:169:8
[INFO] [stdout]     |
[INFO] [stdout]     = note: the method is available for `Simd<f64, 8>` here
[INFO] [stdout]     |
[INFO] [stdout]     = help: items from traits can only be used if the trait is in scope
[INFO] [stdout] help: the following trait is implemented but not in scope; perhaps add a `use` for it:
[INFO] [stdout]     |
[INFO] [stdout] 1   + use std::simd::num::SimdFloat;
[INFO] [stdout]     |
[INFO] [stdout] 
[INFO] [stdout] 
[INFO] [stdout] error[E0599]: no method named `reduce_sum` found for struct `Simd` in the current scope
[INFO] [stdout]    --> src/matrix/mat_impl.rs:327:28
[INFO] [stdout]     |
[INFO] [stdout] 327 |                 total_simd.reduce_sum()
[INFO] [stdout]     |                            ^^^^^^^^^^ method not found in `Simd<f64, 8>`
[INFO] [stdout]    --> /rustc/268dbbbc4b3fd71c5f360a4d0728295252430b5b/library/core/src/../../portable-simd/crates/core_simd/src/simd/num/float.rs:169:8
[INFO] [stdout]     |
[INFO] [stdout]     = note: the method is available for `Simd<f64, 8>` here
[INFO] [stdout]     |
[INFO] [stdout]     = help: items from traits can only be used if the trait is in scope
[INFO] [stdout] help: the following trait is implemented but not in scope; perhaps add a `use` for it:
[INFO] [stdout]     |
[INFO] [stdout] 1   + use std::simd::num::SimdFloat;
[INFO] [stdout]     |
[INFO] [stdout] 
[INFO] [stdout] 
[INFO] [stdout] error: aborting due to 3 previous errors
[INFO] [stdout] 
[INFO] [stdout] 
[INFO] [stdout] Some errors have detailed explanations: E0432, E0599.
[INFO] [stdout] 
[INFO] [stdout] For more information about an error, try `rustc --explain E0432`.
[INFO] [stdout] 
[INFO] [stdout] error: aborting due to 3 previous errors
[INFO] [stdout] 
[INFO] [stdout] 
[INFO] [stdout] Some errors have detailed explanations: E0432, E0599.
[INFO] [stdout] 
[INFO] [stdout] For more information about an error, try `rustc --explain E0432`.
[INFO] [stdout] 
[INFO] [stderr] error: could not compile `linearalgebra` (lib) due to 4 previous errors
[INFO] [stderr] warning: build failed, waiting for other jobs to finish...
[INFO] [stderr] error: could not compile `linearalgebra` (lib test) due to 4 previous errors
[INFO] running `Command { std: "docker" "inspect" "5b1f79d997b79e9ee8e480ef8eafb8d8f855768740c71416d903c11ed683bbd4", kill_on_drop: false }`
[INFO] running `Command { std: "docker" "rm" "-f" "5b1f79d997b79e9ee8e480ef8eafb8d8f855768740c71416d903c11ed683bbd4", kill_on_drop: false }`
[INFO] [stdout] 5b1f79d997b79e9ee8e480ef8eafb8d8f855768740c71416d903c11ed683bbd4
