[INFO] fetching crate lightgbm3 1.0.2...
[INFO] checking lightgbm3-1.0.2 against nightly-2024-02-05 for check-cfg
[INFO] extracting crate lightgbm3 1.0.2 into /workspace/builds/worker-7-tc1/source
[INFO] validating manifest of crates.io crate lightgbm3 1.0.2 on toolchain nightly-2024-02-05
[INFO] running `Command { std: CARGO_HOME="/workspace/cargo-home" RUSTUP_HOME="/workspace/rustup-home" "/workspace/cargo-home/bin/cargo" "+nightly-2024-02-05" "metadata" "--manifest-path" "Cargo.toml" "--no-deps", kill_on_drop: false }`
[INFO] started tweaking crates.io crate lightgbm3 1.0.2
[INFO] finished tweaking crates.io crate lightgbm3 1.0.2
[INFO] tweaked toml for crates.io crate lightgbm3 1.0.2 written to /workspace/builds/worker-7-tc1/source/Cargo.toml
[INFO] crate crates.io crate lightgbm3 1.0.2 already has a lockfile, it will not be regenerated
[INFO] running `Command { std: CARGO_HOME="/workspace/cargo-home" RUSTUP_HOME="/workspace/rustup-home" "/workspace/cargo-home/bin/cargo" "+nightly-2024-02-05" "fetch" "--manifest-path" "Cargo.toml", kill_on_drop: false }`
[INFO] [stderr]     Updating crates.io index
[INFO] [stderr]  Downloading crates ...
[INFO] [stderr]   Downloaded prettyplease v0.2.9
[INFO] [stderr]   Downloaded polars-row v0.30.0
[INFO] [stderr]   Downloaded polars v0.30.0
[INFO] [stderr]   Downloaded hash_hasher v2.0.3
[INFO] [stderr]   Downloaded ethnum v1.3.2
[INFO] [stderr]   Downloaded multiversion-macros v0.7.2
[INFO] [stderr]   Downloaded target-features v0.1.4
[INFO] [stderr]   Downloaded polars-sql v0.30.0
[INFO] [stderr]   Downloaded async-trait v0.1.68
[INFO] [stderr]   Downloaded bitflags v2.3.2
[INFO] [stderr]   Downloaded polars-io v0.30.0
[INFO] [stderr]   Downloaded arrow2 v0.17.2
[INFO] [stderr]   Downloaded polars-error v0.30.0
[INFO] [stderr]   Downloaded sqlparser v0.34.0
[INFO] [stderr]   Downloaded polars-core v0.30.0
[INFO] [stderr]   Downloaded polars-lazy v0.30.0
[INFO] [stderr]   Downloaded polars-plan v0.30.0
[INFO] [stderr]   Downloaded comfy-table v6.2.0
[INFO] [stderr]   Downloaded polars-pipe v0.30.0
[INFO] [stderr]   Downloaded polars-ops v0.30.0
[INFO] [stderr]   Downloaded enum_dispatch v0.3.11
[INFO] [stderr]   Downloaded polars-arrow v0.30.0
[INFO] [stderr]   Downloaded zstd v0.12.3+zstd.1.5.2
[INFO] [stderr]   Downloaded polars-time v0.30.0
[INFO] [stderr]   Downloaded zstd-safe v6.0.5+zstd.1.5.4
[INFO] [stderr]   Downloaded xxhash-rust v0.8.6
[INFO] [stderr]   Downloaded polars-utils v0.30.0
[INFO] [stderr]   Downloaded multiversion v0.7.2
[INFO] [stderr]   Downloaded lightgbm3-sys v1.0.2
[INFO] [stderr]   Downloaded sysinfo v0.29.2
[INFO] running `Command { std: "docker" "create" "-v" "/var/lib/crater-agent-workspace/builds/worker-7-tc1/target:/opt/rustwide/target:rw,Z" "-v" "/var/lib/crater-agent-workspace/builds/worker-7-tc1/source:/opt/rustwide/workdir:ro,Z" "-v" "/var/lib/crater-agent-workspace/cargo-home:/opt/rustwide/cargo-home:ro,Z" "-v" "/var/lib/crater-agent-workspace/rustup-home:/opt/rustwide/rustup-home:ro,Z" "-e" "SOURCE_DIR=/opt/rustwide/workdir" "-e" "CARGO_TARGET_DIR=/opt/rustwide/target" "-e" "CARGO_HOME=/opt/rustwide/cargo-home" "-e" "RUSTUP_HOME=/opt/rustwide/rustup-home" "-w" "/opt/rustwide/workdir" "-m" "1610612736" "--user" "0:0" "--network" "none" "ghcr.io/rust-lang/crates-build-env/linux@sha256:2788e3201cd34a07e3172128adcd8b3090168a8e3bcc40d7c032b9dda1df7d1c" "/opt/rustwide/cargo-home/bin/cargo" "+nightly-2024-02-05" "metadata" "--no-deps" "--format-version=1", kill_on_drop: false }`
[INFO] [stdout] b0b6bce0b685f5d930c19955caed6270cbcd1cdeb8b17a2cf2769c9b7197cb1a
[INFO] running `Command { std: "docker" "start" "-a" "b0b6bce0b685f5d930c19955caed6270cbcd1cdeb8b17a2cf2769c9b7197cb1a", kill_on_drop: false }`
[INFO] running `Command { std: "docker" "inspect" "b0b6bce0b685f5d930c19955caed6270cbcd1cdeb8b17a2cf2769c9b7197cb1a", kill_on_drop: false }`
[INFO] running `Command { std: "docker" "rm" "-f" "b0b6bce0b685f5d930c19955caed6270cbcd1cdeb8b17a2cf2769c9b7197cb1a", kill_on_drop: false }`
[INFO] [stdout] b0b6bce0b685f5d930c19955caed6270cbcd1cdeb8b17a2cf2769c9b7197cb1a
[INFO] running `Command { std: "docker" "create" "-v" "/var/lib/crater-agent-workspace/builds/worker-7-tc1/target:/opt/rustwide/target:rw,Z" "-v" "/var/lib/crater-agent-workspace/builds/worker-7-tc1/source:/opt/rustwide/workdir:ro,Z" "-v" "/var/lib/crater-agent-workspace/cargo-home:/opt/rustwide/cargo-home:ro,Z" "-v" "/var/lib/crater-agent-workspace/rustup-home:/opt/rustwide/rustup-home:ro,Z" "-e" "SOURCE_DIR=/opt/rustwide/workdir" "-e" "CARGO_TARGET_DIR=/opt/rustwide/target" "-e" "CARGO_INCREMENTAL=0" "-e" "RUST_BACKTRACE=full" "-e" "RUSTFLAGS=--cap-lints=forbid" "-e" "RUSTDOCFLAGS=--cap-lints=forbid" "-e" "CARGO_HOME=/opt/rustwide/cargo-home" "-e" "RUSTUP_HOME=/opt/rustwide/rustup-home" "-w" "/opt/rustwide/workdir" "-m" "1610612736" "--user" "0:0" "--network" "none" "ghcr.io/rust-lang/crates-build-env/linux@sha256:2788e3201cd34a07e3172128adcd8b3090168a8e3bcc40d7c032b9dda1df7d1c" "/opt/rustwide/cargo-home/bin/cargo" "+nightly-2024-02-05" "check" "--frozen" "--all" "--all-targets" "--message-format=json", kill_on_drop: false }`
[INFO] [stdout] 407faabcc3888cfe54ecdb4ddc6821825a2f24be204546e37b7acf054a620873
[INFO] running `Command { std: "docker" "start" "-a" "407faabcc3888cfe54ecdb4ddc6821825a2f24be204546e37b7acf054a620873", kill_on_drop: false }`
[INFO] [stderr]    Compiling proc-macro2 v1.0.60
[INFO] [stderr]    Compiling quote v1.0.28
[INFO] [stderr]    Compiling unicode-ident v1.0.9
[INFO] [stderr]    Compiling libc v0.2.146
[INFO] [stderr]    Compiling syn v1.0.109
[INFO] [stderr]    Compiling memchr v2.5.0
[INFO] [stderr]    Compiling glob v0.3.1
[INFO] [stderr]    Compiling prettyplease v0.2.9
[INFO] [stderr]    Compiling ident_case v1.0.1
[INFO] [stderr]    Compiling strsim v0.10.0
[INFO] [stderr]    Compiling minimal-lexical v0.2.1
[INFO] [stderr]    Compiling fnv v1.0.7
[INFO] [stderr]    Compiling either v1.8.1
[INFO] [stderr]    Compiling bindgen v0.66.1
[INFO] [stderr]    Compiling regex-syntax v0.7.2
[INFO] [stderr]    Compiling libloading v0.7.4
[INFO] [stderr]    Compiling lazycell v1.3.0
[INFO] [stderr]    Compiling rustc-hash v1.1.0
[INFO] [stderr]    Compiling shlex v1.1.0
[INFO] [stderr]    Compiling peeking_take_while v0.1.2
[INFO] [stderr]    Compiling cc v1.0.79
[INFO] [stderr]    Compiling serde v1.0.164
[INFO] [stderr]    Compiling lazy_static v1.4.0
[INFO] [stderr]    Compiling log v0.4.19
[INFO] [stderr]    Compiling bitflags v2.3.2
[INFO] [stderr]    Compiling libm v0.2.7
[INFO] [stderr]    Compiling num-traits v0.2.15
[INFO] [stderr]     Checking itoa v1.0.6
[INFO] [stderr]    Compiling serde_json v1.0.97
[INFO] [stderr]     Checking ryu v1.0.13
[INFO] [stderr]    Compiling clang-sys v1.6.1
[INFO] [stderr]    Compiling cmake v0.1.50
[INFO] [stderr]    Compiling nom v7.1.3
[INFO] [stderr]     Checking csv-core v0.1.10
[INFO] [stderr]     Checking getrandom v0.2.10
[INFO] [stderr]    Compiling which v4.4.0
[INFO] [stderr]    Compiling syn v2.0.18
[INFO] [stderr]     Checking rand_core v0.6.4
[INFO] [stderr]     Checking rand_chacha v0.3.1
[INFO] [stderr]     Checking rand v0.8.5
[INFO] [stderr]    Compiling regex v1.8.4
[INFO] [stderr]     Checking rand_distr v0.4.3
[INFO] [stderr]    Compiling cexpr v0.6.0
[INFO] [stderr]     Checking csv v1.2.2
[INFO] [stderr]    Compiling darling_core v0.14.4
[INFO] [stderr]    Compiling darling_macro v0.14.4
[INFO] [stderr]    Compiling darling v0.14.4
[INFO] [stderr]    Compiling derive_builder_core v0.12.0
[INFO] [stderr]    Compiling derive_builder_macro v0.12.0
[INFO] [stderr]     Checking derive_builder v0.12.0
[INFO] [stderr]    Compiling lightgbm3-sys v1.0.2
[INFO] [stderr] error: failed to run custom build command for `lightgbm3-sys v1.0.2`
[INFO] [stderr] note: To improve backtraces for build dependencies, set the CARGO_PROFILE_DEV_BUILD_OVERRIDE_DEBUG=true environment variable to enable debug information generation.
[INFO] [stderr] 
[INFO] [stderr] Caused by:
[INFO] [stderr]   process didn't exit successfully: `/opt/rustwide/target/debug/build/lightgbm3-sys-37686c5626870a19/build-script-build` (exit status: 101)
[INFO] [stderr]   --- stdout
[INFO] [stderr]   CMAKE_TOOLCHAIN_FILE_x86_64-unknown-linux-gnu = None
[INFO] [stderr]   CMAKE_TOOLCHAIN_FILE_x86_64_unknown_linux_gnu = None
[INFO] [stderr]   HOST_CMAKE_TOOLCHAIN_FILE = None
[INFO] [stderr]   CMAKE_TOOLCHAIN_FILE = None
[INFO] [stderr]   CMAKE_GENERATOR_x86_64-unknown-linux-gnu = None
[INFO] [stderr]   CMAKE_GENERATOR_x86_64_unknown_linux_gnu = None
[INFO] [stderr]   HOST_CMAKE_GENERATOR = None
[INFO] [stderr]   CMAKE_GENERATOR = None
[INFO] [stderr]   CMAKE_PREFIX_PATH_x86_64-unknown-linux-gnu = None
[INFO] [stderr]   CMAKE_PREFIX_PATH_x86_64_unknown_linux_gnu = None
[INFO] [stderr]   HOST_CMAKE_PREFIX_PATH = None
[INFO] [stderr]   CMAKE_PREFIX_PATH = None
[INFO] [stderr]   CMAKE_x86_64-unknown-linux-gnu = None
[INFO] [stderr]   CMAKE_x86_64_unknown_linux_gnu = None
[INFO] [stderr]   HOST_CMAKE = None
[INFO] [stderr]   CMAKE = None
[INFO] [stderr]   running: cd "/opt/rustwide/target/debug/build/lightgbm3-sys-c8c0b4b632c0285e/out/build" && CMAKE_PREFIX_PATH="" "cmake" "/opt/rustwide/target/debug/build/lightgbm3-sys-c8c0b4b632c0285e/out/lightgbm" "-DBUILD_STATIC_LIB=ON" "-DUSE_OPENMP=OFF" "-DCMAKE_INSTALL_PREFIX=/opt/rustwide/target/debug/build/lightgbm3-sys-c8c0b4b632c0285e/out" "-DCMAKE_C_FLAGS= -ffunction-sections -fdata-sections -fPIC -m64" "-DCMAKE_C_COMPILER=/usr/bin/cc" "-DCMAKE_CXX_FLAGS= -std=c++11 -ffunction-sections -fdata-sections -fPIC -m64" "-DCMAKE_CXX_COMPILER=/usr/bin/c++" "-DCMAKE_ASM_FLAGS= -ffunction-sections -fdata-sections -fPIC -m64" "-DCMAKE_ASM_COMPILER=/usr/bin/cc" "-DCMAKE_BUILD_TYPE=Release"
[INFO] [stderr]   -- The C compiler identification is GNU 11.4.0
[INFO] [stderr]   -- The CXX compiler identification is GNU 11.4.0
[INFO] [stderr]   -- Detecting C compiler ABI info
[INFO] [stderr]   -- Detecting C compiler ABI info - done
[INFO] [stderr]   -- Check for working C compiler: /usr/bin/cc - skipped
[INFO] [stderr]   -- Detecting C compile features
[INFO] [stderr]   -- Detecting C compile features - done
[INFO] [stderr]   -- Detecting CXX compiler ABI info
[INFO] [stderr]   -- Detecting CXX compiler ABI info - done
[INFO] [stderr]   -- Check for working CXX compiler: /usr/bin/c++ - skipped
[INFO] [stderr]   -- Detecting CXX compile features
[INFO] [stderr]   -- Detecting CXX compile features - done
[INFO] [stderr]   -- Performing Test MM_PREFETCH
[INFO] [stderr]   -- Performing Test MM_PREFETCH - Success
[INFO] [stderr]   -- Using _mm_prefetch
[INFO] [stderr]   -- Performing Test MM_MALLOC
[INFO] [stderr]   -- Performing Test MM_MALLOC - Success
[INFO] [stderr]   -- Using _mm_malloc
[INFO] [stderr]   -- Configuring done
[INFO] [stderr]   -- Generating done
[INFO] [stderr]   -- Build files have been written to: /opt/rustwide/target/debug/build/lightgbm3-sys-c8c0b4b632c0285e/out/build
[INFO] [stderr]   running: cd "/opt/rustwide/target/debug/build/lightgbm3-sys-c8c0b4b632c0285e/out/build" && MAKEFLAGS="-j --jobserver-fds=7,8 --jobserver-auth=7,8" "cmake" "--build" "." "--target" "install" "--config" "Release"
[INFO] [stderr]   [  1%] Building CXX object CMakeFiles/lightgbm_capi_objs.dir/src/c_api.cpp.o
[INFO] [stderr]   [  5%] Building CXX object CMakeFiles/lightgbm_objs.dir/src/boosting/boosting.cpp.o
[INFO] [stderr]   [  7%] Building CXX object CMakeFiles/lightgbm_objs.dir/src/boosting/gbdt.cpp.o
[INFO] [stderr]   [  7%] Building CXX object CMakeFiles/lightgbm_objs.dir/src/boosting/gbdt_model_text.cpp.o
[INFO] [stderr]   [  9%] Building CXX object CMakeFiles/lightgbm_objs.dir/src/boosting/cuda/cuda_score_updater.cpp.o
[INFO] [stderr]   [ 10%] Building CXX object CMakeFiles/lightgbm_objs.dir/src/boosting/gbdt_prediction.cpp.o
[INFO] [stderr]   [ 12%] Building CXX object CMakeFiles/lightgbm_objs.dir/src/boosting/prediction_early_stop.cpp.o
[INFO] [stderr]   [ 14%] Building CXX object CMakeFiles/lightgbm_objs.dir/src/cuda/cuda_utils.cpp.o
[INFO] [stderr]   [ 16%] Building CXX object CMakeFiles/lightgbm_objs.dir/src/io/bin.cpp.o
[INFO] [stderr]   [ 18%] Building CXX object CMakeFiles/lightgbm_objs.dir/src/io/config.cpp.o
[INFO] [stderr]   [ 20%] Building CXX object CMakeFiles/lightgbm_objs.dir/src/boosting/sample_strategy.cpp.o
[INFO] [stderr]   [ 21%] Building CXX object CMakeFiles/lightgbm_objs.dir/src/io/config_auto.cpp.o
[INFO] [stderr]   [ 23%] Building CXX object CMakeFiles/lightgbm_objs.dir/src/io/cuda/cuda_column_data.cpp.o
[INFO] [stderr]   [ 25%] Building CXX object CMakeFiles/lightgbm_objs.dir/src/io/cuda/cuda_metadata.cpp.o
[INFO] [stderr]   [ 27%] Building CXX object CMakeFiles/lightgbm_objs.dir/src/io/cuda/cuda_tree.cpp.o
[INFO] [stderr]   [ 29%] Building CXX object CMakeFiles/lightgbm_objs.dir/src/io/cuda/cuda_row_data.cpp.o
[INFO] [stderr]   [ 30%] Building CXX object CMakeFiles/lightgbm_objs.dir/src/io/dataset.cpp.o
[INFO] [stderr]   [ 32%] Building CXX object CMakeFiles/lightgbm_objs.dir/src/io/dataset_loader.cpp.o
[INFO] [stderr]   [ 34%] Building CXX object CMakeFiles/lightgbm_objs.dir/src/io/file_io.cpp.o
[INFO] [stderr]   [ 36%] Building CXX object CMakeFiles/lightgbm_objs.dir/src/io/json11.cpp.o
[INFO] [stderr]   [ 38%] Building CXX object CMakeFiles/lightgbm_objs.dir/src/io/metadata.cpp.o
[INFO] [stderr]   [ 40%] Building CXX object CMakeFiles/lightgbm_objs.dir/src/io/parser.cpp.o
[INFO] [stderr]   [ 41%] Building CXX object CMakeFiles/lightgbm_objs.dir/src/io/train_share_states.cpp.o
[INFO] [stderr]   [ 43%] Building CXX object CMakeFiles/lightgbm_objs.dir/src/io/tree.cpp.o
[INFO] [stderr] 
[INFO] [stderr]   --- stderr
[INFO] [stderr]   CMake Warning:
[INFO] [stderr]     Manually-specified variables were not used by the project:
[INFO] [stderr] 
[INFO] [stderr]       CMAKE_ASM_COMPILER
[INFO] [stderr]       CMAKE_ASM_FLAGS
[INFO] [stderr] 
[INFO] [stderr] 
[INFO] [stderr]   In file included from /opt/rustwide/target/debug/build/lightgbm3-sys-c8c0b4b632c0285e/out/lightgbm/src/io/bin.cpp:5:
[INFO] [stderr]   /opt/rustwide/target/debug/build/lightgbm3-sys-c8c0b4b632c0285e/out/lightgbm/include/LightGBM/bin.h: In function 'void LightGBM::Int32HistogramSumReducer(const char*, char*, int, LightGBM::comm_size_t)':
[INFO] [stderr]   /opt/rustwide/target/debug/build/lightgbm3-sys-c8c0b4b632c0285e/out/lightgbm/include/LightGBM/bin.h:66:13: warning: unused variable 'num_threads' [-Wunused-variable]
[INFO] [stderr]      66 |   const int num_threads = OMP_NUM_THREADS();
[INFO] [stderr]         |             ^~~~~~~~~~~
[INFO] [stderr]   /opt/rustwide/target/debug/build/lightgbm3-sys-c8c0b4b632c0285e/out/lightgbm/include/LightGBM/bin.h: In function 'void LightGBM::Int16HistogramSumReducer(const char*, char*, int, LightGBM::comm_size_t)':
[INFO] [stderr]   /opt/rustwide/target/debug/build/lightgbm3-sys-c8c0b4b632c0285e/out/lightgbm/include/LightGBM/bin.h:77:13: warning: unused variable 'num_threads' [-Wunused-variable]
[INFO] [stderr]      77 |   const int num_threads = OMP_NUM_THREADS();
[INFO] [stderr]         |             ^~~~~~~~~~~
[INFO] [stderr]   In file included from /opt/rustwide/target/debug/build/lightgbm3-sys-c8c0b4b632c0285e/out/lightgbm/include/LightGBM/feature_group.h:9,
[INFO] [stderr]                    from /opt/rustwide/target/debug/build/lightgbm3-sys-c8c0b4b632c0285e/out/lightgbm/include/LightGBM/dataset.h:9,
[INFO] [stderr]                    from /opt/rustwide/target/debug/build/lightgbm3-sys-c8c0b4b632c0285e/out/lightgbm/include/LightGBM/objective_function.h:9,
[INFO] [stderr]                    from /opt/rustwide/target/debug/build/lightgbm3-sys-c8c0b4b632c0285e/out/lightgbm/src/boosting/gbdt_prediction.cpp:5:
[INFO] [stderr]   /opt/rustwide/target/debug/build/lightgbm3-sys-c8c0b4b632c0285e/out/lightgbm/include/LightGBM/bin.h: In function 'void LightGBM::Int32HistogramSumReducer(const char*, char*, int, LightGBM::comm_size_t)':
[INFO] [stderr]   /opt/rustwide/target/debug/build/lightgbm3-sys-c8c0b4b632c0285e/out/lightgbm/include/LightGBM/bin.h:66:13: warning: unused variable 'num_threads' [-Wunused-variable]
[INFO] [stderr]      66 |   const int num_threads = OMP_NUM_THREADS();
[INFO] [stderr]         |             ^~~~~~~~~~~
[INFO] [stderr]   /opt/rustwide/target/debug/build/lightgbm3-sys-c8c0b4b632c0285e/out/lightgbm/include/LightGBM/bin.h: In function 'void LightGBM::Int16HistogramSumReducer(const char*, char*, int, LightGBM::comm_size_t)':
[INFO] [stderr]   /opt/rustwide/target/debug/build/lightgbm3-sys-c8c0b4b632c0285e/out/lightgbm/include/LightGBM/bin.h:77:13: warning: unused variable 'num_threads' [-Wunused-variable]
[INFO] [stderr]      77 |   const int num_threads = OMP_NUM_THREADS();
[INFO] [stderr]         |             ^~~~~~~~~~~
[INFO] [stderr]   In file included from /opt/rustwide/target/debug/build/lightgbm3-sys-c8c0b4b632c0285e/out/lightgbm/include/LightGBM/feature_group.h:9,
[INFO] [stderr]                    from /opt/rustwide/target/debug/build/lightgbm3-sys-c8c0b4b632c0285e/out/lightgbm/include/LightGBM/dataset.h:9,
[INFO] [stderr]                    from /opt/rustwide/target/debug/build/lightgbm3-sys-c8c0b4b632c0285e/out/lightgbm/include/LightGBM/metric.h:9,
[INFO] [stderr]                    from /opt/rustwide/target/debug/build/lightgbm3-sys-c8c0b4b632c0285e/out/lightgbm/src/boosting/gbdt_model_text.cpp:6:
[INFO] [stderr]   /opt/rustwide/target/debug/build/lightgbm3-sys-c8c0b4b632c0285e/out/lightgbm/include/LightGBM/bin.h: In function 'void LightGBM::Int32HistogramSumReducer(const char*, char*, int, LightGBM::comm_size_t)':
[INFO] [stderr]   /opt/rustwide/target/debug/build/lightgbm3-sys-c8c0b4b632c0285e/out/lightgbm/include/LightGBM/bin.h:66:13: warning: unused variable 'num_threads' [-Wunused-variable]
[INFO] [stderr]      66 |   const int num_threads = OMP_NUM_THREADS();
[INFO] [stderr]         |             ^~~~~~~~~~~
[INFO] [stderr]   /opt/rustwide/target/debug/build/lightgbm3-sys-c8c0b4b632c0285e/out/lightgbm/include/LightGBM/bin.h: In function 'void LightGBM::Int16HistogramSumReducer(const char*, char*, int, LightGBM::comm_size_t)':
[INFO] [stderr]   /opt/rustwide/target/debug/build/lightgbm3-sys-c8c0b4b632c0285e/out/lightgbm/include/LightGBM/bin.h:77:13: warning: unused variable 'num_threads' [-Wunused-variable]
[INFO] [stderr]      77 |   const int num_threads = OMP_NUM_THREADS();
[INFO] [stderr]         |             ^~~~~~~~~~~
[INFO] [stderr]   In file included from /opt/rustwide/target/debug/build/lightgbm3-sys-c8c0b4b632c0285e/out/lightgbm/include/LightGBM/feature_group.h:9,
[INFO] [stderr]                    from /opt/rustwide/target/debug/build/lightgbm3-sys-c8c0b4b632c0285e/out/lightgbm/include/LightGBM/dataset.h:9,
[INFO] [stderr]                    from /opt/rustwide/target/debug/build/lightgbm3-sys-c8c0b4b632c0285e/out/lightgbm/include/LightGBM/dataset_loader.h:8,
[INFO] [stderr]                    from /opt/rustwide/target/debug/build/lightgbm3-sys-c8c0b4b632c0285e/out/lightgbm/src/io/dataset_loader.cpp:5:
[INFO] [stderr]   /opt/rustwide/target/debug/build/lightgbm3-sys-c8c0b4b632c0285e/out/lightgbm/include/LightGBM/bin.h: In function 'void LightGBM::Int32HistogramSumReducer(const char*, char*, int, LightGBM::comm_size_t)':
[INFO] [stderr]   /opt/rustwide/target/debug/build/lightgbm3-sys-c8c0b4b632c0285e/out/lightgbm/include/LightGBM/bin.h:66:13: warning: unused variable 'num_threads' [-Wunused-variable]
[INFO] [stderr]      66 |   const int num_threads = OMP_NUM_THREADS();
[INFO] [stderr]         |             ^~~~~~~~~~~
[INFO] [stderr]   /opt/rustwide/target/debug/build/lightgbm3-sys-c8c0b4b632c0285e/out/lightgbm/include/LightGBM/bin.h: In function 'void LightGBM::Int16HistogramSumReducer(const char*, char*, int, LightGBM::comm_size_t)':
[INFO] [stderr]   /opt/rustwide/target/debug/build/lightgbm3-sys-c8c0b4b632c0285e/out/lightgbm/include/LightGBM/bin.h:77:13: warning: unused variable 'num_threads' [-Wunused-variable]
[INFO] [stderr]      77 |   const int num_threads = OMP_NUM_THREADS();
[INFO] [stderr]         |             ^~~~~~~~~~~
[INFO] [stderr]   In file included from /opt/rustwide/target/debug/build/lightgbm3-sys-c8c0b4b632c0285e/out/lightgbm/include/LightGBM/feature_group.h:9,
[INFO] [stderr]                    from /opt/rustwide/target/debug/build/lightgbm3-sys-c8c0b4b632c0285e/out/lightgbm/include/LightGBM/dataset.h:9,
[INFO] [stderr]                    from /opt/rustwide/target/debug/build/lightgbm3-sys-c8c0b4b632c0285e/out/lightgbm/src/io/parser.hpp:8,
[INFO] [stderr]                    from /opt/rustwide/target/debug/build/lightgbm3-sys-c8c0b4b632c0285e/out/lightgbm/src/io/parser.cpp:5:
[INFO] [stderr]   /opt/rustwide/target/debug/build/lightgbm3-sys-c8c0b4b632c0285e/out/lightgbm/include/LightGBM/bin.h: In function 'void LightGBM::Int32HistogramSumReducer(const char*, char*, int, LightGBM::comm_size_t)':
[INFO] [stderr]   /opt/rustwide/target/debug/build/lightgbm3-sys-c8c0b4b632c0285e/out/lightgbm/include/LightGBM/bin.h:66:13: warning: unused variable 'num_threads' [-Wunused-variable]
[INFO] [stderr]      66 |   const int num_threads = OMP_NUM_THREADS();
[INFO] [stderr]         |             ^~~~~~~~~~~
[INFO] [stderr]   /opt/rustwide/target/debug/build/lightgbm3-sys-c8c0b4b632c0285e/out/lightgbm/include/LightGBM/bin.h: In function 'void LightGBM::Int16HistogramSumReducer(const char*, char*, int, LightGBM::comm_size_t)':
[INFO] [stderr]   /opt/rustwide/target/debug/build/lightgbm3-sys-c8c0b4b632c0285e/out/lightgbm/include/LightGBM/bin.h:77:13: warning: unused variable 'num_threads' [-Wunused-variable]
[INFO] [stderr]      77 |   const int num_threads = OMP_NUM_THREADS();
[INFO] [stderr]         |             ^~~~~~~~~~~
[INFO] [stderr]   In file included from /opt/rustwide/target/debug/build/lightgbm3-sys-c8c0b4b632c0285e/out/lightgbm/include/LightGBM/feature_group.h:9,
[INFO] [stderr]                    from /opt/rustwide/target/debug/build/lightgbm3-sys-c8c0b4b632c0285e/out/lightgbm/include/LightGBM/dataset.h:9,
[INFO] [stderr]                    from /opt/rustwide/target/debug/build/lightgbm3-sys-c8c0b4b632c0285e/out/lightgbm/include/LightGBM/objective_function.h:9,
[INFO] [stderr]                    from /opt/rustwide/target/debug/build/lightgbm3-sys-c8c0b4b632c0285e/out/lightgbm/src/boosting/gbdt.h:9,
[INFO] [stderr]                    from /opt/rustwide/target/debug/build/lightgbm3-sys-c8c0b4b632c0285e/out/lightgbm/src/boosting/dart.hpp:16,
[INFO] [stderr]                    from /opt/rustwide/target/debug/build/lightgbm3-sys-c8c0b4b632c0285e/out/lightgbm/src/boosting/boosting.cpp:7:
[INFO] [stderr]   /opt/rustwide/target/debug/build/lightgbm3-sys-c8c0b4b632c0285e/out/lightgbm/include/LightGBM/bin.h: In function 'void LightGBM::Int32HistogramSumReducer(const char*, char*, int, LightGBM::comm_size_t)':
[INFO] [stderr]   /opt/rustwide/target/debug/build/lightgbm3-sys-c8c0b4b632c0285e/out/lightgbm/include/LightGBM/bin.h:66:13: warning: unused variable 'num_threads' [-Wunused-variable]
[INFO] [stderr]      66 |   const int num_threads = OMP_NUM_THREADS();
[INFO] [stderr]         |             ^~~~~~~~~~~
[INFO] [stderr]   /opt/rustwide/target/debug/build/lightgbm3-sys-c8c0b4b632c0285e/out/lightgbm/include/LightGBM/bin.h: In function 'void LightGBM::Int16HistogramSumReducer(const char*, char*, int, LightGBM::comm_size_t)':
[INFO] [stderr]   /opt/rustwide/target/debug/build/lightgbm3-sys-c8c0b4b632c0285e/out/lightgbm/include/LightGBM/bin.h:77:13: warning: unused variable 'num_threads' [-Wunused-variable]
[INFO] [stderr]      77 |   const int num_threads = OMP_NUM_THREADS();
[INFO] [stderr]         |             ^~~~~~~~~~~
[INFO] [stderr]   In file included from /opt/rustwide/target/debug/build/lightgbm3-sys-c8c0b4b632c0285e/out/lightgbm/include/LightGBM/feature_group.h:9,
[INFO] [stderr]                    from /opt/rustwide/target/debug/build/lightgbm3-sys-c8c0b4b632c0285e/out/lightgbm/include/LightGBM/dataset.h:9,
[INFO] [stderr]                    from /opt/rustwide/target/debug/build/lightgbm3-sys-c8c0b4b632c0285e/out/lightgbm/src/io/metadata.cpp:5:
[INFO] [stderr]   /opt/rustwide/target/debug/build/lightgbm3-sys-c8c0b4b632c0285e/out/lightgbm/include/LightGBM/bin.h: In function 'void LightGBM::Int32HistogramSumReducer(const char*, char*, int, LightGBM::comm_size_t)':
[INFO] [stderr]   /opt/rustwide/target/debug/build/lightgbm3-sys-c8c0b4b632c0285e/out/lightgbm/include/LightGBM/bin.h:66:13: warning: unused variable 'num_threads' [-Wunused-variable]
[INFO] [stderr]      66 |   const int num_threads = OMP_NUM_THREADS();
[INFO] [stderr]         |             ^~~~~~~~~~~
[INFO] [stderr]   /opt/rustwide/target/debug/build/lightgbm3-sys-c8c0b4b632c0285e/out/lightgbm/include/LightGBM/bin.h: In function 'void LightGBM::Int16HistogramSumReducer(const char*, char*, int, LightGBM::comm_size_t)':
[INFO] [stderr]   /opt/rustwide/target/debug/build/lightgbm3-sys-c8c0b4b632c0285e/out/lightgbm/include/LightGBM/bin.h:77:13: warning: unused variable 'num_threads' [-Wunused-variable]
[INFO] [stderr]      77 |   const int num_threads = OMP_NUM_THREADS();
[INFO] [stderr]         |             ^~~~~~~~~~~
[INFO] [stderr]   c++: fatal error: Killed signal terminated program cc1plus
[INFO] [stderr]   compilation terminated.
[INFO] [stderr]   gmake[2]: *** [CMakeFiles/lightgbm_objs.dir/build.make:188: CMakeFiles/lightgbm_objs.dir/src/io/bin.cpp.o] Error 1
[INFO] [stderr]   gmake[2]: *** Waiting for unfinished jobs....
[INFO] [stderr]   In file included from /opt/rustwide/target/debug/build/lightgbm3-sys-c8c0b4b632c0285e/out/lightgbm/include/LightGBM/feature_group.h:9,
[INFO] [stderr]                    from /opt/rustwide/target/debug/build/lightgbm3-sys-c8c0b4b632c0285e/out/lightgbm/include/LightGBM/dataset.h:9,
[INFO] [stderr]                    from /opt/rustwide/target/debug/build/lightgbm3-sys-c8c0b4b632c0285e/out/lightgbm/src/c_api.cpp:9:
[INFO] [stderr]   /opt/rustwide/target/debug/build/lightgbm3-sys-c8c0b4b632c0285e/out/lightgbm/include/LightGBM/bin.h: In function 'void LightGBM::Int32HistogramSumReducer(const char*, char*, int, LightGBM::comm_size_t)':
[INFO] [stderr]   /opt/rustwide/target/debug/build/lightgbm3-sys-c8c0b4b632c0285e/out/lightgbm/include/LightGBM/bin.h:66:13: warning: unused variable 'num_threads' [-Wunused-variable]
[INFO] [stderr]      66 |   const int num_threads = OMP_NUM_THREADS();
[INFO] [stderr]         |             ^~~~~~~~~~~
[INFO] [stderr]   /opt/rustwide/target/debug/build/lightgbm3-sys-c8c0b4b632c0285e/out/lightgbm/include/LightGBM/bin.h: In function 'void LightGBM::Int16HistogramSumReducer(const char*, char*, int, LightGBM::comm_size_t)':
[INFO] [stderr]   /opt/rustwide/target/debug/build/lightgbm3-sys-c8c0b4b632c0285e/out/lightgbm/include/LightGBM/bin.h:77:13: warning: unused variable 'num_threads' [-Wunused-variable]
[INFO] [stderr]      77 |   const int num_threads = OMP_NUM_THREADS();
[INFO] [stderr]         |             ^~~~~~~~~~~
[INFO] [stderr]   In file included from /opt/rustwide/target/debug/build/lightgbm3-sys-c8c0b4b632c0285e/out/lightgbm/include/LightGBM/feature_group.h:9,
[INFO] [stderr]                    from /opt/rustwide/target/debug/build/lightgbm3-sys-c8c0b4b632c0285e/out/lightgbm/include/LightGBM/dataset.h:9,
[INFO] [stderr]                    from /opt/rustwide/target/debug/build/lightgbm3-sys-c8c0b4b632c0285e/out/lightgbm/include/LightGBM/objective_function.h:9,
[INFO] [stderr]                    from /opt/rustwide/target/debug/build/lightgbm3-sys-c8c0b4b632c0285e/out/lightgbm/src/boosting/gbdt.h:9,
[INFO] [stderr]                    from /opt/rustwide/target/debug/build/lightgbm3-sys-c8c0b4b632c0285e/out/lightgbm/src/boosting/gbdt.cpp:5:
[INFO] [stderr]   /opt/rustwide/target/debug/build/lightgbm3-sys-c8c0b4b632c0285e/out/lightgbm/include/LightGBM/bin.h: In function 'void LightGBM::Int32HistogramSumReducer(const char*, char*, int, LightGBM::comm_size_t)':
[INFO] [stderr]   /opt/rustwide/target/debug/build/lightgbm3-sys-c8c0b4b632c0285e/out/lightgbm/include/LightGBM/bin.h:66:13: warning: unused variable 'num_threads' [-Wunused-variable]
[INFO] [stderr]      66 |   const int num_threads = OMP_NUM_THREADS();
[INFO] [stderr]         |             ^~~~~~~~~~~
[INFO] [stderr]   /opt/rustwide/target/debug/build/lightgbm3-sys-c8c0b4b632c0285e/out/lightgbm/include/LightGBM/bin.h: In function 'void LightGBM::Int16HistogramSumReducer(const char*, char*, int, LightGBM::comm_size_t)':
[INFO] [stderr]   /opt/rustwide/target/debug/build/lightgbm3-sys-c8c0b4b632c0285e/out/lightgbm/include/LightGBM/bin.h:77:13: warning: unused variable 'num_threads' [-Wunused-variable]
[INFO] [stderr]      77 |   const int num_threads = OMP_NUM_THREADS();
[INFO] [stderr]         |             ^~~~~~~~~~~
[INFO] [stderr]   In file included from /opt/rustwide/target/debug/build/lightgbm3-sys-c8c0b4b632c0285e/out/lightgbm/include/LightGBM/feature_group.h:9,
[INFO] [stderr]                    from /opt/rustwide/target/debug/build/lightgbm3-sys-c8c0b4b632c0285e/out/lightgbm/include/LightGBM/dataset.h:9,
[INFO] [stderr]                    from /opt/rustwide/target/debug/build/lightgbm3-sys-c8c0b4b632c0285e/out/lightgbm/src/io/dataset.cpp:6:
[INFO] [stderr]   /opt/rustwide/target/debug/build/lightgbm3-sys-c8c0b4b632c0285e/out/lightgbm/include/LightGBM/bin.h: In function 'void LightGBM::Int32HistogramSumReducer(const char*, char*, int, LightGBM::comm_size_t)':
[INFO] [stderr]   /opt/rustwide/target/debug/build/lightgbm3-sys-c8c0b4b632c0285e/out/lightgbm/include/LightGBM/bin.h:66:13: warning: unused variable 'num_threads' [-Wunused-variable]
[INFO] [stderr]      66 |   const int num_threads = OMP_NUM_THREADS();
[INFO] [stderr]         |             ^~~~~~~~~~~
[INFO] [stderr]   /opt/rustwide/target/debug/build/lightgbm3-sys-c8c0b4b632c0285e/out/lightgbm/include/LightGBM/bin.h: In function 'void LightGBM::Int16HistogramSumReducer(const char*, char*, int, LightGBM::comm_size_t)':
[INFO] [stderr]   /opt/rustwide/target/debug/build/lightgbm3-sys-c8c0b4b632c0285e/out/lightgbm/include/LightGBM/bin.h:77:13: warning: unused variable 'num_threads' [-Wunused-variable]
[INFO] [stderr]      77 |   const int num_threads = OMP_NUM_THREADS();
[INFO] [stderr]         |             ^~~~~~~~~~~
[INFO] [stderr]   c++: fatal error: Killed signal terminated program cc1plus
[INFO] [stderr]   compilation terminated.
[INFO] [stderr]   gmake[2]: *** [CMakeFiles/lightgbm_objs.dir/build.make:118: CMakeFiles/lightgbm_objs.dir/src/boosting/gbdt_model_text.cpp.o] Error 1
[INFO] [stderr]   c++: fatal error: Killed signal terminated program cc1plus
[INFO] [stderr]   compilation terminated.
[INFO] [stderr]   gmake[2]: *** [CMakeFiles/lightgbm_objs.dir/build.make:300: CMakeFiles/lightgbm_objs.dir/src/io/dataset_loader.cpp.o] Error 1
[INFO] [stderr]   In file included from /opt/rustwide/target/debug/build/lightgbm3-sys-c8c0b4b632c0285e/out/lightgbm/include/LightGBM/feature_group.h:9,
[INFO] [stderr]                    from /opt/rustwide/target/debug/build/lightgbm3-sys-c8c0b4b632c0285e/out/lightgbm/include/LightGBM/dataset.h:9,
[INFO] [stderr]                    from /opt/rustwide/target/debug/build/lightgbm3-sys-c8c0b4b632c0285e/out/lightgbm/include/LightGBM/sample_strategy.h:14,
[INFO] [stderr]                    from /opt/rustwide/target/debug/build/lightgbm3-sys-c8c0b4b632c0285e/out/lightgbm/src/boosting/sample_strategy.cpp:6:
[INFO] [stderr]   /opt/rustwide/target/debug/build/lightgbm3-sys-c8c0b4b632c0285e/out/lightgbm/include/LightGBM/bin.h: In function 'void LightGBM::Int32HistogramSumReducer(const char*, char*, int, LightGBM::comm_size_t)':
[INFO] [stderr]   /opt/rustwide/target/debug/build/lightgbm3-sys-c8c0b4b632c0285e/out/lightgbm/include/LightGBM/bin.h:66:13: warning: unused variable 'num_threads' [-Wunused-variable]
[INFO] [stderr]      66 |   const int num_threads = OMP_NUM_THREADS();
[INFO] [stderr]         |             ^~~~~~~~~~~
[INFO] [stderr]   /opt/rustwide/target/debug/build/lightgbm3-sys-c8c0b4b632c0285e/out/lightgbm/include/LightGBM/bin.h: In function 'void LightGBM::Int16HistogramSumReducer(const char*, char*, int, LightGBM::comm_size_t)':
[INFO] [stderr]   /opt/rustwide/target/debug/build/lightgbm3-sys-c8c0b4b632c0285e/out/lightgbm/include/LightGBM/bin.h:77:13: warning: unused variable 'num_threads' [-Wunused-variable]
[INFO] [stderr]      77 |   const int num_threads = OMP_NUM_THREADS();
[INFO] [stderr]         |             ^~~~~~~~~~~
[INFO] [stderr]   c++: fatal error: Killed signal terminated program cc1plus
[INFO] [stderr]   compilation terminated.
[INFO] [stderr]   gmake[2]: *** [CMakeFiles/lightgbm_objs.dir/build.make:132: CMakeFiles/lightgbm_objs.dir/src/boosting/gbdt_prediction.cpp.o] Error 1
[INFO] [stderr]   c++: fatal error: Killed signal terminated program cc1plus
[INFO] [stderr]   compilation terminated.
[INFO] [stderr]   gmake[2]: *** [CMakeFiles/lightgbm_objs.dir/build.make:356: CMakeFiles/lightgbm_objs.dir/src/io/parser.cpp.o] Error 1
[INFO] [stderr]   c++: fatal error: Killed signal terminated program cc1plus
[INFO] [stderr]   compilation terminated.
[INFO] [stderr]   gmake[2]: *** [CMakeFiles/lightgbm_capi_objs.dir/build.make:76: CMakeFiles/lightgbm_capi_objs.dir/src/c_api.cpp.o] Error 1
[INFO] [stderr]   gmake[1]: *** [CMakeFiles/Makefile2:141: CMakeFiles/lightgbm_capi_objs.dir/all] Error 2
[INFO] [stderr]   gmake[1]: *** Waiting for unfinished jobs....
[INFO] [stderr]   In file included from /opt/rustwide/target/debug/build/lightgbm3-sys-c8c0b4b632c0285e/out/lightgbm/include/LightGBM/train_share_states.h:8,
[INFO] [stderr]                    from /opt/rustwide/target/debug/build/lightgbm3-sys-c8c0b4b632c0285e/out/lightgbm/src/io/train_share_states.cpp:7:
[INFO] [stderr]   /opt/rustwide/target/debug/build/lightgbm3-sys-c8c0b4b632c0285e/out/lightgbm/include/LightGBM/bin.h: In function 'void LightGBM::Int32HistogramSumReducer(const char*, char*, int, LightGBM::comm_size_t)':
[INFO] [stderr]   /opt/rustwide/target/debug/build/lightgbm3-sys-c8c0b4b632c0285e/out/lightgbm/include/LightGBM/bin.h:66:13: warning: unused variable 'num_threads' [-Wunused-variable]
[INFO] [stderr]      66 |   const int num_threads = OMP_NUM_THREADS();
[INFO] [stderr]         |             ^~~~~~~~~~~
[INFO] [stderr]   /opt/rustwide/target/debug/build/lightgbm3-sys-c8c0b4b632c0285e/out/lightgbm/include/LightGBM/bin.h: In function 'void LightGBM::Int16HistogramSumReducer(const char*, char*, int, LightGBM::comm_size_t)':
[INFO] [stderr]   /opt/rustwide/target/debug/build/lightgbm3-sys-c8c0b4b632c0285e/out/lightgbm/include/LightGBM/bin.h:77:13: warning: unused variable 'num_threads' [-Wunused-variable]
[INFO] [stderr]      77 |   const int num_threads = OMP_NUM_THREADS();
[INFO] [stderr]         |             ^~~~~~~~~~~
[INFO] [stderr]   In file included from /opt/rustwide/target/debug/build/lightgbm3-sys-c8c0b4b632c0285e/out/lightgbm/include/LightGBM/feature_group.h:9,
[INFO] [stderr]                    from /opt/rustwide/target/debug/build/lightgbm3-sys-c8c0b4b632c0285e/out/lightgbm/include/LightGBM/dataset.h:9,
[INFO] [stderr]                    from /opt/rustwide/target/debug/build/lightgbm3-sys-c8c0b4b632c0285e/out/lightgbm/include/LightGBM/tree.h:8,
[INFO] [stderr]                    from /opt/rustwide/target/debug/build/lightgbm3-sys-c8c0b4b632c0285e/out/lightgbm/src/io/tree.cpp:5:
[INFO] [stderr]   /opt/rustwide/target/debug/build/lightgbm3-sys-c8c0b4b632c0285e/out/lightgbm/include/LightGBM/bin.h: In function 'void LightGBM::Int32HistogramSumReducer(const char*, char*, int, LightGBM::comm_size_t)':
[INFO] [stderr]   /opt/rustwide/target/debug/build/lightgbm3-sys-c8c0b4b632c0285e/out/lightgbm/include/LightGBM/bin.h:66:13: warning: unused variable 'num_threads' [-Wunused-variable]
[INFO] [stderr]      66 |   const int num_threads = OMP_NUM_THREADS();
[INFO] [stderr]         |             ^~~~~~~~~~~
[INFO] [stderr]   /opt/rustwide/target/debug/build/lightgbm3-sys-c8c0b4b632c0285e/out/lightgbm/include/LightGBM/bin.h: In function 'void LightGBM::Int16HistogramSumReducer(const char*, char*, int, LightGBM::comm_size_t)':
[INFO] [stderr]   /opt/rustwide/target/debug/build/lightgbm3-sys-c8c0b4b632c0285e/out/lightgbm/include/LightGBM/bin.h:77:13: warning: unused variable 'num_threads' [-Wunused-variable]
[INFO] [stderr]      77 |   const int num_threads = OMP_NUM_THREADS();
[INFO] [stderr]         |             ^~~~~~~~~~~
[INFO] [stderr]   c++: fatal error: Killed signal terminated program cc1plus
[INFO] [stderr]   compilation terminated.
[INFO] [stderr]   gmake[2]: *** [CMakeFiles/lightgbm_objs.dir/build.make:342: CMakeFiles/lightgbm_objs.dir/src/io/metadata.cpp.o] Error 1
[INFO] [stderr]   c++: fatal error: Killed signal terminated program cc1plus
[INFO] [stderr]   compilation terminated.
[INFO] [stderr]   gmake[2]: *** [CMakeFiles/lightgbm_objs.dir/build.make:76: CMakeFiles/lightgbm_objs.dir/src/boosting/boosting.cpp.o] Error 1
[INFO] [stderr]   c++: fatal error: Killed signal terminated program cc1plus
[INFO] [stderr]   compilation terminated.
[INFO] [stderr]   gmake[2]: *** [CMakeFiles/lightgbm_objs.dir/build.make:286: CMakeFiles/lightgbm_objs.dir/src/io/dataset.cpp.o] Error 1
[INFO] [stderr]   At global scope:
[INFO] [stderr]   cc1plus: note: unrecognized command-line option '-Wno-unused-private-field' may have been intended to silence earlier diagnostics
[INFO] [stderr]   At global scope:
[INFO] [stderr]   cc1plus: note: unrecognized command-line option '-Wno-unused-private-field' may have been intended to silence earlier diagnostics
[INFO] [stderr]   At global scope:
[INFO] [stderr]   cc1plus: note: unrecognized command-line option '-Wno-unused-private-field' may have been intended to silence earlier diagnostics
[INFO] [stderr]   At global scope:
[INFO] [stderr]   cc1plus: note: unrecognized command-line option '-Wno-unused-private-field' may have been intended to silence earlier diagnostics
[INFO] [stderr]   gmake[1]: *** [CMakeFiles/Makefile2:89: CMakeFiles/lightgbm_objs.dir/all] Error 2
[INFO] [stderr]   gmake: *** [Makefile:136: all] Error 2
[INFO] [stderr]   thread 'main' panicked at /opt/rustwide/cargo-home/registry/src/index.crates.io-6f17d22bba15001f/cmake-0.1.50/src/lib.rs:1098:5:
[INFO] [stderr] 
[INFO] [stderr]   command did not execute successfully, got: exit status: 2
[INFO] [stderr] 
[INFO] [stderr]   build script failed, must exit now
[INFO] [stderr]   stack backtrace:
[INFO] [stderr]      0:     0x5571bcbadef6 - std::backtrace_rs::backtrace::libunwind::trace::heebc7766b165eb2a
[INFO] [stderr]                                  at /rustc/268dbbbc4b3fd71c5f360a4d0728295252430b5b/library/std/src/../../backtrace/src/backtrace/libunwind.rs:104:5
[INFO] [stderr]      1:     0x5571bcbadef6 - std::backtrace_rs::backtrace::trace_unsynchronized::ha677020d8fc0296d
[INFO] [stderr]                                  at /rustc/268dbbbc4b3fd71c5f360a4d0728295252430b5b/library/std/src/../../backtrace/src/backtrace/mod.rs:66:5
[INFO] [stderr]      2:     0x5571bcbadef6 - std::sys_common::backtrace::_print_fmt::hcaff2fd86a1aeaa3
[INFO] [stderr]                                  at /rustc/268dbbbc4b3fd71c5f360a4d0728295252430b5b/library/std/src/sys_common/backtrace.rs:68:5
[INFO] [stderr]      3:     0x5571bcbadef6 - <std::sys_common::backtrace::_print::DisplayBacktrace as core::fmt::Display>::fmt::hc2446d8aa0059188
[INFO] [stderr]                                  at /rustc/268dbbbc4b3fd71c5f360a4d0728295252430b5b/library/std/src/sys_common/backtrace.rs:44:22
[INFO] [stderr]      4:     0x5571bcbd8e50 - core::fmt::rt::Argument::fmt::h2fbb6454da37999b
[INFO] [stderr]                                  at /rustc/268dbbbc4b3fd71c5f360a4d0728295252430b5b/library/core/src/fmt/rt.rs:142:9
[INFO] [stderr]      5:     0x5571bcbd8e50 - core::fmt::write::had96bdeda7d49d3a
[INFO] [stderr]                                  at /rustc/268dbbbc4b3fd71c5f360a4d0728295252430b5b/library/core/src/fmt/mod.rs:1120:17
[INFO] [stderr]      6:     0x5571bcbaadef - std::io::Write::write_fmt::h30b1f36eea05b391
[INFO] [stderr]                                  at /rustc/268dbbbc4b3fd71c5f360a4d0728295252430b5b/library/std/src/io/mod.rs:1849:15
[INFO] [stderr]      7:     0x5571bcbadcd4 - std::sys_common::backtrace::_print::hc333bb91ae972137
[INFO] [stderr]                                  at /rustc/268dbbbc4b3fd71c5f360a4d0728295252430b5b/library/std/src/sys_common/backtrace.rs:47:5
[INFO] [stderr]      8:     0x5571bcbadcd4 - std::sys_common::backtrace::print::h18fd3c71a95a3169
[INFO] [stderr]                                  at /rustc/268dbbbc4b3fd71c5f360a4d0728295252430b5b/library/std/src/sys_common/backtrace.rs:34:9
[INFO] [stderr]      9:     0x5571bcbaf5b7 - std::panicking::default_hook::{{closure}}::ha3473f9bcb4e9a37
[INFO] [stderr]     10:     0x5571bcbaf319 - std::panicking::default_hook::h23d9d43185db6584
[INFO] [stderr]                                  at /rustc/268dbbbc4b3fd71c5f360a4d0728295252430b5b/library/std/src/panicking.rs:292:9
[INFO] [stderr]     11:     0x5571bcbafa48 - std::panicking::rust_panic_with_hook::h94aceaa7df3a6edd
[INFO] [stderr]                                  at /rustc/268dbbbc4b3fd71c5f360a4d0728295252430b5b/library/std/src/panicking.rs:781:13
[INFO] [stderr]     12:     0x5571bcbaf922 - std::panicking::begin_panic_handler::{{closure}}::h9905d45d1d82fc42
[INFO] [stderr]                                  at /rustc/268dbbbc4b3fd71c5f360a4d0728295252430b5b/library/std/src/panicking.rs:659:13
[INFO] [stderr]     13:     0x5571bcbae3f6 - std::sys_common::backtrace::__rust_end_short_backtrace::hb02085545dc143b9
[INFO] [stderr]                                  at /rustc/268dbbbc4b3fd71c5f360a4d0728295252430b5b/library/std/src/sys_common/backtrace.rs:171:18
[INFO] [stderr]     14:     0x5571bcbaf674 - rust_begin_unwind
[INFO] [stderr]                                  at /rustc/268dbbbc4b3fd71c5f360a4d0728295252430b5b/library/std/src/panicking.rs:647:5
[INFO] [stderr]     15:     0x5571bc61f7b5 - core::panicking::panic_fmt::h6dca3983f8a9f4d0
[INFO] [stderr]                                  at /rustc/268dbbbc4b3fd71c5f360a4d0728295252430b5b/library/core/src/panicking.rs:72:14
[INFO] [stderr]     16:     0x5571bcb3da21 - cmake::fail::h0fb9e2bad905d80e
[INFO] [stderr]     17:     0x5571bcb3d1b7 - cmake::run::hc24fef2d323a7a8c
[INFO] [stderr]     18:     0x5571bcb399f6 - cmake::Config::build::h23ba93427605e6a4
[INFO] [stderr]     19:     0x5571bc6242a0 - build_script_build::main::hc89c870b31ac27b3
[INFO] [stderr]     20:     0x5571bc620e13 - core::ops::function::FnOnce::call_once::h5a91f9ca1f427aac
[INFO] [stderr]     21:     0x5571bc620166 - std::sys_common::backtrace::__rust_begin_short_backtrace::h79ae6b5442a8f644
[INFO] [stderr]     22:     0x5571bc620819 - std::rt::lang_start::{{closure}}::h630033aa2d96af65
[INFO] [stderr]     23:     0x5571bcba62e1 - core::ops::function::impls::<impl core::ops::function::FnOnce<A> for &F>::call_once::h298d8ff12ebcec8c
[INFO] [stderr]                                  at /rustc/268dbbbc4b3fd71c5f360a4d0728295252430b5b/library/core/src/ops/function.rs:284:13
[INFO] [stderr]     24:     0x5571bcba62e1 - std::panicking::try::do_call::hbd0ffb05da5bd343
[INFO] [stderr]                                  at /rustc/268dbbbc4b3fd71c5f360a4d0728295252430b5b/library/std/src/panicking.rs:554:40
[INFO] [stderr]     25:     0x5571bcba62e1 - std::panicking::try::h11c9a152defd5d2a
[INFO] [stderr]                                  at /rustc/268dbbbc4b3fd71c5f360a4d0728295252430b5b/library/std/src/panicking.rs:518:19
[INFO] [stderr]     26:     0x5571bcba62e1 - std::panic::catch_unwind::h0d6db2fa902b4d64
[INFO] [stderr]                                  at /rustc/268dbbbc4b3fd71c5f360a4d0728295252430b5b/library/std/src/panic.rs:142:14
[INFO] [stderr]     27:     0x5571bcba62e1 - std::rt::lang_start_internal::{{closure}}::hdcc09b4aad7ef821
[INFO] [stderr]                                  at /rustc/268dbbbc4b3fd71c5f360a4d0728295252430b5b/library/std/src/rt.rs:148:48
[INFO] [stderr]     28:     0x5571bcba62e1 - std::panicking::try::do_call::h3ffd2f162d60900f
[INFO] [stderr]                                  at /rustc/268dbbbc4b3fd71c5f360a4d0728295252430b5b/library/std/src/panicking.rs:554:40
[INFO] [stderr]     29:     0x5571bcba62e1 - std::panicking::try::heeba82b9c3e190fb
[INFO] [stderr]                                  at /rustc/268dbbbc4b3fd71c5f360a4d0728295252430b5b/library/std/src/panicking.rs:518:19
[INFO] [stderr]     30:     0x5571bcba62e1 - std::panic::catch_unwind::hdaab8f1c188f387f
[INFO] [stderr]                                  at /rustc/268dbbbc4b3fd71c5f360a4d0728295252430b5b/library/std/src/panic.rs:142:14
[INFO] [stderr]     31:     0x5571bcba62e1 - std::rt::lang_start_internal::h9989e088c48b7903
[INFO] [stderr]                                  at /rustc/268dbbbc4b3fd71c5f360a4d0728295252430b5b/library/std/src/rt.rs:148:20
[INFO] [stderr]     32:     0x5571bc6207f7 - std::rt::lang_start::h04067c9f1933927f
[INFO] [stderr]     33:     0x5571bc624c95 - main
[INFO] [stderr]     34:     0x7fe933e22d90 - <unknown>
[INFO] [stderr]     35:     0x7fe933e22e40 - __libc_start_main
[INFO] [stderr]     36:     0x5571bc620095 - _start
[INFO] [stderr]     37:                0x0 - <unknown>
[INFO] running `Command { std: "docker" "inspect" "407faabcc3888cfe54ecdb4ddc6821825a2f24be204546e37b7acf054a620873", kill_on_drop: false }`
[INFO] running `Command { std: "docker" "rm" "-f" "407faabcc3888cfe54ecdb4ddc6821825a2f24be204546e37b7acf054a620873", kill_on_drop: false }`
[INFO] [stdout] 407faabcc3888cfe54ecdb4ddc6821825a2f24be204546e37b7acf054a620873
