[INFO] fetching crate light-curve-dmdt 0.7.1...
[INFO] checking light-curve-dmdt-0.7.1 against nightly-2024-02-05 for check-cfg
[INFO] extracting crate light-curve-dmdt 0.7.1 into /workspace/builds/worker-4-tc1/source
[INFO] validating manifest of crates.io crate light-curve-dmdt 0.7.1 on toolchain nightly-2024-02-05
[INFO] running `Command { std: CARGO_HOME="/workspace/cargo-home" RUSTUP_HOME="/workspace/rustup-home" "/workspace/cargo-home/bin/cargo" "+nightly-2024-02-05" "metadata" "--manifest-path" "Cargo.toml" "--no-deps", kill_on_drop: false }`
[INFO] started tweaking crates.io crate light-curve-dmdt 0.7.1
[INFO] finished tweaking crates.io crate light-curve-dmdt 0.7.1
[INFO] tweaked toml for crates.io crate light-curve-dmdt 0.7.1 written to /workspace/builds/worker-4-tc1/source/Cargo.toml
[INFO] running `Command { std: CARGO_HOME="/workspace/cargo-home" RUSTUP_HOME="/workspace/rustup-home" "/workspace/cargo-home/bin/cargo" "+nightly-2024-02-05" "generate-lockfile" "--manifest-path" "Cargo.toml", kill_on_drop: false }`
[INFO] [stderr]     Updating crates.io index
[INFO] running `Command { std: CARGO_HOME="/workspace/cargo-home" RUSTUP_HOME="/workspace/rustup-home" "/workspace/cargo-home/bin/cargo" "+nightly-2024-02-05" "fetch" "--manifest-path" "Cargo.toml", kill_on_drop: false }`
[INFO] [stderr]  Downloading crates ...
[INFO] [stderr]   Downloaded enum_dispatch v0.3.12
[INFO] [stderr]   Downloaded conv v0.3.3
[INFO] [stderr]   Downloaded special v0.10.3
[INFO] [stderr]   Downloaded mathru v0.14.0
[INFO] running `Command { std: "docker" "create" "-v" "/var/lib/crater-agent-workspace/builds/worker-4-tc1/target:/opt/rustwide/target:rw,Z" "-v" "/var/lib/crater-agent-workspace/builds/worker-4-tc1/source:/opt/rustwide/workdir:ro,Z" "-v" "/var/lib/crater-agent-workspace/cargo-home:/opt/rustwide/cargo-home:ro,Z" "-v" "/var/lib/crater-agent-workspace/rustup-home:/opt/rustwide/rustup-home:ro,Z" "-e" "SOURCE_DIR=/opt/rustwide/workdir" "-e" "CARGO_TARGET_DIR=/opt/rustwide/target" "-e" "CARGO_HOME=/opt/rustwide/cargo-home" "-e" "RUSTUP_HOME=/opt/rustwide/rustup-home" "-w" "/opt/rustwide/workdir" "-m" "1610612736" "--user" "0:0" "--network" "none" "ghcr.io/rust-lang/crates-build-env/linux@sha256:2788e3201cd34a07e3172128adcd8b3090168a8e3bcc40d7c032b9dda1df7d1c" "/opt/rustwide/cargo-home/bin/cargo" "+nightly-2024-02-05" "metadata" "--no-deps" "--format-version=1", kill_on_drop: false }`
[INFO] [stdout] b682c92771ca3e24272eb10e5bca8d7ae1e23c6383e65c69960e94d8af13c068
[INFO] running `Command { std: "docker" "start" "-a" "b682c92771ca3e24272eb10e5bca8d7ae1e23c6383e65c69960e94d8af13c068", kill_on_drop: false }`
[INFO] running `Command { std: "docker" "inspect" "b682c92771ca3e24272eb10e5bca8d7ae1e23c6383e65c69960e94d8af13c068", kill_on_drop: false }`
[INFO] running `Command { std: "docker" "rm" "-f" "b682c92771ca3e24272eb10e5bca8d7ae1e23c6383e65c69960e94d8af13c068", kill_on_drop: false }`
[INFO] [stdout] b682c92771ca3e24272eb10e5bca8d7ae1e23c6383e65c69960e94d8af13c068
[INFO] running `Command { std: "docker" "create" "-v" "/var/lib/crater-agent-workspace/builds/worker-4-tc1/target:/opt/rustwide/target:rw,Z" "-v" "/var/lib/crater-agent-workspace/builds/worker-4-tc1/source:/opt/rustwide/workdir:ro,Z" "-v" "/var/lib/crater-agent-workspace/cargo-home:/opt/rustwide/cargo-home:ro,Z" "-v" "/var/lib/crater-agent-workspace/rustup-home:/opt/rustwide/rustup-home:ro,Z" "-e" "SOURCE_DIR=/opt/rustwide/workdir" "-e" "CARGO_TARGET_DIR=/opt/rustwide/target" "-e" "CARGO_INCREMENTAL=0" "-e" "RUST_BACKTRACE=full" "-e" "RUSTFLAGS=--cap-lints=forbid" "-e" "RUSTDOCFLAGS=--cap-lints=forbid" "-e" "CARGO_HOME=/opt/rustwide/cargo-home" "-e" "RUSTUP_HOME=/opt/rustwide/rustup-home" "-w" "/opt/rustwide/workdir" "-m" "1610612736" "--user" "0:0" "--network" "none" "ghcr.io/rust-lang/crates-build-env/linux@sha256:2788e3201cd34a07e3172128adcd8b3090168a8e3bcc40d7c032b9dda1df7d1c" "/opt/rustwide/cargo-home/bin/cargo" "+nightly-2024-02-05" "check" "--frozen" "--all" "--all-targets" "--message-format=json", kill_on_drop: false }`
[INFO] [stdout] 25eb8bc107a8b3f3e213b5a74b0e674d8eb3b7918bb745ad53dbd78282e461c0
[INFO] running `Command { std: "docker" "start" "-a" "25eb8bc107a8b3f3e213b5a74b0e674d8eb3b7918bb745ad53dbd78282e461c0", kill_on_drop: false }`
[INFO] [stderr]    Compiling matrixmultiply v0.3.8
[INFO] [stderr]    Compiling libm v0.2.8
[INFO] [stderr]     Checking rawpointer v0.2.1
[INFO] [stderr]    Compiling syn v2.0.48
[INFO] [stderr]     Checking num-integer v0.1.45
[INFO] [stderr]     Checking num-complex v0.4.4
[INFO] [stderr]     Checking custom_derive v0.1.7
[INFO] [stderr]     Checking atty v0.2.14
[INFO] [stderr]     Checking approx v0.5.1
[INFO] [stderr]     Checking conv v0.3.3
[INFO] [stderr]     Checking ndarray v0.15.6
[INFO] [stderr]     Checking mathru v0.14.0
[INFO] [stderr]     Checking special v0.10.3
[INFO] [stderr]    Compiling serde_derive v1.0.196
[INFO] [stderr]    Compiling thiserror-impl v1.0.56
[INFO] [stderr]    Compiling enum_dispatch v0.3.12
[INFO] [stderr]     Checking thiserror v1.0.56
[INFO] [stderr]     Checking light-curve-dmdt v0.7.1 (/opt/rustwide/workdir)
[INFO] [stderr]     Checking serde v1.0.196
[INFO] [stderr]     Checking serde_json v1.0.113
[INFO] [stderr]     Checking ciborium v0.2.2
[INFO] [stderr]     Checking tinytemplate v1.2.1
[INFO] [stderr]     Checking criterion v0.4.0
[INFO] [stdout] error[E0405]: cannot find trait `Serialize` in this scope
[INFO] [stdout]    --> src/dmdt.rs:232:59
[INFO] [stdout]     |
[INFO] [stdout] 232 |     assert_impl_all!(DmDt<f32>: Clone, Debug, Send, Sync, Serialize, Deserialize<'static>);
[INFO] [stdout]     |                                                           ^^^^^^^^^ not found in this scope
[INFO] [stdout] 
[INFO] [stdout] 
[INFO] [stdout] error[E0405]: cannot find trait `Deserialize` in this scope
[INFO] [stdout]    --> src/dmdt.rs:232:70
[INFO] [stdout]     |
[INFO] [stdout] 232 |     assert_impl_all!(DmDt<f32>: Clone, Debug, Send, Sync, Serialize, Deserialize<'static>);
[INFO] [stdout]     |                                                                      ^^^^^^^^^^^ not found in this scope
[INFO] [stdout] 
[INFO] [stdout] 
[INFO] [stdout] error[E0405]: cannot find trait `Serialize` in this scope
[INFO] [stdout]    --> src/dmdt.rs:233:59
[INFO] [stdout]     |
[INFO] [stdout] 233 |     assert_impl_all!(DmDt<f64>: Clone, Debug, Send, Sync, Serialize, Deserialize<'static>);
[INFO] [stdout]     |                                                           ^^^^^^^^^ not found in this scope
[INFO] [stdout] 
[INFO] [stdout] 
[INFO] [stdout] error[E0405]: cannot find trait `Deserialize` in this scope
[INFO] [stdout]    --> src/dmdt.rs:233:70
[INFO] [stdout]     |
[INFO] [stdout] 233 |     assert_impl_all!(DmDt<f64>: Clone, Debug, Send, Sync, Serialize, Deserialize<'static>);
[INFO] [stdout]     |                                                                      ^^^^^^^^^^^ not found in this scope
[INFO] [stdout] 
[INFO] [stdout] 
[INFO] [stdout] error: aborting due to 4 previous errors
[INFO] [stdout] 
[INFO] [stdout] 
[INFO] [stdout] For more information about this error, try `rustc --explain E0405`.
[INFO] [stdout] 
[INFO] [stderr] error: could not compile `light-curve-dmdt` (lib test) due to 5 previous errors
[INFO] [stderr] warning: build failed, waiting for other jobs to finish...
[INFO] running `Command { std: "docker" "inspect" "25eb8bc107a8b3f3e213b5a74b0e674d8eb3b7918bb745ad53dbd78282e461c0", kill_on_drop: false }`
[INFO] running `Command { std: "docker" "rm" "-f" "25eb8bc107a8b3f3e213b5a74b0e674d8eb3b7918bb745ad53dbd78282e461c0", kill_on_drop: false }`
[INFO] [stdout] 25eb8bc107a8b3f3e213b5a74b0e674d8eb3b7918bb745ad53dbd78282e461c0
[INFO] checking light-curve-dmdt-0.7.1 against nightly-2024-02-05+rustflags=-Dunexpected_cfgs+cargoflags=-Zcheck-cfg for check-cfg
[INFO] extracting crate light-curve-dmdt 0.7.1 into /workspace/builds/worker-4-tc2/source
[INFO] validating manifest of crates.io crate light-curve-dmdt 0.7.1 on toolchain nightly-2024-02-05
[INFO] running `Command { std: CARGO_HOME="/workspace/cargo-home" RUSTUP_HOME="/workspace/rustup-home" "/workspace/cargo-home/bin/cargo" "+nightly-2024-02-05" "metadata" "--manifest-path" "Cargo.toml" "--no-deps", kill_on_drop: false }`
[INFO] started tweaking crates.io crate light-curve-dmdt 0.7.1
[INFO] finished tweaking crates.io crate light-curve-dmdt 0.7.1
[INFO] tweaked toml for crates.io crate light-curve-dmdt 0.7.1 written to /workspace/builds/worker-4-tc2/source/Cargo.toml
[INFO] running `Command { std: CARGO_HOME="/workspace/cargo-home" RUSTUP_HOME="/workspace/rustup-home" "/workspace/cargo-home/bin/cargo" "+nightly-2024-02-05" "generate-lockfile" "--manifest-path" "Cargo.toml", kill_on_drop: false }`
[INFO] [stderr]     Updating crates.io index
[INFO] running `Command { std: CARGO_HOME="/workspace/cargo-home" RUSTUP_HOME="/workspace/rustup-home" "/workspace/cargo-home/bin/cargo" "+nightly-2024-02-05" "fetch" "--manifest-path" "Cargo.toml", kill_on_drop: false }`
[INFO] running `Command { std: "docker" "create" "-v" "/var/lib/crater-agent-workspace/builds/worker-4-tc2/target:/opt/rustwide/target:rw,Z" "-v" "/var/lib/crater-agent-workspace/builds/worker-4-tc2/source:/opt/rustwide/workdir:ro,Z" "-v" "/var/lib/crater-agent-workspace/cargo-home:/opt/rustwide/cargo-home:ro,Z" "-v" "/var/lib/crater-agent-workspace/rustup-home:/opt/rustwide/rustup-home:ro,Z" "-e" "SOURCE_DIR=/opt/rustwide/workdir" "-e" "CARGO_TARGET_DIR=/opt/rustwide/target" "-e" "CARGO_HOME=/opt/rustwide/cargo-home" "-e" "RUSTUP_HOME=/opt/rustwide/rustup-home" "-w" "/opt/rustwide/workdir" "-m" "1610612736" "--user" "0:0" "--network" "none" "ghcr.io/rust-lang/crates-build-env/linux@sha256:2788e3201cd34a07e3172128adcd8b3090168a8e3bcc40d7c032b9dda1df7d1c" "/opt/rustwide/cargo-home/bin/cargo" "+nightly-2024-02-05" "metadata" "--no-deps" "--format-version=1", kill_on_drop: false }`
[INFO] [stdout] 0930616377b7b31030c09c5d2e3518f738f5c7f707e064c724e817f4dea9fb97
[INFO] running `Command { std: "docker" "start" "-a" "0930616377b7b31030c09c5d2e3518f738f5c7f707e064c724e817f4dea9fb97", kill_on_drop: false }`
[INFO] running `Command { std: "docker" "inspect" "0930616377b7b31030c09c5d2e3518f738f5c7f707e064c724e817f4dea9fb97", kill_on_drop: false }`
[INFO] running `Command { std: "docker" "rm" "-f" "0930616377b7b31030c09c5d2e3518f738f5c7f707e064c724e817f4dea9fb97", kill_on_drop: false }`
[INFO] [stdout] 0930616377b7b31030c09c5d2e3518f738f5c7f707e064c724e817f4dea9fb97
[INFO] running `Command { std: "docker" "create" "-v" "/var/lib/crater-agent-workspace/builds/worker-4-tc2/target:/opt/rustwide/target:rw,Z" "-v" "/var/lib/crater-agent-workspace/builds/worker-4-tc2/source:/opt/rustwide/workdir:ro,Z" "-v" "/var/lib/crater-agent-workspace/cargo-home:/opt/rustwide/cargo-home:ro,Z" "-v" "/var/lib/crater-agent-workspace/rustup-home:/opt/rustwide/rustup-home:ro,Z" "-e" "SOURCE_DIR=/opt/rustwide/workdir" "-e" "CARGO_TARGET_DIR=/opt/rustwide/target" "-e" "CARGO_INCREMENTAL=0" "-e" "RUST_BACKTRACE=full" "-e" "RUSTFLAGS=--cap-lints=forbid -Dunexpected_cfgs" "-e" "RUSTDOCFLAGS=--cap-lints=forbid" "-e" "CARGO_HOME=/opt/rustwide/cargo-home" "-e" "RUSTUP_HOME=/opt/rustwide/rustup-home" "-w" "/opt/rustwide/workdir" "-m" "1610612736" "--user" "0:0" "--network" "none" "ghcr.io/rust-lang/crates-build-env/linux@sha256:2788e3201cd34a07e3172128adcd8b3090168a8e3bcc40d7c032b9dda1df7d1c" "/opt/rustwide/cargo-home/bin/cargo" "+nightly-2024-02-05" "check" "--frozen" "--all" "--all-targets" "--message-format=json" "-Zcheck-cfg", kill_on_drop: false }`
[INFO] [stdout] 05d99c06b03bb750cee8086edeeacb5ab4dfe9b3f090e44a588cee5cb7819837
[INFO] running `Command { std: "docker" "start" "-a" "05d99c06b03bb750cee8086edeeacb5ab4dfe9b3f090e44a588cee5cb7819837", kill_on_drop: false }`
[INFO] [stderr]    Compiling matrixmultiply v0.3.8
[INFO] [stderr]     Checking rawpointer v0.2.1
[INFO] [stderr]    Compiling libm v0.2.8
[INFO] [stderr]    Compiling syn v2.0.48
[INFO] [stderr]     Checking num-integer v0.1.45
[INFO] [stderr]     Checking num-complex v0.4.4
[INFO] [stderr]     Checking custom_derive v0.1.7
[INFO] [stderr]     Checking atty v0.2.14
[INFO] [stderr]     Checking approx v0.5.1
[INFO] [stderr]     Checking conv v0.3.3
[INFO] [stderr]     Checking ndarray v0.15.6
[INFO] [stderr]     Checking mathru v0.14.0
[INFO] [stderr]     Checking special v0.10.3
[INFO] [stderr]    Compiling serde_derive v1.0.196
[INFO] [stderr]    Compiling thiserror-impl v1.0.56
[INFO] [stderr]    Compiling enum_dispatch v0.3.12
[INFO] [stderr]     Checking thiserror v1.0.56
[INFO] [stderr]     Checking light-curve-dmdt v0.7.1 (/opt/rustwide/workdir)
[INFO] [stderr]     Checking serde v1.0.196
[INFO] [stderr]     Checking serde_json v1.0.113
[INFO] [stderr]     Checking ciborium v0.2.2
[INFO] [stderr]     Checking tinytemplate v1.2.1
[INFO] [stderr]     Checking criterion v0.4.0
[INFO] [stdout] error[E0405]: cannot find trait `Serialize` in this scope
[INFO] [stdout]    --> src/dmdt.rs:232:59
[INFO] [stdout]     |
[INFO] [stdout] 232 |     assert_impl_all!(DmDt<f32>: Clone, Debug, Send, Sync, Serialize, Deserialize<'static>);
[INFO] [stdout]     |                                                           ^^^^^^^^^ not found in this scope
[INFO] [stdout] 
[INFO] [stdout] 
[INFO] [stdout] error[E0405]: cannot find trait `Deserialize` in this scope
[INFO] [stdout]    --> src/dmdt.rs:232:70
[INFO] [stdout]     |
[INFO] [stdout] 232 |     assert_impl_all!(DmDt<f32>: Clone, Debug, Send, Sync, Serialize, Deserialize<'static>);
[INFO] [stdout]     |                                                                      ^^^^^^^^^^^ not found in this scope
[INFO] [stdout] 
[INFO] [stdout] 
[INFO] [stdout] error[E0405]: cannot find trait `Serialize` in this scope
[INFO] [stdout]    --> src/dmdt.rs:233:59
[INFO] [stdout]     |
[INFO] [stdout] 233 |     assert_impl_all!(DmDt<f64>: Clone, Debug, Send, Sync, Serialize, Deserialize<'static>);
[INFO] [stdout]     |                                                           ^^^^^^^^^ not found in this scope
[INFO] [stdout] 
[INFO] [stdout] 
[INFO] [stdout] error[E0405]: cannot find trait `Deserialize` in this scope
[INFO] [stdout]    --> src/dmdt.rs:233:70
[INFO] [stdout]     |
[INFO] [stdout] 233 |     assert_impl_all!(DmDt<f64>: Clone, Debug, Send, Sync, Serialize, Deserialize<'static>);
[INFO] [stdout]     |                                                                      ^^^^^^^^^^^ not found in this scope
[INFO] [stdout] 
[INFO] [stdout] 
[INFO] [stdout] error: aborting due to 4 previous errors
[INFO] [stdout] 
[INFO] [stdout] 
[INFO] [stdout] For more information about this error, try `rustc --explain E0405`.
[INFO] [stdout] 
[INFO] [stderr] error: could not compile `light-curve-dmdt` (lib test) due to 5 previous errors
[INFO] [stderr] warning: build failed, waiting for other jobs to finish...
[INFO] running `Command { std: "docker" "inspect" "05d99c06b03bb750cee8086edeeacb5ab4dfe9b3f090e44a588cee5cb7819837", kill_on_drop: false }`
[INFO] running `Command { std: "docker" "rm" "-f" "05d99c06b03bb750cee8086edeeacb5ab4dfe9b3f090e44a588cee5cb7819837", kill_on_drop: false }`
[INFO] [stdout] 05d99c06b03bb750cee8086edeeacb5ab4dfe9b3f090e44a588cee5cb7819837
