[INFO] fetching crate libunftp 0.19.0...
[INFO] checking libunftp-0.19.0 against nightly-2024-02-05 for check-cfg
[INFO] extracting crate libunftp 0.19.0 into /workspace/builds/worker-1-tc1/source
[INFO] validating manifest of crates.io crate libunftp 0.19.0 on toolchain nightly-2024-02-05
[INFO] running `Command { std: CARGO_HOME="/workspace/cargo-home" RUSTUP_HOME="/workspace/rustup-home" "/workspace/cargo-home/bin/cargo" "+nightly-2024-02-05" "metadata" "--manifest-path" "Cargo.toml" "--no-deps", kill_on_drop: false }`
[INFO] started tweaking crates.io crate libunftp 0.19.0
[INFO] finished tweaking crates.io crate libunftp 0.19.0
[INFO] tweaked toml for crates.io crate libunftp 0.19.0 written to /workspace/builds/worker-1-tc1/source/Cargo.toml
[INFO] running `Command { std: CARGO_HOME="/workspace/cargo-home" RUSTUP_HOME="/workspace/rustup-home" "/workspace/cargo-home/bin/cargo" "+nightly-2024-02-05" "generate-lockfile" "--manifest-path" "Cargo.toml", kill_on_drop: false }`
[INFO] [stderr]     Updating crates.io index
[INFO] running `Command { std: CARGO_HOME="/workspace/cargo-home" RUSTUP_HOME="/workspace/rustup-home" "/workspace/cargo-home/bin/cargo" "+nightly-2024-02-05" "fetch" "--manifest-path" "Cargo.toml", kill_on_drop: false }`
[INFO] [stderr]     Blocking waiting for file lock on package cache
[INFO] [stderr]     Blocking waiting for file lock on package cache
[INFO] [stderr]  Downloading crates ...
[INFO] [stderr]   Downloaded doc-comment v0.3.3
[INFO] [stderr]   Downloaded pretty_assertions v1.4.0
[INFO] [stderr]   Downloaded asn1-rs-impl v0.1.0
[INFO] [stderr]   Downloaded rusticata-macros v4.1.0
[INFO] [stderr]   Downloaded snafu v0.6.10
[INFO] [stderr]   Downloaded asn1-rs-derive v0.4.0
[INFO] [stderr]   Downloaded scheduled-thread-pool v0.2.7
[INFO] [stderr]   Downloaded tagptr v0.2.0
[INFO] [stderr]   Downloaded time-macros v0.2.17
[INFO] [stderr]   Downloaded displaydoc v0.2.4
[INFO] [stderr]   Downloaded der-parser v8.2.0
[INFO] [stderr]   Downloaded x509-parser v0.14.0
[INFO] [stderr]   Downloaded arc-swap v1.6.0
[INFO] [stderr]   Downloaded moka v0.11.3
[INFO] [stderr]   Downloaded pulldown-cmark v0.9.6
[INFO] [stderr]   Downloaded error-chain v0.12.4
[INFO] [stderr]   Downloaded camino v1.1.6
[INFO] [stderr]   Downloaded triomphe v0.1.11
[INFO] [stderr]   Downloaded diff v0.1.13
[INFO] [stderr]   Downloaded yansi v0.5.1
[INFO] [stderr]   Downloaded prometheus v0.13.3
[INFO] [stderr]   Downloaded snafu-derive v0.6.10
[INFO] [stderr]   Downloaded proxy-protocol v0.5.0
[INFO] [stderr]   Downloaded slog-stdlog v4.1.1
[INFO] [stderr]   Downloaded cargo-platform v0.1.6
[INFO] [stderr]   Downloaded asn1-rs v0.5.2
[INFO] [stderr]   Downloaded cargo_metadata v0.14.2
[INFO] [stderr]   Downloaded slog-scope v4.4.0
[INFO] [stderr]   Downloaded skeptic v0.13.7
[INFO] [stderr]   Downloaded oid-registry v0.6.1
[INFO] [stderr]   Downloaded slog v2.7.0
[INFO] running `Command { std: "docker" "create" "-v" "/var/lib/crater-agent-workspace/builds/worker-1-tc1/target:/opt/rustwide/target:rw,Z" "-v" "/var/lib/crater-agent-workspace/builds/worker-1-tc1/source:/opt/rustwide/workdir:ro,Z" "-v" "/var/lib/crater-agent-workspace/cargo-home:/opt/rustwide/cargo-home:ro,Z" "-v" "/var/lib/crater-agent-workspace/rustup-home:/opt/rustwide/rustup-home:ro,Z" "-e" "SOURCE_DIR=/opt/rustwide/workdir" "-e" "CARGO_TARGET_DIR=/opt/rustwide/target" "-e" "CARGO_HOME=/opt/rustwide/cargo-home" "-e" "RUSTUP_HOME=/opt/rustwide/rustup-home" "-w" "/opt/rustwide/workdir" "-m" "1610612736" "--user" "0:0" "--network" "none" "ghcr.io/rust-lang/crates-build-env/linux@sha256:2788e3201cd34a07e3172128adcd8b3090168a8e3bcc40d7c032b9dda1df7d1c" "/opt/rustwide/cargo-home/bin/cargo" "+nightly-2024-02-05" "metadata" "--no-deps" "--format-version=1", kill_on_drop: false }`
[INFO] [stdout] 1836c1344f90f1c3b4a563008660324f57b53fde8fe289688e13db935ea3b051
[INFO] running `Command { std: "docker" "start" "-a" "1836c1344f90f1c3b4a563008660324f57b53fde8fe289688e13db935ea3b051", kill_on_drop: false }`
[INFO] running `Command { std: "docker" "inspect" "1836c1344f90f1c3b4a563008660324f57b53fde8fe289688e13db935ea3b051", kill_on_drop: false }`
[INFO] running `Command { std: "docker" "rm" "-f" "1836c1344f90f1c3b4a563008660324f57b53fde8fe289688e13db935ea3b051", kill_on_drop: false }`
[INFO] [stdout] 1836c1344f90f1c3b4a563008660324f57b53fde8fe289688e13db935ea3b051
[INFO] running `Command { std: "docker" "create" "-v" "/var/lib/crater-agent-workspace/builds/worker-1-tc1/target:/opt/rustwide/target:rw,Z" "-v" "/var/lib/crater-agent-workspace/builds/worker-1-tc1/source:/opt/rustwide/workdir:ro,Z" "-v" "/var/lib/crater-agent-workspace/cargo-home:/opt/rustwide/cargo-home:ro,Z" "-v" "/var/lib/crater-agent-workspace/rustup-home:/opt/rustwide/rustup-home:ro,Z" "-e" "SOURCE_DIR=/opt/rustwide/workdir" "-e" "CARGO_TARGET_DIR=/opt/rustwide/target" "-e" "CARGO_INCREMENTAL=0" "-e" "RUST_BACKTRACE=full" "-e" "RUSTFLAGS=--cap-lints=forbid" "-e" "RUSTDOCFLAGS=--cap-lints=forbid" "-e" "CARGO_HOME=/opt/rustwide/cargo-home" "-e" "RUSTUP_HOME=/opt/rustwide/rustup-home" "-w" "/opt/rustwide/workdir" "-m" "1610612736" "--user" "0:0" "--network" "none" "ghcr.io/rust-lang/crates-build-env/linux@sha256:2788e3201cd34a07e3172128adcd8b3090168a8e3bcc40d7c032b9dda1df7d1c" "/opt/rustwide/cargo-home/bin/cargo" "+nightly-2024-02-05" "check" "--frozen" "--all" "--all-targets" "--message-format=json", kill_on_drop: false }`
[INFO] [stdout] fc4dce723093a87b5fcb82fe3e7004bafc2cfbe7c2ecc962a9c2691e3614e64d
[INFO] running `Command { std: "docker" "start" "-a" "fc4dce723093a87b5fcb82fe3e7004bafc2cfbe7c2ecc962a9c2691e3614e64d", kill_on_drop: false }`
[INFO] [stderr]    Compiling num-conv v0.1.0
[INFO] [stderr]     Checking smallvec v1.13.1
[INFO] [stderr]    Compiling unicode-xid v0.2.4
[INFO] [stderr]    Compiling time-core v0.1.2
[INFO] [stderr]     Checking getrandom v0.2.12
[INFO] [stderr]    Compiling thiserror-impl v1.0.56
[INFO] [stderr]    Compiling asn1-rs-impl v0.1.0
[INFO] [stderr]    Compiling displaydoc v0.2.4
[INFO] [stderr]     Checking rusticata-macros v4.1.0
[INFO] [stderr]    Compiling slog v2.7.0
[INFO] [stderr]    Compiling doc-comment v0.3.3
[INFO] [stderr]    Compiling tokio-macros v2.2.0
[INFO] [stderr]     Checking log v0.4.20
[INFO] [stderr]    Compiling rustls v0.21.10
[INFO] [stderr]    Compiling oid-registry v0.6.1
[INFO] [stderr]    Compiling snafu-derive v0.6.10
[INFO] [stderr]    Compiling synstructure v0.12.6
[INFO] [stderr]     Checking ring v0.17.7
[INFO] [stderr]    Compiling moka v0.11.3
[INFO] [stderr]    Compiling prometheus v0.13.3
[INFO] [stderr]    Compiling time-macros v0.2.17
[INFO] [stderr]     Checking parking_lot_core v0.9.9
[INFO] [stderr]     Checking arc-swap v1.6.0
[INFO] [stderr]     Checking tracing v0.1.40
[INFO] [stderr]     Checking uuid v1.7.0
[INFO] [stderr]     Checking digest v0.10.7
[INFO] [stderr]     Checking parking_lot v0.12.1
[INFO] [stderr]     Checking crossbeam-channel v0.5.11
[INFO] [stderr]     Checking crossbeam-epoch v0.9.18
[INFO] [stderr]     Checking triomphe v0.1.11
[INFO] [stderr]     Checking data-encoding v2.5.0
[INFO] [stderr]     Checking futures-task v0.3.30
[INFO] [stderr]     Checking slog-scope v4.4.0
[INFO] [stderr]     Checking hashbrown v0.14.3
[INFO] [stderr]     Checking scheduled-thread-pool v0.2.7
[INFO] [stderr]     Checking base64 v0.13.1
[INFO] [stderr]     Checking tagptr v0.2.0
[INFO] [stderr]     Checking futures-util v0.3.30
[INFO] [stderr]     Checking slog-stdlog v4.1.1
[INFO] [stderr]    Compiling derive_more v0.99.17
[INFO] [stderr]     Checking chrono v0.4.33
[INFO] [stderr]     Checking md-5 v0.10.6
[INFO] [stderr]    Compiling async-trait v0.1.77
[INFO] [stderr]    Compiling tracing-attributes v0.1.27
[INFO] [stderr]     Checking yansi v0.5.1
[INFO] [stderr]     Checking diff v0.1.13
[INFO] [stderr]    Compiling asn1-rs-derive v0.4.0
[INFO] [stderr]     Checking pretty_assertions v1.4.0
[INFO] [stderr]     Checking sct v0.7.1
[INFO] [stderr]     Checking rustls-webpki v0.101.7
[INFO] [stderr]     Checking tokio v1.36.0
[INFO] [stderr]     Checking dashmap v5.5.3
[INFO] [stderr]     Checking time v0.3.34
[INFO] [stderr]     Checking thiserror v1.0.56
[INFO] [stderr]     Checking snafu v0.6.10
[INFO] [stderr]     Checking proxy-protocol v0.5.0
[INFO] [stderr]     Checking asn1-rs v0.5.2
[INFO] [stderr]     Checking der-parser v8.2.0
[INFO] [stderr]     Checking tokio-util v0.7.10
[INFO] [stderr]     Checking tokio-rustls v0.24.1
[INFO] [stderr]     Checking x509-parser v0.14.0
[INFO] [stderr]     Checking libunftp v0.19.0 (/opt/rustwide/workdir)
[INFO] [stdout] error[E0432]: unresolved import `unftp_sbe_fs`
[INFO] [stdout]  --> tests/common.rs:7:5
[INFO] [stdout]   |
[INFO] [stdout] 7 | use unftp_sbe_fs::ServerExt;
[INFO] [stdout]   |     ^^^^^^^^^^^^ use of undeclared crate or module `unftp_sbe_fs`
[INFO] [stdout] 
[INFO] [stdout] 
[INFO] [stdout] error[E0432]: unresolved import `unftp_sbe_fs`
[INFO] [stdout]  --> tests/common.rs:7:5
[INFO] [stdout]   |
[INFO] [stdout] 7 | use unftp_sbe_fs::ServerExt;
[INFO] [stdout]   |     ^^^^^^^^^^^^ use of undeclared crate or module `unftp_sbe_fs`
[INFO] [stdout] 
[INFO] [stdout] 
[INFO] [stdout] error[E0599]: no function or associated item named `with_fs` found for struct `Server` in the current scope
[INFO] [stdout]    --> tests/common.rs:15:36
[INFO] [stdout]     |
[INFO] [stdout] 15  |     let server = libunftp::Server::with_fs(std::env::temp_dir())
[INFO] [stdout]     |                                    ^^^^^^^ function or associated item not found in `Server<_, _>`
[INFO] [stdout]     |
[INFO] [stdout] note: if you're trying to build a new `Server<_, _>` consider using one of the following associated functions:
[INFO] [stdout]       Server::<Storage, User>::new
[INFO] [stdout]       Server::<Storage, User>::with_authenticator
[INFO] [stdout]    --> /opt/rustwide/workdir/src/server/ftpserver.rs:91:5
[INFO] [stdout]     |
[INFO] [stdout] 91  | /     pub fn new(sbe_generator: Box<dyn (Fn() -> Storage) + Send + Sync>) -> Self
[INFO] [stdout] 92  | |     where
[INFO] [stdout] 93  | |         AnonymousAuthenticator: Authenticator<User>,
[INFO] [stdout]     | |____________________________________________________^
[INFO] [stdout] ...
[INFO] [stdout] 103 |       pub fn with_authenticator(sbe_generator: Box<dyn (Fn() -> Storage) + Send + Sync>, authenticator: Arc<dyn Authenticator<User> + Send + Sync>) -> Sel...
[INFO] [stdout]     |       ^^^^^^^^^^^^^^^^^^^^^^^^^^^^^^^^^^^^^^^^^^^^^^^^^^^^^^^^^^^^^^^^^^^^^^^^^^^^^^^^^^^^^^^^^^^^^^^^^^^^^^^^^^^^^^^^^^^^^^^^^^^^^^^^^^^^^^^^^^^^^^^^^^^^^
[INFO] [stdout] 
[INFO] [stdout] 
[INFO] [stdout] error[E0599]: no function or associated item named `with_fs` found for struct `Server` in the current scope
[INFO] [stdout]    --> tests/common.rs:15:36
[INFO] [stdout]     |
[INFO] [stdout] 15  |     let server = libunftp::Server::with_fs(std::env::temp_dir())
[INFO] [stdout]     |                                    ^^^^^^^ function or associated item not found in `Server<_, _>`
[INFO] [stdout]     |
[INFO] [stdout] note: if you're trying to build a new `Server<_, _>` consider using one of the following associated functions:
[INFO] [stdout]       Server::<Storage, User>::new
[INFO] [stdout]       Server::<Storage, User>::with_authenticator
[INFO] [stdout]    --> /opt/rustwide/workdir/src/server/ftpserver.rs:91:5
[INFO] [stdout]     |
[INFO] [stdout] 91  | /     pub fn new(sbe_generator: Box<dyn (Fn() -> Storage) + Send + Sync>) -> Self
[INFO] [stdout] 92  | |     where
[INFO] [stdout] 93  | |         AnonymousAuthenticator: Authenticator<User>,
[INFO] [stdout]     | |____________________________________________________^
[INFO] [stdout] ...
[INFO] [stdout] 103 |       pub fn with_authenticator(sbe_generator: Box<dyn (Fn() -> Storage) + Send + Sync>, authenticator: Arc<dyn Authenticator<User> + Send + Sync>) -> Sel...
[INFO] [stdout]     |       ^^^^^^^^^^^^^^^^^^^^^^^^^^^^^^^^^^^^^^^^^^^^^^^^^^^^^^^^^^^^^^^^^^^^^^^^^^^^^^^^^^^^^^^^^^^^^^^^^^^^^^^^^^^^^^^^^^^^^^^^^^^^^^^^^^^^^^^^^^^^^^^^^^^^^
[INFO] [stdout] 
[INFO] [stdout] 
[INFO] [stdout] error: aborting due to 2 previous errors
[INFO] [stdout] 
[INFO] [stdout] 
[INFO] [stdout] Some errors have detailed explanations: E0432, E0599.
[INFO] [stdout] 
[INFO] [stdout] For more information about an error, try `rustc --explain E0432`.
[INFO] [stdout] 
[INFO] [stderr] error: could not compile `libunftp` (test "common") due to 3 previous errors
[INFO] [stderr] warning: build failed, waiting for other jobs to finish...
[INFO] [stdout] error: aborting due to 2 previous errors
[INFO] [stdout] 
[INFO] [stdout] 
[INFO] [stdout] Some errors have detailed explanations: E0432, E0599.
[INFO] [stdout] 
[INFO] [stdout] For more information about an error, try `rustc --explain E0432`.
[INFO] [stdout] 
[INFO] [stderr] error: could not compile `libunftp` (test "pass_security") due to 3 previous errors
[INFO] running `Command { std: "docker" "inspect" "fc4dce723093a87b5fcb82fe3e7004bafc2cfbe7c2ecc962a9c2691e3614e64d", kill_on_drop: false }`
[INFO] running `Command { std: "docker" "rm" "-f" "fc4dce723093a87b5fcb82fe3e7004bafc2cfbe7c2ecc962a9c2691e3614e64d", kill_on_drop: false }`
[INFO] [stdout] fc4dce723093a87b5fcb82fe3e7004bafc2cfbe7c2ecc962a9c2691e3614e64d
[INFO] checking libunftp-0.19.0 against nightly-2024-02-05+rustflags=-Dunexpected_cfgs+cargoflags=-Zcheck-cfg for check-cfg
[INFO] extracting crate libunftp 0.19.0 into /workspace/builds/worker-1-tc2/source
[INFO] validating manifest of crates.io crate libunftp 0.19.0 on toolchain nightly-2024-02-05
[INFO] running `Command { std: CARGO_HOME="/workspace/cargo-home" RUSTUP_HOME="/workspace/rustup-home" "/workspace/cargo-home/bin/cargo" "+nightly-2024-02-05" "metadata" "--manifest-path" "Cargo.toml" "--no-deps", kill_on_drop: false }`
[INFO] started tweaking crates.io crate libunftp 0.19.0
[INFO] finished tweaking crates.io crate libunftp 0.19.0
[INFO] tweaked toml for crates.io crate libunftp 0.19.0 written to /workspace/builds/worker-1-tc2/source/Cargo.toml
[INFO] running `Command { std: CARGO_HOME="/workspace/cargo-home" RUSTUP_HOME="/workspace/rustup-home" "/workspace/cargo-home/bin/cargo" "+nightly-2024-02-05" "generate-lockfile" "--manifest-path" "Cargo.toml", kill_on_drop: false }`
[INFO] [stderr]     Updating crates.io index
[INFO] running `Command { std: CARGO_HOME="/workspace/cargo-home" RUSTUP_HOME="/workspace/rustup-home" "/workspace/cargo-home/bin/cargo" "+nightly-2024-02-05" "fetch" "--manifest-path" "Cargo.toml", kill_on_drop: false }`
[INFO] running `Command { std: "docker" "create" "-v" "/var/lib/crater-agent-workspace/builds/worker-1-tc2/target:/opt/rustwide/target:rw,Z" "-v" "/var/lib/crater-agent-workspace/builds/worker-1-tc2/source:/opt/rustwide/workdir:ro,Z" "-v" "/var/lib/crater-agent-workspace/cargo-home:/opt/rustwide/cargo-home:ro,Z" "-v" "/var/lib/crater-agent-workspace/rustup-home:/opt/rustwide/rustup-home:ro,Z" "-e" "SOURCE_DIR=/opt/rustwide/workdir" "-e" "CARGO_TARGET_DIR=/opt/rustwide/target" "-e" "CARGO_HOME=/opt/rustwide/cargo-home" "-e" "RUSTUP_HOME=/opt/rustwide/rustup-home" "-w" "/opt/rustwide/workdir" "-m" "1610612736" "--user" "0:0" "--network" "none" "ghcr.io/rust-lang/crates-build-env/linux@sha256:2788e3201cd34a07e3172128adcd8b3090168a8e3bcc40d7c032b9dda1df7d1c" "/opt/rustwide/cargo-home/bin/cargo" "+nightly-2024-02-05" "metadata" "--no-deps" "--format-version=1", kill_on_drop: false }`
[INFO] [stdout] e4f0b4c849ea2e0cb0fab954d702ff90d5d37635f597e48dae50a85ae8f2cc65
[INFO] running `Command { std: "docker" "start" "-a" "e4f0b4c849ea2e0cb0fab954d702ff90d5d37635f597e48dae50a85ae8f2cc65", kill_on_drop: false }`
[INFO] running `Command { std: "docker" "inspect" "e4f0b4c849ea2e0cb0fab954d702ff90d5d37635f597e48dae50a85ae8f2cc65", kill_on_drop: false }`
[INFO] running `Command { std: "docker" "rm" "-f" "e4f0b4c849ea2e0cb0fab954d702ff90d5d37635f597e48dae50a85ae8f2cc65", kill_on_drop: false }`
[INFO] [stdout] e4f0b4c849ea2e0cb0fab954d702ff90d5d37635f597e48dae50a85ae8f2cc65
[INFO] running `Command { std: "docker" "create" "-v" "/var/lib/crater-agent-workspace/builds/worker-1-tc2/target:/opt/rustwide/target:rw,Z" "-v" "/var/lib/crater-agent-workspace/builds/worker-1-tc2/source:/opt/rustwide/workdir:ro,Z" "-v" "/var/lib/crater-agent-workspace/cargo-home:/opt/rustwide/cargo-home:ro,Z" "-v" "/var/lib/crater-agent-workspace/rustup-home:/opt/rustwide/rustup-home:ro,Z" "-e" "SOURCE_DIR=/opt/rustwide/workdir" "-e" "CARGO_TARGET_DIR=/opt/rustwide/target" "-e" "CARGO_INCREMENTAL=0" "-e" "RUST_BACKTRACE=full" "-e" "RUSTFLAGS=--cap-lints=forbid -Dunexpected_cfgs" "-e" "RUSTDOCFLAGS=--cap-lints=forbid" "-e" "CARGO_HOME=/opt/rustwide/cargo-home" "-e" "RUSTUP_HOME=/opt/rustwide/rustup-home" "-w" "/opt/rustwide/workdir" "-m" "1610612736" "--user" "0:0" "--network" "none" "ghcr.io/rust-lang/crates-build-env/linux@sha256:2788e3201cd34a07e3172128adcd8b3090168a8e3bcc40d7c032b9dda1df7d1c" "/opt/rustwide/cargo-home/bin/cargo" "+nightly-2024-02-05" "check" "--frozen" "--all" "--all-targets" "--message-format=json" "-Zcheck-cfg", kill_on_drop: false }`
[INFO] [stdout] a925c9bb8a7c4f85e285e3f32a1db1ddbe6e987e1f325ba9521d3568953fd397
[INFO] running `Command { std: "docker" "start" "-a" "a925c9bb8a7c4f85e285e3f32a1db1ddbe6e987e1f325ba9521d3568953fd397", kill_on_drop: false }`
[INFO] [stderr]    Compiling num-conv v0.1.0
[INFO] [stderr]    Compiling unicode-xid v0.2.4
[INFO] [stderr]     Checking smallvec v1.13.1
[INFO] [stderr]    Compiling time-core v0.1.2
[INFO] [stderr]     Checking getrandom v0.2.12
[INFO] [stderr]    Compiling thiserror-impl v1.0.56
[INFO] [stderr]    Compiling displaydoc v0.2.4
[INFO] [stderr]    Compiling asn1-rs-impl v0.1.0
[INFO] [stderr]     Checking rusticata-macros v4.1.0
[INFO] [stderr]    Compiling doc-comment v0.3.3
[INFO] [stderr]    Compiling slog v2.7.0
[INFO] [stderr]    Compiling tokio-macros v2.2.0
[INFO] [stderr]    Compiling rustls v0.21.10
[INFO] [stderr]     Checking log v0.4.20
[INFO] [stderr]    Compiling oid-registry v0.6.1
[INFO] [stderr]    Compiling snafu-derive v0.6.10
[INFO] [stderr]    Compiling synstructure v0.12.6
[INFO] [stderr]     Checking arc-swap v1.6.0
[INFO] [stderr]    Compiling prometheus v0.13.3
[INFO] [stderr]    Compiling time-macros v0.2.17
[INFO] [stderr]     Checking ring v0.17.7
[INFO] [stderr]     Checking parking_lot_core v0.9.9
[INFO] [stderr]    Compiling moka v0.11.3
[INFO] [stderr]     Checking uuid v1.7.0
[INFO] [stderr]     Checking digest v0.10.7
[INFO] [stderr]     Checking tracing v0.1.40
[INFO] [stderr]     Checking parking_lot v0.12.1
[INFO] [stderr]     Checking crossbeam-epoch v0.9.18
[INFO] [stderr]     Checking crossbeam-channel v0.5.11
[INFO] [stderr]     Checking data-encoding v2.5.0
[INFO] [stderr]     Checking tagptr v0.2.0
[INFO] [stderr]     Checking triomphe v0.1.11
[INFO] [stderr]     Checking futures-task v0.3.30
[INFO] [stderr]     Checking hashbrown v0.14.3
[INFO] [stderr]     Checking slog-scope v4.4.0
[INFO] [stderr]     Checking scheduled-thread-pool v0.2.7
[INFO] [stderr]     Checking base64 v0.13.1
[INFO] [stderr]    Compiling derive_more v0.99.17
[INFO] [stderr]     Checking futures-util v0.3.30
[INFO] [stderr]     Checking chrono v0.4.33
[INFO] [stderr]     Checking slog-stdlog v4.1.1
[INFO] [stderr]     Checking md-5 v0.10.6
[INFO] [stderr]    Compiling async-trait v0.1.77
[INFO] [stderr]    Compiling tracing-attributes v0.1.27
[INFO] [stderr]     Checking yansi v0.5.1
[INFO] [stderr]     Checking diff v0.1.13
[INFO] [stderr]    Compiling asn1-rs-derive v0.4.0
[INFO] [stderr]     Checking pretty_assertions v1.4.0
[INFO] [stderr]     Checking rustls-webpki v0.101.7
[INFO] [stderr]     Checking sct v0.7.1
[INFO] [stderr]     Checking dashmap v5.5.3
[INFO] [stderr]     Checking tokio v1.36.0
[INFO] [stderr]     Checking time v0.3.34
[INFO] [stderr]     Checking snafu v0.6.10
[INFO] [stderr]     Checking thiserror v1.0.56
[INFO] [stderr]     Checking proxy-protocol v0.5.0
[INFO] [stderr]     Checking asn1-rs v0.5.2
[INFO] [stderr]     Checking der-parser v8.2.0
[INFO] [stderr]     Checking x509-parser v0.14.0
[INFO] [stderr]     Checking tokio-util v0.7.10
[INFO] [stderr]     Checking tokio-rustls v0.24.1
[INFO] [stderr]     Checking libunftp v0.19.0 (/opt/rustwide/workdir)
[INFO] [stdout] error[E0432]: unresolved import `unftp_sbe_fs`
[INFO] [stdout]  --> tests/common.rs:7:5
[INFO] [stdout]   |
[INFO] [stdout] 7 | use unftp_sbe_fs::ServerExt;
[INFO] [stdout]   |     ^^^^^^^^^^^^ use of undeclared crate or module `unftp_sbe_fs`
[INFO] [stdout] 
[INFO] [stdout] 
[INFO] [stdout] error[E0599]: no function or associated item named `with_fs` found for struct `Server` in the current scope
[INFO] [stdout]    --> tests/common.rs:15:36
[INFO] [stdout]     |
[INFO] [stdout] 15  |     let server = libunftp::Server::with_fs(std::env::temp_dir())
[INFO] [stdout]     |                                    ^^^^^^^ function or associated item not found in `Server<_, _>`
[INFO] [stdout]     |
[INFO] [stdout] note: if you're trying to build a new `Server<_, _>` consider using one of the following associated functions:
[INFO] [stdout]       Server::<Storage, User>::new
[INFO] [stdout]       Server::<Storage, User>::with_authenticator
[INFO] [stdout]    --> /opt/rustwide/workdir/src/server/ftpserver.rs:91:5
[INFO] [stdout]     |
[INFO] [stdout] 91  | /     pub fn new(sbe_generator: Box<dyn (Fn() -> Storage) + Send + Sync>) -> Self
[INFO] [stdout] 92  | |     where
[INFO] [stdout] 93  | |         AnonymousAuthenticator: Authenticator<User>,
[INFO] [stdout]     | |____________________________________________________^
[INFO] [stdout] ...
[INFO] [stdout] 103 |       pub fn with_authenticator(sbe_generator: Box<dyn (Fn() -> Storage) + Send + Sync>, authenticator: Arc<dyn Authenticator<User> + Send + Sync>) -> Sel...
[INFO] [stdout]     |       ^^^^^^^^^^^^^^^^^^^^^^^^^^^^^^^^^^^^^^^^^^^^^^^^^^^^^^^^^^^^^^^^^^^^^^^^^^^^^^^^^^^^^^^^^^^^^^^^^^^^^^^^^^^^^^^^^^^^^^^^^^^^^^^^^^^^^^^^^^^^^^^^^^^^^
[INFO] [stdout] 
[INFO] [stdout] 
[INFO] [stdout] error[E0432]: unresolved import `unftp_sbe_fs`
[INFO] [stdout]  --> tests/common.rs:7:5
[INFO] [stdout]   |
[INFO] [stdout] 7 | use unftp_sbe_fs::ServerExt;
[INFO] [stdout]   |     ^^^^^^^^^^^^ use of undeclared crate or module `unftp_sbe_fs`
[INFO] [stdout] 
[INFO] [stdout] 
[INFO] [stdout] error: aborting due to 2 previous errors
[INFO] [stdout] 
[INFO] [stdout] 
[INFO] [stdout] Some errors have detailed explanations: E0432, E0599.
[INFO] [stdout] 
[INFO] [stdout] For more information about an error, try `rustc --explain E0432`.
[INFO] [stdout] 
[INFO] [stderr] error: could not compile `libunftp` (test "common") due to 3 previous errors
[INFO] [stderr] warning: build failed, waiting for other jobs to finish...
[INFO] [stdout] error[E0599]: no function or associated item named `with_fs` found for struct `Server` in the current scope
[INFO] [stdout]    --> tests/common.rs:15:36
[INFO] [stdout]     |
[INFO] [stdout] 15  |     let server = libunftp::Server::with_fs(std::env::temp_dir())
[INFO] [stdout]     |                                    ^^^^^^^ function or associated item not found in `Server<_, _>`
[INFO] [stdout]     |
[INFO] [stdout] note: if you're trying to build a new `Server<_, _>` consider using one of the following associated functions:
[INFO] [stdout]       Server::<Storage, User>::new
[INFO] [stdout]       Server::<Storage, User>::with_authenticator
[INFO] [stdout]    --> /opt/rustwide/workdir/src/server/ftpserver.rs:91:5
[INFO] [stdout]     |
[INFO] [stdout] 91  | /     pub fn new(sbe_generator: Box<dyn (Fn() -> Storage) + Send + Sync>) -> Self
[INFO] [stdout] 92  | |     where
[INFO] [stdout] 93  | |         AnonymousAuthenticator: Authenticator<User>,
[INFO] [stdout]     | |____________________________________________________^
[INFO] [stdout] ...
[INFO] [stdout] 103 |       pub fn with_authenticator(sbe_generator: Box<dyn (Fn() -> Storage) + Send + Sync>, authenticator: Arc<dyn Authenticator<User> + Send + Sync>) -> Sel...
[INFO] [stdout]     |       ^^^^^^^^^^^^^^^^^^^^^^^^^^^^^^^^^^^^^^^^^^^^^^^^^^^^^^^^^^^^^^^^^^^^^^^^^^^^^^^^^^^^^^^^^^^^^^^^^^^^^^^^^^^^^^^^^^^^^^^^^^^^^^^^^^^^^^^^^^^^^^^^^^^^^
[INFO] [stdout] 
[INFO] [stdout] 
[INFO] [stdout] error: aborting due to 2 previous errors
[INFO] [stdout] 
[INFO] [stdout] 
[INFO] [stdout] Some errors have detailed explanations: E0432, E0599.
[INFO] [stdout] 
[INFO] [stdout] For more information about an error, try `rustc --explain E0432`.
[INFO] [stdout] 
[INFO] [stderr] error: could not compile `libunftp` (test "pass_security") due to 3 previous errors
[INFO] running `Command { std: "docker" "inspect" "a925c9bb8a7c4f85e285e3f32a1db1ddbe6e987e1f325ba9521d3568953fd397", kill_on_drop: false }`
[INFO] running `Command { std: "docker" "rm" "-f" "a925c9bb8a7c4f85e285e3f32a1db1ddbe6e987e1f325ba9521d3568953fd397", kill_on_drop: false }`
[INFO] [stdout] a925c9bb8a7c4f85e285e3f32a1db1ddbe6e987e1f325ba9521d3568953fd397
