[INFO] fetching crate libsql_replication 0.0.5...
[INFO] checking libsql_replication-0.0.5 against nightly-2024-02-05 for check-cfg
[INFO] extracting crate libsql_replication 0.0.5 into /workspace/builds/worker-5-tc1/source
[INFO] validating manifest of crates.io crate libsql_replication 0.0.5 on toolchain nightly-2024-02-05
[INFO] running `Command { std: CARGO_HOME="/workspace/cargo-home" RUSTUP_HOME="/workspace/rustup-home" "/workspace/cargo-home/bin/cargo" "+nightly-2024-02-05" "metadata" "--manifest-path" "Cargo.toml" "--no-deps", kill_on_drop: false }`
[INFO] started tweaking crates.io crate libsql_replication 0.0.5
[INFO] finished tweaking crates.io crate libsql_replication 0.0.5
[INFO] tweaked toml for crates.io crate libsql_replication 0.0.5 written to /workspace/builds/worker-5-tc1/source/Cargo.toml
[INFO] running `Command { std: CARGO_HOME="/workspace/cargo-home" RUSTUP_HOME="/workspace/rustup-home" "/workspace/cargo-home/bin/cargo" "+nightly-2024-02-05" "generate-lockfile" "--manifest-path" "Cargo.toml", kill_on_drop: false }`
[INFO] [stderr]     Updating crates.io index
[INFO] running `Command { std: CARGO_HOME="/workspace/cargo-home" RUSTUP_HOME="/workspace/rustup-home" "/workspace/cargo-home/bin/cargo" "+nightly-2024-02-05" "fetch" "--manifest-path" "Cargo.toml", kill_on_drop: false }`
[INFO] [stderr]  Downloading crates ...
[INFO] [stderr]   Downloaded tonic-build v0.10.2
[INFO] [stderr]   Downloaded prost-build v0.12.3
[INFO] [stderr]   Downloaded bindgen v0.66.1
[INFO] [stderr]   Downloaded tonic-web v0.10.2
[INFO] [stderr]   Downloaded libsql-ffi v0.1.0
[INFO] [stderr]   Downloaded libsql-sys v0.3.0
[INFO] running `Command { std: "docker" "create" "-v" "/var/lib/crater-agent-workspace/builds/worker-5-tc1/target:/opt/rustwide/target:rw,Z" "-v" "/var/lib/crater-agent-workspace/builds/worker-5-tc1/source:/opt/rustwide/workdir:ro,Z" "-v" "/var/lib/crater-agent-workspace/cargo-home:/opt/rustwide/cargo-home:ro,Z" "-v" "/var/lib/crater-agent-workspace/rustup-home:/opt/rustwide/rustup-home:ro,Z" "-e" "SOURCE_DIR=/opt/rustwide/workdir" "-e" "CARGO_TARGET_DIR=/opt/rustwide/target" "-e" "CARGO_HOME=/opt/rustwide/cargo-home" "-e" "RUSTUP_HOME=/opt/rustwide/rustup-home" "-w" "/opt/rustwide/workdir" "-m" "1610612736" "--user" "0:0" "--network" "none" "ghcr.io/rust-lang/crates-build-env/linux@sha256:2788e3201cd34a07e3172128adcd8b3090168a8e3bcc40d7c032b9dda1df7d1c" "/opt/rustwide/cargo-home/bin/cargo" "+nightly-2024-02-05" "metadata" "--no-deps" "--format-version=1", kill_on_drop: false }`
[INFO] [stdout] 6b067d9e123bbed042cb3fd01864beaa1f88c9f1c5a7daa8d1d2ddf30b18c54f
[INFO] running `Command { std: "docker" "start" "-a" "6b067d9e123bbed042cb3fd01864beaa1f88c9f1c5a7daa8d1d2ddf30b18c54f", kill_on_drop: false }`
[INFO] running `Command { std: "docker" "inspect" "6b067d9e123bbed042cb3fd01864beaa1f88c9f1c5a7daa8d1d2ddf30b18c54f", kill_on_drop: false }`
[INFO] running `Command { std: "docker" "rm" "-f" "6b067d9e123bbed042cb3fd01864beaa1f88c9f1c5a7daa8d1d2ddf30b18c54f", kill_on_drop: false }`
[INFO] [stdout] 6b067d9e123bbed042cb3fd01864beaa1f88c9f1c5a7daa8d1d2ddf30b18c54f
[INFO] running `Command { std: "docker" "create" "-v" "/var/lib/crater-agent-workspace/builds/worker-5-tc1/target:/opt/rustwide/target:rw,Z" "-v" "/var/lib/crater-agent-workspace/builds/worker-5-tc1/source:/opt/rustwide/workdir:ro,Z" "-v" "/var/lib/crater-agent-workspace/cargo-home:/opt/rustwide/cargo-home:ro,Z" "-v" "/var/lib/crater-agent-workspace/rustup-home:/opt/rustwide/rustup-home:ro,Z" "-e" "SOURCE_DIR=/opt/rustwide/workdir" "-e" "CARGO_TARGET_DIR=/opt/rustwide/target" "-e" "CARGO_INCREMENTAL=0" "-e" "RUST_BACKTRACE=full" "-e" "RUSTFLAGS=--cap-lints=forbid" "-e" "RUSTDOCFLAGS=--cap-lints=forbid" "-e" "CARGO_HOME=/opt/rustwide/cargo-home" "-e" "RUSTUP_HOME=/opt/rustwide/rustup-home" "-w" "/opt/rustwide/workdir" "-m" "1610612736" "--user" "0:0" "--network" "none" "ghcr.io/rust-lang/crates-build-env/linux@sha256:2788e3201cd34a07e3172128adcd8b3090168a8e3bcc40d7c032b9dda1df7d1c" "/opt/rustwide/cargo-home/bin/cargo" "+nightly-2024-02-05" "check" "--frozen" "--all" "--all-targets" "--message-format=json", kill_on_drop: false }`
[INFO] [stdout] 75980ada96e1001a146d40cd07f306518accb2b793a94a626596fd522aedf963
[INFO] running `Command { std: "docker" "start" "-a" "75980ada96e1001a146d40cd07f306518accb2b793a94a626596fd522aedf963", kill_on_drop: false }`
[INFO] [stderr]    Compiling serde v1.0.196
[INFO] [stderr]    Compiling prettyplease v0.2.16
[INFO] [stderr]    Compiling glob v0.3.1
[INFO] [stderr]    Compiling syn v2.0.48
[INFO] [stderr]     Checking getrandom v0.2.12
[INFO] [stderr]    Compiling itertools v0.11.0
[INFO] [stderr]    Compiling regex-syntax v0.8.2
[INFO] [stderr]    Compiling minimal-lexical v0.2.1
[INFO] [stderr]    Compiling rustix v0.38.31
[INFO] [stderr]    Compiling libloading v0.8.1
[INFO] [stderr]    Compiling bindgen v0.66.1
[INFO] [stderr]    Compiling rustls v0.21.10
[INFO] [stderr]    Compiling lazycell v1.3.0
[INFO] [stderr]    Compiling rustc-hash v1.1.0
[INFO] [stderr]    Compiling shlex v1.3.0
[INFO] [stderr]    Compiling peeking_take_while v0.1.2
[INFO] [stderr]     Checking webpki-roots v0.25.4
[INFO] [stderr]     Checking crossbeam-epoch v0.9.18
[INFO] [stderr]     Checking ring v0.17.7
[INFO] [stderr]     Checking rand_core v0.6.4
[INFO] [stderr]     Checking byteorder v1.5.0
[INFO] [stderr]     Checking fixedbitset v0.4.2
[INFO] [stderr]    Compiling nom v7.1.3
[INFO] [stderr]     Checking parking_lot_core v0.9.9
[INFO] [stderr]     Checking rand_chacha v0.3.1
[INFO] [stderr]     Checking crossbeam-channel v0.5.11
[INFO] [stderr]     Checking crossbeam-queue v0.3.11
[INFO] [stderr]     Checking multimap v0.8.3
[INFO] [stderr]     Checking petgraph v0.6.4
[INFO] [stderr]     Checking crossbeam-deque v0.8.5
[INFO] [stderr]    Compiling clang-sys v1.7.0
[INFO] [stderr]     Checking parking_lot v0.12.1
[INFO] [stderr]     Checking nix v0.26.4
[INFO] [stderr]     Checking memmap v0.7.0
[INFO] [stderr]     Checking rand v0.8.5
[INFO] [stderr]     Checking crossbeam v0.8.4
[INFO] [stderr]     Checking rustls-webpki v0.101.7
[INFO] [stderr]     Checking sct v0.7.1
[INFO] [stderr]    Compiling which v4.4.2
[INFO] [stderr]    Compiling regex-automata v0.4.5
[INFO] [stderr]    Compiling cexpr v0.6.0
[INFO] [stderr]    Compiling regex v1.10.3
[INFO] [stderr]    Compiling serde_derive v1.0.196
[INFO] [stderr]    Compiling tokio-macros v2.2.0
[INFO] [stderr]    Compiling futures-macro v0.3.30
[INFO] [stderr]    Compiling tracing-attributes v0.1.27
[INFO] [stderr]    Compiling pin-project-internal v1.1.4
[INFO] [stderr]    Compiling prost-derive v0.12.3
[INFO] [stderr]    Compiling async-trait v0.1.77
[INFO] [stderr]    Compiling async-stream-impl v0.3.5
[INFO] [stderr]    Compiling zerocopy-derive v0.7.32
[INFO] [stderr]    Compiling thiserror-impl v1.0.56
[INFO] [stderr]    Compiling bytemuck_derive v1.5.0
[INFO] [stderr]     Checking async-stream v0.3.5
[INFO] [stderr]     Checking bytemuck v1.14.1
[INFO] [stderr]     Checking futures-util v0.3.30
[INFO] [stderr]     Checking zerocopy v0.7.32
[INFO] [stderr]     Checking thiserror v1.0.56
[INFO] [stderr]     Checking pin-project v1.1.4
[INFO] [stderr]     Checking tracing v0.1.40
[INFO] [stderr]     Checking futures-executor v0.3.30
[INFO] [stderr]     Checking futures v0.3.30
[INFO] [stderr]    Compiling libsql-ffi v0.1.0
[INFO] [stderr]     Checking bytes v1.5.0
[INFO] [stderr]     Checking bincode v1.3.3
[INFO] [stderr]     Checking uuid v1.7.0
[INFO] [stderr]     Checking serde_json v1.0.113
[INFO] [stderr]     Checking tokio v1.36.0
[INFO] [stderr]     Checking http v0.2.11
[INFO] [stderr]     Checking prost v0.12.3
[INFO] [stderr]     Checking prost-types v0.12.3
[INFO] [stderr]     Checking http-body v0.4.6
[INFO] [stderr]     Checking axum-core v0.3.4
[INFO] [stderr]     Checking prost-build v0.12.3
[INFO] [stderr]     Checking tonic-build v0.10.2
[INFO] [stderr]     Checking tokio-util v0.7.10
[INFO] [stderr]     Checking tokio-io-timeout v1.2.0
[INFO] [stderr]     Checking tokio-rustls v0.24.1
[INFO] [stderr]     Checking tokio-stream v0.1.14
[INFO] [stderr]     Checking h2 v0.3.24
[INFO] [stderr]     Checking tower v0.4.13
[INFO] [stderr]     Checking tower-http v0.4.4
[INFO] [stderr]     Checking hyper v0.14.28
[INFO] [stderr]     Checking libsql-sys v0.3.0
[INFO] [stderr]     Checking axum v0.6.20
[INFO] [stderr]     Checking hyper-timeout v0.4.1
[INFO] [stderr]     Checking hyper-rustls v0.24.2
[INFO] [stderr]     Checking tonic v0.10.2
[INFO] [stderr]     Checking tonic-web v0.10.2
[INFO] [stderr]     Checking libsql_replication v0.0.5 (/opt/rustwide/workdir)
[INFO] [stdout] error[E0432]: unresolved import `libsql_sys::init_static_wal_method`
[INFO] [stdout]  --> src/replica/hook.rs:5:5
[INFO] [stdout]   |
[INFO] [stdout] 5 | use libsql_sys::init_static_wal_method;
[INFO] [stdout]   |     ^^^^^^^^^^^^^^^^^^^^^^^^^^^^^^^^^^ no `init_static_wal_method` in the root
[INFO] [stdout] 
[INFO] [stdout] 
[INFO] [stdout] error[E0432]: unresolved import `libsql_sys::wal_hook`
[INFO] [stdout]  --> src/replica/hook.rs:7:38
[INFO] [stdout]   |
[INFO] [stdout] 7 | use libsql_sys::{types::XWalFrameFn, wal_hook::WalHook};
[INFO] [stdout]   |                                      ^^^^^^^^ could not find `wal_hook` in `libsql_sys`
[INFO] [stdout] 
[INFO] [stdout] 
[INFO] [stdout] error[E0432]: unresolved import `super::hook::INJECTOR_METHODS`
[INFO] [stdout]  --> src/replica/injector.rs:5:36
[INFO] [stdout]   |
[INFO] [stdout] 5 | use super::hook::{InjectorHookCtx, INJECTOR_METHODS};
[INFO] [stdout]   |                                    ^^^^^^^^^^^^^^^^ no `INJECTOR_METHODS` in `replica::hook`
[INFO] [stdout] 
[INFO] [stdout] 
[INFO] [stdout] error[E0432]: unresolved import `libsql_sys::init_static_wal_method`
[INFO] [stdout]  --> src/replica/hook.rs:5:5
[INFO] [stdout]   |
[INFO] [stdout] 5 | use libsql_sys::init_static_wal_method;
[INFO] [stdout]   |     ^^^^^^^^^^^^^^^^^^^^^^^^^^^^^^^^^^ no `init_static_wal_method` in the root
[INFO] [stdout] 
[INFO] [stdout] 
[INFO] [stdout] error[E0432]: unresolved import `libsql_sys::wal_hook`
[INFO] [stdout]  --> src/replica/hook.rs:7:38
[INFO] [stdout]   |
[INFO] [stdout] 7 | use libsql_sys::{types::XWalFrameFn, wal_hook::WalHook};
[INFO] [stdout]   |                                      ^^^^^^^^ could not find `wal_hook` in `libsql_sys`
[INFO] [stdout] 
[INFO] [stdout] 
[INFO] [stdout] error[E0432]: unresolved import `super::hook::INJECTOR_METHODS`
[INFO] [stdout]  --> src/replica/injector.rs:5:36
[INFO] [stdout]   |
[INFO] [stdout] 5 | use super::hook::{InjectorHookCtx, INJECTOR_METHODS};
[INFO] [stdout]   |                                    ^^^^^^^^^^^^^^^^ no `INJECTOR_METHODS` in `replica::hook`
[INFO] [stdout] 
[INFO] [stdout] 
[INFO] [stdout] error[E0107]: struct takes 0 lifetime arguments but 1 lifetime argument was supplied
[INFO] [stdout]   --> src/replica/injector.rs:8:23
[INFO] [stdout]    |
[INFO] [stdout] 8  |     conn: libsql_sys::Connection<'a>,
[INFO] [stdout]    |                       ^^^^^^^^^^---- help: remove these generics
[INFO] [stdout]    |                       |
[INFO] [stdout]    |                       expected 0 lifetime arguments
[INFO] [stdout]    |
[INFO] [stdout] note: struct defined here, with 0 lifetime parameters
[INFO] [stdout]   --> /opt/rustwide/cargo-home/registry/src/index.crates.io-6f17d22bba15001f/libsql-sys-0.3.0/src/connection.rs:22:12
[INFO] [stdout]    |
[INFO] [stdout] 22 | pub struct Connection<W> {
[INFO] [stdout]    |            ^^^^^^^^^^
[INFO] [stdout] 
[INFO] [stdout] 
[INFO] [stdout] error[E0107]: struct takes 0 lifetime arguments but 1 lifetime argument was supplied
[INFO] [stdout]   --> src/replica/injector.rs:8:23
[INFO] [stdout]    |
[INFO] [stdout] 8  |     conn: libsql_sys::Connection<'a>,
[INFO] [stdout]    |                       ^^^^^^^^^^---- help: remove these generics
[INFO] [stdout]    |                       |
[INFO] [stdout]    |                       expected 0 lifetime arguments
[INFO] [stdout]    |
[INFO] [stdout] note: struct defined here, with 0 lifetime parameters
[INFO] [stdout]   --> /opt/rustwide/cargo-home/registry/src/index.crates.io-6f17d22bba15001f/libsql-sys-0.3.0/src/connection.rs:22:12
[INFO] [stdout]    |
[INFO] [stdout] 22 | pub struct Connection<W> {
[INFO] [stdout]    |            ^^^^^^^^^^
[INFO] [stdout] 
[INFO] [stdout] 
[INFO] [stdout] error[E0107]: struct takes 1 generic argument but 0 generic arguments were supplied
[INFO] [stdout]   --> src/replica/injector.rs:8:23
[INFO] [stdout]    |
[INFO] [stdout] 8  |     conn: libsql_sys::Connection<'a>,
[INFO] [stdout]    |                       ^^^^^^^^^^ expected 1 generic argument
[INFO] [stdout]    |
[INFO] [stdout] note: struct defined here, with 1 generic parameter: `W`
[INFO] [stdout]   --> /opt/rustwide/cargo-home/registry/src/index.crates.io-6f17d22bba15001f/libsql-sys-0.3.0/src/connection.rs:22:12
[INFO] [stdout]    |
[INFO] [stdout] 22 | pub struct Connection<W> {
[INFO] [stdout]    |            ^^^^^^^^^^ -
[INFO] [stdout] help: add missing generic argument
[INFO] [stdout]    |
[INFO] [stdout] 8  |     conn: libsql_sys::Connection<'a, W>,
[INFO] [stdout]    |                                    +++
[INFO] [stdout] 
[INFO] [stdout] 
[INFO] [stdout] error[E0107]: struct takes 1 generic argument but 0 generic arguments were supplied
[INFO] [stdout]   --> src/replica/injector.rs:8:23
[INFO] [stdout]    |
[INFO] [stdout] 8  |     conn: libsql_sys::Connection<'a>,
[INFO] [stdout]    |                       ^^^^^^^^^^ expected 1 generic argument
[INFO] [stdout]    |
[INFO] [stdout] note: struct defined here, with 1 generic parameter: `W`
[INFO] [stdout]   --> /opt/rustwide/cargo-home/registry/src/index.crates.io-6f17d22bba15001f/libsql-sys-0.3.0/src/connection.rs:22:12
[INFO] [stdout]    |
[INFO] [stdout] 22 | pub struct Connection<W> {
[INFO] [stdout]    |            ^^^^^^^^^^ -
[INFO] [stdout] help: add missing generic argument
[INFO] [stdout]    |
[INFO] [stdout] 8  |     conn: libsql_sys::Connection<'a, W>,
[INFO] [stdout]    |                                    +++
[INFO] [stdout] 
[INFO] [stdout] 
[INFO] [stdout] error: aborting due to 5 previous errors
[INFO] [stdout] 
[INFO] [stdout] 
[INFO] [stdout] Some errors have detailed explanations: E0107, E0432.
[INFO] [stdout] 
[INFO] [stdout] For more information about an error, try `rustc --explain E0107`.
[INFO] [stdout] 
[INFO] [stdout] error: aborting due to 5 previous errors
[INFO] [stdout] 
[INFO] [stdout] 
[INFO] [stdout] Some errors have detailed explanations: E0107, E0432.
[INFO] [stdout] 
[INFO] [stdout] For more information about an error, try `rustc --explain E0107`.
[INFO] [stdout] 
[INFO] [stderr] error: could not compile `libsql_replication` (lib test) due to 6 previous errors
[INFO] [stderr] warning: build failed, waiting for other jobs to finish...
[INFO] [stderr] error: could not compile `libsql_replication` (lib) due to 6 previous errors
[INFO] running `Command { std: "docker" "inspect" "75980ada96e1001a146d40cd07f306518accb2b793a94a626596fd522aedf963", kill_on_drop: false }`
[INFO] running `Command { std: "docker" "rm" "-f" "75980ada96e1001a146d40cd07f306518accb2b793a94a626596fd522aedf963", kill_on_drop: false }`
[INFO] [stdout] 75980ada96e1001a146d40cd07f306518accb2b793a94a626596fd522aedf963
[INFO] checking libsql_replication-0.0.5 against nightly-2024-02-05+rustflags=-Dunexpected_cfgs+cargoflags=-Zcheck-cfg for check-cfg
[INFO] extracting crate libsql_replication 0.0.5 into /workspace/builds/worker-5-tc2/source
[INFO] validating manifest of crates.io crate libsql_replication 0.0.5 on toolchain nightly-2024-02-05
[INFO] running `Command { std: CARGO_HOME="/workspace/cargo-home" RUSTUP_HOME="/workspace/rustup-home" "/workspace/cargo-home/bin/cargo" "+nightly-2024-02-05" "metadata" "--manifest-path" "Cargo.toml" "--no-deps", kill_on_drop: false }`
[INFO] started tweaking crates.io crate libsql_replication 0.0.5
[INFO] finished tweaking crates.io crate libsql_replication 0.0.5
[INFO] tweaked toml for crates.io crate libsql_replication 0.0.5 written to /workspace/builds/worker-5-tc2/source/Cargo.toml
[INFO] running `Command { std: CARGO_HOME="/workspace/cargo-home" RUSTUP_HOME="/workspace/rustup-home" "/workspace/cargo-home/bin/cargo" "+nightly-2024-02-05" "generate-lockfile" "--manifest-path" "Cargo.toml", kill_on_drop: false }`
[INFO] [stderr]     Updating crates.io index
[INFO] running `Command { std: CARGO_HOME="/workspace/cargo-home" RUSTUP_HOME="/workspace/rustup-home" "/workspace/cargo-home/bin/cargo" "+nightly-2024-02-05" "fetch" "--manifest-path" "Cargo.toml", kill_on_drop: false }`
[INFO] running `Command { std: "docker" "create" "-v" "/var/lib/crater-agent-workspace/builds/worker-5-tc2/target:/opt/rustwide/target:rw,Z" "-v" "/var/lib/crater-agent-workspace/builds/worker-5-tc2/source:/opt/rustwide/workdir:ro,Z" "-v" "/var/lib/crater-agent-workspace/cargo-home:/opt/rustwide/cargo-home:ro,Z" "-v" "/var/lib/crater-agent-workspace/rustup-home:/opt/rustwide/rustup-home:ro,Z" "-e" "SOURCE_DIR=/opt/rustwide/workdir" "-e" "CARGO_TARGET_DIR=/opt/rustwide/target" "-e" "CARGO_HOME=/opt/rustwide/cargo-home" "-e" "RUSTUP_HOME=/opt/rustwide/rustup-home" "-w" "/opt/rustwide/workdir" "-m" "1610612736" "--user" "0:0" "--network" "none" "ghcr.io/rust-lang/crates-build-env/linux@sha256:2788e3201cd34a07e3172128adcd8b3090168a8e3bcc40d7c032b9dda1df7d1c" "/opt/rustwide/cargo-home/bin/cargo" "+nightly-2024-02-05" "metadata" "--no-deps" "--format-version=1", kill_on_drop: false }`
[INFO] [stdout] c3ba0d4e4c92ac1d875341dff55e471b6b7eb42adce240d5e51cc03f69069b9b
[INFO] running `Command { std: "docker" "start" "-a" "c3ba0d4e4c92ac1d875341dff55e471b6b7eb42adce240d5e51cc03f69069b9b", kill_on_drop: false }`
[INFO] running `Command { std: "docker" "inspect" "c3ba0d4e4c92ac1d875341dff55e471b6b7eb42adce240d5e51cc03f69069b9b", kill_on_drop: false }`
[INFO] running `Command { std: "docker" "rm" "-f" "c3ba0d4e4c92ac1d875341dff55e471b6b7eb42adce240d5e51cc03f69069b9b", kill_on_drop: false }`
[INFO] [stdout] c3ba0d4e4c92ac1d875341dff55e471b6b7eb42adce240d5e51cc03f69069b9b
[INFO] running `Command { std: "docker" "create" "-v" "/var/lib/crater-agent-workspace/builds/worker-5-tc2/target:/opt/rustwide/target:rw,Z" "-v" "/var/lib/crater-agent-workspace/builds/worker-5-tc2/source:/opt/rustwide/workdir:ro,Z" "-v" "/var/lib/crater-agent-workspace/cargo-home:/opt/rustwide/cargo-home:ro,Z" "-v" "/var/lib/crater-agent-workspace/rustup-home:/opt/rustwide/rustup-home:ro,Z" "-e" "SOURCE_DIR=/opt/rustwide/workdir" "-e" "CARGO_TARGET_DIR=/opt/rustwide/target" "-e" "CARGO_INCREMENTAL=0" "-e" "RUST_BACKTRACE=full" "-e" "RUSTFLAGS=--cap-lints=forbid -Dunexpected_cfgs" "-e" "RUSTDOCFLAGS=--cap-lints=forbid" "-e" "CARGO_HOME=/opt/rustwide/cargo-home" "-e" "RUSTUP_HOME=/opt/rustwide/rustup-home" "-w" "/opt/rustwide/workdir" "-m" "1610612736" "--user" "0:0" "--network" "none" "ghcr.io/rust-lang/crates-build-env/linux@sha256:2788e3201cd34a07e3172128adcd8b3090168a8e3bcc40d7c032b9dda1df7d1c" "/opt/rustwide/cargo-home/bin/cargo" "+nightly-2024-02-05" "check" "--frozen" "--all" "--all-targets" "--message-format=json" "-Zcheck-cfg", kill_on_drop: false }`
[INFO] [stdout] 269096ce6862235f1e4ecc30559e90571aba9f2670db8877ca19d77db46e2ae3
[INFO] running `Command { std: "docker" "start" "-a" "269096ce6862235f1e4ecc30559e90571aba9f2670db8877ca19d77db46e2ae3", kill_on_drop: false }`
[INFO] [stderr]    Compiling serde v1.0.196
[INFO] [stderr]    Compiling prettyplease v0.2.16
[INFO] [stderr]    Compiling glob v0.3.1
[INFO] [stderr]    Compiling syn v2.0.48
[INFO] [stderr]     Checking getrandom v0.2.12
[INFO] [stderr]    Compiling itertools v0.11.0
[INFO] [stderr]    Compiling regex-syntax v0.8.2
[INFO] [stderr]    Compiling minimal-lexical v0.2.1
[INFO] [stderr]    Compiling libloading v0.8.1
[INFO] [stderr]    Compiling rustix v0.38.31
[INFO] [stderr]    Compiling bindgen v0.66.1
[INFO] [stderr]    Compiling rustls v0.21.10
[INFO] [stderr]    Compiling rustc-hash v1.1.0
[INFO] [stderr]    Compiling shlex v1.3.0
[INFO] [stderr]    Compiling lazycell v1.3.0
[INFO] [stderr]    Compiling peeking_take_while v0.1.2
[INFO] [stderr]     Checking crossbeam-epoch v0.9.18
[INFO] [stderr]     Checking byteorder v1.5.0
[INFO] [stderr]     Checking rand_core v0.6.4
[INFO] [stderr]     Checking ring v0.17.7
[INFO] [stderr]    Compiling nom v7.1.3
[INFO] [stderr]     Checking fixedbitset v0.4.2
[INFO] [stderr]     Checking parking_lot_core v0.9.9
[INFO] [stderr]     Checking crossbeam-queue v0.3.11
[INFO] [stderr]     Checking crossbeam-channel v0.5.11
[INFO] [stderr]     Checking rand_chacha v0.3.1
[INFO] [stderr]     Checking multimap v0.8.3
[INFO] [stderr]     Checking petgraph v0.6.4
[INFO] [stderr]     Checking crossbeam-deque v0.8.5
[INFO] [stderr]     Checking nix v0.26.4
[INFO] [stderr]    Compiling clang-sys v1.7.0
[INFO] [stderr]     Checking parking_lot v0.12.1
[INFO] [stderr]     Checking memmap v0.7.0
[INFO] [stderr]     Checking rand v0.8.5
[INFO] [stderr]     Checking crossbeam v0.8.4
[INFO] [stderr]     Checking sct v0.7.1
[INFO] [stderr]     Checking rustls-webpki v0.101.7
[INFO] [stderr]    Compiling which v4.4.2
[INFO] [stderr]    Compiling cexpr v0.6.0
[INFO] [stderr]    Compiling regex-automata v0.4.5
[INFO] [stderr]    Compiling regex v1.10.3
[INFO] [stderr]    Compiling serde_derive v1.0.196
[INFO] [stderr]    Compiling tokio-macros v2.2.0
[INFO] [stderr]    Compiling futures-macro v0.3.30
[INFO] [stderr]    Compiling tracing-attributes v0.1.27
[INFO] [stderr]    Compiling pin-project-internal v1.1.4
[INFO] [stderr]    Compiling prost-derive v0.12.3
[INFO] [stderr]    Compiling async-trait v0.1.77
[INFO] [stderr]    Compiling async-stream-impl v0.3.5
[INFO] [stderr]    Compiling zerocopy-derive v0.7.32
[INFO] [stderr]    Compiling bytemuck_derive v1.5.0
[INFO] [stderr]    Compiling thiserror-impl v1.0.56
[INFO] [stderr]     Checking async-stream v0.3.5
[INFO] [stderr]     Checking zerocopy v0.7.32
[INFO] [stderr]     Checking futures-util v0.3.30
[INFO] [stderr]     Checking bytemuck v1.14.1
[INFO] [stderr]     Checking tracing v0.1.40
[INFO] [stderr]     Checking pin-project v1.1.4
[INFO] [stderr]     Checking thiserror v1.0.56
[INFO] [stderr]     Checking futures-executor v0.3.30
[INFO] [stderr]     Checking futures v0.3.30
[INFO] [stderr]    Compiling libsql-ffi v0.1.0
[INFO] [stderr]     Checking bytes v1.5.0
[INFO] [stderr]     Checking bincode v1.3.3
[INFO] [stderr]     Checking uuid v1.7.0
[INFO] [stderr]     Checking serde_json v1.0.113
[INFO] [stderr]     Checking tokio v1.36.0
[INFO] [stderr]     Checking http v0.2.11
[INFO] [stderr]     Checking prost v0.12.3
[INFO] [stderr]     Checking prost-types v0.12.3
[INFO] [stderr]     Checking http-body v0.4.6
[INFO] [stderr]     Checking axum-core v0.3.4
[INFO] [stderr]     Checking prost-build v0.12.3
[INFO] [stderr]     Checking tonic-build v0.10.2
[INFO] [stderr]     Checking tokio-util v0.7.10
[INFO] [stderr]     Checking tokio-rustls v0.24.1
[INFO] [stderr]     Checking tokio-io-timeout v1.2.0
[INFO] [stderr]     Checking tokio-stream v0.1.14
[INFO] [stderr]     Checking h2 v0.3.24
[INFO] [stderr]     Checking tower v0.4.13
[INFO] [stderr]     Checking tower-http v0.4.4
[INFO] [stderr]     Checking hyper v0.14.28
[INFO] [stderr]     Checking libsql-sys v0.3.0
[INFO] [stderr]     Checking axum v0.6.20
[INFO] [stderr]     Checking hyper-timeout v0.4.1
[INFO] [stderr]     Checking hyper-rustls v0.24.2
[INFO] [stderr]     Checking tonic v0.10.2
[INFO] [stderr]     Checking tonic-web v0.10.2
[INFO] [stderr]     Checking libsql_replication v0.0.5 (/opt/rustwide/workdir)
[INFO] [stdout] error[E0432]: unresolved import `libsql_sys::init_static_wal_method`
[INFO] [stdout]  --> src/replica/hook.rs:5:5
[INFO] [stdout]   |
[INFO] [stdout] 5 | use libsql_sys::init_static_wal_method;
[INFO] [stdout]   |     ^^^^^^^^^^^^^^^^^^^^^^^^^^^^^^^^^^ no `init_static_wal_method` in the root
[INFO] [stdout] 
[INFO] [stdout] 
[INFO] [stdout] error[E0432]: unresolved import `libsql_sys::init_static_wal_method`
[INFO] [stdout]  --> src/replica/hook.rs:5:5
[INFO] [stdout]   |
[INFO] [stdout] 5 | use libsql_sys::init_static_wal_method;
[INFO] [stdout]   |     ^^^^^^^^^^^^^^^^^^^^^^^^^^^^^^^^^^ no `init_static_wal_method` in the root
[INFO] [stdout] 
[INFO] [stdout] 
[INFO] [stdout] error[E0432]: unresolved import `libsql_sys::wal_hook`
[INFO] [stdout]  --> src/replica/hook.rs:7:38
[INFO] [stdout]   |
[INFO] [stdout] 7 | use libsql_sys::{types::XWalFrameFn, wal_hook::WalHook};
[INFO] [stdout]   |                                      ^^^^^^^^ could not find `wal_hook` in `libsql_sys`
[INFO] [stdout] 
[INFO] [stdout] 
[INFO] [stdout] error[E0432]: unresolved import `super::hook::INJECTOR_METHODS`
[INFO] [stdout]  --> src/replica/injector.rs:5:36
[INFO] [stdout]   |
[INFO] [stdout] 5 | use super::hook::{InjectorHookCtx, INJECTOR_METHODS};
[INFO] [stdout]   |                                    ^^^^^^^^^^^^^^^^ no `INJECTOR_METHODS` in `replica::hook`
[INFO] [stdout] 
[INFO] [stdout] 
[INFO] [stdout] error[E0432]: unresolved import `libsql_sys::wal_hook`
[INFO] [stdout]  --> src/replica/hook.rs:7:38
[INFO] [stdout]   |
[INFO] [stdout] 7 | use libsql_sys::{types::XWalFrameFn, wal_hook::WalHook};
[INFO] [stdout]   |                                      ^^^^^^^^ could not find `wal_hook` in `libsql_sys`
[INFO] [stdout] 
[INFO] [stdout] 
[INFO] [stdout] error[E0432]: unresolved import `super::hook::INJECTOR_METHODS`
[INFO] [stdout]  --> src/replica/injector.rs:5:36
[INFO] [stdout]   |
[INFO] [stdout] 5 | use super::hook::{InjectorHookCtx, INJECTOR_METHODS};
[INFO] [stdout]   |                                    ^^^^^^^^^^^^^^^^ no `INJECTOR_METHODS` in `replica::hook`
[INFO] [stdout] 
[INFO] [stdout] 
[INFO] [stdout] error[E0107]: struct takes 0 lifetime arguments but 1 lifetime argument was supplied
[INFO] [stdout]   --> src/replica/injector.rs:8:23
[INFO] [stdout]    |
[INFO] [stdout] 8  |     conn: libsql_sys::Connection<'a>,
[INFO] [stdout]    |                       ^^^^^^^^^^---- help: remove these generics
[INFO] [stdout]    |                       |
[INFO] [stdout]    |                       expected 0 lifetime arguments
[INFO] [stdout]    |
[INFO] [stdout] note: struct defined here, with 0 lifetime parameters
[INFO] [stdout]   --> /opt/rustwide/cargo-home/registry/src/index.crates.io-6f17d22bba15001f/libsql-sys-0.3.0/src/connection.rs:22:12
[INFO] [stdout]    |
[INFO] [stdout] 22 | pub struct Connection<W> {
[INFO] [stdout]    |            ^^^^^^^^^^
[INFO] [stdout] 
[INFO] [stdout] 
[INFO] [stdout] error[E0107]: struct takes 1 generic argument but 0 generic arguments were supplied
[INFO] [stdout]   --> src/replica/injector.rs:8:23
[INFO] [stdout]    |
[INFO] [stdout] 8  |     conn: libsql_sys::Connection<'a>,
[INFO] [stdout]    |                       ^^^^^^^^^^ expected 1 generic argument
[INFO] [stdout]    |
[INFO] [stdout] note: struct defined here, with 1 generic parameter: `W`
[INFO] [stdout]   --> /opt/rustwide/cargo-home/registry/src/index.crates.io-6f17d22bba15001f/libsql-sys-0.3.0/src/connection.rs:22:12
[INFO] [stdout]    |
[INFO] [stdout] 22 | pub struct Connection<W> {
[INFO] [stdout]    |            ^^^^^^^^^^ -
[INFO] [stdout] help: add missing generic argument
[INFO] [stdout]    |
[INFO] [stdout] 8  |     conn: libsql_sys::Connection<'a, W>,
[INFO] [stdout]    |                                    +++
[INFO] [stdout] 
[INFO] [stdout] 
[INFO] [stdout] error[E0107]: struct takes 0 lifetime arguments but 1 lifetime argument was supplied
[INFO] [stdout]   --> src/replica/injector.rs:8:23
[INFO] [stdout]    |
[INFO] [stdout] 8  |     conn: libsql_sys::Connection<'a>,
[INFO] [stdout]    |                       ^^^^^^^^^^---- help: remove these generics
[INFO] [stdout]    |                       |
[INFO] [stdout]    |                       expected 0 lifetime arguments
[INFO] [stdout]    |
[INFO] [stdout] note: struct defined here, with 0 lifetime parameters
[INFO] [stdout]   --> /opt/rustwide/cargo-home/registry/src/index.crates.io-6f17d22bba15001f/libsql-sys-0.3.0/src/connection.rs:22:12
[INFO] [stdout]    |
[INFO] [stdout] 22 | pub struct Connection<W> {
[INFO] [stdout]    |            ^^^^^^^^^^
[INFO] [stdout] 
[INFO] [stdout] 
[INFO] [stdout] error[E0107]: struct takes 1 generic argument but 0 generic arguments were supplied
[INFO] [stdout]   --> src/replica/injector.rs:8:23
[INFO] [stdout]    |
[INFO] [stdout] 8  |     conn: libsql_sys::Connection<'a>,
[INFO] [stdout]    |                       ^^^^^^^^^^ expected 1 generic argument
[INFO] [stdout]    |
[INFO] [stdout] note: struct defined here, with 1 generic parameter: `W`
[INFO] [stdout]   --> /opt/rustwide/cargo-home/registry/src/index.crates.io-6f17d22bba15001f/libsql-sys-0.3.0/src/connection.rs:22:12
[INFO] [stdout]    |
[INFO] [stdout] 22 | pub struct Connection<W> {
[INFO] [stdout]    |            ^^^^^^^^^^ -
[INFO] [stdout] help: add missing generic argument
[INFO] [stdout]    |
[INFO] [stdout] 8  |     conn: libsql_sys::Connection<'a, W>,
[INFO] [stdout]    |                                    +++
[INFO] [stdout] 
[INFO] [stdout] 
[INFO] [stdout] error: aborting due to 5 previous errors
[INFO] [stdout] 
[INFO] [stdout] 
[INFO] [stdout] Some errors have detailed explanations: E0107, E0432.
[INFO] [stdout] 
[INFO] [stdout] For more information about an error, try `rustc --explain E0107`.
[INFO] [stdout] 
[INFO] [stdout] error: aborting due to 5 previous errors
[INFO] [stdout] 
[INFO] [stdout] 
[INFO] [stdout] Some errors have detailed explanations: E0107, E0432.
[INFO] [stdout] 
[INFO] [stdout] For more information about an error, try `rustc --explain E0107`.
[INFO] [stdout] 
[INFO] [stderr] error: could not compile `libsql_replication` (lib test) due to 6 previous errors
[INFO] [stderr] warning: build failed, waiting for other jobs to finish...
[INFO] [stderr] error: could not compile `libsql_replication` (lib) due to 6 previous errors
[INFO] running `Command { std: "docker" "inspect" "269096ce6862235f1e4ecc30559e90571aba9f2670db8877ca19d77db46e2ae3", kill_on_drop: false }`
[INFO] running `Command { std: "docker" "rm" "-f" "269096ce6862235f1e4ecc30559e90571aba9f2670db8877ca19d77db46e2ae3", kill_on_drop: false }`
[INFO] [stdout] 269096ce6862235f1e4ecc30559e90571aba9f2670db8877ca19d77db46e2ae3
