[INFO] fetching crate libpijul 1.0.0-beta.8...
[INFO] checking libpijul-1.0.0-beta.8 against nightly-2024-02-05 for check-cfg
[INFO] extracting crate libpijul 1.0.0-beta.8 into /workspace/builds/worker-5-tc1/source
[INFO] validating manifest of crates.io crate libpijul 1.0.0-beta.8 on toolchain nightly-2024-02-05
[INFO] running `Command { std: CARGO_HOME="/workspace/cargo-home" RUSTUP_HOME="/workspace/rustup-home" "/workspace/cargo-home/bin/cargo" "+nightly-2024-02-05" "metadata" "--manifest-path" "Cargo.toml" "--no-deps", kill_on_drop: false }`
[INFO] started tweaking crates.io crate libpijul 1.0.0-beta.8
[INFO] finished tweaking crates.io crate libpijul 1.0.0-beta.8
[INFO] tweaked toml for crates.io crate libpijul 1.0.0-beta.8 written to /workspace/builds/worker-5-tc1/source/Cargo.toml
[INFO] running `Command { std: CARGO_HOME="/workspace/cargo-home" RUSTUP_HOME="/workspace/rustup-home" "/workspace/cargo-home/bin/cargo" "+nightly-2024-02-05" "generate-lockfile" "--manifest-path" "Cargo.toml", kill_on_drop: false }`
[INFO] [stderr]     Updating crates.io index
[INFO] running `Command { std: CARGO_HOME="/workspace/cargo-home" RUSTUP_HOME="/workspace/rustup-home" "/workspace/cargo-home/bin/cargo" "+nightly-2024-02-05" "fetch" "--manifest-path" "Cargo.toml", kill_on_drop: false }`
[INFO] [stderr]  Downloading crates ...
[INFO] [stderr]   Downloaded quickcheck_macros v1.0.0
[INFO] [stderr]   Downloaded canonical-path v2.0.2
[INFO] [stderr]   Downloaded path-slash v0.1.5
[INFO] [stderr]   Downloaded detone v1.0.0
[INFO] [stderr]   Downloaded diffs v0.5.1
[INFO] [stderr]   Downloaded pbkdf2 v0.9.0
[INFO] [stderr]   Downloaded sanakirja v1.3.3
[INFO] [stderr]   Downloaded sanakirja-core v1.3.3
[INFO] [stderr]   Downloaded zstd-seekable v0.1.23
[INFO] [stderr]   Downloaded pijul-macros v0.5.0
[INFO] running `Command { std: "docker" "create" "-v" "/var/lib/crater-agent-workspace/builds/worker-5-tc1/target:/opt/rustwide/target:rw,Z" "-v" "/var/lib/crater-agent-workspace/builds/worker-5-tc1/source:/opt/rustwide/workdir:ro,Z" "-v" "/var/lib/crater-agent-workspace/cargo-home:/opt/rustwide/cargo-home:ro,Z" "-v" "/var/lib/crater-agent-workspace/rustup-home:/opt/rustwide/rustup-home:ro,Z" "-e" "SOURCE_DIR=/opt/rustwide/workdir" "-e" "CARGO_TARGET_DIR=/opt/rustwide/target" "-e" "CARGO_HOME=/opt/rustwide/cargo-home" "-e" "RUSTUP_HOME=/opt/rustwide/rustup-home" "-w" "/opt/rustwide/workdir" "-m" "1610612736" "--user" "0:0" "--network" "none" "ghcr.io/rust-lang/crates-build-env/linux@sha256:2788e3201cd34a07e3172128adcd8b3090168a8e3bcc40d7c032b9dda1df7d1c" "/opt/rustwide/cargo-home/bin/cargo" "+nightly-2024-02-05" "metadata" "--no-deps" "--format-version=1", kill_on_drop: false }`
[INFO] [stdout] fe84a19dab29d4d952b477c334518c44734708b2ef2168c61d966900553ad9b7
[INFO] running `Command { std: "docker" "start" "-a" "fe84a19dab29d4d952b477c334518c44734708b2ef2168c61d966900553ad9b7", kill_on_drop: false }`
[INFO] running `Command { std: "docker" "inspect" "fe84a19dab29d4d952b477c334518c44734708b2ef2168c61d966900553ad9b7", kill_on_drop: false }`
[INFO] running `Command { std: "docker" "rm" "-f" "fe84a19dab29d4d952b477c334518c44734708b2ef2168c61d966900553ad9b7", kill_on_drop: false }`
[INFO] [stdout] fe84a19dab29d4d952b477c334518c44734708b2ef2168c61d966900553ad9b7
[INFO] running `Command { std: "docker" "create" "-v" "/var/lib/crater-agent-workspace/builds/worker-5-tc1/target:/opt/rustwide/target:rw,Z" "-v" "/var/lib/crater-agent-workspace/builds/worker-5-tc1/source:/opt/rustwide/workdir:ro,Z" "-v" "/var/lib/crater-agent-workspace/cargo-home:/opt/rustwide/cargo-home:ro,Z" "-v" "/var/lib/crater-agent-workspace/rustup-home:/opt/rustwide/rustup-home:ro,Z" "-e" "SOURCE_DIR=/opt/rustwide/workdir" "-e" "CARGO_TARGET_DIR=/opt/rustwide/target" "-e" "CARGO_INCREMENTAL=0" "-e" "RUST_BACKTRACE=full" "-e" "RUSTFLAGS=--cap-lints=forbid" "-e" "RUSTDOCFLAGS=--cap-lints=forbid" "-e" "CARGO_HOME=/opt/rustwide/cargo-home" "-e" "RUSTUP_HOME=/opt/rustwide/rustup-home" "-w" "/opt/rustwide/workdir" "-m" "1610612736" "--user" "0:0" "--network" "none" "ghcr.io/rust-lang/crates-build-env/linux@sha256:2788e3201cd34a07e3172128adcd8b3090168a8e3bcc40d7c032b9dda1df7d1c" "/opt/rustwide/cargo-home/bin/cargo" "+nightly-2024-02-05" "check" "--frozen" "--all" "--all-targets" "--message-format=json", kill_on_drop: false }`
[INFO] [stdout] 504adca28c2c9326dbff19aa3d2cc68bd8c553f6f8b2e850affd870073b042cf
[INFO] running `Command { std: "docker" "start" "-a" "504adca28c2c9326dbff19aa3d2cc68bd8c553f6f8b2e850affd870073b042cf", kill_on_drop: false }`
[INFO] [stderr]    Compiling libc v0.2.153
[INFO] [stderr]     Checking aho-corasick v1.1.2
[INFO] [stderr]    Compiling crc32fast v1.3.2
[INFO] [stderr]    Compiling memchr v2.7.1
[INFO] [stderr]    Compiling parking_lot_core v0.8.6
[INFO] [stderr]    Compiling generic-array v0.14.7
[INFO] [stderr]     Checking getrandom v0.1.16
[INFO] [stderr]     Checking getrandom v0.2.12
[INFO] [stderr]    Compiling syn v2.0.48
[INFO] [stderr]    Compiling num-traits v0.2.17
[INFO] [stderr]     Checking bstr v1.9.0
[INFO] [stderr]     Checking threadpool v1.8.1
[INFO] [stderr]     Checking memmap v0.7.0
[INFO] [stderr]     Checking fs2 v0.4.3
[INFO] [stderr]     Checking tokio v1.36.0
[INFO] [stderr]     Checking lru-cache v0.1.2
[INFO] [stderr]     Checking diffs v0.5.1
[INFO] [stderr]     Checking path-slash v0.1.5
[INFO] [stderr]     Checking canonical-path v2.0.2
[INFO] [stderr]    Compiling quickcheck_macros v1.0.0
[INFO] [stderr]     Checking rand_core v0.6.4
[INFO] [stderr]     Checking rand_core v0.5.1
[INFO] [stderr]     Checking detone v1.0.0
[INFO] [stderr]     Checking rand_chacha v0.2.2
[INFO] [stderr]     Checking rand_chacha v0.3.1
[INFO] [stderr]     Checking digest v0.9.0
[INFO] [stderr]     Checking cipher v0.3.0
[INFO] [stderr]     Checking crypto-mac v0.11.1
[INFO] [stderr]     Checking block-buffer v0.9.0
[INFO] [stderr]     Checking parking_lot v0.11.2
[INFO] [stderr]     Checking pbkdf2 v0.9.0
[INFO] [stderr]     Checking sha2 v0.9.9
[INFO] [stderr]     Checking hmac v0.11.0
[INFO] [stderr]     Checking sanakirja-core v1.3.3
[INFO] [stderr]     Checking ctr v0.8.0
[INFO] [stderr]     Checking rand v0.7.3
[INFO] [stderr]     Checking rand v0.8.5
[INFO] [stderr]     Checking aes v0.7.5
[INFO] [stderr]     Checking regex-automata v0.4.5
[INFO] [stderr]     Checking twox-hash v1.6.3
[INFO] [stderr]    Compiling cc v1.0.83
[INFO] [stderr]    Compiling blake3 v1.5.0
[INFO] [stderr]     Checking regex v1.10.3
[INFO] [stderr]     Checking globset v0.4.14
[INFO] [stderr]     Checking ignore v0.4.22
[INFO] [stderr]     Checking env_logger v0.8.4
[INFO] [stderr]     Checking quickcheck v1.0.3
[INFO] [stderr]    Compiling serde_derive v1.0.196
[INFO] [stderr]    Compiling zeroize_derive v1.4.2
[INFO] [stderr]    Compiling thiserror-impl v1.0.56
[INFO] [stderr]    Compiling pijul-macros v0.5.0
[INFO] [stderr]     Checking zeroize v1.3.0
[INFO] [stderr]     Checking thiserror v1.0.56
[INFO] [stderr]     Checking sanakirja v1.3.3
[INFO] [stderr]     Checking serde v1.0.196
[INFO] [stderr]     Checking ed25519 v1.5.3
[INFO] [stderr]     Checking serde_bytes v0.11.14
[INFO] [stderr]     Checking curve25519-dalek v3.2.1
[INFO] [stderr]     Checking bincode v1.3.3
[INFO] [stderr]     Checking serde_json v1.0.113
[INFO] [stderr]     Checking toml v0.5.11
[INFO] [stderr]     Checking chrono v0.4.33
[INFO] [stderr]     Checking ed25519-dalek v1.0.1
[INFO] [stderr]    Compiling zstd-seekable v0.1.23
[INFO] [stderr]     Checking libpijul v1.0.0-beta.8 (/opt/rustwide/workdir)
[INFO] [stdout] error[E0583]: file not found for module `rollback`
[INFO] [stdout]   --> src/tests/mod.rs:20:1
[INFO] [stdout]    |
[INFO] [stdout] 20 | mod rollback;
[INFO] [stdout]    | ^^^^^^^^^^^^^
[INFO] [stdout]    |
[INFO] [stdout]    = help: to create the module `rollback`, create file "src/tests/rollback.rs" or "src/tests/rollback/mod.rs"
[INFO] [stdout]    = note: if there is a `mod rollback` elsewhere in the crate already, import it with `use crate::...` instead
[INFO] [stdout] 
[INFO] [stdout] 
[INFO] [stdout] error[E0583]: file not found for module `text_changes`
[INFO] [stdout]   --> src/tests/mod.rs:22:1
[INFO] [stdout]    |
[INFO] [stdout] 22 | mod text_changes;
[INFO] [stdout]    | ^^^^^^^^^^^^^^^^^
[INFO] [stdout]    |
[INFO] [stdout]    = help: to create the module `text_changes`, create file "src/tests/text_changes.rs" or "src/tests/text_changes/mod.rs"
[INFO] [stdout]    = note: if there is a `mod text_changes` elsewhere in the crate already, import it with `use crate::...` instead
[INFO] [stdout] 
[INFO] [stdout] 
[INFO] [stdout] warning: unused `#[macro_use]` import
[INFO] [stdout]   --> src/lib.rs:14:1
[INFO] [stdout]    |
[INFO] [stdout] 14 | #[macro_use]
[INFO] [stdout]    | ^^^^^^^^^^^^
[INFO] [stdout]    |
[INFO] [stdout]    = note: `#[warn(unused_imports)]` on by default
[INFO] [stdout] 
[INFO] [stdout] 
[INFO] [stdout] error[E0061]: this function takes 4 arguments but 3 arguments were supplied
[INFO] [stdout]   --> src/tests/diff.rs:71:23
[INFO] [stdout]    |
[INFO] [stdout] 71 |         let mut ret = retrieve(&*txn.read(), txn.read().graph(&*channel.read()), vertex)?;
[INFO] [stdout]    |                       ^^^^^^^^---------------------------------------------------------- an argument of type `bool` is missing
[INFO] [stdout]    |
[INFO] [stdout] note: function defined here
[INFO] [stdout]   --> src/alive/retrieve.rs:6:8
[INFO] [stdout]    |
[INFO] [stdout] 6  | pub fn retrieve<T: GraphTxnT>(
[INFO] [stdout]    |        ^^^^^^^^
[INFO] [stdout] 7  |     txn: &T,
[INFO] [stdout]    |     -------
[INFO] [stdout] 8  |     channel: &T::Graph,
[INFO] [stdout]    |     ------------------
[INFO] [stdout] 9  |     pos0: Position<ChangeId>,
[INFO] [stdout]    |     ------------------------
[INFO] [stdout] 10 |     include_deleted: bool,
[INFO] [stdout]    |     ---------------------
[INFO] [stdout] help: provide the argument
[INFO] [stdout]    |
[INFO] [stdout] 71 |         let mut ret = retrieve(&*txn.read(), txn.read().graph(&*channel.read()), vertex, /* bool */)?;
[INFO] [stdout]    |                               ~~~~~~~~~~~~~~~~~~~~~~~~~~~~~~~~~~~~~~~~~~~~~~~~~~~~~~~~~~~~~~~~~~~~~~
[INFO] [stdout] 
[INFO] [stdout] 
[INFO] [stdout] error: aborting due to 3 previous errors; 1 warning emitted
[INFO] [stdout] 
[INFO] [stdout] 
[INFO] [stdout] Some errors have detailed explanations: E0061, E0583.
[INFO] [stdout] 
[INFO] [stdout] For more information about an error, try `rustc --explain E0061`.
[INFO] [stdout] 
[INFO] [stderr] error: could not compile `libpijul` (lib test) due to 4 previous errors; 1 warning emitted
[INFO] [stderr] warning: build failed, waiting for other jobs to finish...
[INFO] running `Command { std: "docker" "inspect" "504adca28c2c9326dbff19aa3d2cc68bd8c553f6f8b2e850affd870073b042cf", kill_on_drop: false }`
[INFO] running `Command { std: "docker" "rm" "-f" "504adca28c2c9326dbff19aa3d2cc68bd8c553f6f8b2e850affd870073b042cf", kill_on_drop: false }`
[INFO] [stdout] 504adca28c2c9326dbff19aa3d2cc68bd8c553f6f8b2e850affd870073b042cf
