[INFO] fetching crate libpebble 0.3.0...
[INFO] checking libpebble-0.3.0 against nightly-2024-02-05 for check-cfg
[INFO] extracting crate libpebble 0.3.0 into /workspace/builds/worker-2-tc1/source
[INFO] validating manifest of crates.io crate libpebble 0.3.0 on toolchain nightly-2024-02-05
[INFO] running `Command { std: CARGO_HOME="/workspace/cargo-home" RUSTUP_HOME="/workspace/rustup-home" "/workspace/cargo-home/bin/cargo" "+nightly-2024-02-05" "metadata" "--manifest-path" "Cargo.toml" "--no-deps", kill_on_drop: false }`
[INFO] started tweaking crates.io crate libpebble 0.3.0
[INFO] finished tweaking crates.io crate libpebble 0.3.0
[INFO] tweaked toml for crates.io crate libpebble 0.3.0 written to /workspace/builds/worker-2-tc1/source/Cargo.toml
[INFO] running `Command { std: CARGO_HOME="/workspace/cargo-home" RUSTUP_HOME="/workspace/rustup-home" "/workspace/cargo-home/bin/cargo" "+nightly-2024-02-05" "generate-lockfile" "--manifest-path" "Cargo.toml", kill_on_drop: false }`
[INFO] [stderr]     Updating crates.io index
[INFO] running `Command { std: CARGO_HOME="/workspace/cargo-home" RUSTUP_HOME="/workspace/rustup-home" "/workspace/cargo-home/bin/cargo" "+nightly-2024-02-05" "fetch" "--manifest-path" "Cargo.toml", kill_on_drop: false }`
[INFO] [stderr]  Downloading crates ...
[INFO] [stderr]   Downloaded rustc-std-workspace-core v1.0.0
[INFO] [stderr]   Downloaded pci_types v0.2.0
[INFO] [stderr]   Downloaded ptah_derive v0.1.0
[INFO] [stderr]   Downloaded ptah v0.1.0
[INFO] running `Command { std: "docker" "create" "-v" "/var/lib/crater-agent-workspace/builds/worker-2-tc1/target:/opt/rustwide/target:rw,Z" "-v" "/var/lib/crater-agent-workspace/builds/worker-2-tc1/source:/opt/rustwide/workdir:ro,Z" "-v" "/var/lib/crater-agent-workspace/cargo-home:/opt/rustwide/cargo-home:ro,Z" "-v" "/var/lib/crater-agent-workspace/rustup-home:/opt/rustwide/rustup-home:ro,Z" "-e" "SOURCE_DIR=/opt/rustwide/workdir" "-e" "CARGO_TARGET_DIR=/opt/rustwide/target" "-e" "CARGO_HOME=/opt/rustwide/cargo-home" "-e" "RUSTUP_HOME=/opt/rustwide/rustup-home" "-w" "/opt/rustwide/workdir" "-m" "1610612736" "--user" "0:0" "--network" "none" "ghcr.io/rust-lang/crates-build-env/linux@sha256:2788e3201cd34a07e3172128adcd8b3090168a8e3bcc40d7c032b9dda1df7d1c" "/opt/rustwide/cargo-home/bin/cargo" "+nightly-2024-02-05" "metadata" "--no-deps" "--format-version=1", kill_on_drop: false }`
[INFO] [stdout] c18405d004f1e6c6c4fa9e9fdac87c2fc35d757bef1012121a1864bece8be4c6
[INFO] running `Command { std: "docker" "start" "-a" "c18405d004f1e6c6c4fa9e9fdac87c2fc35d757bef1012121a1864bece8be4c6", kill_on_drop: false }`
[INFO] running `Command { std: "docker" "inspect" "c18405d004f1e6c6c4fa9e9fdac87c2fc35d757bef1012121a1864bece8be4c6", kill_on_drop: false }`
[INFO] running `Command { std: "docker" "rm" "-f" "c18405d004f1e6c6c4fa9e9fdac87c2fc35d757bef1012121a1864bece8be4c6", kill_on_drop: false }`
[INFO] [stdout] c18405d004f1e6c6c4fa9e9fdac87c2fc35d757bef1012121a1864bece8be4c6
[INFO] running `Command { std: "docker" "create" "-v" "/var/lib/crater-agent-workspace/builds/worker-2-tc1/target:/opt/rustwide/target:rw,Z" "-v" "/var/lib/crater-agent-workspace/builds/worker-2-tc1/source:/opt/rustwide/workdir:ro,Z" "-v" "/var/lib/crater-agent-workspace/cargo-home:/opt/rustwide/cargo-home:ro,Z" "-v" "/var/lib/crater-agent-workspace/rustup-home:/opt/rustwide/rustup-home:ro,Z" "-e" "SOURCE_DIR=/opt/rustwide/workdir" "-e" "CARGO_TARGET_DIR=/opt/rustwide/target" "-e" "CARGO_INCREMENTAL=0" "-e" "RUST_BACKTRACE=full" "-e" "RUSTFLAGS=--cap-lints=forbid" "-e" "RUSTDOCFLAGS=--cap-lints=forbid" "-e" "CARGO_HOME=/opt/rustwide/cargo-home" "-e" "RUSTUP_HOME=/opt/rustwide/rustup-home" "-w" "/opt/rustwide/workdir" "-m" "1610612736" "--user" "0:0" "--network" "none" "ghcr.io/rust-lang/crates-build-env/linux@sha256:2788e3201cd34a07e3172128adcd8b3090168a8e3bcc40d7c032b9dda1df7d1c" "/opt/rustwide/cargo-home/bin/cargo" "+nightly-2024-02-05" "check" "--frozen" "--all" "--all-targets" "--message-format=json", kill_on_drop: false }`
[INFO] [stdout] 4b4cd7c0df50f07688753b5256ed7f420ce10bee8dfb007e16072605997c9d75
[INFO] running `Command { std: "docker" "start" "-a" "4b4cd7c0df50f07688753b5256ed7f420ce10bee8dfb007e16072605997c9d75", kill_on_drop: false }`
[INFO] [stderr]     Checking bit_field v0.10.2
[INFO] [stderr]     Checking pci_types v0.2.0
[INFO] [stderr]     Checking libpebble v0.3.0 (/opt/rustwide/workdir)
[INFO] [stdout] error[E0557]: feature has been removed
[INFO] [stdout]  --> src/lib.rs:2:29
[INFO] [stdout]   |
[INFO] [stdout] 2 | #![feature(asm, decl_macro, const_generics, unsafe_block_in_unsafe_fn, never_type)]
[INFO] [stdout]   |                             ^^^^^^^^^^^^^^ feature has been removed
[INFO] [stdout]   |
[INFO] [stdout]   = note: removed in favor of `#![feature(adt_const_params)]` and `#![feature(generic_const_exprs)]`
[INFO] [stdout] 
[INFO] [stdout] 
[INFO] [stdout] error[E0557]: feature has been removed
[INFO] [stdout]  --> src/lib.rs:2:29
[INFO] [stdout]   |
[INFO] [stdout] 2 | #![feature(asm, decl_macro, const_generics, unsafe_block_in_unsafe_fn, never_type)]
[INFO] [stdout]   |                             ^^^^^^^^^^^^^^ feature has been removed
[INFO] [stdout]   |
[INFO] [stdout]   = note: removed in favor of `#![feature(adt_const_params)]` and `#![feature(generic_const_exprs)]`
[INFO] [stdout] 
[INFO] [stdout] 
[INFO] [stdout] error: cannot find macro `asm` in this scope
[INFO] [stdout]  --> src/syscall/raw_x86_64.rs:5:9
[INFO] [stdout]   |
[INFO] [stdout] 5 |         asm!("syscall",
[INFO] [stdout]   |         ^^^
[INFO] [stdout]   |
[INFO] [stdout] help: consider importing this macro
[INFO] [stdout]   |
[INFO] [stdout] 1 + use core::arch::asm;
[INFO] [stdout]   |
[INFO] [stdout] 
[INFO] [stdout] 
[INFO] [stdout] error: cannot find macro `asm` in this scope
[INFO] [stdout]   --> src/syscall/raw_x86_64.rs:25:9
[INFO] [stdout]    |
[INFO] [stdout] 25 |         asm!("syscall",
[INFO] [stdout]    |         ^^^
[INFO] [stdout]    |
[INFO] [stdout] help: consider importing this macro
[INFO] [stdout]    |
[INFO] [stdout] 1  + use core::arch::asm;
[INFO] [stdout]    |
[INFO] [stdout] 
[INFO] [stdout] 
[INFO] [stdout] error: cannot find macro `asm` in this scope
[INFO] [stdout]   --> src/syscall/raw_x86_64.rs:45:9
[INFO] [stdout]    |
[INFO] [stdout] 45 |         asm!("syscall",
[INFO] [stdout]    |         ^^^
[INFO] [stdout]    |
[INFO] [stdout] help: consider importing this macro
[INFO] [stdout]    |
[INFO] [stdout] 1  + use core::arch::asm;
[INFO] [stdout]    |
[INFO] [stdout] 
[INFO] [stdout] 
[INFO] [stdout] error: cannot find macro `asm` in this scope
[INFO] [stdout]   --> src/syscall/raw_x86_64.rs:65:9
[INFO] [stdout]    |
[INFO] [stdout] 65 |         asm!("syscall",
[INFO] [stdout]    |         ^^^
[INFO] [stdout]    |
[INFO] [stdout] help: consider importing this macro
[INFO] [stdout]    |
[INFO] [stdout] 1  + use core::arch::asm;
[INFO] [stdout]    |
[INFO] [stdout] 
[INFO] [stdout] 
[INFO] [stdout] error: cannot find macro `asm` in this scope
[INFO] [stdout]   --> src/syscall/raw_x86_64.rs:85:9
[INFO] [stdout]    |
[INFO] [stdout] 85 |         asm!("syscall",
[INFO] [stdout]    |         ^^^
[INFO] [stdout]    |
[INFO] [stdout] help: consider importing this macro
[INFO] [stdout]    |
[INFO] [stdout] 1  + use core::arch::asm;
[INFO] [stdout]    |
[INFO] [stdout] 
[INFO] [stdout] 
[INFO] [stdout] error: cannot find macro `asm` in this scope
[INFO] [stdout]    --> src/syscall/raw_x86_64.rs:105:9
[INFO] [stdout]     |
[INFO] [stdout] 105 |         asm!("syscall",
[INFO] [stdout]     |         ^^^
[INFO] [stdout]     |
[INFO] [stdout] help: consider importing this macro
[INFO] [stdout]     |
[INFO] [stdout] 1   + use core::arch::asm;
[INFO] [stdout]     |
[INFO] [stdout] 
[INFO] [stdout] 
[INFO] [stdout] error: cannot find macro `asm` in this scope
[INFO] [stdout]  --> src/syscall/raw_x86_64.rs:5:9
[INFO] [stdout]   |
[INFO] [stdout] 5 |         asm!("syscall",
[INFO] [stdout]   |         ^^^
[INFO] [stdout]   |
[INFO] [stdout] help: consider importing this macro
[INFO] [stdout]   |
[INFO] [stdout] 1 + use core::arch::asm;
[INFO] [stdout]   |
[INFO] [stdout] 
[INFO] [stdout] 
[INFO] [stdout] error: cannot find macro `asm` in this scope
[INFO] [stdout]   --> src/syscall/raw_x86_64.rs:25:9
[INFO] [stdout]    |
[INFO] [stdout] 25 |         asm!("syscall",
[INFO] [stdout]    |         ^^^
[INFO] [stdout]    |
[INFO] [stdout] help: consider importing this macro
[INFO] [stdout]    |
[INFO] [stdout] 1  + use core::arch::asm;
[INFO] [stdout]    |
[INFO] [stdout] 
[INFO] [stdout] 
[INFO] [stdout] error: cannot find macro `asm` in this scope
[INFO] [stdout]   --> src/syscall/raw_x86_64.rs:45:9
[INFO] [stdout]    |
[INFO] [stdout] 45 |         asm!("syscall",
[INFO] [stdout]    |         ^^^
[INFO] [stdout]    |
[INFO] [stdout] help: consider importing this macro
[INFO] [stdout]    |
[INFO] [stdout] 1  + use core::arch::asm;
[INFO] [stdout]    |
[INFO] [stdout] 
[INFO] [stdout] 
[INFO] [stdout] error: cannot find macro `asm` in this scope
[INFO] [stdout]   --> src/syscall/raw_x86_64.rs:65:9
[INFO] [stdout]    |
[INFO] [stdout] 65 |         asm!("syscall",
[INFO] [stdout]    |         ^^^
[INFO] [stdout]    |
[INFO] [stdout] help: consider importing this macro
[INFO] [stdout]    |
[INFO] [stdout] 1  + use core::arch::asm;
[INFO] [stdout]    |
[INFO] [stdout] 
[INFO] [stdout] 
[INFO] [stdout] error: cannot find macro `asm` in this scope
[INFO] [stdout]   --> src/syscall/raw_x86_64.rs:85:9
[INFO] [stdout]    |
[INFO] [stdout] 85 |         asm!("syscall",
[INFO] [stdout]    |         ^^^
[INFO] [stdout]    |
[INFO] [stdout] help: consider importing this macro
[INFO] [stdout]    |
[INFO] [stdout] 1  + use core::arch::asm;
[INFO] [stdout]    |
[INFO] [stdout] 
[INFO] [stdout] 
[INFO] [stdout] error: cannot find macro `asm` in this scope
[INFO] [stdout]    --> src/syscall/raw_x86_64.rs:105:9
[INFO] [stdout]     |
[INFO] [stdout] 105 |         asm!("syscall",
[INFO] [stdout]     |         ^^^
[INFO] [stdout]     |
[INFO] [stdout] help: consider importing this macro
[INFO] [stdout]     |
[INFO] [stdout] 1   + use core::arch::asm;
[INFO] [stdout]     |
[INFO] [stdout] 
[INFO] [stdout] 
[INFO] [stdout] warning: the feature `unsafe_block_in_unsafe_fn` has been stable since 1.52.0 and no longer requires an attribute to enable
[INFO] [stdout]  --> src/lib.rs:2:45
[INFO] [stdout]   |
[INFO] [stdout] 2 | #![feature(asm, decl_macro, const_generics, unsafe_block_in_unsafe_fn, never_type)]
[INFO] [stdout]   |                                             ^^^^^^^^^^^^^^^^^^^^^^^^^
[INFO] [stdout]   |
[INFO] [stdout]   = note: `#[warn(stable_features)]` on by default
[INFO] [stdout] 
[INFO] [stdout] 
[INFO] [stdout] warning: the feature `asm` has been stable since 1.59.0 and no longer requires an attribute to enable
[INFO] [stdout]  --> src/lib.rs:2:12
[INFO] [stdout]   |
[INFO] [stdout] 2 | #![feature(asm, decl_macro, const_generics, unsafe_block_in_unsafe_fn, never_type)]
[INFO] [stdout]   |            ^^^
[INFO] [stdout] 
[INFO] [stdout] 
[INFO] [stdout] warning: the feature `unsafe_block_in_unsafe_fn` has been stable since 1.52.0 and no longer requires an attribute to enable
[INFO] [stdout]  --> src/lib.rs:2:45
[INFO] [stdout]   |
[INFO] [stdout] 2 | #![feature(asm, decl_macro, const_generics, unsafe_block_in_unsafe_fn, never_type)]
[INFO] [stdout]   |                                             ^^^^^^^^^^^^^^^^^^^^^^^^^
[INFO] [stdout]   |
[INFO] [stdout]   = note: `#[warn(stable_features)]` on by default
[INFO] [stdout] 
[INFO] [stdout] 
[INFO] [stdout] warning: the feature `asm` has been stable since 1.59.0 and no longer requires an attribute to enable
[INFO] [stdout]  --> src/lib.rs:2:12
[INFO] [stdout]   |
[INFO] [stdout] 2 | #![feature(asm, decl_macro, const_generics, unsafe_block_in_unsafe_fn, never_type)]
[INFO] [stdout]   |            ^^^
[INFO] [stdout] 
[INFO] [stdout] 
[INFO] [stdout] error: aborting due to 7 previous errors; 2 warnings emitted
[INFO] [stdout] 
[INFO] [stdout] 
[INFO] [stdout] For more information about this error, try `rustc --explain E0557`.
[INFO] [stdout] 
[INFO] [stderr] error: could not compile `libpebble` (lib) due to 8 previous errors; 2 warnings emitted
[INFO] [stderr] warning: build failed, waiting for other jobs to finish...
[INFO] [stdout] error: aborting due to 7 previous errors; 2 warnings emitted
[INFO] [stdout] 
[INFO] [stdout] 
[INFO] [stdout] For more information about this error, try `rustc --explain E0557`.
[INFO] [stdout] 
[INFO] [stderr] error: could not compile `libpebble` (lib test) due to 8 previous errors; 2 warnings emitted
[INFO] running `Command { std: "docker" "inspect" "4b4cd7c0df50f07688753b5256ed7f420ce10bee8dfb007e16072605997c9d75", kill_on_drop: false }`
[INFO] running `Command { std: "docker" "rm" "-f" "4b4cd7c0df50f07688753b5256ed7f420ce10bee8dfb007e16072605997c9d75", kill_on_drop: false }`
[INFO] [stdout] 4b4cd7c0df50f07688753b5256ed7f420ce10bee8dfb007e16072605997c9d75
[INFO] checking libpebble-0.3.0 against nightly-2024-02-05+rustflags=-Dunexpected_cfgs+cargoflags=-Zcheck-cfg for check-cfg
[INFO] extracting crate libpebble 0.3.0 into /workspace/builds/worker-2-tc2/source
[INFO] validating manifest of crates.io crate libpebble 0.3.0 on toolchain nightly-2024-02-05
[INFO] running `Command { std: CARGO_HOME="/workspace/cargo-home" RUSTUP_HOME="/workspace/rustup-home" "/workspace/cargo-home/bin/cargo" "+nightly-2024-02-05" "metadata" "--manifest-path" "Cargo.toml" "--no-deps", kill_on_drop: false }`
[INFO] started tweaking crates.io crate libpebble 0.3.0
[INFO] finished tweaking crates.io crate libpebble 0.3.0
[INFO] tweaked toml for crates.io crate libpebble 0.3.0 written to /workspace/builds/worker-2-tc2/source/Cargo.toml
[INFO] running `Command { std: CARGO_HOME="/workspace/cargo-home" RUSTUP_HOME="/workspace/rustup-home" "/workspace/cargo-home/bin/cargo" "+nightly-2024-02-05" "generate-lockfile" "--manifest-path" "Cargo.toml", kill_on_drop: false }`
[INFO] [stderr]     Updating crates.io index
[INFO] running `Command { std: CARGO_HOME="/workspace/cargo-home" RUSTUP_HOME="/workspace/rustup-home" "/workspace/cargo-home/bin/cargo" "+nightly-2024-02-05" "fetch" "--manifest-path" "Cargo.toml", kill_on_drop: false }`
[INFO] running `Command { std: "docker" "create" "-v" "/var/lib/crater-agent-workspace/builds/worker-2-tc2/target:/opt/rustwide/target:rw,Z" "-v" "/var/lib/crater-agent-workspace/builds/worker-2-tc2/source:/opt/rustwide/workdir:ro,Z" "-v" "/var/lib/crater-agent-workspace/cargo-home:/opt/rustwide/cargo-home:ro,Z" "-v" "/var/lib/crater-agent-workspace/rustup-home:/opt/rustwide/rustup-home:ro,Z" "-e" "SOURCE_DIR=/opt/rustwide/workdir" "-e" "CARGO_TARGET_DIR=/opt/rustwide/target" "-e" "CARGO_HOME=/opt/rustwide/cargo-home" "-e" "RUSTUP_HOME=/opt/rustwide/rustup-home" "-w" "/opt/rustwide/workdir" "-m" "1610612736" "--user" "0:0" "--network" "none" "ghcr.io/rust-lang/crates-build-env/linux@sha256:2788e3201cd34a07e3172128adcd8b3090168a8e3bcc40d7c032b9dda1df7d1c" "/opt/rustwide/cargo-home/bin/cargo" "+nightly-2024-02-05" "metadata" "--no-deps" "--format-version=1", kill_on_drop: false }`
[INFO] [stdout] a9fde672729155628b1f2a4acdd7010d1503084f5977e8bc7b55a668c6c5a9a0
[INFO] running `Command { std: "docker" "start" "-a" "a9fde672729155628b1f2a4acdd7010d1503084f5977e8bc7b55a668c6c5a9a0", kill_on_drop: false }`
[INFO] running `Command { std: "docker" "inspect" "a9fde672729155628b1f2a4acdd7010d1503084f5977e8bc7b55a668c6c5a9a0", kill_on_drop: false }`
[INFO] running `Command { std: "docker" "rm" "-f" "a9fde672729155628b1f2a4acdd7010d1503084f5977e8bc7b55a668c6c5a9a0", kill_on_drop: false }`
[INFO] [stdout] a9fde672729155628b1f2a4acdd7010d1503084f5977e8bc7b55a668c6c5a9a0
[INFO] running `Command { std: "docker" "create" "-v" "/var/lib/crater-agent-workspace/builds/worker-2-tc2/target:/opt/rustwide/target:rw,Z" "-v" "/var/lib/crater-agent-workspace/builds/worker-2-tc2/source:/opt/rustwide/workdir:ro,Z" "-v" "/var/lib/crater-agent-workspace/cargo-home:/opt/rustwide/cargo-home:ro,Z" "-v" "/var/lib/crater-agent-workspace/rustup-home:/opt/rustwide/rustup-home:ro,Z" "-e" "SOURCE_DIR=/opt/rustwide/workdir" "-e" "CARGO_TARGET_DIR=/opt/rustwide/target" "-e" "CARGO_INCREMENTAL=0" "-e" "RUST_BACKTRACE=full" "-e" "RUSTFLAGS=--cap-lints=forbid -Dunexpected_cfgs" "-e" "RUSTDOCFLAGS=--cap-lints=forbid" "-e" "CARGO_HOME=/opt/rustwide/cargo-home" "-e" "RUSTUP_HOME=/opt/rustwide/rustup-home" "-w" "/opt/rustwide/workdir" "-m" "1610612736" "--user" "0:0" "--network" "none" "ghcr.io/rust-lang/crates-build-env/linux@sha256:2788e3201cd34a07e3172128adcd8b3090168a8e3bcc40d7c032b9dda1df7d1c" "/opt/rustwide/cargo-home/bin/cargo" "+nightly-2024-02-05" "check" "--frozen" "--all" "--all-targets" "--message-format=json" "-Zcheck-cfg", kill_on_drop: false }`
[INFO] [stdout] d2f10634d0faec7c312270d4d08692da7486fad9472efcb263441dfeb1cf035d
[INFO] running `Command { std: "docker" "start" "-a" "d2f10634d0faec7c312270d4d08692da7486fad9472efcb263441dfeb1cf035d", kill_on_drop: false }`
[INFO] [stderr]     Checking bit_field v0.10.2
[INFO] [stderr]     Checking pci_types v0.2.0
[INFO] [stderr]     Checking libpebble v0.3.0 (/opt/rustwide/workdir)
[INFO] [stdout] error[E0557]: feature has been removed
[INFO] [stdout]  --> src/lib.rs:2:29
[INFO] [stdout]   |
[INFO] [stdout] 2 | #![feature(asm, decl_macro, const_generics, unsafe_block_in_unsafe_fn, never_type)]
[INFO] [stdout]   |                             ^^^^^^^^^^^^^^ feature has been removed
[INFO] [stdout]   |
[INFO] [stdout]   = note: removed in favor of `#![feature(adt_const_params)]` and `#![feature(generic_const_exprs)]`
[INFO] [stdout] 
[INFO] [stdout] 
[INFO] [stdout] error[E0557]: feature has been removed
[INFO] [stdout]  --> src/lib.rs:2:29
[INFO] [stdout]   |
[INFO] [stdout] 2 | #![feature(asm, decl_macro, const_generics, unsafe_block_in_unsafe_fn, never_type)]
[INFO] [stdout]   |                             ^^^^^^^^^^^^^^ feature has been removed
[INFO] [stdout]   |
[INFO] [stdout]   = note: removed in favor of `#![feature(adt_const_params)]` and `#![feature(generic_const_exprs)]`
[INFO] [stdout] 
[INFO] [stdout] 
[INFO] [stdout] error: cannot find macro `asm` in this scope
[INFO] [stdout]  --> src/syscall/raw_x86_64.rs:5:9
[INFO] [stdout]   |
[INFO] [stdout] 5 |         asm!("syscall",
[INFO] [stdout]   |         ^^^
[INFO] [stdout]   |
[INFO] [stdout] help: consider importing this macro
[INFO] [stdout]   |
[INFO] [stdout] 1 + use core::arch::asm;
[INFO] [stdout]   |
[INFO] [stdout] 
[INFO] [stdout] 
[INFO] [stdout] error: cannot find macro `asm` in this scope
[INFO] [stdout]   --> src/syscall/raw_x86_64.rs:25:9
[INFO] [stdout]    |
[INFO] [stdout] 25 |         asm!("syscall",
[INFO] [stdout]    |         ^^^
[INFO] [stdout]    |
[INFO] [stdout] help: consider importing this macro
[INFO] [stdout]    |
[INFO] [stdout] 1  + use core::arch::asm;
[INFO] [stdout]    |
[INFO] [stdout] 
[INFO] [stdout] 
[INFO] [stdout] error: cannot find macro `asm` in this scope
[INFO] [stdout]   --> src/syscall/raw_x86_64.rs:45:9
[INFO] [stdout]    |
[INFO] [stdout] 45 |         asm!("syscall",
[INFO] [stdout]    |         ^^^
[INFO] [stdout]    |
[INFO] [stdout] help: consider importing this macro
[INFO] [stdout]    |
[INFO] [stdout] 1  + use core::arch::asm;
[INFO] [stdout]    |
[INFO] [stdout] 
[INFO] [stdout] 
[INFO] [stdout] error: cannot find macro `asm` in this scope
[INFO] [stdout]  --> src/syscall/raw_x86_64.rs:5:9
[INFO] [stdout]   |
[INFO] [stdout] 5 |         asm!("syscall",
[INFO] [stdout]   |         ^^^
[INFO] [stdout]   |
[INFO] [stdout] help: consider importing this macro
[INFO] [stdout]   |
[INFO] [stdout] 1 + use core::arch::asm;
[INFO] [stdout]   |
[INFO] [stdout] 
[INFO] [stdout] 
[INFO] [stdout] error: cannot find macro `asm` in this scope
[INFO] [stdout]   --> src/syscall/raw_x86_64.rs:65:9
[INFO] [stdout]    |
[INFO] [stdout] 65 |         asm!("syscall",
[INFO] [stdout]    |         ^^^
[INFO] [stdout]    |
[INFO] [stdout] help: consider importing this macro
[INFO] [stdout]    |
[INFO] [stdout] 1  + use core::arch::asm;
[INFO] [stdout]    |
[INFO] [stdout] 
[INFO] [stdout] 
[INFO] [stdout] error: cannot find macro `asm` in this scope
[INFO] [stdout]   --> src/syscall/raw_x86_64.rs:25:9
[INFO] [stdout]    |
[INFO] [stdout] 25 |         asm!("syscall",
[INFO] [stdout]    |         ^^^
[INFO] [stdout]    |
[INFO] [stdout] help: consider importing this macro
[INFO] [stdout]    |
[INFO] [stdout] 1  + use core::arch::asm;
[INFO] [stdout]    |
[INFO] [stdout] 
[INFO] [stdout] 
[INFO] [stdout] error: cannot find macro `asm` in this scope
[INFO] [stdout]   --> src/syscall/raw_x86_64.rs:45:9
[INFO] [stdout]    |
[INFO] [stdout] 45 |         asm!("syscall",
[INFO] [stdout]    |         ^^^
[INFO] [stdout]    |
[INFO] [stdout] help: consider importing this macro
[INFO] [stdout]    |
[INFO] [stdout] 1  + use core::arch::asm;
[INFO] [stdout]    |
[INFO] [stdout] 
[INFO] [stdout] 
[INFO] [stdout] error: cannot find macro `asm` in this scope
[INFO] [stdout]   --> src/syscall/raw_x86_64.rs:85:9
[INFO] [stdout]    |
[INFO] [stdout] 85 |         asm!("syscall",
[INFO] [stdout]    |         ^^^
[INFO] [stdout]    |
[INFO] [stdout] help: consider importing this macro
[INFO] [stdout]    |
[INFO] [stdout] 1  + use core::arch::asm;
[INFO] [stdout]    |
[INFO] [stdout] 
[INFO] [stdout] 
[INFO] [stdout] error: cannot find macro `asm` in this scope
[INFO] [stdout]    --> src/syscall/raw_x86_64.rs:105:9
[INFO] [stdout]     |
[INFO] [stdout] 105 |         asm!("syscall",
[INFO] [stdout]     |         ^^^
[INFO] [stdout]     |
[INFO] [stdout] help: consider importing this macro
[INFO] [stdout]     |
[INFO] [stdout] 1   + use core::arch::asm;
[INFO] [stdout]     |
[INFO] [stdout] 
[INFO] [stdout] 
[INFO] [stdout] error: cannot find macro `asm` in this scope
[INFO] [stdout]   --> src/syscall/raw_x86_64.rs:65:9
[INFO] [stdout]    |
[INFO] [stdout] 65 |         asm!("syscall",
[INFO] [stdout]    |         ^^^
[INFO] [stdout]    |
[INFO] [stdout] help: consider importing this macro
[INFO] [stdout]    |
[INFO] [stdout] 1  + use core::arch::asm;
[INFO] [stdout]    |
[INFO] [stdout] 
[INFO] [stdout] 
[INFO] [stdout] error: cannot find macro `asm` in this scope
[INFO] [stdout]   --> src/syscall/raw_x86_64.rs:85:9
[INFO] [stdout]    |
[INFO] [stdout] 85 |         asm!("syscall",
[INFO] [stdout]    |         ^^^
[INFO] [stdout]    |
[INFO] [stdout] help: consider importing this macro
[INFO] [stdout]    |
[INFO] [stdout] 1  + use core::arch::asm;
[INFO] [stdout]    |
[INFO] [stdout] 
[INFO] [stdout] 
[INFO] [stdout] error: cannot find macro `asm` in this scope
[INFO] [stdout]    --> src/syscall/raw_x86_64.rs:105:9
[INFO] [stdout]     |
[INFO] [stdout] 105 |         asm!("syscall",
[INFO] [stdout]     |         ^^^
[INFO] [stdout]     |
[INFO] [stdout] help: consider importing this macro
[INFO] [stdout]     |
[INFO] [stdout] 1   + use core::arch::asm;
[INFO] [stdout]     |
[INFO] [stdout] 
[INFO] [stdout] 
[INFO] [stdout] warning: the feature `unsafe_block_in_unsafe_fn` has been stable since 1.52.0 and no longer requires an attribute to enable
[INFO] [stdout]  --> src/lib.rs:2:45
[INFO] [stdout]   |
[INFO] [stdout] 2 | #![feature(asm, decl_macro, const_generics, unsafe_block_in_unsafe_fn, never_type)]
[INFO] [stdout]   |                                             ^^^^^^^^^^^^^^^^^^^^^^^^^
[INFO] [stdout]   |
[INFO] [stdout]   = note: `#[warn(stable_features)]` on by default
[INFO] [stdout] 
[INFO] [stdout] 
[INFO] [stdout] warning: the feature `asm` has been stable since 1.59.0 and no longer requires an attribute to enable
[INFO] [stdout]  --> src/lib.rs:2:12
[INFO] [stdout]   |
[INFO] [stdout] 2 | #![feature(asm, decl_macro, const_generics, unsafe_block_in_unsafe_fn, never_type)]
[INFO] [stdout]   |            ^^^
[INFO] [stdout] 
[INFO] [stdout] 
[INFO] [stdout] warning: the feature `unsafe_block_in_unsafe_fn` has been stable since 1.52.0 and no longer requires an attribute to enable
[INFO] [stdout]  --> src/lib.rs:2:45
[INFO] [stdout]   |
[INFO] [stdout] 2 | #![feature(asm, decl_macro, const_generics, unsafe_block_in_unsafe_fn, never_type)]
[INFO] [stdout]   |                                             ^^^^^^^^^^^^^^^^^^^^^^^^^
[INFO] [stdout]   |
[INFO] [stdout]   = note: `#[warn(stable_features)]` on by default
[INFO] [stdout] 
[INFO] [stdout] 
[INFO] [stdout] warning: the feature `asm` has been stable since 1.59.0 and no longer requires an attribute to enable
[INFO] [stdout]  --> src/lib.rs:2:12
[INFO] [stdout]   |
[INFO] [stdout] 2 | #![feature(asm, decl_macro, const_generics, unsafe_block_in_unsafe_fn, never_type)]
[INFO] [stdout]   |            ^^^
[INFO] [stdout] 
[INFO] [stdout] 
[INFO] [stdout] error: aborting due to 7 previous errors; 2 warnings emitted
[INFO] [stdout] 
[INFO] [stdout] 
[INFO] [stdout] For more information about this error, try `rustc --explain E0557`.
[INFO] [stdout] 
[INFO] [stderr] error: could not compile `libpebble` (lib) due to 8 previous errors; 2 warnings emitted
[INFO] [stderr] warning: build failed, waiting for other jobs to finish...
[INFO] [stdout] error: aborting due to 7 previous errors; 2 warnings emitted
[INFO] [stdout] 
[INFO] [stdout] 
[INFO] [stdout] For more information about this error, try `rustc --explain E0557`.
[INFO] [stdout] 
[INFO] [stderr] error: could not compile `libpebble` (lib test) due to 8 previous errors; 2 warnings emitted
[INFO] running `Command { std: "docker" "inspect" "d2f10634d0faec7c312270d4d08692da7486fad9472efcb263441dfeb1cf035d", kill_on_drop: false }`
[INFO] running `Command { std: "docker" "rm" "-f" "d2f10634d0faec7c312270d4d08692da7486fad9472efcb263441dfeb1cf035d", kill_on_drop: false }`
[INFO] [stdout] d2f10634d0faec7c312270d4d08692da7486fad9472efcb263441dfeb1cf035d
