[INFO] fetching crate libp2p-pubsub-floodsub 0.1.0...
[INFO] checking libp2p-pubsub-floodsub-0.1.0 against nightly-2024-02-05 for check-cfg
[INFO] extracting crate libp2p-pubsub-floodsub 0.1.0 into /workspace/builds/worker-7-tc1/source
[INFO] validating manifest of crates.io crate libp2p-pubsub-floodsub 0.1.0 on toolchain nightly-2024-02-05
[INFO] running `Command { std: CARGO_HOME="/workspace/cargo-home" RUSTUP_HOME="/workspace/rustup-home" "/workspace/cargo-home/bin/cargo" "+nightly-2024-02-05" "metadata" "--manifest-path" "Cargo.toml" "--no-deps", kill_on_drop: false }`
[INFO] started tweaking crates.io crate libp2p-pubsub-floodsub 0.1.0
[INFO] finished tweaking crates.io crate libp2p-pubsub-floodsub 0.1.0
[INFO] tweaked toml for crates.io crate libp2p-pubsub-floodsub 0.1.0 written to /workspace/builds/worker-7-tc1/source/Cargo.toml
[INFO] crate crates.io crate libp2p-pubsub-floodsub 0.1.0 already has a lockfile, it will not be regenerated
[INFO] running `Command { std: CARGO_HOME="/workspace/cargo-home" RUSTUP_HOME="/workspace/rustup-home" "/workspace/cargo-home/bin/cargo" "+nightly-2024-02-05" "fetch" "--manifest-path" "Cargo.toml", kill_on_drop: false }`
[INFO] [stderr]     Updating crates.io index
[INFO] [stderr]  Downloading crates ...
[INFO] [stderr]   Downloaded rw-stream-sink v0.4.0
[INFO] [stderr]   Downloaded libp2p-connection-limits v0.2.1
[INFO] [stderr]   Downloaded base64 v0.21.3
[INFO] [stderr]   Downloaded libp2p-yamux v0.44.1
[INFO] [stderr]   Downloaded libp2p-pubsub-common v0.1.0
[INFO] [stderr]   Downloaded libp2p-pubsub-proto v0.1.0
[INFO] [stderr]   Downloaded trait-set v0.3.0
[INFO] [stderr]   Downloaded multistream-select v0.13.0
[INFO] [stderr]   Downloaded quick-protobuf-codec v0.2.0
[INFO] [stderr]   Downloaded prost-derive v0.12.0
[INFO] [stderr]   Downloaded libp2p-mdns v0.44.0
[INFO] [stderr]   Downloaded libp2p-identity v0.2.3
[INFO] [stderr]   Downloaded libp2p-gossipsub v0.45.1
[INFO] [stderr]   Downloaded syn v2.0.31
[INFO] [stderr]   Downloaded curve25519-dalek v4.0.0
[INFO] [stderr]   Downloaded prometheus-client v0.21.2
[INFO] [stderr]   Downloaded libp2p-swarm v0.43.3
[INFO] [stderr]   Downloaded libp2p-pubsub-core v0.1.0
[INFO] [stderr]   Downloaded libp2p-core v0.40.0
[INFO] [stderr]   Downloaded yamux v0.12.0
[INFO] [stderr]   Downloaded multiaddr v0.18.0
[INFO] [stderr]   Downloaded multihash v0.19.0
[INFO] [stderr]   Downloaded libp2p v0.52.3
[INFO] [stderr]   Downloaded futures-ticker v0.0.3
[INFO] [stderr]   Downloaded libp2p-plaintext v0.40.0
[INFO] [stderr]   Downloaded futures-rustls v0.24.0
[INFO] [stderr]   Downloaded libp2p-quic v0.9.2
[INFO] [stderr]   Downloaded if-watch v3.0.1
[INFO] [stderr]   Downloaded prost v0.12.0
[INFO] [stderr]   Downloaded libp2p-metrics v0.13.1
[INFO] [stderr]   Downloaded libp2p-tls v0.2.1
[INFO] [stderr]   Downloaded proc-macro-warning v0.4.2
[INFO] [stderr]   Downloaded libp2p-swarm-derive v0.33.0
[INFO] [stderr]   Downloaded libp2p-tcp v0.40.0
[INFO] [stderr]   Downloaded ed25519 v2.2.2
[INFO] [stderr]   Downloaded libp2p-allow-block-list v0.2.0
[INFO] [stderr]   Downloaded libp2p-dns v0.40.0
[INFO] [stderr]   Downloaded cuckoofilter v0.5.0
[INFO] [stderr]   Downloaded libp2p-floodsub v0.43.0
[INFO] [stderr]   Downloaded testlib v0.1.6
[INFO] running `Command { std: "docker" "create" "-v" "/var/lib/crater-agent-workspace/builds/worker-7-tc1/target:/opt/rustwide/target:rw,Z" "-v" "/var/lib/crater-agent-workspace/builds/worker-7-tc1/source:/opt/rustwide/workdir:ro,Z" "-v" "/var/lib/crater-agent-workspace/cargo-home:/opt/rustwide/cargo-home:ro,Z" "-v" "/var/lib/crater-agent-workspace/rustup-home:/opt/rustwide/rustup-home:ro,Z" "-e" "SOURCE_DIR=/opt/rustwide/workdir" "-e" "CARGO_TARGET_DIR=/opt/rustwide/target" "-e" "CARGO_HOME=/opt/rustwide/cargo-home" "-e" "RUSTUP_HOME=/opt/rustwide/rustup-home" "-w" "/opt/rustwide/workdir" "-m" "1610612736" "--user" "0:0" "--network" "none" "ghcr.io/rust-lang/crates-build-env/linux@sha256:2788e3201cd34a07e3172128adcd8b3090168a8e3bcc40d7c032b9dda1df7d1c" "/opt/rustwide/cargo-home/bin/cargo" "+nightly-2024-02-05" "metadata" "--no-deps" "--format-version=1", kill_on_drop: false }`
[INFO] [stdout] 9e1dadcbc1fe854265928ddb5711eb5755e391d1510096f5abbe5fb9a93f10ee
[INFO] running `Command { std: "docker" "start" "-a" "9e1dadcbc1fe854265928ddb5711eb5755e391d1510096f5abbe5fb9a93f10ee", kill_on_drop: false }`
[INFO] running `Command { std: "docker" "inspect" "9e1dadcbc1fe854265928ddb5711eb5755e391d1510096f5abbe5fb9a93f10ee", kill_on_drop: false }`
[INFO] running `Command { std: "docker" "rm" "-f" "9e1dadcbc1fe854265928ddb5711eb5755e391d1510096f5abbe5fb9a93f10ee", kill_on_drop: false }`
[INFO] [stdout] 9e1dadcbc1fe854265928ddb5711eb5755e391d1510096f5abbe5fb9a93f10ee
[INFO] running `Command { std: "docker" "create" "-v" "/var/lib/crater-agent-workspace/builds/worker-7-tc1/target:/opt/rustwide/target:rw,Z" "-v" "/var/lib/crater-agent-workspace/builds/worker-7-tc1/source:/opt/rustwide/workdir:ro,Z" "-v" "/var/lib/crater-agent-workspace/cargo-home:/opt/rustwide/cargo-home:ro,Z" "-v" "/var/lib/crater-agent-workspace/rustup-home:/opt/rustwide/rustup-home:ro,Z" "-e" "SOURCE_DIR=/opt/rustwide/workdir" "-e" "CARGO_TARGET_DIR=/opt/rustwide/target" "-e" "CARGO_INCREMENTAL=0" "-e" "RUST_BACKTRACE=full" "-e" "RUSTFLAGS=--cap-lints=forbid" "-e" "RUSTDOCFLAGS=--cap-lints=forbid" "-e" "CARGO_HOME=/opt/rustwide/cargo-home" "-e" "RUSTUP_HOME=/opt/rustwide/rustup-home" "-w" "/opt/rustwide/workdir" "-m" "1610612736" "--user" "0:0" "--network" "none" "ghcr.io/rust-lang/crates-build-env/linux@sha256:2788e3201cd34a07e3172128adcd8b3090168a8e3bcc40d7c032b9dda1df7d1c" "/opt/rustwide/cargo-home/bin/cargo" "+nightly-2024-02-05" "check" "--frozen" "--all" "--all-targets" "--message-format=json", kill_on_drop: false }`
[INFO] [stdout] d75e509e43ae763dd5a892d82ec536374bb42992ec664c33eef0a2856cec779e
[INFO] running `Command { std: "docker" "start" "-a" "d75e509e43ae763dd5a892d82ec536374bb42992ec664c33eef0a2856cec779e", kill_on_drop: false }`
[INFO] [stderr]    Compiling proc-macro2 v1.0.66
[INFO] [stderr]    Compiling unicode-ident v1.0.11
[INFO] [stderr]    Compiling libc v0.2.147
[INFO] [stderr]    Compiling version_check v0.9.4
[INFO] [stderr]     Checking cfg-if v1.0.0
[INFO] [stderr]    Compiling autocfg v1.1.0
[INFO] [stderr]    Compiling typenum v1.16.0
[INFO] [stderr]     Checking memchr v2.6.3
[INFO] [stderr]     Checking pin-project-lite v0.2.13
[INFO] [stderr]    Compiling futures-core v0.3.28
[INFO] [stderr]    Compiling futures-channel v0.3.28
[INFO] [stderr]    Compiling slab v0.4.9
[INFO] [stderr]    Compiling futures-task v0.3.28
[INFO] [stderr]     Checking futures-sink v0.3.28
[INFO] [stderr]    Compiling futures-util v0.3.28
[INFO] [stderr]     Checking pin-utils v0.1.0
[INFO] [stderr]     Checking futures-io v0.3.28
[INFO] [stderr]    Compiling generic-array v0.14.7
[INFO] [stderr]     Checking bytes v1.5.0
[INFO] [stderr]    Compiling thiserror v1.0.48
[INFO] [stderr]    Compiling crunchy v0.2.2
[INFO] [stderr]    Compiling quote v1.0.33
[INFO] [stderr]     Checking byteorder v1.4.3
[INFO] [stderr]    Compiling syn v2.0.31
[INFO] [stderr]     Checking ppv-lite86 v0.2.17
[INFO] [stderr]    Compiling syn v1.0.109
[INFO] [stderr]     Checking once_cell v1.18.0
[INFO] [stderr]    Compiling semver v1.0.18
[INFO] [stderr]     Checking subtle v2.5.0
[INFO] [stderr]     Checking num_cpus v1.16.0
[INFO] [stderr]     Checking getrandom v0.2.10
[INFO] [stderr]     Checking log v0.4.20
[INFO] [stderr]     Checking tinyvec_macros v0.1.1
[INFO] [stderr]     Checking tinyvec v1.6.0
[INFO] [stderr]     Checking cpufeatures v0.2.9
[INFO] [stderr]     Checking rand_core v0.6.4
[INFO] [stderr]     Checking smallvec v1.11.0
[INFO] [stderr]     Checking rand_chacha v0.3.1
[INFO] [stderr]     Checking digest v0.9.0
[INFO] [stderr]    Compiling rustc_version v0.4.0
[INFO] [stderr]     Checking crypto-common v0.1.6
[INFO] [stderr]     Checking rand v0.8.5
[INFO] [stderr]     Checking block-buffer v0.10.4
[INFO] [stderr]    Compiling lock_api v0.4.10
[INFO] [stderr]     Checking unicode-bidi v0.3.13
[INFO] [stderr]    Compiling libsecp256k1-core v0.3.0
[INFO] [stderr]    Compiling platforms v3.1.2
[INFO] [stderr]    Compiling parking_lot_core v0.9.8
[INFO] [stderr]     Checking digest v0.10.7
[INFO] [stderr]     Checking unicode-normalization v0.1.22
[INFO] [stderr]    Compiling curve25519-dalek v4.0.0
[INFO] [stderr]     Checking crypto-mac v0.8.0
[INFO] [stderr]     Checking data-encoding v2.4.0
[INFO] [stderr]     Checking percent-encoding v2.3.0
[INFO] [stderr]     Checking scopeguard v1.2.0
[INFO] [stderr]    Compiling serde v1.0.188
[INFO] [stderr]     Checking form_urlencoded v1.2.0
[INFO] [stderr]    Compiling libsecp256k1-gen-genmult v0.3.0
[INFO] [stderr]    Compiling libsecp256k1-gen-ecmult v0.3.0
[INFO] [stderr]     Checking hmac v0.8.1
[INFO] [stderr]     Checking idna v0.4.0
[INFO] [stderr]     Checking block-buffer v0.9.0
[INFO] [stderr]     Checking socket2 v0.5.3
[INFO] [stderr]     Checking mio v0.8.8
[INFO] [stderr]     Checking signature v2.1.0
[INFO] [stderr]    Compiling libsecp256k1 v0.7.1
[INFO] [stderr]     Checking zeroize v1.6.0
[INFO] [stderr]     Checking opaque-debug v0.3.0
[INFO] [stderr]     Checking ed25519 v2.2.2
[INFO] [stderr]     Checking sha2 v0.9.9
[INFO] [stderr]     Checking parking_lot v0.12.1
[INFO] [stderr]     Checking url v2.4.1
[INFO] [stderr]     Checking hmac-drbg v0.3.0
[INFO] [stderr]     Checking sha2 v0.10.7
[INFO] [stderr]     Checking quick-protobuf v0.8.1
[INFO] [stderr]     Checking core2 v0.4.0
[INFO] [stderr]     Checking base64 v0.13.1
[INFO] [stderr]     Checking arrayref v0.3.7
[INFO] [stderr]    Compiling anyhow v1.0.75
[INFO] [stderr]     Checking static_assertions v1.1.0
[INFO] [stderr]     Checking asn1_der v0.7.6
[INFO] [stderr]     Checking bs58 v0.5.0
[INFO] [stderr]     Checking fnv v1.0.7
[INFO] [stderr]     Checking futures-timer v3.0.2
[INFO] [stderr]     Checking base-x v0.2.11
[INFO] [stderr]     Checking instant v0.1.12
[INFO] [stderr]     Checking either v1.9.0
[INFO] [stderr]     Checking void v1.0.2
[INFO] [stderr]    Compiling heck v0.4.1
[INFO] [stderr]    Compiling paste v1.0.14
[INFO] [stderr]    Compiling proc-macro-warning v0.4.2
[INFO] [stderr]    Compiling getrandom v0.1.16
[INFO] [stderr]     Checking tracing-core v0.1.31
[INFO] [stderr]    Compiling data-encoding-macro-internal v0.1.11
[INFO] [stderr]     Checking bitflags v1.3.2
[INFO] [stderr]     Checking ipnet v2.8.0
[INFO] [stderr]    Compiling async-trait v0.1.73
[INFO] [stderr]     Checking rand_core v0.5.1
[INFO] [stderr]    Compiling ahash v0.8.3
[INFO] [stderr]     Checking match_cfg v0.1.0
[INFO] [stderr]     Checking matches v0.1.10
[INFO] [stderr]     Checking idna v0.2.3
[INFO] [stderr]     Checking hostname v0.3.1
[INFO] [stderr]     Checking rand_chacha v0.2.2
[INFO] [stderr]     Checking nix v0.24.3
[INFO] [stderr]    Compiling enum-as-inner v0.5.1
[INFO] [stderr]     Checking aho-corasick v1.0.5
[INFO] [stderr]    Compiling prometheus-client v0.21.2
[INFO] [stderr]     Checking data-encoding-macro v0.1.13
[INFO] [stderr]     Checking multibase v0.9.1
[INFO] [stderr]     Checking linked-hash-map v0.5.6
[INFO] [stderr]     Checking regex-syntax v0.7.5
[INFO] [stderr]     Checking quick-error v1.2.3
[INFO] [stderr]     Checking lazy_static v1.4.0
[INFO] [stderr]     Checking lru-cache v0.1.2
[INFO] [stderr]    Compiling itertools v0.11.0
[INFO] [stderr]     Checking resolv-conf v0.7.0
[INFO] [stderr]     Checking rand v0.7.3
[INFO] [stderr]     Checking nohash-hasher v0.2.0
[INFO] [stderr]     Checking dtoa v1.0.9
[INFO] [stderr]     Checking itoa v1.0.9
[INFO] [stderr]     Checking allocator-api2 v0.2.16
[INFO] [stderr]     Checking base64 v0.21.3
[INFO] [stderr]    Compiling libp2p-pubsub-proto v0.1.0
[INFO] [stderr]     Checking hex_fmt v0.3.0
[INFO] [stderr]     Checking cuckoofilter v0.5.0
[INFO] [stderr]    Compiling trait-set v0.3.0
[INFO] [stderr]     Checking hashbrown v0.14.0
[INFO] [stderr]     Checking testlib v0.1.6
[INFO] [stderr]     Checking assert_matches v1.5.0
[INFO] [stderr]    Compiling futures-macro v0.3.28
[INFO] [stderr]    Compiling thiserror-impl v1.0.48
[INFO] [stderr]    Compiling pin-project-internal v1.1.3
[INFO] [stderr]    Compiling serde_derive v1.0.188
[INFO] [stderr]    Compiling curve25519-dalek-derive v0.1.0
[INFO] [stderr]    Compiling tokio-macros v2.1.0
[INFO] [stderr]    Compiling libp2p-swarm-derive v0.33.0
[INFO] [stderr]    Compiling tracing-attributes v0.1.26
[INFO] [stderr]     Checking tokio v1.32.0
[INFO] [stderr]     Checking netlink-packet-utils v0.5.2
[INFO] [stderr]     Checking pin-project v1.1.3
[INFO] [stderr]     Checking regex-automata v0.3.8
[INFO] [stderr]     Checking netlink-packet-core v0.4.2
[INFO] [stderr]     Checking netlink-packet-route v0.12.0
[INFO] [stderr]     Checking ed25519-dalek v2.0.0
[INFO] [stderr]    Compiling prometheus-client-derive-encode v0.4.2
[INFO] [stderr]    Compiling prost-derive v0.12.0
[INFO] [stderr]     Checking tracing v0.1.37
[INFO] [stderr]     Checking hashlink v0.8.4
[INFO] [stderr]     Checking tracing-futures v0.2.5
[INFO] [stderr]     Checking regex v1.9.5
[INFO] [stderr]     Checking futures-executor v0.3.28
[INFO] [stderr]     Checking asynchronous-codec v0.6.2
[INFO] [stderr]     Checking futures v0.3.28
[INFO] [stderr]     Checking rw-stream-sink v0.4.0
[INFO] [stderr]     Checking futures-ticker v0.0.3
[INFO] [stderr]     Checking yamux v0.12.0
[INFO] [stderr]     Checking unsigned-varint v0.7.2
[INFO] [stderr]     Checking libp2p-pubsub-common v0.1.0
[INFO] [stderr]     Checking netlink-sys v0.8.5
[INFO] [stderr]     Checking trust-dns-proto v0.22.0
[INFO] [stderr]     Checking multihash v0.19.0
[INFO] [stderr]     Checking multistream-select v0.13.0
[INFO] [stderr]     Checking quick-protobuf-codec v0.2.0
[INFO] [stderr]     Checking netlink-proto v0.10.0
[INFO] [stderr]     Checking rtnetlink v0.10.1
[INFO] [stderr]     Checking prost v0.12.0
[INFO] [stderr]     Checking if-watch v3.0.1
[INFO] [stderr]     Checking trust-dns-resolver v0.22.0
[INFO] [stderr]     Checking libp2p-identity v0.2.3
[INFO] [stderr]     Checking multiaddr v0.18.0
[INFO] [stderr]     Checking libp2p-core v0.40.0
[INFO] [stderr]     Checking libp2p-swarm v0.43.3
[INFO] [stderr]     Checking libp2p-dns v0.40.0
[INFO] [stderr]     Checking libp2p-tcp v0.40.0
[INFO] [stderr]     Checking libp2p-plaintext v0.40.0
[INFO] [stderr]     Checking libp2p-yamux v0.44.1
[INFO] [stderr]     Checking libp2p-allow-block-list v0.2.0
[INFO] [stderr]     Checking libp2p-gossipsub v0.45.1
[INFO] [stderr]     Checking libp2p-floodsub v0.43.0
[INFO] [stderr]     Checking libp2p-connection-limits v0.2.1
[INFO] [stderr]     Checking libp2p v0.52.3
[INFO] [stderr]     Checking libp2p-pubsub-core v0.1.0
[INFO] [stderr]     Checking libp2p-pubsub-floodsub v0.1.0 (/opt/rustwide/workdir)
[INFO] [stdout] error[E0432]: unresolved import `testlib::service`
[INFO] [stdout]   --> src/router/tests.rs:12:14
[INFO] [stdout]    |
[INFO] [stdout] 12 | use testlib::service::noop_context;
[INFO] [stdout]    |              ^^^^^^^ could not find `service` in `testlib`
[INFO] [stdout] 
[INFO] [stdout] 
[INFO] [stdout] error[E0433]: failed to resolve: could not find `service` in `testlib`
[INFO] [stdout]   --> src/router/tests.rs:98:32
[INFO] [stdout]    |
[INFO] [stdout] 98 |     let mut service = testlib::service::default_test_service::<Router>();
[INFO] [stdout]    |                                ^^^^^^^ could not find `service` in `testlib`
[INFO] [stdout] 
[INFO] [stdout] 
[INFO] [stdout] error[E0433]: failed to resolve: could not find `service` in `testlib`
[INFO] [stdout]    --> src/router/tests.rs:106:14
[INFO] [stdout]     |
[INFO] [stdout] 106 |     testlib::service::inject_events(&mut service, input_events);
[INFO] [stdout]     |              ^^^^^^^ could not find `service` in `testlib`
[INFO] [stdout] 
[INFO] [stdout] 
[INFO] [stdout] error[E0433]: failed to resolve: could not find `service` in `testlib`
[INFO] [stdout]    --> src/router/tests.rs:107:14
[INFO] [stdout]     |
[INFO] [stdout] 107 |     testlib::service::poll(&mut service, &mut noop_context());
[INFO] [stdout]     |              ^^^^^^^ could not find `service` in `testlib`
[INFO] [stdout] 
[INFO] [stdout] 
[INFO] [stdout] error[E0433]: failed to resolve: could not find `service` in `testlib`
[INFO] [stdout]    --> src/router/tests.rs:112:14
[INFO] [stdout]     |
[INFO] [stdout] 112 |     testlib::service::inject_events(&mut service, input_events);
[INFO] [stdout]     |              ^^^^^^^ could not find `service` in `testlib`
[INFO] [stdout] 
[INFO] [stdout] 
[INFO] [stdout] error[E0433]: failed to resolve: could not find `service` in `testlib`
[INFO] [stdout]    --> src/router/tests.rs:114:34
[INFO] [stdout]     |
[INFO] [stdout] 114 |     let output_events = testlib::service::collect_events(&mut service, &mut noop_context());
[INFO] [stdout]     |                                  ^^^^^^^ could not find `service` in `testlib`
[INFO] [stdout] 
[INFO] [stdout] 
[INFO] [stdout] error[E0433]: failed to resolve: could not find `service` in `testlib`
[INFO] [stdout]    --> src/router/tests.rs:126:32
[INFO] [stdout]     |
[INFO] [stdout] 126 |     let mut service = testlib::service::default_test_service::<Router>();
[INFO] [stdout]     |                                ^^^^^^^ could not find `service` in `testlib`
[INFO] [stdout] 
[INFO] [stdout] 
[INFO] [stdout] error[E0433]: failed to resolve: could not find `service` in `testlib`
[INFO] [stdout]    --> src/router/tests.rs:130:14
[INFO] [stdout]     |
[INFO] [stdout] 130 |     testlib::service::inject_events(&mut service, input_events);
[INFO] [stdout]     |              ^^^^^^^ could not find `service` in `testlib`
[INFO] [stdout] 
[INFO] [stdout] 
[INFO] [stdout] error[E0433]: failed to resolve: could not find `service` in `testlib`
[INFO] [stdout]    --> src/router/tests.rs:131:14
[INFO] [stdout]     |
[INFO] [stdout] 131 |     testlib::service::poll(&mut service, &mut noop_context());
[INFO] [stdout]     |              ^^^^^^^ could not find `service` in `testlib`
[INFO] [stdout] 
[INFO] [stdout] 
[INFO] [stdout] error[E0433]: failed to resolve: could not find `service` in `testlib`
[INFO] [stdout]    --> src/router/tests.rs:136:14
[INFO] [stdout]     |
[INFO] [stdout] 136 |     testlib::service::inject_events(&mut service, input_events);
[INFO] [stdout]     |              ^^^^^^^ could not find `service` in `testlib`
[INFO] [stdout] 
[INFO] [stdout] 
[INFO] [stdout] error[E0433]: failed to resolve: could not find `service` in `testlib`
[INFO] [stdout]    --> src/router/tests.rs:138:34
[INFO] [stdout]     |
[INFO] [stdout] 138 |     let output_events = testlib::service::collect_events(&mut service, &mut noop_context());
[INFO] [stdout]     |                                  ^^^^^^^ could not find `service` in `testlib`
[INFO] [stdout] 
[INFO] [stdout] 
[INFO] [stdout] error[E0433]: failed to resolve: could not find `service` in `testlib`
[INFO] [stdout]    --> src/router/tests.rs:150:32
[INFO] [stdout]     |
[INFO] [stdout] 150 |     let mut service = testlib::service::default_test_service::<Router>();
[INFO] [stdout]     |                                ^^^^^^^ could not find `service` in `testlib`
[INFO] [stdout] 
[INFO] [stdout] 
[INFO] [stdout] error[E0433]: failed to resolve: could not find `service` in `testlib`
[INFO] [stdout]    --> src/router/tests.rs:157:14
[INFO] [stdout]     |
[INFO] [stdout] 157 |     testlib::service::inject_events(&mut service, input_events);
[INFO] [stdout]     |              ^^^^^^^ could not find `service` in `testlib`
[INFO] [stdout] 
[INFO] [stdout] 
[INFO] [stdout] error[E0433]: failed to resolve: could not find `service` in `testlib`
[INFO] [stdout]    --> src/router/tests.rs:158:14
[INFO] [stdout]     |
[INFO] [stdout] 158 |     testlib::service::poll(&mut service, &mut noop_context());
[INFO] [stdout]     |              ^^^^^^^ could not find `service` in `testlib`
[INFO] [stdout] 
[INFO] [stdout] 
[INFO] [stdout] error[E0433]: failed to resolve: could not find `service` in `testlib`
[INFO] [stdout]    --> src/router/tests.rs:163:14
[INFO] [stdout]     |
[INFO] [stdout] 163 |     testlib::service::inject_events(&mut service, input_events);
[INFO] [stdout]     |              ^^^^^^^ could not find `service` in `testlib`
[INFO] [stdout] 
[INFO] [stdout] 
[INFO] [stdout] error[E0433]: failed to resolve: could not find `service` in `testlib`
[INFO] [stdout]    --> src/router/tests.rs:165:34
[INFO] [stdout]     |
[INFO] [stdout] 165 |     let output_events = testlib::service::collect_events(&mut service, &mut noop_context());
[INFO] [stdout]     |                                  ^^^^^^^ could not find `service` in `testlib`
[INFO] [stdout] 
[INFO] [stdout] 
[INFO] [stdout] error[E0433]: failed to resolve: could not find `service` in `testlib`
[INFO] [stdout]    --> src/router/tests.rs:176:32
[INFO] [stdout]     |
[INFO] [stdout] 176 |     let mut service = testlib::service::default_test_service::<Router>();
[INFO] [stdout]     |                                ^^^^^^^ could not find `service` in `testlib`
[INFO] [stdout] 
[INFO] [stdout] 
[INFO] [stdout] error[E0433]: failed to resolve: could not find `service` in `testlib`
[INFO] [stdout]    --> src/router/tests.rs:180:14
[INFO] [stdout]     |
[INFO] [stdout] 180 |     testlib::service::inject_events(&mut service, input_events);
[INFO] [stdout]     |              ^^^^^^^ could not find `service` in `testlib`
[INFO] [stdout] 
[INFO] [stdout] 
[INFO] [stdout] error[E0433]: failed to resolve: could not find `service` in `testlib`
[INFO] [stdout]    --> src/router/tests.rs:181:14
[INFO] [stdout]     |
[INFO] [stdout] 181 |     testlib::service::poll(&mut service, &mut noop_context());
[INFO] [stdout]     |              ^^^^^^^ could not find `service` in `testlib`
[INFO] [stdout] 
[INFO] [stdout] 
[INFO] [stdout] error[E0433]: failed to resolve: could not find `service` in `testlib`
[INFO] [stdout]    --> src/router/tests.rs:186:14
[INFO] [stdout]     |
[INFO] [stdout] 186 |     testlib::service::inject_events(&mut service, input_events);
[INFO] [stdout]     |              ^^^^^^^ could not find `service` in `testlib`
[INFO] [stdout] 
[INFO] [stdout] 
[INFO] [stdout] error[E0433]: failed to resolve: could not find `service` in `testlib`
[INFO] [stdout]    --> src/router/tests.rs:188:34
[INFO] [stdout]     |
[INFO] [stdout] 188 |     let output_events = testlib::service::collect_events(&mut service, &mut noop_context());
[INFO] [stdout]     |                                  ^^^^^^^ could not find `service` in `testlib`
[INFO] [stdout] 
[INFO] [stdout] 
[INFO] [stdout] error[E0433]: failed to resolve: could not find `service` in `testlib`
[INFO] [stdout]    --> src/router/tests.rs:201:32
[INFO] [stdout]     |
[INFO] [stdout] 201 |     let mut service = testlib::service::default_test_service::<Router>();
[INFO] [stdout]     |                                ^^^^^^^ could not find `service` in `testlib`
[INFO] [stdout] 
[INFO] [stdout] 
[INFO] [stdout] error[E0433]: failed to resolve: could not find `service` in `testlib`
[INFO] [stdout]    --> src/router/tests.rs:210:14
[INFO] [stdout]     |
[INFO] [stdout] 210 |     testlib::service::inject_events(&mut service, input_events);
[INFO] [stdout]     |              ^^^^^^^ could not find `service` in `testlib`
[INFO] [stdout] 
[INFO] [stdout] 
[INFO] [stdout] error[E0433]: failed to resolve: could not find `service` in `testlib`
[INFO] [stdout]    --> src/router/tests.rs:211:14
[INFO] [stdout]     |
[INFO] [stdout] 211 |     testlib::service::poll(&mut service, &mut noop_context());
[INFO] [stdout]     |              ^^^^^^^ could not find `service` in `testlib`
[INFO] [stdout] 
[INFO] [stdout] 
[INFO] [stdout] error[E0433]: failed to resolve: could not find `service` in `testlib`
[INFO] [stdout]    --> src/router/tests.rs:221:14
[INFO] [stdout]     |
[INFO] [stdout] 221 |     testlib::service::inject_events(&mut service, input_events);
[INFO] [stdout]     |              ^^^^^^^ could not find `service` in `testlib`
[INFO] [stdout] 
[INFO] [stdout] 
[INFO] [stdout] error[E0433]: failed to resolve: could not find `service` in `testlib`
[INFO] [stdout]    --> src/router/tests.rs:223:34
[INFO] [stdout]     |
[INFO] [stdout] 223 |     let output_events = testlib::service::collect_events(&mut service, &mut noop_context());
[INFO] [stdout]     |                                  ^^^^^^^ could not find `service` in `testlib`
[INFO] [stdout] 
[INFO] [stdout] 
[INFO] [stdout] error[E0433]: failed to resolve: could not find `service` in `testlib`
[INFO] [stdout]    --> src/router/tests.rs:249:32
[INFO] [stdout]     |
[INFO] [stdout] 249 |     let mut service = testlib::service::default_test_service::<Router>();
[INFO] [stdout]     |                                ^^^^^^^ could not find `service` in `testlib`
[INFO] [stdout] 
[INFO] [stdout] 
[INFO] [stdout] error[E0433]: failed to resolve: could not find `service` in `testlib`
[INFO] [stdout]    --> src/router/tests.rs:259:14
[INFO] [stdout]     |
[INFO] [stdout] 259 |     testlib::service::inject_events(&mut service, input_events);
[INFO] [stdout]     |              ^^^^^^^ could not find `service` in `testlib`
[INFO] [stdout] 
[INFO] [stdout] 
[INFO] [stdout] error[E0433]: failed to resolve: could not find `service` in `testlib`
[INFO] [stdout]    --> src/router/tests.rs:260:14
[INFO] [stdout]     |
[INFO] [stdout] 260 |     testlib::service::poll(&mut service, &mut noop_context());
[INFO] [stdout]     |              ^^^^^^^ could not find `service` in `testlib`
[INFO] [stdout] 
[INFO] [stdout] 
[INFO] [stdout] error[E0433]: failed to resolve: could not find `service` in `testlib`
[INFO] [stdout]    --> src/router/tests.rs:265:14
[INFO] [stdout]     |
[INFO] [stdout] 265 |     testlib::service::inject_events(&mut service, input_events);
[INFO] [stdout]     |              ^^^^^^^ could not find `service` in `testlib`
[INFO] [stdout] 
[INFO] [stdout] 
[INFO] [stdout] error[E0433]: failed to resolve: could not find `service` in `testlib`
[INFO] [stdout]    --> src/router/tests.rs:267:34
[INFO] [stdout]     |
[INFO] [stdout] 267 |     let output_events = testlib::service::collect_events(&mut service, &mut noop_context());
[INFO] [stdout]     |                                  ^^^^^^^ could not find `service` in `testlib`
[INFO] [stdout] 
[INFO] [stdout] 
[INFO] [stdout] error[E0433]: failed to resolve: could not find `service` in `testlib`
[INFO] [stdout]    --> src/router/tests.rs:293:32
[INFO] [stdout]     |
[INFO] [stdout] 293 |     let mut service = testlib::service::default_test_service::<Router>();
[INFO] [stdout]     |                                ^^^^^^^ could not find `service` in `testlib`
[INFO] [stdout] 
[INFO] [stdout] 
[INFO] [stdout] error[E0433]: failed to resolve: could not find `service` in `testlib`
[INFO] [stdout]    --> src/router/tests.rs:302:14
[INFO] [stdout]     |
[INFO] [stdout] 302 |     testlib::service::inject_events(&mut service, input_events);
[INFO] [stdout]     |              ^^^^^^^ could not find `service` in `testlib`
[INFO] [stdout] 
[INFO] [stdout] 
[INFO] [stdout] error[E0433]: failed to resolve: could not find `service` in `testlib`
[INFO] [stdout]    --> src/router/tests.rs:303:14
[INFO] [stdout]     |
[INFO] [stdout] 303 |     testlib::service::poll(&mut service, &mut noop_context());
[INFO] [stdout]     |              ^^^^^^^ could not find `service` in `testlib`
[INFO] [stdout] 
[INFO] [stdout] 
[INFO] [stdout] error[E0433]: failed to resolve: could not find `service` in `testlib`
[INFO] [stdout]    --> src/router/tests.rs:308:14
[INFO] [stdout]     |
[INFO] [stdout] 308 |     testlib::service::inject_events(&mut service, input_events);
[INFO] [stdout]     |              ^^^^^^^ could not find `service` in `testlib`
[INFO] [stdout] 
[INFO] [stdout] 
[INFO] [stdout] error[E0433]: failed to resolve: could not find `service` in `testlib`
[INFO] [stdout]    --> src/router/tests.rs:310:34
[INFO] [stdout]     |
[INFO] [stdout] 310 |     let output_events = testlib::service::collect_events(&mut service, &mut noop_context());
[INFO] [stdout]     |                                  ^^^^^^^ could not find `service` in `testlib`
[INFO] [stdout] 
[INFO] [stdout] 
[INFO] [stdout] error[E0433]: failed to resolve: could not find `service` in `testlib`
[INFO] [stdout]    --> src/router/tests.rs:337:32
[INFO] [stdout]     |
[INFO] [stdout] 337 |     let mut service = testlib::service::default_test_service::<Router>();
[INFO] [stdout]     |                                ^^^^^^^ could not find `service` in `testlib`
[INFO] [stdout] 
[INFO] [stdout] 
[INFO] [stdout] error[E0433]: failed to resolve: could not find `service` in `testlib`
[INFO] [stdout]    --> src/router/tests.rs:348:14
[INFO] [stdout]     |
[INFO] [stdout] 348 |     testlib::service::inject_events(&mut service, input_events);
[INFO] [stdout]     |              ^^^^^^^ could not find `service` in `testlib`
[INFO] [stdout] 
[INFO] [stdout] 
[INFO] [stdout] error[E0433]: failed to resolve: could not find `service` in `testlib`
[INFO] [stdout]    --> src/router/tests.rs:349:14
[INFO] [stdout]     |
[INFO] [stdout] 349 |     testlib::service::poll(&mut service, &mut noop_context());
[INFO] [stdout]     |              ^^^^^^^ could not find `service` in `testlib`
[INFO] [stdout] 
[INFO] [stdout] 
[INFO] [stdout] error[E0433]: failed to resolve: could not find `service` in `testlib`
[INFO] [stdout]    --> src/router/tests.rs:360:14
[INFO] [stdout]     |
[INFO] [stdout] 360 |     testlib::service::inject_events(&mut service, input_events);
[INFO] [stdout]     |              ^^^^^^^ could not find `service` in `testlib`
[INFO] [stdout] 
[INFO] [stdout] 
[INFO] [stdout] error[E0433]: failed to resolve: could not find `service` in `testlib`
[INFO] [stdout]    --> src/router/tests.rs:362:34
[INFO] [stdout]     |
[INFO] [stdout] 362 |     let output_events = testlib::service::collect_events(&mut service, &mut noop_context());
[INFO] [stdout]     |                                  ^^^^^^^ could not find `service` in `testlib`
[INFO] [stdout] 
[INFO] [stdout] 
[INFO] [stdout] error[E0433]: failed to resolve: could not find `service` in `testlib`
[INFO] [stdout]    --> src/router/tests.rs:387:32
[INFO] [stdout]     |
[INFO] [stdout] 387 |     let mut service = testlib::service::default_test_service::<Router>();
[INFO] [stdout]     |                                ^^^^^^^ could not find `service` in `testlib`
[INFO] [stdout] 
[INFO] [stdout] 
[INFO] [stdout] error[E0433]: failed to resolve: could not find `service` in `testlib`
[INFO] [stdout]    --> src/router/tests.rs:395:14
[INFO] [stdout]     |
[INFO] [stdout] 395 |     testlib::service::inject_events(&mut service, input_events);
[INFO] [stdout]     |              ^^^^^^^ could not find `service` in `testlib`
[INFO] [stdout] 
[INFO] [stdout] 
[INFO] [stdout] error[E0433]: failed to resolve: could not find `service` in `testlib`
[INFO] [stdout]    --> src/router/tests.rs:396:14
[INFO] [stdout]     |
[INFO] [stdout] 396 |     testlib::service::poll(&mut service, &mut noop_context());
[INFO] [stdout]     |              ^^^^^^^ could not find `service` in `testlib`
[INFO] [stdout] 
[INFO] [stdout] 
[INFO] [stdout] error[E0433]: failed to resolve: could not find `service` in `testlib`
[INFO] [stdout]    --> src/router/tests.rs:405:14
[INFO] [stdout]     |
[INFO] [stdout] 405 |     testlib::service::inject_events(&mut service, input_events);
[INFO] [stdout]     |              ^^^^^^^ could not find `service` in `testlib`
[INFO] [stdout] 
[INFO] [stdout] 
[INFO] [stdout] error[E0433]: failed to resolve: could not find `service` in `testlib`
[INFO] [stdout]    --> src/router/tests.rs:407:34
[INFO] [stdout]     |
[INFO] [stdout] 407 |     let output_events = testlib::service::collect_events(&mut service, &mut noop_context());
[INFO] [stdout]     |                                  ^^^^^^^ could not find `service` in `testlib`
[INFO] [stdout] 
[INFO] [stdout] 
[INFO] [stdout] error[E0433]: failed to resolve: could not find `service` in `testlib`
[INFO] [stdout]    --> src/router/tests.rs:433:32
[INFO] [stdout]     |
[INFO] [stdout] 433 |     let mut service = testlib::service::default_test_service::<Router>();
[INFO] [stdout]     |                                ^^^^^^^ could not find `service` in `testlib`
[INFO] [stdout] 
[INFO] [stdout] 
[INFO] [stdout] error[E0433]: failed to resolve: could not find `service` in `testlib`
[INFO] [stdout]    --> src/router/tests.rs:444:14
[INFO] [stdout]     |
[INFO] [stdout] 444 |     testlib::service::inject_events(&mut service, input_events);
[INFO] [stdout]     |              ^^^^^^^ could not find `service` in `testlib`
[INFO] [stdout] 
[INFO] [stdout] 
[INFO] [stdout] error[E0433]: failed to resolve: could not find `service` in `testlib`
[INFO] [stdout]    --> src/router/tests.rs:445:14
[INFO] [stdout]     |
[INFO] [stdout] 445 |     testlib::service::poll(&mut service, &mut noop_context());
[INFO] [stdout]     |              ^^^^^^^ could not find `service` in `testlib`
[INFO] [stdout] 
[INFO] [stdout] 
[INFO] [stdout] error[E0433]: failed to resolve: could not find `service` in `testlib`
[INFO] [stdout]    --> src/router/tests.rs:455:14
[INFO] [stdout]     |
[INFO] [stdout] 455 |     testlib::service::inject_events(&mut service, input_events);
[INFO] [stdout]     |              ^^^^^^^ could not find `service` in `testlib`
[INFO] [stdout] 
[INFO] [stdout] 
[INFO] [stdout] error[E0433]: failed to resolve: could not find `service` in `testlib`
[INFO] [stdout]    --> src/router/tests.rs:457:34
[INFO] [stdout]     |
[INFO] [stdout] 457 |     let output_events = testlib::service::collect_events(&mut service, &mut noop_context());
[INFO] [stdout]     |                                  ^^^^^^^ could not find `service` in `testlib`
[INFO] [stdout] 
[INFO] [stdout] 
[INFO] [stdout] error: aborting due to 51 previous errors
[INFO] [stdout] 
[INFO] [stdout] 
[INFO] [stdout] Some errors have detailed explanations: E0432, E0433.
[INFO] [stdout] 
[INFO] [stdout] For more information about an error, try `rustc --explain E0432`.
[INFO] [stdout] 
[INFO] [stderr] error: could not compile `libp2p-pubsub-floodsub` (lib test) due to 52 previous errors
[INFO] running `Command { std: "docker" "inspect" "d75e509e43ae763dd5a892d82ec536374bb42992ec664c33eef0a2856cec779e", kill_on_drop: false }`
[INFO] running `Command { std: "docker" "rm" "-f" "d75e509e43ae763dd5a892d82ec536374bb42992ec664c33eef0a2856cec779e", kill_on_drop: false }`
[INFO] [stdout] d75e509e43ae763dd5a892d82ec536374bb42992ec664c33eef0a2856cec779e
[INFO] checking libp2p-pubsub-floodsub-0.1.0 against nightly-2024-02-05+rustflags=-Dunexpected_cfgs+cargoflags=-Zcheck-cfg for check-cfg
[INFO] extracting crate libp2p-pubsub-floodsub 0.1.0 into /workspace/builds/worker-7-tc2/source
[INFO] validating manifest of crates.io crate libp2p-pubsub-floodsub 0.1.0 on toolchain nightly-2024-02-05
[INFO] running `Command { std: CARGO_HOME="/workspace/cargo-home" RUSTUP_HOME="/workspace/rustup-home" "/workspace/cargo-home/bin/cargo" "+nightly-2024-02-05" "metadata" "--manifest-path" "Cargo.toml" "--no-deps", kill_on_drop: false }`
[INFO] started tweaking crates.io crate libp2p-pubsub-floodsub 0.1.0
[INFO] finished tweaking crates.io crate libp2p-pubsub-floodsub 0.1.0
[INFO] tweaked toml for crates.io crate libp2p-pubsub-floodsub 0.1.0 written to /workspace/builds/worker-7-tc2/source/Cargo.toml
[INFO] crate crates.io crate libp2p-pubsub-floodsub 0.1.0 already has a lockfile, it will not be regenerated
[INFO] running `Command { std: CARGO_HOME="/workspace/cargo-home" RUSTUP_HOME="/workspace/rustup-home" "/workspace/cargo-home/bin/cargo" "+nightly-2024-02-05" "fetch" "--manifest-path" "Cargo.toml", kill_on_drop: false }`
[INFO] running `Command { std: "docker" "create" "-v" "/var/lib/crater-agent-workspace/builds/worker-7-tc2/target:/opt/rustwide/target:rw,Z" "-v" "/var/lib/crater-agent-workspace/builds/worker-7-tc2/source:/opt/rustwide/workdir:ro,Z" "-v" "/var/lib/crater-agent-workspace/cargo-home:/opt/rustwide/cargo-home:ro,Z" "-v" "/var/lib/crater-agent-workspace/rustup-home:/opt/rustwide/rustup-home:ro,Z" "-e" "SOURCE_DIR=/opt/rustwide/workdir" "-e" "CARGO_TARGET_DIR=/opt/rustwide/target" "-e" "CARGO_HOME=/opt/rustwide/cargo-home" "-e" "RUSTUP_HOME=/opt/rustwide/rustup-home" "-w" "/opt/rustwide/workdir" "-m" "1610612736" "--user" "0:0" "--network" "none" "ghcr.io/rust-lang/crates-build-env/linux@sha256:2788e3201cd34a07e3172128adcd8b3090168a8e3bcc40d7c032b9dda1df7d1c" "/opt/rustwide/cargo-home/bin/cargo" "+nightly-2024-02-05" "metadata" "--no-deps" "--format-version=1", kill_on_drop: false }`
[INFO] [stdout] c1c259fe30137e8354a694dc03bb42fd7eb1b76e3401f41ac0cdd39405f94ae0
[INFO] running `Command { std: "docker" "start" "-a" "c1c259fe30137e8354a694dc03bb42fd7eb1b76e3401f41ac0cdd39405f94ae0", kill_on_drop: false }`
[INFO] running `Command { std: "docker" "inspect" "c1c259fe30137e8354a694dc03bb42fd7eb1b76e3401f41ac0cdd39405f94ae0", kill_on_drop: false }`
[INFO] running `Command { std: "docker" "rm" "-f" "c1c259fe30137e8354a694dc03bb42fd7eb1b76e3401f41ac0cdd39405f94ae0", kill_on_drop: false }`
[INFO] [stdout] c1c259fe30137e8354a694dc03bb42fd7eb1b76e3401f41ac0cdd39405f94ae0
[INFO] running `Command { std: "docker" "create" "-v" "/var/lib/crater-agent-workspace/builds/worker-7-tc2/target:/opt/rustwide/target:rw,Z" "-v" "/var/lib/crater-agent-workspace/builds/worker-7-tc2/source:/opt/rustwide/workdir:ro,Z" "-v" "/var/lib/crater-agent-workspace/cargo-home:/opt/rustwide/cargo-home:ro,Z" "-v" "/var/lib/crater-agent-workspace/rustup-home:/opt/rustwide/rustup-home:ro,Z" "-e" "SOURCE_DIR=/opt/rustwide/workdir" "-e" "CARGO_TARGET_DIR=/opt/rustwide/target" "-e" "CARGO_INCREMENTAL=0" "-e" "RUST_BACKTRACE=full" "-e" "RUSTFLAGS=--cap-lints=forbid -Dunexpected_cfgs" "-e" "RUSTDOCFLAGS=--cap-lints=forbid" "-e" "CARGO_HOME=/opt/rustwide/cargo-home" "-e" "RUSTUP_HOME=/opt/rustwide/rustup-home" "-w" "/opt/rustwide/workdir" "-m" "1610612736" "--user" "0:0" "--network" "none" "ghcr.io/rust-lang/crates-build-env/linux@sha256:2788e3201cd34a07e3172128adcd8b3090168a8e3bcc40d7c032b9dda1df7d1c" "/opt/rustwide/cargo-home/bin/cargo" "+nightly-2024-02-05" "check" "--frozen" "--all" "--all-targets" "--message-format=json" "-Zcheck-cfg", kill_on_drop: false }`
[INFO] [stdout] 68a30cf4ef0478514dcc6d660dac5c2bd61543eb3971f4fd7c841d893b882bcb
[INFO] running `Command { std: "docker" "start" "-a" "68a30cf4ef0478514dcc6d660dac5c2bd61543eb3971f4fd7c841d893b882bcb", kill_on_drop: false }`
[INFO] [stderr]    Compiling proc-macro2 v1.0.66
[INFO] [stderr]    Compiling unicode-ident v1.0.11
[INFO] [stderr]    Compiling libc v0.2.147
[INFO] [stderr]    Compiling version_check v0.9.4
[INFO] [stderr]     Checking cfg-if v1.0.0
[INFO] [stderr]    Compiling autocfg v1.1.0
[INFO] [stderr]    Compiling typenum v1.16.0
[INFO] [stderr]     Checking memchr v2.6.3
[INFO] [stderr]     Checking pin-project-lite v0.2.13
[INFO] [stderr]    Compiling futures-core v0.3.28
[INFO] [stderr]    Compiling futures-task v0.3.28
[INFO] [stderr]    Compiling futures-channel v0.3.28
[INFO] [stderr]    Compiling slab v0.4.9
[INFO] [stderr]     Checking futures-sink v0.3.28
[INFO] [stderr]    Compiling futures-util v0.3.28
[INFO] [stderr]     Checking pin-utils v0.1.0
[INFO] [stderr]     Checking futures-io v0.3.28
[INFO] [stderr]    Compiling generic-array v0.14.7
[INFO] [stderr]     Checking bytes v1.5.0
[INFO] [stderr]    Compiling thiserror v1.0.48
[INFO] [stderr]    Compiling crunchy v0.2.2
[INFO] [stderr]     Checking byteorder v1.4.3
[INFO] [stderr]     Checking ppv-lite86 v0.2.17
[INFO] [stderr]    Compiling quote v1.0.33
[INFO] [stderr]    Compiling syn v1.0.109
[INFO] [stderr]     Checking once_cell v1.18.0
[INFO] [stderr]     Checking subtle v2.5.0
[INFO] [stderr]    Compiling syn v2.0.31
[INFO] [stderr]    Compiling semver v1.0.18
[INFO] [stderr]     Checking num_cpus v1.16.0
[INFO] [stderr]     Checking getrandom v0.2.10
[INFO] [stderr]     Checking tinyvec_macros v0.1.1
[INFO] [stderr]     Checking log v0.4.20
[INFO] [stderr]     Checking rand_core v0.6.4
[INFO] [stderr]     Checking tinyvec v1.6.0
[INFO] [stderr]     Checking cpufeatures v0.2.9
[INFO] [stderr]     Checking rand_chacha v0.3.1
[INFO] [stderr]     Checking smallvec v1.11.0
[INFO] [stderr]     Checking digest v0.9.0
[INFO] [stderr]    Compiling libsecp256k1-core v0.3.0
[INFO] [stderr]    Compiling rustc_version v0.4.0
[INFO] [stderr]     Checking crypto-common v0.1.6
[INFO] [stderr]     Checking rand v0.8.5
[INFO] [stderr]     Checking block-buffer v0.10.4
[INFO] [stderr]    Compiling lock_api v0.4.10
[INFO] [stderr]    Compiling parking_lot_core v0.9.8
[INFO] [stderr]     Checking unicode-normalization v0.1.22
[INFO] [stderr]     Checking unicode-bidi v0.3.13
[INFO] [stderr]    Compiling platforms v3.1.2
[INFO] [stderr]     Checking digest v0.10.7
[INFO] [stderr]     Checking crypto-mac v0.8.0
[INFO] [stderr]     Checking percent-encoding v2.3.0
[INFO] [stderr]    Compiling curve25519-dalek v4.0.0
[INFO] [stderr]    Compiling serde v1.0.188
[INFO] [stderr]    Compiling libsecp256k1-gen-genmult v0.3.0
[INFO] [stderr]    Compiling libsecp256k1-gen-ecmult v0.3.0
[INFO] [stderr]     Checking scopeguard v1.2.0
[INFO] [stderr]     Checking data-encoding v2.4.0
[INFO] [stderr]     Checking form_urlencoded v1.2.0
[INFO] [stderr]     Checking hmac v0.8.1
[INFO] [stderr]     Checking idna v0.4.0
[INFO] [stderr]     Checking block-buffer v0.9.0
[INFO] [stderr]    Compiling libsecp256k1 v0.7.1
[INFO] [stderr]     Checking mio v0.8.8
[INFO] [stderr]     Checking socket2 v0.5.3
[INFO] [stderr]     Checking opaque-debug v0.3.0
[INFO] [stderr]     Checking signature v2.1.0
[INFO] [stderr]     Checking zeroize v1.6.0
[INFO] [stderr]     Checking ed25519 v2.2.2
[INFO] [stderr]     Checking url v2.4.1
[INFO] [stderr]     Checking sha2 v0.9.9
[INFO] [stderr]     Checking parking_lot v0.12.1
[INFO] [stderr]     Checking hmac-drbg v0.3.0
[INFO] [stderr]     Checking sha2 v0.10.7
[INFO] [stderr]     Checking quick-protobuf v0.8.1
[INFO] [stderr]     Checking core2 v0.4.0
[INFO] [stderr]     Checking arrayref v0.3.7
[INFO] [stderr]     Checking base64 v0.13.1
[INFO] [stderr]    Compiling anyhow v1.0.75
[INFO] [stderr]     Checking static_assertions v1.1.0
[INFO] [stderr]     Checking futures-timer v3.0.2
[INFO] [stderr]     Checking fnv v1.0.7
[INFO] [stderr]     Checking bs58 v0.5.0
[INFO] [stderr]     Checking base-x v0.2.11
[INFO] [stderr]     Checking asn1_der v0.7.6
[INFO] [stderr]     Checking instant v0.1.12
[INFO] [stderr]     Checking either v1.9.0
[INFO] [stderr]    Compiling heck v0.4.1
[INFO] [stderr]     Checking void v1.0.2
[INFO] [stderr]    Compiling paste v1.0.14
[INFO] [stderr]    Compiling proc-macro-warning v0.4.2
[INFO] [stderr]    Compiling data-encoding-macro-internal v0.1.11
[INFO] [stderr]    Compiling getrandom v0.1.16
[INFO] [stderr]     Checking tracing-core v0.1.31
[INFO] [stderr]     Checking ipnet v2.8.0
[INFO] [stderr]    Compiling async-trait v0.1.73
[INFO] [stderr]     Checking bitflags v1.3.2
[INFO] [stderr]    Compiling ahash v0.8.3
[INFO] [stderr]     Checking rand_core v0.5.1
[INFO] [stderr]     Checking matches v0.1.10
[INFO] [stderr]     Checking match_cfg v0.1.0
[INFO] [stderr]     Checking hostname v0.3.1
[INFO] [stderr]     Checking rand_chacha v0.2.2
[INFO] [stderr]     Checking data-encoding-macro v0.1.13
[INFO] [stderr]     Checking multibase v0.9.1
[INFO] [stderr]     Checking idna v0.2.3
[INFO] [stderr]     Checking nix v0.24.3
[INFO] [stderr]    Compiling enum-as-inner v0.5.1
[INFO] [stderr]     Checking aho-corasick v1.0.5
[INFO] [stderr]    Compiling prometheus-client v0.21.2
[INFO] [stderr]     Checking quick-error v1.2.3
[INFO] [stderr]     Checking regex-syntax v0.7.5
[INFO] [stderr]     Checking lazy_static v1.4.0
[INFO] [stderr]     Checking linked-hash-map v0.5.6
[INFO] [stderr]    Compiling itertools v0.11.0
[INFO] [stderr]     Checking lru-cache v0.1.2
[INFO] [stderr]     Checking resolv-conf v0.7.0
[INFO] [stderr]     Checking rand v0.7.3
[INFO] [stderr]     Checking itoa v1.0.9
[INFO] [stderr]     Checking nohash-hasher v0.2.0
[INFO] [stderr]     Checking allocator-api2 v0.2.16
[INFO] [stderr]     Checking dtoa v1.0.9
[INFO] [stderr]    Compiling libp2p-pubsub-proto v0.1.0
[INFO] [stderr]     Checking base64 v0.21.3
[INFO] [stderr]     Checking hex_fmt v0.3.0
[INFO] [stderr]    Compiling trait-set v0.3.0
[INFO] [stderr]     Checking hashbrown v0.14.0
[INFO] [stderr]     Checking testlib v0.1.6
[INFO] [stderr]     Checking assert_matches v1.5.0
[INFO] [stderr]     Checking cuckoofilter v0.5.0
[INFO] [stderr]     Checking regex-automata v0.3.8
[INFO] [stderr]     Checking hashlink v0.8.4
[INFO] [stderr]    Compiling futures-macro v0.3.28
[INFO] [stderr]    Compiling thiserror-impl v1.0.48
[INFO] [stderr]    Compiling pin-project-internal v1.1.3
[INFO] [stderr]    Compiling curve25519-dalek-derive v0.1.0
[INFO] [stderr]    Compiling tokio-macros v2.1.0
[INFO] [stderr]    Compiling serde_derive v1.0.188
[INFO] [stderr]    Compiling libp2p-swarm-derive v0.33.0
[INFO] [stderr]     Checking tokio v1.32.0
[INFO] [stderr]    Compiling tracing-attributes v0.1.26
[INFO] [stderr]     Checking pin-project v1.1.3
[INFO] [stderr]     Checking netlink-packet-utils v0.5.2
[INFO] [stderr]    Compiling prometheus-client-derive-encode v0.4.2
[INFO] [stderr]     Checking ed25519-dalek v2.0.0
[INFO] [stderr]     Checking netlink-packet-core v0.4.2
[INFO] [stderr]     Checking regex v1.9.5
[INFO] [stderr]     Checking netlink-packet-route v0.12.0
[INFO] [stderr]    Compiling prost-derive v0.12.0
[INFO] [stderr]     Checking tracing v0.1.37
[INFO] [stderr]     Checking tracing-futures v0.2.5
[INFO] [stderr]     Checking futures-executor v0.3.28
[INFO] [stderr]     Checking asynchronous-codec v0.6.2
[INFO] [stderr]     Checking trust-dns-proto v0.22.0
[INFO] [stderr]     Checking futures v0.3.28
[INFO] [stderr]     Checking unsigned-varint v0.7.2
[INFO] [stderr]     Checking rw-stream-sink v0.4.0
[INFO] [stderr]     Checking netlink-sys v0.8.5
[INFO] [stderr]     Checking futures-ticker v0.0.3
[INFO] [stderr]     Checking yamux v0.12.0
[INFO] [stderr]     Checking libp2p-pubsub-common v0.1.0
[INFO] [stderr]     Checking multihash v0.19.0
[INFO] [stderr]     Checking multistream-select v0.13.0
[INFO] [stderr]     Checking quick-protobuf-codec v0.2.0
[INFO] [stderr]     Checking netlink-proto v0.10.0
[INFO] [stderr]     Checking rtnetlink v0.10.1
[INFO] [stderr]     Checking prost v0.12.0
[INFO] [stderr]     Checking if-watch v3.0.1
[INFO] [stderr]     Checking trust-dns-resolver v0.22.0
[INFO] [stderr]     Checking libp2p-identity v0.2.3
[INFO] [stderr]     Checking multiaddr v0.18.0
[INFO] [stderr]     Checking libp2p-core v0.40.0
[INFO] [stderr]     Checking libp2p-swarm v0.43.3
[INFO] [stderr]     Checking libp2p-plaintext v0.40.0
[INFO] [stderr]     Checking libp2p-dns v0.40.0
[INFO] [stderr]     Checking libp2p-tcp v0.40.0
[INFO] [stderr]     Checking libp2p-yamux v0.44.1
[INFO] [stderr]     Checking libp2p-floodsub v0.43.0
[INFO] [stderr]     Checking libp2p-gossipsub v0.45.1
[INFO] [stderr]     Checking libp2p-connection-limits v0.2.1
[INFO] [stderr]     Checking libp2p-allow-block-list v0.2.0
[INFO] [stderr]     Checking libp2p v0.52.3
[INFO] [stderr]     Checking libp2p-pubsub-core v0.1.0
[INFO] [stderr]     Checking libp2p-pubsub-floodsub v0.1.0 (/opt/rustwide/workdir)
[INFO] [stdout] error[E0432]: unresolved import `testlib::service`
[INFO] [stdout]   --> src/router/tests.rs:12:14
[INFO] [stdout]    |
[INFO] [stdout] 12 | use testlib::service::noop_context;
[INFO] [stdout]    |              ^^^^^^^ could not find `service` in `testlib`
[INFO] [stdout] 
[INFO] [stdout] 
[INFO] [stdout] error[E0433]: failed to resolve: could not find `service` in `testlib`
[INFO] [stdout]   --> src/router/tests.rs:98:32
[INFO] [stdout]    |
[INFO] [stdout] 98 |     let mut service = testlib::service::default_test_service::<Router>();
[INFO] [stdout]    |                                ^^^^^^^ could not find `service` in `testlib`
[INFO] [stdout] 
[INFO] [stdout] 
[INFO] [stdout] error[E0433]: failed to resolve: could not find `service` in `testlib`
[INFO] [stdout]    --> src/router/tests.rs:106:14
[INFO] [stdout]     |
[INFO] [stdout] 106 |     testlib::service::inject_events(&mut service, input_events);
[INFO] [stdout]     |              ^^^^^^^ could not find `service` in `testlib`
[INFO] [stdout] 
[INFO] [stdout] 
[INFO] [stdout] error[E0433]: failed to resolve: could not find `service` in `testlib`
[INFO] [stdout]    --> src/router/tests.rs:107:14
[INFO] [stdout]     |
[INFO] [stdout] 107 |     testlib::service::poll(&mut service, &mut noop_context());
[INFO] [stdout]     |              ^^^^^^^ could not find `service` in `testlib`
[INFO] [stdout] 
[INFO] [stdout] 
[INFO] [stdout] error[E0433]: failed to resolve: could not find `service` in `testlib`
[INFO] [stdout]    --> src/router/tests.rs:112:14
[INFO] [stdout]     |
[INFO] [stdout] 112 |     testlib::service::inject_events(&mut service, input_events);
[INFO] [stdout]     |              ^^^^^^^ could not find `service` in `testlib`
[INFO] [stdout] 
[INFO] [stdout] 
[INFO] [stdout] error[E0433]: failed to resolve: could not find `service` in `testlib`
[INFO] [stdout]    --> src/router/tests.rs:114:34
[INFO] [stdout]     |
[INFO] [stdout] 114 |     let output_events = testlib::service::collect_events(&mut service, &mut noop_context());
[INFO] [stdout]     |                                  ^^^^^^^ could not find `service` in `testlib`
[INFO] [stdout] 
[INFO] [stdout] 
[INFO] [stdout] error[E0433]: failed to resolve: could not find `service` in `testlib`
[INFO] [stdout]    --> src/router/tests.rs:126:32
[INFO] [stdout]     |
[INFO] [stdout] 126 |     let mut service = testlib::service::default_test_service::<Router>();
[INFO] [stdout]     |                                ^^^^^^^ could not find `service` in `testlib`
[INFO] [stdout] 
[INFO] [stdout] 
[INFO] [stdout] error[E0433]: failed to resolve: could not find `service` in `testlib`
[INFO] [stdout]    --> src/router/tests.rs:130:14
[INFO] [stdout]     |
[INFO] [stdout] 130 |     testlib::service::inject_events(&mut service, input_events);
[INFO] [stdout]     |              ^^^^^^^ could not find `service` in `testlib`
[INFO] [stdout] 
[INFO] [stdout] 
[INFO] [stdout] error[E0433]: failed to resolve: could not find `service` in `testlib`
[INFO] [stdout]    --> src/router/tests.rs:131:14
[INFO] [stdout]     |
[INFO] [stdout] 131 |     testlib::service::poll(&mut service, &mut noop_context());
[INFO] [stdout]     |              ^^^^^^^ could not find `service` in `testlib`
[INFO] [stdout] 
[INFO] [stdout] 
[INFO] [stdout] error[E0433]: failed to resolve: could not find `service` in `testlib`
[INFO] [stdout]    --> src/router/tests.rs:136:14
[INFO] [stdout]     |
[INFO] [stdout] 136 |     testlib::service::inject_events(&mut service, input_events);
[INFO] [stdout]     |              ^^^^^^^ could not find `service` in `testlib`
[INFO] [stdout] 
[INFO] [stdout] 
[INFO] [stdout] error[E0433]: failed to resolve: could not find `service` in `testlib`
[INFO] [stdout]    --> src/router/tests.rs:138:34
[INFO] [stdout]     |
[INFO] [stdout] 138 |     let output_events = testlib::service::collect_events(&mut service, &mut noop_context());
[INFO] [stdout]     |                                  ^^^^^^^ could not find `service` in `testlib`
[INFO] [stdout] 
[INFO] [stdout] 
[INFO] [stdout] error[E0433]: failed to resolve: could not find `service` in `testlib`
[INFO] [stdout]    --> src/router/tests.rs:150:32
[INFO] [stdout]     |
[INFO] [stdout] 150 |     let mut service = testlib::service::default_test_service::<Router>();
[INFO] [stdout]     |                                ^^^^^^^ could not find `service` in `testlib`
[INFO] [stdout] 
[INFO] [stdout] 
[INFO] [stdout] error[E0433]: failed to resolve: could not find `service` in `testlib`
[INFO] [stdout]    --> src/router/tests.rs:157:14
[INFO] [stdout]     |
[INFO] [stdout] 157 |     testlib::service::inject_events(&mut service, input_events);
[INFO] [stdout]     |              ^^^^^^^ could not find `service` in `testlib`
[INFO] [stdout] 
[INFO] [stdout] 
[INFO] [stdout] error[E0433]: failed to resolve: could not find `service` in `testlib`
[INFO] [stdout]    --> src/router/tests.rs:158:14
[INFO] [stdout]     |
[INFO] [stdout] 158 |     testlib::service::poll(&mut service, &mut noop_context());
[INFO] [stdout]     |              ^^^^^^^ could not find `service` in `testlib`
[INFO] [stdout] 
[INFO] [stdout] 
[INFO] [stdout] error[E0433]: failed to resolve: could not find `service` in `testlib`
[INFO] [stdout]    --> src/router/tests.rs:163:14
[INFO] [stdout]     |
[INFO] [stdout] 163 |     testlib::service::inject_events(&mut service, input_events);
[INFO] [stdout]     |              ^^^^^^^ could not find `service` in `testlib`
[INFO] [stdout] 
[INFO] [stdout] 
[INFO] [stdout] error[E0433]: failed to resolve: could not find `service` in `testlib`
[INFO] [stdout]    --> src/router/tests.rs:165:34
[INFO] [stdout]     |
[INFO] [stdout] 165 |     let output_events = testlib::service::collect_events(&mut service, &mut noop_context());
[INFO] [stdout]     |                                  ^^^^^^^ could not find `service` in `testlib`
[INFO] [stdout] 
[INFO] [stdout] 
[INFO] [stdout] error[E0433]: failed to resolve: could not find `service` in `testlib`
[INFO] [stdout]    --> src/router/tests.rs:176:32
[INFO] [stdout]     |
[INFO] [stdout] 176 |     let mut service = testlib::service::default_test_service::<Router>();
[INFO] [stdout]     |                                ^^^^^^^ could not find `service` in `testlib`
[INFO] [stdout] 
[INFO] [stdout] 
[INFO] [stdout] error[E0433]: failed to resolve: could not find `service` in `testlib`
[INFO] [stdout]    --> src/router/tests.rs:180:14
[INFO] [stdout]     |
[INFO] [stdout] 180 |     testlib::service::inject_events(&mut service, input_events);
[INFO] [stdout]     |              ^^^^^^^ could not find `service` in `testlib`
[INFO] [stdout] 
[INFO] [stdout] 
[INFO] [stdout] error[E0433]: failed to resolve: could not find `service` in `testlib`
[INFO] [stdout]    --> src/router/tests.rs:181:14
[INFO] [stdout]     |
[INFO] [stdout] 181 |     testlib::service::poll(&mut service, &mut noop_context());
[INFO] [stdout]     |              ^^^^^^^ could not find `service` in `testlib`
[INFO] [stdout] 
[INFO] [stdout] 
[INFO] [stdout] error[E0433]: failed to resolve: could not find `service` in `testlib`
[INFO] [stdout]    --> src/router/tests.rs:186:14
[INFO] [stdout]     |
[INFO] [stdout] 186 |     testlib::service::inject_events(&mut service, input_events);
[INFO] [stdout]     |              ^^^^^^^ could not find `service` in `testlib`
[INFO] [stdout] 
[INFO] [stdout] 
[INFO] [stdout] error[E0433]: failed to resolve: could not find `service` in `testlib`
[INFO] [stdout]    --> src/router/tests.rs:188:34
[INFO] [stdout]     |
[INFO] [stdout] 188 |     let output_events = testlib::service::collect_events(&mut service, &mut noop_context());
[INFO] [stdout]     |                                  ^^^^^^^ could not find `service` in `testlib`
[INFO] [stdout] 
[INFO] [stdout] 
[INFO] [stdout] error[E0433]: failed to resolve: could not find `service` in `testlib`
[INFO] [stdout]    --> src/router/tests.rs:201:32
[INFO] [stdout]     |
[INFO] [stdout] 201 |     let mut service = testlib::service::default_test_service::<Router>();
[INFO] [stdout]     |                                ^^^^^^^ could not find `service` in `testlib`
[INFO] [stdout] 
[INFO] [stdout] 
[INFO] [stdout] error[E0433]: failed to resolve: could not find `service` in `testlib`
[INFO] [stdout]    --> src/router/tests.rs:210:14
[INFO] [stdout]     |
[INFO] [stdout] 210 |     testlib::service::inject_events(&mut service, input_events);
[INFO] [stdout]     |              ^^^^^^^ could not find `service` in `testlib`
[INFO] [stdout] 
[INFO] [stdout] 
[INFO] [stdout] error[E0433]: failed to resolve: could not find `service` in `testlib`
[INFO] [stdout]    --> src/router/tests.rs:211:14
[INFO] [stdout]     |
[INFO] [stdout] 211 |     testlib::service::poll(&mut service, &mut noop_context());
[INFO] [stdout]     |              ^^^^^^^ could not find `service` in `testlib`
[INFO] [stdout] 
[INFO] [stdout] 
[INFO] [stdout] error[E0433]: failed to resolve: could not find `service` in `testlib`
[INFO] [stdout]    --> src/router/tests.rs:221:14
[INFO] [stdout]     |
[INFO] [stdout] 221 |     testlib::service::inject_events(&mut service, input_events);
[INFO] [stdout]     |              ^^^^^^^ could not find `service` in `testlib`
[INFO] [stdout] 
[INFO] [stdout] 
[INFO] [stdout] error[E0433]: failed to resolve: could not find `service` in `testlib`
[INFO] [stdout]    --> src/router/tests.rs:223:34
[INFO] [stdout]     |
[INFO] [stdout] 223 |     let output_events = testlib::service::collect_events(&mut service, &mut noop_context());
[INFO] [stdout]     |                                  ^^^^^^^ could not find `service` in `testlib`
[INFO] [stdout] 
[INFO] [stdout] 
[INFO] [stdout] error[E0433]: failed to resolve: could not find `service` in `testlib`
[INFO] [stdout]    --> src/router/tests.rs:249:32
[INFO] [stdout]     |
[INFO] [stdout] 249 |     let mut service = testlib::service::default_test_service::<Router>();
[INFO] [stdout]     |                                ^^^^^^^ could not find `service` in `testlib`
[INFO] [stdout] 
[INFO] [stdout] 
[INFO] [stdout] error[E0433]: failed to resolve: could not find `service` in `testlib`
[INFO] [stdout]    --> src/router/tests.rs:259:14
[INFO] [stdout]     |
[INFO] [stdout] 259 |     testlib::service::inject_events(&mut service, input_events);
[INFO] [stdout]     |              ^^^^^^^ could not find `service` in `testlib`
[INFO] [stdout] 
[INFO] [stdout] 
[INFO] [stdout] error[E0433]: failed to resolve: could not find `service` in `testlib`
[INFO] [stdout]    --> src/router/tests.rs:260:14
[INFO] [stdout]     |
[INFO] [stdout] 260 |     testlib::service::poll(&mut service, &mut noop_context());
[INFO] [stdout]     |              ^^^^^^^ could not find `service` in `testlib`
[INFO] [stdout] 
[INFO] [stdout] 
[INFO] [stdout] error[E0433]: failed to resolve: could not find `service` in `testlib`
[INFO] [stdout]    --> src/router/tests.rs:265:14
[INFO] [stdout]     |
[INFO] [stdout] 265 |     testlib::service::inject_events(&mut service, input_events);
[INFO] [stdout]     |              ^^^^^^^ could not find `service` in `testlib`
[INFO] [stdout] 
[INFO] [stdout] 
[INFO] [stdout] error[E0433]: failed to resolve: could not find `service` in `testlib`
[INFO] [stdout]    --> src/router/tests.rs:267:34
[INFO] [stdout]     |
[INFO] [stdout] 267 |     let output_events = testlib::service::collect_events(&mut service, &mut noop_context());
[INFO] [stdout]     |                                  ^^^^^^^ could not find `service` in `testlib`
[INFO] [stdout] 
[INFO] [stdout] 
[INFO] [stdout] error[E0433]: failed to resolve: could not find `service` in `testlib`
[INFO] [stdout]    --> src/router/tests.rs:293:32
[INFO] [stdout]     |
[INFO] [stdout] 293 |     let mut service = testlib::service::default_test_service::<Router>();
[INFO] [stdout]     |                                ^^^^^^^ could not find `service` in `testlib`
[INFO] [stdout] 
[INFO] [stdout] 
[INFO] [stdout] error[E0433]: failed to resolve: could not find `service` in `testlib`
[INFO] [stdout]    --> src/router/tests.rs:302:14
[INFO] [stdout]     |
[INFO] [stdout] 302 |     testlib::service::inject_events(&mut service, input_events);
[INFO] [stdout]     |              ^^^^^^^ could not find `service` in `testlib`
[INFO] [stdout] 
[INFO] [stdout] 
[INFO] [stdout] error[E0433]: failed to resolve: could not find `service` in `testlib`
[INFO] [stdout]    --> src/router/tests.rs:303:14
[INFO] [stdout]     |
[INFO] [stdout] 303 |     testlib::service::poll(&mut service, &mut noop_context());
[INFO] [stdout]     |              ^^^^^^^ could not find `service` in `testlib`
[INFO] [stdout] 
[INFO] [stdout] 
[INFO] [stdout] error[E0433]: failed to resolve: could not find `service` in `testlib`
[INFO] [stdout]    --> src/router/tests.rs:308:14
[INFO] [stdout]     |
[INFO] [stdout] 308 |     testlib::service::inject_events(&mut service, input_events);
[INFO] [stdout]     |              ^^^^^^^ could not find `service` in `testlib`
[INFO] [stdout] 
[INFO] [stdout] 
[INFO] [stdout] error[E0433]: failed to resolve: could not find `service` in `testlib`
[INFO] [stdout]    --> src/router/tests.rs:310:34
[INFO] [stdout]     |
[INFO] [stdout] 310 |     let output_events = testlib::service::collect_events(&mut service, &mut noop_context());
[INFO] [stdout]     |                                  ^^^^^^^ could not find `service` in `testlib`
[INFO] [stdout] 
[INFO] [stdout] 
[INFO] [stdout] error[E0433]: failed to resolve: could not find `service` in `testlib`
[INFO] [stdout]    --> src/router/tests.rs:337:32
[INFO] [stdout]     |
[INFO] [stdout] 337 |     let mut service = testlib::service::default_test_service::<Router>();
[INFO] [stdout]     |                                ^^^^^^^ could not find `service` in `testlib`
[INFO] [stdout] 
[INFO] [stdout] 
[INFO] [stdout] error[E0433]: failed to resolve: could not find `service` in `testlib`
[INFO] [stdout]    --> src/router/tests.rs:348:14
[INFO] [stdout]     |
[INFO] [stdout] 348 |     testlib::service::inject_events(&mut service, input_events);
[INFO] [stdout]     |              ^^^^^^^ could not find `service` in `testlib`
[INFO] [stdout] 
[INFO] [stdout] 
[INFO] [stdout] error[E0433]: failed to resolve: could not find `service` in `testlib`
[INFO] [stdout]    --> src/router/tests.rs:349:14
[INFO] [stdout]     |
[INFO] [stdout] 349 |     testlib::service::poll(&mut service, &mut noop_context());
[INFO] [stdout]     |              ^^^^^^^ could not find `service` in `testlib`
[INFO] [stdout] 
[INFO] [stdout] 
[INFO] [stdout] error[E0433]: failed to resolve: could not find `service` in `testlib`
[INFO] [stdout]    --> src/router/tests.rs:360:14
[INFO] [stdout]     |
[INFO] [stdout] 360 |     testlib::service::inject_events(&mut service, input_events);
[INFO] [stdout]     |              ^^^^^^^ could not find `service` in `testlib`
[INFO] [stdout] 
[INFO] [stdout] 
[INFO] [stdout] error[E0433]: failed to resolve: could not find `service` in `testlib`
[INFO] [stdout]    --> src/router/tests.rs:362:34
[INFO] [stdout]     |
[INFO] [stdout] 362 |     let output_events = testlib::service::collect_events(&mut service, &mut noop_context());
[INFO] [stdout]     |                                  ^^^^^^^ could not find `service` in `testlib`
[INFO] [stdout] 
[INFO] [stdout] 
[INFO] [stdout] error[E0433]: failed to resolve: could not find `service` in `testlib`
[INFO] [stdout]    --> src/router/tests.rs:387:32
[INFO] [stdout]     |
[INFO] [stdout] 387 |     let mut service = testlib::service::default_test_service::<Router>();
[INFO] [stdout]     |                                ^^^^^^^ could not find `service` in `testlib`
[INFO] [stdout] 
[INFO] [stdout] 
[INFO] [stdout] error[E0433]: failed to resolve: could not find `service` in `testlib`
[INFO] [stdout]    --> src/router/tests.rs:395:14
[INFO] [stdout]     |
[INFO] [stdout] 395 |     testlib::service::inject_events(&mut service, input_events);
[INFO] [stdout]     |              ^^^^^^^ could not find `service` in `testlib`
[INFO] [stdout] 
[INFO] [stdout] 
[INFO] [stdout] error[E0433]: failed to resolve: could not find `service` in `testlib`
[INFO] [stdout]    --> src/router/tests.rs:396:14
[INFO] [stdout]     |
[INFO] [stdout] 396 |     testlib::service::poll(&mut service, &mut noop_context());
[INFO] [stdout]     |              ^^^^^^^ could not find `service` in `testlib`
[INFO] [stdout] 
[INFO] [stdout] 
[INFO] [stdout] error[E0433]: failed to resolve: could not find `service` in `testlib`
[INFO] [stdout]    --> src/router/tests.rs:405:14
[INFO] [stdout]     |
[INFO] [stdout] 405 |     testlib::service::inject_events(&mut service, input_events);
[INFO] [stdout]     |              ^^^^^^^ could not find `service` in `testlib`
[INFO] [stdout] 
[INFO] [stdout] 
[INFO] [stdout] error[E0433]: failed to resolve: could not find `service` in `testlib`
[INFO] [stdout]    --> src/router/tests.rs:407:34
[INFO] [stdout]     |
[INFO] [stdout] 407 |     let output_events = testlib::service::collect_events(&mut service, &mut noop_context());
[INFO] [stdout]     |                                  ^^^^^^^ could not find `service` in `testlib`
[INFO] [stdout] 
[INFO] [stdout] 
[INFO] [stdout] error[E0433]: failed to resolve: could not find `service` in `testlib`
[INFO] [stdout]    --> src/router/tests.rs:433:32
[INFO] [stdout]     |
[INFO] [stdout] 433 |     let mut service = testlib::service::default_test_service::<Router>();
[INFO] [stdout]     |                                ^^^^^^^ could not find `service` in `testlib`
[INFO] [stdout] 
[INFO] [stdout] 
[INFO] [stdout] error[E0433]: failed to resolve: could not find `service` in `testlib`
[INFO] [stdout]    --> src/router/tests.rs:444:14
[INFO] [stdout]     |
[INFO] [stdout] 444 |     testlib::service::inject_events(&mut service, input_events);
[INFO] [stdout]     |              ^^^^^^^ could not find `service` in `testlib`
[INFO] [stdout] 
[INFO] [stdout] 
[INFO] [stdout] error[E0433]: failed to resolve: could not find `service` in `testlib`
[INFO] [stdout]    --> src/router/tests.rs:445:14
[INFO] [stdout]     |
[INFO] [stdout] 445 |     testlib::service::poll(&mut service, &mut noop_context());
[INFO] [stdout]     |              ^^^^^^^ could not find `service` in `testlib`
[INFO] [stdout] 
[INFO] [stdout] 
[INFO] [stdout] error[E0433]: failed to resolve: could not find `service` in `testlib`
[INFO] [stdout]    --> src/router/tests.rs:455:14
[INFO] [stdout]     |
[INFO] [stdout] 455 |     testlib::service::inject_events(&mut service, input_events);
[INFO] [stdout]     |              ^^^^^^^ could not find `service` in `testlib`
[INFO] [stdout] 
[INFO] [stdout] 
[INFO] [stdout] error[E0433]: failed to resolve: could not find `service` in `testlib`
[INFO] [stdout]    --> src/router/tests.rs:457:34
[INFO] [stdout]     |
[INFO] [stdout] 457 |     let output_events = testlib::service::collect_events(&mut service, &mut noop_context());
[INFO] [stdout]     |                                  ^^^^^^^ could not find `service` in `testlib`
[INFO] [stdout] 
[INFO] [stdout] 
[INFO] [stdout] error: aborting due to 51 previous errors
[INFO] [stdout] 
[INFO] [stdout] 
[INFO] [stdout] Some errors have detailed explanations: E0432, E0433.
[INFO] [stdout] 
[INFO] [stdout] For more information about an error, try `rustc --explain E0432`.
[INFO] [stdout] 
[INFO] [stderr] error: could not compile `libp2p-pubsub-floodsub` (lib test) due to 52 previous errors
[INFO] running `Command { std: "docker" "inspect" "68a30cf4ef0478514dcc6d660dac5c2bd61543eb3971f4fd7c841d893b882bcb", kill_on_drop: false }`
[INFO] running `Command { std: "docker" "rm" "-f" "68a30cf4ef0478514dcc6d660dac5c2bd61543eb3971f4fd7c841d893b882bcb", kill_on_drop: false }`
[INFO] [stdout] 68a30cf4ef0478514dcc6d660dac5c2bd61543eb3971f4fd7c841d893b882bcb
