[INFO] fetching crate libp2p-pnet 0.24.0...
[INFO] checking libp2p-pnet-0.24.0 against nightly-2024-02-05 for check-cfg
[INFO] extracting crate libp2p-pnet 0.24.0 into /workspace/builds/worker-3-tc1/source
[INFO] validating manifest of crates.io crate libp2p-pnet 0.24.0 on toolchain nightly-2024-02-05
[INFO] running `Command { std: CARGO_HOME="/workspace/cargo-home" RUSTUP_HOME="/workspace/rustup-home" "/workspace/cargo-home/bin/cargo" "+nightly-2024-02-05" "metadata" "--manifest-path" "Cargo.toml" "--no-deps", kill_on_drop: false }`
[INFO] started tweaking crates.io crate libp2p-pnet 0.24.0
[INFO] finished tweaking crates.io crate libp2p-pnet 0.24.0
[INFO] tweaked toml for crates.io crate libp2p-pnet 0.24.0 written to /workspace/builds/worker-3-tc1/source/Cargo.toml
[INFO] running `Command { std: CARGO_HOME="/workspace/cargo-home" RUSTUP_HOME="/workspace/rustup-home" "/workspace/cargo-home/bin/cargo" "+nightly-2024-02-05" "generate-lockfile" "--manifest-path" "Cargo.toml", kill_on_drop: false }`
[INFO] [stderr]     Updating crates.io index
[INFO] running `Command { std: CARGO_HOME="/workspace/cargo-home" RUSTUP_HOME="/workspace/rustup-home" "/workspace/cargo-home/bin/cargo" "+nightly-2024-02-05" "fetch" "--manifest-path" "Cargo.toml", kill_on_drop: false }`
[INFO] [stderr]  Downloading crates ...
[INFO] [stderr]   Downloaded nohash-hasher v0.2.0
[INFO] [stderr]   Downloaded libsecp256k1-gen-ecmult v0.3.0
[INFO] [stderr]   Downloaded arrayref v0.3.7
[INFO] [stderr]   Downloaded spki v0.7.3
[INFO] [stderr]   Downloaded pkcs8 v0.10.2
[INFO] [stderr]   Downloaded rw-stream-sink v0.4.0
[INFO] [stderr]   Downloaded const-oid v0.9.6
[INFO] [stderr]   Downloaded ghash v0.5.0
[INFO] [stderr]   Downloaded netlink-packet-utils v0.5.2
[INFO] [stderr]   Downloaded data-encoding-macro-internal v0.1.12
[INFO] [stderr]   Downloaded hmac-drbg v0.3.0
[INFO] [stderr]   Downloaded data-encoding-macro v0.1.14
[INFO] [stderr]   Downloaded curve25519-dalek-derive v0.1.1
[INFO] [stderr]   Downloaded primeorder v0.13.6
[INFO] [stderr]   Downloaded libsecp256k1-gen-genmult v0.3.0
[INFO] [stderr]   Downloaded if-addrs v0.10.2
[INFO] [stderr]   Downloaded signature v2.2.0
[INFO] [stderr]   Downloaded pem-rfc7468 v0.7.0
[INFO] [stderr]   Downloaded chacha20 v0.9.1
[INFO] [stderr]   Downloaded data-encoding v2.5.0
[INFO] [stderr]   Downloaded sec1 v0.7.3
[INFO] [stderr]   Downloaded multistream-select v0.13.0
[INFO] [stderr]   Downloaded poly1305 v0.8.0
[INFO] [stderr]   Downloaded libp2p-identity v0.2.8
[INFO] [stderr]   Downloaded netlink-packet-route v0.12.0
[INFO] [stderr]   Downloaded snow v0.9.6
[INFO] [stderr]   Downloaded fiat-crypto v0.2.6
[INFO] [stderr]   Downloaded nix v0.24.3
[INFO] [stderr]   Downloaded curve25519-dalek v4.1.1
[INFO] [stderr]   Downloaded aes-gcm v0.10.3
[INFO] [stderr]   Downloaded x25519-dalek v2.0.0
[INFO] [stderr]   Downloaded hkdf v0.12.4
[INFO] [stderr]   Downloaded windows v0.51.1
[INFO] [stderr]   Downloaded quick-protobuf v0.8.1
[INFO] [stderr]   Downloaded blake2 v0.10.6
[INFO] [stderr]   Downloaded windows-core v0.51.1
[INFO] [stderr]   Downloaded chacha20poly1305 v0.10.1
[INFO] [stderr]   Downloaded crypto-bigint v0.5.5
[INFO] [stderr]   Downloaded der v0.7.8
[INFO] [stderr]   Downloaded elliptic-curve v0.13.8
[INFO] [stderr]   Downloaded ed25519-dalek v2.1.0
[INFO] [stderr]   Downloaded libp2p-swarm v0.44.1
[INFO] [stderr]   Downloaded asynchronous-codec v0.7.0
[INFO] [stderr]   Downloaded unsigned-varint v0.8.0
[INFO] [stderr]   Downloaded yamux v0.13.1
[INFO] [stderr]   Downloaded libsecp256k1 v0.7.1
[INFO] [stderr]   Downloaded ff v0.13.0
[INFO] [stderr]   Downloaded libp2p-core v0.41.2
[INFO] [stderr]   Downloaded p256 v0.13.2
[INFO] [stderr]   Downloaded netlink-sys v0.8.5
[INFO] [stderr]   Downloaded netlink-proto v0.10.0
[INFO] [stderr]   Downloaded ctr v0.9.2
[INFO] [stderr]   Downloaded salsa20 v0.10.2
[INFO] [stderr]   Downloaded multiaddr v0.18.1
[INFO] [stderr]   Downloaded futures-rustls v0.24.0
[INFO] [stderr]   Downloaded yamux v0.12.1
[INFO] [stderr]   Downloaded core2 v0.4.0
[INFO] [stderr]   Downloaded sha-1 v0.9.8
[INFO] [stderr]   Downloaded multihash v0.19.1
[INFO] [stderr]   Downloaded soketto v0.7.1
[INFO] [stderr]   Downloaded polyval v0.6.1
[INFO] [stderr]   Downloaded aead v0.5.2
[INFO] [stderr]   Downloaded asn1_der v0.7.6
[INFO] [stderr]   Downloaded unsigned-varint v0.7.2
[INFO] [stderr]   Downloaded rfc6979 v0.4.0
[INFO] [stderr]   Downloaded ecdsa v0.16.9
[INFO] [stderr]   Downloaded libp2p-noise v0.44.0
[INFO] [stderr]   Downloaded base16ct v0.2.0
[INFO] [stderr]   Downloaded rtnetlink v0.10.1
[INFO] [stderr]   Downloaded if-watch v3.2.0
[INFO] [stderr]   Downloaded libp2p-yamux v0.45.1
[INFO] [stderr]   Downloaded platforms v3.3.0
[INFO] [stderr]   Downloaded group v0.13.0
[INFO] [stderr]   Downloaded universal-hash v0.5.1
[INFO] [stderr]   Downloaded ed25519 v2.2.3
[INFO] [stderr]   Downloaded bs58 v0.5.0
[INFO] [stderr]   Downloaded libsecp256k1-core v0.3.0
[INFO] [stderr]   Downloaded netlink-packet-core v0.4.2
[INFO] [stderr]   Downloaded libp2p-tcp v0.41.0
[INFO] [stderr]   Downloaded libp2p-websocket v0.43.0
[INFO] [stderr]   Downloaded zeroize_derive v1.4.2
[INFO] [stderr]   Downloaded multibase v0.9.1
[INFO] running `Command { std: "docker" "create" "-v" "/var/lib/crater-agent-workspace/builds/worker-3-tc1/target:/opt/rustwide/target:rw,Z" "-v" "/var/lib/crater-agent-workspace/builds/worker-3-tc1/source:/opt/rustwide/workdir:ro,Z" "-v" "/var/lib/crater-agent-workspace/cargo-home:/opt/rustwide/cargo-home:ro,Z" "-v" "/var/lib/crater-agent-workspace/rustup-home:/opt/rustwide/rustup-home:ro,Z" "-e" "SOURCE_DIR=/opt/rustwide/workdir" "-e" "CARGO_TARGET_DIR=/opt/rustwide/target" "-e" "CARGO_HOME=/opt/rustwide/cargo-home" "-e" "RUSTUP_HOME=/opt/rustwide/rustup-home" "-w" "/opt/rustwide/workdir" "-m" "1610612736" "--user" "0:0" "--network" "none" "ghcr.io/rust-lang/crates-build-env/linux@sha256:2788e3201cd34a07e3172128adcd8b3090168a8e3bcc40d7c032b9dda1df7d1c" "/opt/rustwide/cargo-home/bin/cargo" "+nightly-2024-02-05" "metadata" "--no-deps" "--format-version=1", kill_on_drop: false }`
[INFO] [stdout] 3fd163c949e8f53486c9eb062676a51ee5e0f4a1ee659a6add06def85178fcc0
[INFO] running `Command { std: "docker" "start" "-a" "3fd163c949e8f53486c9eb062676a51ee5e0f4a1ee659a6add06def85178fcc0", kill_on_drop: false }`
[INFO] running `Command { std: "docker" "inspect" "3fd163c949e8f53486c9eb062676a51ee5e0f4a1ee659a6add06def85178fcc0", kill_on_drop: false }`
[INFO] running `Command { std: "docker" "rm" "-f" "3fd163c949e8f53486c9eb062676a51ee5e0f4a1ee659a6add06def85178fcc0", kill_on_drop: false }`
[INFO] [stdout] 3fd163c949e8f53486c9eb062676a51ee5e0f4a1ee659a6add06def85178fcc0
[INFO] running `Command { std: "docker" "create" "-v" "/var/lib/crater-agent-workspace/builds/worker-3-tc1/target:/opt/rustwide/target:rw,Z" "-v" "/var/lib/crater-agent-workspace/builds/worker-3-tc1/source:/opt/rustwide/workdir:ro,Z" "-v" "/var/lib/crater-agent-workspace/cargo-home:/opt/rustwide/cargo-home:ro,Z" "-v" "/var/lib/crater-agent-workspace/rustup-home:/opt/rustwide/rustup-home:ro,Z" "-e" "SOURCE_DIR=/opt/rustwide/workdir" "-e" "CARGO_TARGET_DIR=/opt/rustwide/target" "-e" "CARGO_INCREMENTAL=0" "-e" "RUST_BACKTRACE=full" "-e" "RUSTFLAGS=--cap-lints=forbid" "-e" "RUSTDOCFLAGS=--cap-lints=forbid" "-e" "CARGO_HOME=/opt/rustwide/cargo-home" "-e" "RUSTUP_HOME=/opt/rustwide/rustup-home" "-w" "/opt/rustwide/workdir" "-m" "1610612736" "--user" "0:0" "--network" "none" "ghcr.io/rust-lang/crates-build-env/linux@sha256:2788e3201cd34a07e3172128adcd8b3090168a8e3bcc40d7c032b9dda1df7d1c" "/opt/rustwide/cargo-home/bin/cargo" "+nightly-2024-02-05" "check" "--frozen" "--all" "--all-targets" "--message-format=json", kill_on_drop: false }`
[INFO] [stdout] 326130816f049718a751b8591cb84b011e87e41ac66ad6a6c8da19b186d0a5f1
[INFO] running `Command { std: "docker" "start" "-a" "326130816f049718a751b8591cb84b011e87e41ac66ad6a6c8da19b186d0a5f1", kill_on_drop: false }`
[INFO] [stderr]    Compiling proc-macro2 v1.0.78
[INFO] [stderr]    Compiling libc v0.2.153
[INFO] [stderr]    Compiling generic-array v0.14.7
[INFO] [stderr]     Checking subtle v2.5.0
[INFO] [stderr]     Checking const-oid v0.9.6
[INFO] [stderr]     Checking futures-io v0.3.30
[INFO] [stderr]     Checking futures-core v0.3.30
[INFO] [stderr]     Checking futures-sink v0.3.30
[INFO] [stderr]     Checking futures-task v0.3.30
[INFO] [stderr]    Compiling semver v1.0.21
[INFO] [stderr]    Compiling crunchy v0.2.2
[INFO] [stderr]     Checking base64ct v1.6.0
[INFO] [stderr]    Compiling ring v0.17.7
[INFO] [stderr]    Compiling typenum v1.17.0
[INFO] [stderr]    Compiling parking_lot_core v0.9.9
[INFO] [stderr]     Checking smallvec v1.13.1
[INFO] [stderr]     Checking futures-channel v0.3.30
[INFO] [stderr]     Checking log v0.4.20
[INFO] [stderr]     Checking byteorder v1.5.0
[INFO] [stderr]     Checking untrusted v0.9.0
[INFO] [stderr]     Checking spin v0.9.8
[INFO] [stderr]     Checking bytes v1.5.0
[INFO] [stderr]     Checking pem-rfc7468 v0.7.0
[INFO] [stderr]    Compiling platforms v3.3.0
[INFO] [stderr]     Checking base16ct v0.2.0
[INFO] [stderr]    Compiling syn v1.0.109
[INFO] [stderr]    Compiling serde v1.0.196
[INFO] [stderr]     Checking unsigned-varint v0.7.2
[INFO] [stderr]     Checking base64 v0.13.1
[INFO] [stderr]    Compiling data-encoding v2.5.0
[INFO] [stderr]     Checking core2 v0.4.0
[INFO] [stderr]     Checking arrayref v0.3.7
[INFO] [stderr]    Compiling paste v1.0.14
[INFO] [stderr]     Checking quick-protobuf v0.8.1
[INFO] [stderr]     Checking base-x v0.2.11
[INFO] [stderr]     Checking multihash v0.19.1
[INFO] [stderr]    Compiling quote v1.0.35
[INFO] [stderr]     Checking bs58 v0.5.0
[INFO] [stderr]     Checking asn1_der v0.7.6
[INFO] [stderr]    Compiling rustc_version v0.4.0
[INFO] [stderr]     Checking url v2.5.0
[INFO] [stderr]     Checking instant v0.1.12
[INFO] [stderr]     Checking either v1.9.0
[INFO] [stderr]     Checking futures-timer v3.0.2
[INFO] [stderr]     Checking unsigned-varint v0.8.0
[INFO] [stderr]    Compiling rustls v0.21.10
[INFO] [stderr]    Compiling httparse v1.8.0
[INFO] [stderr]    Compiling syn v2.0.48
[INFO] [stderr]     Checking nohash-hasher v0.2.0
[INFO] [stderr]     Checking ipnet v2.9.0
[INFO] [stderr]     Checking webpki-roots v0.25.4
[INFO] [stderr]    Compiling curve25519-dalek v4.1.1
[INFO] [stderr]    Compiling snow v0.9.6
[INFO] [stderr]    Compiling digest v0.9.0
[INFO] [stderr]    Compiling libsecp256k1-core v0.3.0
[INFO] [stderr]    Compiling data-encoding-macro-internal v0.1.12
[INFO] [stderr]     Checking getrandom v0.2.12
[INFO] [stderr]     Checking num_cpus v1.16.0
[INFO] [stderr]     Checking socket2 v0.5.5
[INFO] [stderr]     Checking signal-hook-registry v1.4.1
[INFO] [stderr]     Checking mio v0.8.10
[INFO] [stderr]     Checking nix v0.24.3
[INFO] [stderr]     Checking rand_core v0.6.4
[INFO] [stderr]    Compiling libsecp256k1-gen-genmult v0.3.0
[INFO] [stderr]    Compiling libsecp256k1-gen-ecmult v0.3.0
[INFO] [stderr]     Checking parking_lot v0.12.1
[INFO] [stderr]     Checking rand_chacha v0.3.1
[INFO] [stderr]     Checking ff v0.13.0
[INFO] [stderr]    Compiling libsecp256k1 v0.7.1
[INFO] [stderr]     Checking group v0.13.0
[INFO] [stderr]     Checking data-encoding-macro v0.1.14
[INFO] [stderr]     Checking multibase v0.9.1
[INFO] [stderr]     Checking rand v0.8.5
[INFO] [stderr]     Checking sct v0.7.1
[INFO] [stderr]     Checking rustls-webpki v0.101.7
[INFO] [stderr]    Compiling zeroize_derive v1.4.2
[INFO] [stderr]    Compiling futures-macro v0.3.30
[INFO] [stderr]    Compiling thiserror-impl v1.0.56
[INFO] [stderr]    Compiling pin-project-internal v1.1.4
[INFO] [stderr]    Compiling curve25519-dalek-derive v0.1.1
[INFO] [stderr]    Compiling tracing-attributes v0.1.27
[INFO] [stderr]    Compiling serde_derive v1.0.196
[INFO] [stderr]    Compiling tokio-macros v2.2.0
[INFO] [stderr]     Checking zeroize v1.7.0
[INFO] [stderr]     Checking der v0.7.8
[INFO] [stderr]     Checking tokio v1.36.0
[INFO] [stderr]     Checking futures-util v0.3.30
[INFO] [stderr]     Checking thiserror v1.0.56
[INFO] [stderr]     Checking netlink-packet-utils v0.5.2
[INFO] [stderr]     Checking pin-project v1.1.4
[INFO] [stderr]     Checking netlink-packet-core v0.4.2
[INFO] [stderr]     Checking tracing v0.1.40
[INFO] [stderr]     Checking netlink-packet-route v0.12.0
[INFO] [stderr]     Checking crypto-common v0.1.6
[INFO] [stderr]     Checking block-buffer v0.10.4
[INFO] [stderr]     Checking crypto-bigint v0.5.5
[INFO] [stderr]     Checking block-buffer v0.9.0
[INFO] [stderr]     Checking crypto-mac v0.8.0
[INFO] [stderr]     Checking inout v0.1.3
[INFO] [stderr]     Checking hmac v0.8.1
[INFO] [stderr]     Checking sha2 v0.9.9
[INFO] [stderr]     Checking sha-1 v0.9.8
[INFO] [stderr]     Checking digest v0.10.7
[INFO] [stderr]     Checking cipher v0.4.4
[INFO] [stderr]     Checking futures-rustls v0.24.0
[INFO] [stderr]     Checking hmac-drbg v0.3.0
[INFO] [stderr]     Checking signature v2.2.0
[INFO] [stderr]     Checking hmac v0.12.1
[INFO] [stderr]     Checking sha2 v0.10.8
[INFO] [stderr]     Checking salsa20 v0.10.2
[INFO] [stderr]     Checking spki v0.7.3
[INFO] [stderr]     Checking sha3 v0.10.8
[INFO] [stderr]     Checking ed25519 v2.2.3
[INFO] [stderr]     Checking pkcs8 v0.10.2
[INFO] [stderr]     Checking rfc6979 v0.4.0
[INFO] [stderr]     Checking hkdf v0.12.4
[INFO] [stderr]     Checking sec1 v0.7.3
[INFO] [stderr]     Checking elliptic-curve v0.13.8
[INFO] [stderr]     Checking ed25519-dalek v2.1.0
[INFO] [stderr]     Checking x25519-dalek v2.0.0
[INFO] [stderr]     Checking primeorder v0.13.6
[INFO] [stderr]     Checking ecdsa v0.16.9
[INFO] [stderr]     Checking p256 v0.13.2
[INFO] [stderr]     Checking futures-executor v0.3.30
[INFO] [stderr]     Checking asynchronous-codec v0.7.0
[INFO] [stderr]     Checking futures v0.3.30
[INFO] [stderr]     Checking rw-stream-sink v0.4.0
[INFO] [stderr]     Checking multistream-select v0.13.0
[INFO] [stderr]     Checking yamux v0.12.1
[INFO] [stderr]     Checking yamux v0.13.1
[INFO] [stderr]     Checking soketto v0.7.1
[INFO] [stderr]     Checking libp2p-pnet v0.24.0 (/opt/rustwide/workdir)
[INFO] [stderr]     Checking netlink-sys v0.8.5
[INFO] [stderr]     Checking netlink-proto v0.10.0
[INFO] [stderr]     Checking rtnetlink v0.10.1
[INFO] [stderr]     Checking if-watch v3.2.0
[INFO] [stderr]     Checking libp2p-identity v0.2.8
[INFO] [stderr]     Checking multiaddr v0.18.1
[INFO] [stderr]     Checking libp2p-core v0.41.2
[INFO] [stderr]     Checking libp2p-tcp v0.41.0
[INFO] [stderr]     Checking libp2p-noise v0.44.0
[INFO] [stderr]     Checking libp2p-swarm v0.44.1
[INFO] [stderr]     Checking libp2p-yamux v0.45.1
[INFO] [stderr]     Checking libp2p-websocket v0.43.0
[INFO] [stdout] error[E0432]: unresolved import `quickcheck`
[INFO] [stdout]    --> src/lib.rs:323:9
[INFO] [stdout]     |
[INFO] [stdout] 323 |     use quickcheck::*;
[INFO] [stdout]     |         ^^^^^^^^^^ use of undeclared crate or module `quickcheck`
[INFO] [stdout] 
[INFO] [stdout] 
[INFO] [stdout] error[E0405]: cannot find trait `Arbitrary` in this scope
[INFO] [stdout]    --> src/lib.rs:325:10
[INFO] [stdout]     |
[INFO] [stdout] 325 |     impl Arbitrary for PreSharedKey {
[INFO] [stdout]     |          ^^^^^^^^^ not found in this scope
[INFO] [stdout] 
[INFO] [stdout] 
[INFO] [stdout] error[E0412]: cannot find type `Gen` in this scope
[INFO] [stdout]    --> src/lib.rs:326:30
[INFO] [stdout]     |
[INFO] [stdout] 326 |         fn arbitrary(g: &mut Gen) -> PreSharedKey {
[INFO] [stdout]     |                              ^^^ not found in this scope
[INFO] [stdout] 
[INFO] [stdout] 
[INFO] [stdout] error[E0433]: failed to resolve: use of undeclared type `QuickCheck`
[INFO] [stdout]    --> src/lib.rs:340:9
[INFO] [stdout]     |
[INFO] [stdout] 340 |         QuickCheck::new()
[INFO] [stdout]     |         ^^^^^^^^^^ use of undeclared type `QuickCheck`
[INFO] [stdout] 
[INFO] [stdout] 
[INFO] [stdout] error: aborting due to 4 previous errors
[INFO] [stdout] 
[INFO] [stdout] 
[INFO] [stdout] Some errors have detailed explanations: E0405, E0412, E0432, E0433.
[INFO] [stdout] 
[INFO] [stdout] For more information about an error, try `rustc --explain E0405`.
[INFO] [stdout] 
[INFO] [stderr] error: could not compile `libp2p-pnet` (lib test) due to 5 previous errors
[INFO] [stderr] warning: build failed, waiting for other jobs to finish...
[INFO] running `Command { std: "docker" "inspect" "326130816f049718a751b8591cb84b011e87e41ac66ad6a6c8da19b186d0a5f1", kill_on_drop: false }`
[INFO] running `Command { std: "docker" "rm" "-f" "326130816f049718a751b8591cb84b011e87e41ac66ad6a6c8da19b186d0a5f1", kill_on_drop: false }`
[INFO] [stdout] 326130816f049718a751b8591cb84b011e87e41ac66ad6a6c8da19b186d0a5f1
[INFO] checking libp2p-pnet-0.24.0 against nightly-2024-02-05+rustflags=-Dunexpected_cfgs+cargoflags=-Zcheck-cfg for check-cfg
[INFO] extracting crate libp2p-pnet 0.24.0 into /workspace/builds/worker-3-tc2/source
[INFO] validating manifest of crates.io crate libp2p-pnet 0.24.0 on toolchain nightly-2024-02-05
[INFO] running `Command { std: CARGO_HOME="/workspace/cargo-home" RUSTUP_HOME="/workspace/rustup-home" "/workspace/cargo-home/bin/cargo" "+nightly-2024-02-05" "metadata" "--manifest-path" "Cargo.toml" "--no-deps", kill_on_drop: false }`
[INFO] started tweaking crates.io crate libp2p-pnet 0.24.0
[INFO] finished tweaking crates.io crate libp2p-pnet 0.24.0
[INFO] tweaked toml for crates.io crate libp2p-pnet 0.24.0 written to /workspace/builds/worker-3-tc2/source/Cargo.toml
[INFO] running `Command { std: CARGO_HOME="/workspace/cargo-home" RUSTUP_HOME="/workspace/rustup-home" "/workspace/cargo-home/bin/cargo" "+nightly-2024-02-05" "generate-lockfile" "--manifest-path" "Cargo.toml", kill_on_drop: false }`
[INFO] [stderr]     Updating crates.io index
[INFO] running `Command { std: CARGO_HOME="/workspace/cargo-home" RUSTUP_HOME="/workspace/rustup-home" "/workspace/cargo-home/bin/cargo" "+nightly-2024-02-05" "fetch" "--manifest-path" "Cargo.toml", kill_on_drop: false }`
[INFO] [stderr]     Blocking waiting for file lock on package cache
[INFO] running `Command { std: "docker" "create" "-v" "/var/lib/crater-agent-workspace/builds/worker-3-tc2/target:/opt/rustwide/target:rw,Z" "-v" "/var/lib/crater-agent-workspace/builds/worker-3-tc2/source:/opt/rustwide/workdir:ro,Z" "-v" "/var/lib/crater-agent-workspace/cargo-home:/opt/rustwide/cargo-home:ro,Z" "-v" "/var/lib/crater-agent-workspace/rustup-home:/opt/rustwide/rustup-home:ro,Z" "-e" "SOURCE_DIR=/opt/rustwide/workdir" "-e" "CARGO_TARGET_DIR=/opt/rustwide/target" "-e" "CARGO_HOME=/opt/rustwide/cargo-home" "-e" "RUSTUP_HOME=/opt/rustwide/rustup-home" "-w" "/opt/rustwide/workdir" "-m" "1610612736" "--user" "0:0" "--network" "none" "ghcr.io/rust-lang/crates-build-env/linux@sha256:2788e3201cd34a07e3172128adcd8b3090168a8e3bcc40d7c032b9dda1df7d1c" "/opt/rustwide/cargo-home/bin/cargo" "+nightly-2024-02-05" "metadata" "--no-deps" "--format-version=1", kill_on_drop: false }`
[INFO] [stdout] 32d070cc45a9290183f9cc50af3e35f4147d1902ba996402589a4aebfd666f82
[INFO] running `Command { std: "docker" "start" "-a" "32d070cc45a9290183f9cc50af3e35f4147d1902ba996402589a4aebfd666f82", kill_on_drop: false }`
[INFO] running `Command { std: "docker" "inspect" "32d070cc45a9290183f9cc50af3e35f4147d1902ba996402589a4aebfd666f82", kill_on_drop: false }`
[INFO] running `Command { std: "docker" "rm" "-f" "32d070cc45a9290183f9cc50af3e35f4147d1902ba996402589a4aebfd666f82", kill_on_drop: false }`
[INFO] [stdout] 32d070cc45a9290183f9cc50af3e35f4147d1902ba996402589a4aebfd666f82
[INFO] running `Command { std: "docker" "create" "-v" "/var/lib/crater-agent-workspace/builds/worker-3-tc2/target:/opt/rustwide/target:rw,Z" "-v" "/var/lib/crater-agent-workspace/builds/worker-3-tc2/source:/opt/rustwide/workdir:ro,Z" "-v" "/var/lib/crater-agent-workspace/cargo-home:/opt/rustwide/cargo-home:ro,Z" "-v" "/var/lib/crater-agent-workspace/rustup-home:/opt/rustwide/rustup-home:ro,Z" "-e" "SOURCE_DIR=/opt/rustwide/workdir" "-e" "CARGO_TARGET_DIR=/opt/rustwide/target" "-e" "CARGO_INCREMENTAL=0" "-e" "RUST_BACKTRACE=full" "-e" "RUSTFLAGS=--cap-lints=forbid -Dunexpected_cfgs" "-e" "RUSTDOCFLAGS=--cap-lints=forbid" "-e" "CARGO_HOME=/opt/rustwide/cargo-home" "-e" "RUSTUP_HOME=/opt/rustwide/rustup-home" "-w" "/opt/rustwide/workdir" "-m" "1610612736" "--user" "0:0" "--network" "none" "ghcr.io/rust-lang/crates-build-env/linux@sha256:2788e3201cd34a07e3172128adcd8b3090168a8e3bcc40d7c032b9dda1df7d1c" "/opt/rustwide/cargo-home/bin/cargo" "+nightly-2024-02-05" "check" "--frozen" "--all" "--all-targets" "--message-format=json" "-Zcheck-cfg", kill_on_drop: false }`
[INFO] [stdout] e3a96c34bd0ec26bab88e862dd3803980d58b290675ee3caa99c6c950528056a
[INFO] running `Command { std: "docker" "start" "-a" "e3a96c34bd0ec26bab88e862dd3803980d58b290675ee3caa99c6c950528056a", kill_on_drop: false }`
[INFO] [stderr]    Compiling proc-macro2 v1.0.78
[INFO] [stderr]    Compiling libc v0.2.153
[INFO] [stderr]     Checking subtle v2.5.0
[INFO] [stderr]     Checking const-oid v0.9.6
[INFO] [stderr]     Checking futures-io v0.3.30
[INFO] [stderr]     Checking futures-core v0.3.30
[INFO] [stderr]     Checking futures-sink v0.3.30
[INFO] [stderr]     Checking futures-task v0.3.30
[INFO] [stderr]    Compiling generic-array v0.14.7
[INFO] [stderr]    Compiling semver v1.0.21
[INFO] [stderr]    Compiling crunchy v0.2.2
[INFO] [stderr]     Checking base64ct v1.6.0
[INFO] [stderr]    Compiling typenum v1.17.0
[INFO] [stderr]    Compiling ring v0.17.7
[INFO] [stderr]    Compiling parking_lot_core v0.9.9
[INFO] [stderr]     Checking log v0.4.20
[INFO] [stderr]     Checking smallvec v1.13.1
[INFO] [stderr]     Checking byteorder v1.5.0
[INFO] [stderr]     Checking futures-channel v0.3.30
[INFO] [stderr]     Checking spin v0.9.8
[INFO] [stderr]     Checking untrusted v0.9.0
[INFO] [stderr]     Checking bytes v1.5.0
[INFO] [stderr]    Compiling platforms v3.3.0
[INFO] [stderr]     Checking base16ct v0.2.0
[INFO] [stderr]    Compiling syn v1.0.109
[INFO] [stderr]    Compiling serde v1.0.196
[INFO] [stderr]     Checking unsigned-varint v0.7.2
[INFO] [stderr]     Checking base64 v0.13.1
[INFO] [stderr]    Compiling data-encoding v2.5.0
[INFO] [stderr]     Checking pem-rfc7468 v0.7.0
[INFO] [stderr]     Checking core2 v0.4.0
[INFO] [stderr]    Compiling paste v1.0.14
[INFO] [stderr]     Checking arrayref v0.3.7
[INFO] [stderr]    Compiling quote v1.0.35
[INFO] [stderr]     Checking multihash v0.19.1
[INFO] [stderr]     Checking quick-protobuf v0.8.1
[INFO] [stderr]     Checking bs58 v0.5.0
[INFO] [stderr]     Checking base-x v0.2.11
[INFO] [stderr]     Checking asn1_der v0.7.6
[INFO] [stderr]    Compiling rustc_version v0.4.0
[INFO] [stderr]     Checking url v2.5.0
[INFO] [stderr]     Checking instant v0.1.12
[INFO] [stderr]     Checking unsigned-varint v0.8.0
[INFO] [stderr]    Compiling syn v2.0.48
[INFO] [stderr]     Checking either v1.9.0
[INFO] [stderr]     Checking futures-timer v3.0.2
[INFO] [stderr]    Compiling rustls v0.21.10
[INFO] [stderr]    Compiling httparse v1.8.0
[INFO] [stderr]     Checking nohash-hasher v0.2.0
[INFO] [stderr]     Checking ipnet v2.9.0
[INFO] [stderr]    Compiling curve25519-dalek v4.1.1
[INFO] [stderr]    Compiling snow v0.9.6
[INFO] [stderr]     Checking webpki-roots v0.25.4
[INFO] [stderr]    Compiling digest v0.9.0
[INFO] [stderr]    Compiling libsecp256k1-core v0.3.0
[INFO] [stderr]    Compiling data-encoding-macro-internal v0.1.12
[INFO] [stderr]     Checking getrandom v0.2.12
[INFO] [stderr]     Checking num_cpus v1.16.0
[INFO] [stderr]     Checking mio v0.8.10
[INFO] [stderr]     Checking signal-hook-registry v1.4.1
[INFO] [stderr]     Checking socket2 v0.5.5
[INFO] [stderr]     Checking nix v0.24.3
[INFO] [stderr]     Checking rand_core v0.6.4
[INFO] [stderr]     Checking parking_lot v0.12.1
[INFO] [stderr]     Checking rand_chacha v0.3.1
[INFO] [stderr]     Checking ff v0.13.0
[INFO] [stderr]    Compiling libsecp256k1-gen-ecmult v0.3.0
[INFO] [stderr]    Compiling libsecp256k1-gen-genmult v0.3.0
[INFO] [stderr]     Checking group v0.13.0
[INFO] [stderr]     Checking rand v0.8.5
[INFO] [stderr]     Checking data-encoding-macro v0.1.14
[INFO] [stderr]    Compiling libsecp256k1 v0.7.1
[INFO] [stderr]     Checking multibase v0.9.1
[INFO] [stderr]     Checking sct v0.7.1
[INFO] [stderr]     Checking rustls-webpki v0.101.7
[INFO] [stderr]    Compiling zeroize_derive v1.4.2
[INFO] [stderr]    Compiling futures-macro v0.3.30
[INFO] [stderr]    Compiling thiserror-impl v1.0.56
[INFO] [stderr]    Compiling pin-project-internal v1.1.4
[INFO] [stderr]    Compiling curve25519-dalek-derive v0.1.1
[INFO] [stderr]    Compiling tracing-attributes v0.1.27
[INFO] [stderr]    Compiling serde_derive v1.0.196
[INFO] [stderr]    Compiling tokio-macros v2.2.0
[INFO] [stderr]     Checking tokio v1.36.0
[INFO] [stderr]     Checking zeroize v1.7.0
[INFO] [stderr]     Checking futures-util v0.3.30
[INFO] [stderr]     Checking der v0.7.8
[INFO] [stderr]     Checking thiserror v1.0.56
[INFO] [stderr]     Checking netlink-packet-utils v0.5.2
[INFO] [stderr]     Checking netlink-packet-core v0.4.2
[INFO] [stderr]     Checking pin-project v1.1.4
[INFO] [stderr]     Checking futures-rustls v0.24.0
[INFO] [stderr]     Checking netlink-packet-route v0.12.0
[INFO] [stderr]     Checking tracing v0.1.40
[INFO] [stderr]     Checking crypto-common v0.1.6
[INFO] [stderr]     Checking block-buffer v0.10.4
[INFO] [stderr]     Checking crypto-bigint v0.5.5
[INFO] [stderr]     Checking block-buffer v0.9.0
[INFO] [stderr]     Checking crypto-mac v0.8.0
[INFO] [stderr]     Checking inout v0.1.3
[INFO] [stderr]     Checking sha2 v0.9.9
[INFO] [stderr]     Checking sha-1 v0.9.8
[INFO] [stderr]     Checking hmac v0.8.1
[INFO] [stderr]     Checking digest v0.10.7
[INFO] [stderr]     Checking cipher v0.4.4
[INFO] [stderr]     Checking spki v0.7.3
[INFO] [stderr]     Checking hmac-drbg v0.3.0
[INFO] [stderr]     Checking pkcs8 v0.10.2
[INFO] [stderr]     Checking hmac v0.12.1
[INFO] [stderr]     Checking signature v2.2.0
[INFO] [stderr]     Checking sha2 v0.10.8
[INFO] [stderr]     Checking sha3 v0.10.8
[INFO] [stderr]     Checking salsa20 v0.10.2
[INFO] [stderr]     Checking ed25519 v2.2.3
[INFO] [stderr]     Checking sec1 v0.7.3
[INFO] [stderr]     Checking rfc6979 v0.4.0
[INFO] [stderr]     Checking hkdf v0.12.4
[INFO] [stderr]     Checking ed25519-dalek v2.1.0
[INFO] [stderr]     Checking x25519-dalek v2.0.0
[INFO] [stderr]     Checking elliptic-curve v0.13.8
[INFO] [stderr]     Checking primeorder v0.13.6
[INFO] [stderr]     Checking ecdsa v0.16.9
[INFO] [stderr]     Checking futures-executor v0.3.30
[INFO] [stderr]     Checking asynchronous-codec v0.7.0
[INFO] [stderr]     Checking p256 v0.13.2
[INFO] [stderr]     Checking futures v0.3.30
[INFO] [stderr]     Checking rw-stream-sink v0.4.0
[INFO] [stderr]     Checking multistream-select v0.13.0
[INFO] [stderr]     Checking soketto v0.7.1
[INFO] [stderr]     Checking yamux v0.13.1
[INFO] [stderr]     Checking yamux v0.12.1
[INFO] [stderr]     Checking libp2p-pnet v0.24.0 (/opt/rustwide/workdir)
[INFO] [stdout] error: unexpected `cfg` condition name: `docsrs`
[INFO] [stdout]   --> src/lib.rs:27:13
[INFO] [stdout]    |
[INFO] [stdout] 27 | #![cfg_attr(docsrs, feature(doc_cfg, doc_auto_cfg))]
[INFO] [stdout]    |             ^^^^^^
[INFO] [stdout]    |
[INFO] [stdout]    = help: expected names are: `debug_assertions`, `doc`, `doctest`, `feature`, `miri`, `overflow_checks`, `panic`, `proc_macro`, `relocation_model`, `sanitize`, `sanitizer_cfi_generalize_pointers`, `sanitizer_cfi_normalize_integers`, `target_abi`, `target_arch`, `target_endian`, `target_env`, `target_family`, `target_feature`, `target_has_atomic`, `target_has_atomic_equal_alignment`, `target_has_atomic_load_store`, `target_os`, `target_pointer_width`, `target_thread_local`, `target_vendor`, `test`, `unix`, `windows`
[INFO] [stdout]    = help: consider using a Cargo feature instead or adding `println!("cargo:rustc-check-cfg=cfg(docsrs)");` to the top of a `build.rs`
[INFO] [stdout]    = note: see <https://doc.rust-lang.org/nightly/cargo/reference/unstable.html#check-cfg> for more information about checking conditional configuration
[INFO] [stdout]    = note: requested on the command line with `-D unexpected-cfgs`
[INFO] [stdout] 
[INFO] [stdout] 
[INFO] [stdout] error: aborting due to 1 previous error
[INFO] [stdout] 
[INFO] [stdout] 
[INFO] [stderr] error: could not compile `libp2p-pnet` (lib) due to 2 previous errors
[INFO] [stderr] warning: build failed, waiting for other jobs to finish...
[INFO] running `Command { std: "docker" "inspect" "e3a96c34bd0ec26bab88e862dd3803980d58b290675ee3caa99c6c950528056a", kill_on_drop: false }`
[INFO] running `Command { std: "docker" "rm" "-f" "e3a96c34bd0ec26bab88e862dd3803980d58b290675ee3caa99c6c950528056a", kill_on_drop: false }`
[INFO] [stdout] e3a96c34bd0ec26bab88e862dd3803980d58b290675ee3caa99c6c950528056a
