[INFO] fetching crate libp2p-community-tor 0.3.0-alpha...
[INFO] checking libp2p-community-tor-0.3.0-alpha against nightly-2024-02-05 for check-cfg
[INFO] extracting crate libp2p-community-tor 0.3.0-alpha into /workspace/builds/worker-5-tc1/source
[INFO] validating manifest of crates.io crate libp2p-community-tor 0.3.0-alpha on toolchain nightly-2024-02-05
[INFO] running `Command { std: CARGO_HOME="/workspace/cargo-home" RUSTUP_HOME="/workspace/rustup-home" "/workspace/cargo-home/bin/cargo" "+nightly-2024-02-05" "metadata" "--manifest-path" "Cargo.toml" "--no-deps", kill_on_drop: false }`
[INFO] started tweaking crates.io crate libp2p-community-tor 0.3.0-alpha
[INFO] removed 0 missing examples
[INFO] finished tweaking crates.io crate libp2p-community-tor 0.3.0-alpha
[INFO] tweaked toml for crates.io crate libp2p-community-tor 0.3.0-alpha written to /workspace/builds/worker-5-tc1/source/Cargo.toml
[INFO] crate crates.io crate libp2p-community-tor 0.3.0-alpha already has a lockfile, it will not be regenerated
[INFO] running `Command { std: CARGO_HOME="/workspace/cargo-home" RUSTUP_HOME="/workspace/rustup-home" "/workspace/cargo-home/bin/cargo" "+nightly-2024-02-05" "fetch" "--manifest-path" "Cargo.toml", kill_on_drop: false }`
[INFO] [stderr]     Updating crates.io index
[INFO] [stderr]     Blocking waiting for file lock on package cache
[INFO] [stderr]  Downloading crates ...
[INFO] [stderr]   Downloaded signature v2.0.0
[INFO] [stderr]   Downloaded libp2p-mplex v0.39.0
[INFO] [stderr]   Downloaded phf v0.11.1
[INFO] [stderr]   Downloaded tinystr v0.7.1
[INFO] [stderr]   Downloaded smol v1.3.0
[INFO] [stderr]   Downloaded libp2p-yamux v0.43.0
[INFO] [stderr]   Downloaded retry-error v0.3.1
[INFO] [stderr]   Downloaded futures-executor v0.3.27
[INFO] [stderr]   Downloaded prost v0.11.8
[INFO] [stderr]   Downloaded hostname-validator v1.1.1
[INFO] [stderr]   Downloaded tor-units v0.5.0
[INFO] [stderr]   Downloaded caret v0.3.1
[INFO] [stderr]   Downloaded tor-checkable v0.4.2
[INFO] [stderr]   Downloaded tor-protover v0.4.1
[INFO] [stderr]   Downloaded prometheus-client-derive-encode v0.4.1
[INFO] [stderr]   Downloaded displaydoc v0.2.3
[INFO] [stderr]   Downloaded async-rustls v0.3.0
[INFO] [stderr]   Downloaded x509-signature v0.5.0
[INFO] [stderr]   Downloaded sanitize-filename v0.4.0
[INFO] [stderr]   Downloaded phf_generator v0.11.1
[INFO] [stderr]   Downloaded zeroize_derive v1.4.1
[INFO] [stderr]   Downloaded libp2p-core v0.39.1
[INFO] [stderr]   Downloaded libp2p-swarm v0.42.1
[INFO] [stderr]   Downloaded num-bigint-dig v0.8.2
[INFO] [stderr]   Downloaded sha3 v0.10.6
[INFO] [stderr]   Downloaded postage v0.5.0
[INFO] [stderr]   Downloaded fiat-crypto v0.1.19
[INFO] [stderr]   Downloaded curve25519-dalek v4.0.0-rc.1
[INFO] [stderr]   Downloaded snow v0.9.2
[INFO] [stderr]   Downloaded serde_with v2.3.1
[INFO] [stderr]   Downloaded packed_simd_2 v0.3.8
[INFO] [stderr]   Downloaded aes-gcm v0.9.4
[INFO] [stderr]   Downloaded windows v0.34.0
[INFO] [stderr]   Downloaded tor-netdoc v0.6.2
[INFO] [stderr]   Downloaded tor-chanmgr v0.8.2
[INFO] [stderr]   Downloaded tor-guardmgr v0.8.2
[INFO] [stderr]   Downloaded libp2p-allow-block-list v0.1.0
[INFO] [stderr]   Downloaded tor-netdir v0.8.0
[INFO] [stderr]   Downloaded fs-mistrust v0.6.2
[INFO] [stderr]   Downloaded tor-dirclient v0.6.2
[INFO] [stderr]   Downloaded tor-socksproto v0.6.2
[INFO] [stderr]   Downloaded tor-llcrypto v0.4.2
[INFO] [stderr]   Downloaded serde_with_macros v2.3.1
[INFO] [stderr]   Downloaded tor-cert v0.6.2
[INFO] [stderr]   Downloaded tor-circmgr v0.7.2
[INFO] [stderr]   Downloaded tor-dirmgr v0.9.2
[INFO] [stderr]   Downloaded arti-client v0.8.2
[INFO] [stderr]   Downloaded tor-cell v0.9.0
[INFO] [stderr]   Downloaded tor-config v0.7.2
[INFO] [stderr]   Downloaded tor-linkspec v0.6.2
[INFO] [stderr]   Downloaded tor-bytes v0.6.2
[INFO] [stderr]   Downloaded safelog v0.2.1
[INFO] [stderr]   Downloaded tor-proto v0.9.0
[INFO] [stderr]   Downloaded tor-consdiff v0.4.2
[INFO] [stderr]   Downloaded quinn-proto v0.9.3
[INFO] [stderr]   Downloaded rusqlite v0.28.0
[INFO] [stderr]   Downloaded libm v0.2.6
[INFO] [stderr]   Downloaded x25519-dalek v2.0.0-pre.1
[INFO] [stderr]   Downloaded async-net v1.7.0
[INFO] [stderr]   Downloaded chacha20poly1305 v0.9.1
[INFO] [stderr]   Downloaded derive_builder_fork_arti v0.11.2
[INFO] [stderr]   Downloaded bounded-vec-deque v0.1.1
[INFO] [stderr]   Downloaded tor-rtcompat v0.8.1
[INFO] [stderr]   Downloaded derive_builder_core_fork_arti v0.11.2
[INFO] [stderr]   Downloaded chacha20 v0.8.2
[INFO] [stderr]   Downloaded poly1305 v0.7.2
[INFO] [stderr]   Downloaded futures v0.3.27
[INFO] [stderr]   Downloaded educe v0.4.20
[INFO] [stderr]   Downloaded platforms v3.0.2
[INFO] [stderr]   Downloaded libp2p v0.51.2
[INFO] [stderr]   Downloaded if-watch v3.0.1
[INFO] [stderr]   Downloaded tor-basic-utils v0.5.1
[INFO] [stderr]   Downloaded dtoa v1.0.6
[INFO] [stderr]   Downloaded weak-table v0.3.2
[INFO] [stderr]   Downloaded phf_shared v0.11.1
[INFO] [stderr]   Downloaded unsigned-varint v0.7.1
[INFO] [stderr]   Downloaded tor-persist v0.6.2
[INFO] [stderr]   Downloaded ghash v0.4.4
[INFO] [stderr]   Downloaded atomic v0.5.1
[INFO] [stderr]   Downloaded dirs v5.0.0
[INFO] [stderr]   Downloaded keccak v0.1.3
[INFO] [stderr]   Downloaded serde_ignored v0.1.7
[INFO] [stderr]   Downloaded async-process v1.6.0
[INFO] [stderr]   Downloaded rustc-demangle v0.1.22
[INFO] [stderr]   Downloaded async_executors v0.6.0
[INFO] [stderr]   Downloaded derive_builder_macro_fork_arti v0.11.2
[INFO] [stderr]   Downloaded tor-error v0.4.1
[INFO] [stderr]   Downloaded ipconfig v0.3.1
[INFO] [stderr]   Downloaded hashlink v0.8.1
[INFO] [stderr]   Downloaded libp2p-identity v0.1.1
[INFO] [stderr]   Downloaded tor-rtmock v0.7.1
[INFO] [stderr]   Downloaded async-native-tls v0.4.0
[INFO] [stderr]   Downloaded blanket v0.2.0
[INFO] [stderr]   Downloaded iana-time-zone v0.1.54
[INFO] [stderr]   Downloaded libp2p-noise v0.42.1
[INFO] [stderr]   Downloaded data-encoding-macro-internal v0.1.10
[INFO] [stderr]   Downloaded enum-ordinalize v3.1.12
[INFO] [stderr]   Downloaded data-encoding-macro v0.1.12
[INFO] [stderr]   Downloaded phf_macros v0.11.1
[INFO] [stderr]   Downloaded by_address v1.1.0
[INFO] [stderr]   Downloaded system-configuration v0.5.0
[INFO] [stderr]   Downloaded coarsetime v0.1.23
[INFO] [stderr]   Downloaded prost-derive v0.11.8
[INFO] [stderr]   Downloaded async-std-resolver v0.22.0
[INFO] [stderr]   Downloaded if-addrs v0.7.0
[INFO] [stderr]   Downloaded fluid-let v1.0.0
[INFO] [stderr]   Downloaded asynchronous-codec v0.6.1
[INFO] running `Command { std: "docker" "create" "-v" "/var/lib/crater-agent-workspace/builds/worker-5-tc1/target:/opt/rustwide/target:rw,Z" "-v" "/var/lib/crater-agent-workspace/builds/worker-5-tc1/source:/opt/rustwide/workdir:ro,Z" "-v" "/var/lib/crater-agent-workspace/cargo-home:/opt/rustwide/cargo-home:ro,Z" "-v" "/var/lib/crater-agent-workspace/rustup-home:/opt/rustwide/rustup-home:ro,Z" "-e" "SOURCE_DIR=/opt/rustwide/workdir" "-e" "CARGO_TARGET_DIR=/opt/rustwide/target" "-e" "CARGO_HOME=/opt/rustwide/cargo-home" "-e" "RUSTUP_HOME=/opt/rustwide/rustup-home" "-w" "/opt/rustwide/workdir" "-m" "1610612736" "--user" "0:0" "--network" "none" "ghcr.io/rust-lang/crates-build-env/linux@sha256:2788e3201cd34a07e3172128adcd8b3090168a8e3bcc40d7c032b9dda1df7d1c" "/opt/rustwide/cargo-home/bin/cargo" "+nightly-2024-02-05" "metadata" "--no-deps" "--format-version=1", kill_on_drop: false }`
[INFO] [stdout] c1ee0267bca1d83441ce5b66dcce3d186d60569b789d3ef54245bfe6d146658b
[INFO] running `Command { std: "docker" "start" "-a" "c1ee0267bca1d83441ce5b66dcce3d186d60569b789d3ef54245bfe6d146658b", kill_on_drop: false }`
[INFO] running `Command { std: "docker" "inspect" "c1ee0267bca1d83441ce5b66dcce3d186d60569b789d3ef54245bfe6d146658b", kill_on_drop: false }`
[INFO] running `Command { std: "docker" "rm" "-f" "c1ee0267bca1d83441ce5b66dcce3d186d60569b789d3ef54245bfe6d146658b", kill_on_drop: false }`
[INFO] [stdout] c1ee0267bca1d83441ce5b66dcce3d186d60569b789d3ef54245bfe6d146658b
[INFO] running `Command { std: "docker" "create" "-v" "/var/lib/crater-agent-workspace/builds/worker-5-tc1/target:/opt/rustwide/target:rw,Z" "-v" "/var/lib/crater-agent-workspace/builds/worker-5-tc1/source:/opt/rustwide/workdir:ro,Z" "-v" "/var/lib/crater-agent-workspace/cargo-home:/opt/rustwide/cargo-home:ro,Z" "-v" "/var/lib/crater-agent-workspace/rustup-home:/opt/rustwide/rustup-home:ro,Z" "-e" "SOURCE_DIR=/opt/rustwide/workdir" "-e" "CARGO_TARGET_DIR=/opt/rustwide/target" "-e" "CARGO_INCREMENTAL=0" "-e" "RUST_BACKTRACE=full" "-e" "RUSTFLAGS=--cap-lints=forbid" "-e" "RUSTDOCFLAGS=--cap-lints=forbid" "-e" "CARGO_HOME=/opt/rustwide/cargo-home" "-e" "RUSTUP_HOME=/opt/rustwide/rustup-home" "-w" "/opt/rustwide/workdir" "-m" "1610612736" "--user" "0:0" "--network" "none" "ghcr.io/rust-lang/crates-build-env/linux@sha256:2788e3201cd34a07e3172128adcd8b3090168a8e3bcc40d7c032b9dda1df7d1c" "/opt/rustwide/cargo-home/bin/cargo" "+nightly-2024-02-05" "check" "--frozen" "--all" "--all-targets" "--message-format=json", kill_on_drop: false }`
[INFO] [stdout] e7196d445c17b5b6bf5fe063a737c56ea5791214811466ec5395f4857ba7a55c
[INFO] running `Command { std: "docker" "start" "-a" "e7196d445c17b5b6bf5fe063a737c56ea5791214811466ec5395f4857ba7a55c", kill_on_drop: false }`
[INFO] [stderr]    Compiling proc-macro2 v1.0.54
[INFO] [stderr]    Compiling quote v1.0.26
[INFO] [stderr]    Compiling unicode-ident v1.0.8
[INFO] [stderr]    Compiling libc v0.2.140
[INFO] [stderr]    Compiling typenum v1.16.0
[INFO] [stderr]    Compiling futures-core v0.3.27
[INFO] [stderr]     Checking futures-io v0.3.27
[INFO] [stderr]    Compiling thiserror v1.0.40
[INFO] [stderr]    Compiling serde_derive v1.0.159
[INFO] [stderr]    Compiling serde v1.0.159
[INFO] [stderr]    Compiling syn v1.0.109
[INFO] [stderr]    Compiling slab v0.4.8
[INFO] [stderr]    Compiling futures-channel v0.3.27
[INFO] [stderr]    Compiling futures-task v0.3.27
[INFO] [stderr]     Checking futures-sink v0.3.27
[INFO] [stderr]    Compiling futures-util v0.3.27
[INFO] [stderr]     Checking once_cell v1.17.1
[INFO] [stderr]     Checking const-oid v0.9.2
[INFO] [stderr]     Checking byteorder v1.4.3
[INFO] [stderr]     Checking smallvec v1.10.0
[INFO] [stderr]    Compiling value-bag v1.0.0-alpha.9
[INFO] [stderr]     Checking cpufeatures v0.2.6
[INFO] [stderr]    Compiling log v0.4.17
[INFO] [stderr]     Checking bytes v1.4.0
[INFO] [stderr]     Checking keccak v0.1.3
[INFO] [stderr]    Compiling num-traits v0.2.15
[INFO] [stderr]     Checking signature v1.6.4
[INFO] [stderr]     Checking either v1.8.1
[INFO] [stderr]    Compiling crossbeam-utils v0.8.15
[INFO] [stderr]    Compiling num-integer v0.1.45
[INFO] [stderr]    Compiling num-bigint v0.4.3
[INFO] [stderr]    Compiling cc v1.0.79
[INFO] [stderr]    Compiling lock_api v0.4.9
[INFO] [stderr]     Checking ed25519 v1.5.3
[INFO] [stderr]    Compiling libm v0.2.6
[INFO] [stderr]    Compiling parking_lot_core v0.9.7
[INFO] [stdout] error[E0422]: cannot find struct, variant or union type `LineColumn` in crate `proc_macro`
[INFO] [stdout]    --> /opt/rustwide/cargo-home/registry/src/index.crates.io-6f17d22bba15001f/proc-macro2-1.0.54/src/wrapper.rs:475:33
[INFO] [stdout]     |
[INFO] [stdout] 475 |                 let proc_macro::LineColumn { line, column } = s.start();
[INFO] [stdout]     |                                 ^^^^^^^^^^ not found in `proc_macro`
[INFO] [stdout]     |
[INFO] [stdout] help: consider importing this struct through its public re-export
[INFO] [stdout]     |
[INFO] [stdout] 1   + use crate::LineColumn;
[INFO] [stdout]     |
[INFO] [stdout] help: if you import `LineColumn`, refer to it directly
[INFO] [stdout]     |
[INFO] [stdout] 475 -                 let proc_macro::LineColumn { line, column } = s.start();
[INFO] [stdout] 475 +                 let LineColumn { line, column } = s.start();
[INFO] [stdout]     |
[INFO] [stdout] 
[INFO] [stdout] 
[INFO] [stdout] error[E0422]: cannot find struct, variant or union type `LineColumn` in crate `proc_macro`
[INFO] [stdout]    --> /opt/rustwide/cargo-home/registry/src/index.crates.io-6f17d22bba15001f/proc-macro2-1.0.54/src/wrapper.rs:489:33
[INFO] [stdout]     |
[INFO] [stdout] 489 |                 let proc_macro::LineColumn { line, column } = s.end();
[INFO] [stdout]     |                                 ^^^^^^^^^^ not found in `proc_macro`
[INFO] [stdout]     |
[INFO] [stdout] help: consider importing this struct through its public re-export
[INFO] [stdout]     |
[INFO] [stdout] 1   + use crate::LineColumn;
[INFO] [stdout]     |
[INFO] [stdout] help: if you import `LineColumn`, refer to it directly
[INFO] [stdout]     |
[INFO] [stdout] 489 -                 let proc_macro::LineColumn { line, column } = s.end();
[INFO] [stdout] 489 +                 let LineColumn { line, column } = s.end();
[INFO] [stdout]     |
[INFO] [stdout] 
[INFO] [stdout] 
[INFO] [stdout] error[E0635]: unknown feature `proc_macro_span_shrink`
[INFO] [stdout]   --> /opt/rustwide/cargo-home/registry/src/index.crates.io-6f17d22bba15001f/proc-macro2-1.0.54/src/lib.rs:92:30
[INFO] [stdout]    |
[INFO] [stdout] 92 |     feature(proc_macro_span, proc_macro_span_shrink)
[INFO] [stdout]    |                              ^^^^^^^^^^^^^^^^^^^^^^
[INFO] [stdout] 
[INFO] [stdout] 
[INFO] [stderr]     Checking scopeguard v1.1.0
[INFO] [stderr]     Checking lazy_static v1.4.0
[INFO] [stderr]     Checking itoa v1.0.6
[INFO] [stdout] error: aborting due to 3 previous errors
[INFO] [stdout] 
[INFO] [stdout] 
[INFO] [stdout] Some errors have detailed explanations: E0422, E0635.
[INFO] [stdout] 
[INFO] [stdout] For more information about an error, try `rustc --explain E0422`.
[INFO] [stdout] 
[INFO] [stderr] error: could not compile `proc-macro2` (lib) due to 4 previous errors
[INFO] [stderr] warning: build failed, waiting for other jobs to finish...
[INFO] running `Command { std: "docker" "inspect" "e7196d445c17b5b6bf5fe063a737c56ea5791214811466ec5395f4857ba7a55c", kill_on_drop: false }`
[INFO] running `Command { std: "docker" "rm" "-f" "e7196d445c17b5b6bf5fe063a737c56ea5791214811466ec5395f4857ba7a55c", kill_on_drop: false }`
[INFO] [stdout] e7196d445c17b5b6bf5fe063a737c56ea5791214811466ec5395f4857ba7a55c
