[INFO] fetching crate libnoise 1.0.0...
[INFO] checking libnoise-1.0.0 against nightly-2024-02-05 for check-cfg
[INFO] extracting crate libnoise 1.0.0 into /workspace/builds/worker-4-tc1/source
[INFO] validating manifest of crates.io crate libnoise 1.0.0 on toolchain nightly-2024-02-05
[INFO] running `Command { std: CARGO_HOME="/workspace/cargo-home" RUSTUP_HOME="/workspace/rustup-home" "/workspace/cargo-home/bin/cargo" "+nightly-2024-02-05" "metadata" "--manifest-path" "Cargo.toml" "--no-deps", kill_on_drop: false }`
[INFO] removed /workspace/builds/worker-4-tc1/source/.cargo/config.toml
[INFO] started tweaking crates.io crate libnoise 1.0.0
[INFO] removed 0 missing examples
[INFO] removed 0 missing tests
[INFO] finished tweaking crates.io crate libnoise 1.0.0
[INFO] tweaked toml for crates.io crate libnoise 1.0.0 written to /workspace/builds/worker-4-tc1/source/Cargo.toml
[INFO] crate crates.io crate libnoise 1.0.0 already has a lockfile, it will not be regenerated
[INFO] running `Command { std: CARGO_HOME="/workspace/cargo-home" RUSTUP_HOME="/workspace/rustup-home" "/workspace/cargo-home/bin/cargo" "+nightly-2024-02-05" "fetch" "--manifest-path" "Cargo.toml", kill_on_drop: false }`
[INFO] [stderr]  Downloading crates ...
[INFO] [stderr]   Downloaded pathfinder_simd v0.5.1
[INFO] [stderr]   Downloaded tempfile v3.7.1
[INFO] [stderr]   Downloaded proptest v1.2.0
[INFO] [stderr]   Downloaded rustix v0.38.7
[INFO] running `Command { std: "docker" "create" "-v" "/var/lib/crater-agent-workspace/builds/worker-4-tc1/target:/opt/rustwide/target:rw,Z" "-v" "/var/lib/crater-agent-workspace/builds/worker-4-tc1/source:/opt/rustwide/workdir:ro,Z" "-v" "/var/lib/crater-agent-workspace/cargo-home:/opt/rustwide/cargo-home:ro,Z" "-v" "/var/lib/crater-agent-workspace/rustup-home:/opt/rustwide/rustup-home:ro,Z" "-e" "SOURCE_DIR=/opt/rustwide/workdir" "-e" "CARGO_TARGET_DIR=/opt/rustwide/target" "-e" "CARGO_HOME=/opt/rustwide/cargo-home" "-e" "RUSTUP_HOME=/opt/rustwide/rustup-home" "-w" "/opt/rustwide/workdir" "-m" "1610612736" "--user" "0:0" "--network" "none" "ghcr.io/rust-lang/crates-build-env/linux@sha256:2788e3201cd34a07e3172128adcd8b3090168a8e3bcc40d7c032b9dda1df7d1c" "/opt/rustwide/cargo-home/bin/cargo" "+nightly-2024-02-05" "metadata" "--no-deps" "--format-version=1", kill_on_drop: false }`
[INFO] [stdout] 3fdf7bd03b129bc9edf089ecc772de6a8232e079169dd47a6590598681bd3b23
[INFO] running `Command { std: "docker" "start" "-a" "3fdf7bd03b129bc9edf089ecc772de6a8232e079169dd47a6590598681bd3b23", kill_on_drop: false }`
[INFO] running `Command { std: "docker" "inspect" "3fdf7bd03b129bc9edf089ecc772de6a8232e079169dd47a6590598681bd3b23", kill_on_drop: false }`
[INFO] running `Command { std: "docker" "rm" "-f" "3fdf7bd03b129bc9edf089ecc772de6a8232e079169dd47a6590598681bd3b23", kill_on_drop: false }`
[INFO] [stdout] 3fdf7bd03b129bc9edf089ecc772de6a8232e079169dd47a6590598681bd3b23
[INFO] running `Command { std: "docker" "create" "-v" "/var/lib/crater-agent-workspace/builds/worker-4-tc1/target:/opt/rustwide/target:rw,Z" "-v" "/var/lib/crater-agent-workspace/builds/worker-4-tc1/source:/opt/rustwide/workdir:ro,Z" "-v" "/var/lib/crater-agent-workspace/cargo-home:/opt/rustwide/cargo-home:ro,Z" "-v" "/var/lib/crater-agent-workspace/rustup-home:/opt/rustwide/rustup-home:ro,Z" "-e" "SOURCE_DIR=/opt/rustwide/workdir" "-e" "CARGO_TARGET_DIR=/opt/rustwide/target" "-e" "CARGO_INCREMENTAL=0" "-e" "RUST_BACKTRACE=full" "-e" "RUSTFLAGS=--cap-lints=forbid" "-e" "RUSTDOCFLAGS=--cap-lints=forbid" "-e" "CARGO_HOME=/opt/rustwide/cargo-home" "-e" "RUSTUP_HOME=/opt/rustwide/rustup-home" "-w" "/opt/rustwide/workdir" "-m" "1610612736" "--user" "0:0" "--network" "none" "ghcr.io/rust-lang/crates-build-env/linux@sha256:2788e3201cd34a07e3172128adcd8b3090168a8e3bcc40d7c032b9dda1df7d1c" "/opt/rustwide/cargo-home/bin/cargo" "+nightly-2024-02-05" "check" "--frozen" "--all" "--all-targets" "--message-format=json", kill_on_drop: false }`
[INFO] [stdout] e33df9c01613686f904e252724951132a6d74c837e09663aabd18831fb3e0c42
[INFO] running `Command { std: "docker" "start" "-a" "e33df9c01613686f904e252724951132a6d74c837e09663aabd18831fb3e0c42", kill_on_drop: false }`
[INFO] [stderr]    Compiling libc v0.2.147
[INFO] [stderr]     Checking cfg-if v1.0.0
[INFO] [stderr]    Compiling proc-macro2 v1.0.66
[INFO] [stderr]    Compiling unicode-ident v1.0.11
[INFO] [stderr]    Compiling thiserror v1.0.44
[INFO] [stderr]    Compiling libm v0.2.7
[INFO] [stderr]    Compiling pkg-config v0.3.27
[INFO] [stderr]    Compiling ucd-trie v0.1.6
[INFO] [stderr]    Compiling crossbeam-utils v0.8.16
[INFO] [stderr]    Compiling crc32fast v1.3.2
[INFO] [stderr]     Checking simd-adler32 v0.3.7
[INFO] [stderr]    Compiling rustix v0.38.7
[INFO] [stderr]     Checking adler v1.0.2
[INFO] [stderr]     Checking bitflags v1.3.2
[INFO] [stderr]     Checking byteorder v1.4.3
[INFO] [stderr]    Compiling num-traits v0.2.16
[INFO] [stderr]    Compiling memoffset v0.9.0
[INFO] [stderr]    Compiling num-integer v0.1.45
[INFO] [stderr]    Compiling crossbeam-epoch v0.9.15
[INFO] [stderr]    Compiling num-rational v0.4.1
[INFO] [stderr]     Checking miniz_oxide v0.7.1
[INFO] [stderr]    Compiling serde v1.0.183
[INFO] [stderr]     Checking linux-raw-sys v0.4.5
[INFO] [stderr]     Checking bitflags v2.3.3
[INFO] [stderr]     Checking fdeflate v0.3.0
[INFO] [stderr]     Checking libloading v0.8.0
[INFO] [stderr]    Compiling serde_derive v1.0.183
[INFO] [stderr]     Checking scopeguard v1.2.0
[INFO] [stderr]     Checking either v1.9.0
[INFO] [stderr]     Checking color_quant v1.1.0
[INFO] [stderr]     Checking jpeg-decoder v0.3.0
[INFO] [stderr]    Compiling yeslogic-fontconfig-sys v3.2.0
[INFO] [stderr]     Checking once_cell v1.18.0
[INFO] [stderr]     Checking const-cstr v0.3.0
[INFO] [stderr]     Checking flate2 v1.0.26
[INFO] [stderr]     Checking dlib v0.5.2
[INFO] [stderr]    Compiling rayon-core v1.11.0
[INFO] [stderr]    Compiling serde_json v1.0.104
[INFO] [stderr]     Checking ppv-lite86 v0.2.17
[INFO] [stderr]     Checking lazy_static v1.4.0
[INFO] [stderr]     Checking same-file v1.0.6
[INFO] [stderr]     Checking bytemuck v1.13.1
[INFO] [stderr]     Checking weezl v0.1.7
[INFO] [stderr]    Compiling quote v1.0.32
[INFO] [stderr]    Compiling font-kit v0.11.0
[INFO] [stderr]     Checking plotters-backend v0.3.5
[INFO] [stderr]     Checking log v0.4.19
[INFO] [stderr]     Checking png v0.17.9
[INFO] [stderr]     Checking crossbeam-deque v0.8.3
[INFO] [stderr]     Checking gif v0.12.0
[INFO] [stderr]    Compiling syn v2.0.28
[INFO] [stderr]     Checking walkdir v2.3.3
[INFO] [stderr]    Compiling cc v1.0.82
[INFO] [stderr]     Checking itertools v0.10.5
[INFO] [stderr]     Checking getrandom v0.2.10
[INFO] [stderr]     Checking dirs-sys-next v0.1.2
[INFO] [stderr]     Checking time v0.1.45
[INFO] [stderr]     Checking num_cpus v1.16.0
[INFO] [stderr]     Checking crossbeam-channel v0.5.8
[INFO] [stderr]     Checking ciborium-io v0.2.1
[INFO] [stderr]     Checking half v1.8.2
[INFO] [stderr]     Checking ryu v1.0.15
[INFO] [stderr]     Checking anstyle v1.0.1
[INFO] [stderr]     Checking dirs-next v2.0.0
[INFO] [stderr]     Checking rand_core v0.6.4
[INFO] [stderr]     Checking regex-syntax v0.7.4
[INFO] [stderr]     Checking fastrand v2.0.0
[INFO] [stderr]     Checking itoa v1.0.9
[INFO] [stderr]     Checking float-ord v0.2.0
[INFO] [stderr]     Checking iana-time-zone v0.1.57
[INFO] [stderr]     Checking clap_lex v0.5.0
[INFO] [stderr]     Checking ciborium-ll v0.2.1
[INFO] [stderr]     Checking rand_chacha v0.3.1
[INFO] [stderr]     Checking wait-timeout v0.2.0
[INFO] [stderr]     Checking plotters-svg v0.3.5
[INFO] [stderr]     Checking fnv v1.0.7
[INFO] [stderr]     Checking bit-vec v0.6.3
[INFO] [stderr]     Checking quick-error v1.2.3
[INFO] [stderr]     Checking clap_builder v4.3.19
[INFO] [stderr]     Checking cast v0.3.0
[INFO] [stderr]     Checking ttf-parser v0.17.1
[INFO] [stderr]     Checking rand_xorshift v0.3.0
[INFO] [stderr]     Checking rand v0.4.6
[INFO] [stderr]     Checking rand v0.8.5
[INFO] [stderr]    Compiling cmake v0.1.50
[INFO] [stderr]     Checking bit-set v0.5.3
[INFO] [stderr]     Checking regex-syntax v0.6.29
[INFO] [stderr]     Checking oorandom v11.1.3
[INFO] [stderr]     Checking anes v0.1.6
[INFO] [stderr]     Checking remove_dir_all v0.5.3
[INFO] [stderr]     Checking chrono v0.4.26
[INFO] [stderr]     Checking unarray v0.1.4
[INFO] [stderr]     Checking rayon v1.7.0
[INFO] [stderr]     Checking tempdir v0.3.7
[INFO] [stderr]    Compiling freetype-sys v0.13.1
[INFO] [stderr]     Checking criterion-plot v0.5.0
[INFO] [stderr]     Checking libnoise v1.0.0 (/opt/rustwide/workdir)
[INFO] [stderr]     Checking regex-automata v0.3.6
[INFO] [stderr]     Checking image v0.24.6
[INFO] [stderr]     Checking tempfile v3.7.1
[INFO] [stderr]     Checking is-terminal v0.4.9
[INFO] [stderr]     Checking freetype v0.7.0
[INFO] [stderr]     Checking rusty-fork v0.3.0
[INFO] [stderr]    Compiling thiserror-impl v1.0.44
[INFO] [stderr]     Checking clap v4.3.19
[INFO] [stderr]     Checking proptest v1.2.0
[INFO] [stderr]     Checking plotters-bitmap v0.3.3
[INFO] [stderr]     Checking regex v1.9.3
[INFO] [stderr]     Checking ciborium v0.2.1
[INFO] [stderr]    Compiling pest v2.7.2
[INFO] [stderr]     Checking tinytemplate v1.2.1
[INFO] [stderr]    Compiling semver-parser v0.10.2
[INFO] [stderr]    Compiling semver v0.11.0
[INFO] [stderr]    Compiling rustc_version v0.3.3
[INFO] [stderr]    Compiling pathfinder_simd v0.5.1
[INFO] [stderr]     Checking pathfinder_geometry v0.5.1
[INFO] [stderr]     Checking plotters v0.3.5
[INFO] [stderr]     Checking criterion v0.5.1
[INFO] [stdout] error[E0433]: failed to resolve: use of undeclared crate or module `devtools`
[INFO] [stdout]   --> benches/value.rs:17:5
[INFO] [stdout]    |
[INFO] [stdout] 17 |     devtools::benchtools::bench_noise1d(c, "value_1d", SHAPE_1D, SCALE, &impl_generator!());
[INFO] [stdout]    |     ^^^^^^^^ use of undeclared crate or module `devtools`
[INFO] [stdout] 
[INFO] [stdout] 
[INFO] [stdout] error[E0433]: failed to resolve: use of undeclared crate or module `devtools`
[INFO] [stdout]   --> benches/simplex.rs:17:5
[INFO] [stdout]    |
[INFO] [stdout] 17 |     devtools::benchtools::bench_noise1d(c, "simplex_1d", SHAPE_1D, SCALE, &impl_generator!());
[INFO] [stdout]    |     ^^^^^^^^ use of undeclared crate or module `devtools`
[INFO] [stdout] 
[INFO] [stdout] 
[INFO] [stdout] error[E0433]: failed to resolve: use of undeclared crate or module `devtools`
[INFO] [stdout]   --> benches/value.rs:18:5
[INFO] [stdout]    |
[INFO] [stdout] 18 |     devtools::benchtools::bench_noise2d(c, "value_2d", SHAPE_2D, SCALE, &impl_generator!());
[INFO] [stdout]    |     ^^^^^^^^ use of undeclared crate or module `devtools`
[INFO] [stdout] 
[INFO] [stdout] 
[INFO] [stdout] error[E0433]: failed to resolve: use of undeclared crate or module `devtools`
[INFO] [stdout]   --> benches/simplex.rs:18:5
[INFO] [stdout]    |
[INFO] [stdout] 18 |     devtools::benchtools::bench_noise2d(c, "simplex_2d", SHAPE_2D, SCALE, &impl_generator!());
[INFO] [stdout]    |     ^^^^^^^^ use of undeclared crate or module `devtools`
[INFO] [stdout] 
[INFO] [stdout] 
[INFO] [stdout] error[E0433]: failed to resolve: use of undeclared crate or module `devtools`
[INFO] [stdout]   --> benches/value.rs:19:5
[INFO] [stdout]    |
[INFO] [stdout] 19 |     devtools::benchtools::bench_noise3d(c, "value_3d", SHAPE_3D, SCALE, &impl_generator!());
[INFO] [stdout]    |     ^^^^^^^^ use of undeclared crate or module `devtools`
[INFO] [stdout] 
[INFO] [stdout] 
[INFO] [stdout] error[E0433]: failed to resolve: use of undeclared crate or module `devtools`
[INFO] [stdout]   --> benches/simplex.rs:19:5
[INFO] [stdout]    |
[INFO] [stdout] 19 |     devtools::benchtools::bench_noise3d(c, "simplex_3d", SHAPE_3D, SCALE, &impl_generator!());
[INFO] [stdout]    |     ^^^^^^^^ use of undeclared crate or module `devtools`
[INFO] [stdout] 
[INFO] [stdout] 
[INFO] [stdout] error[E0433]: failed to resolve: use of undeclared crate or module `devtools`
[INFO] [stdout]   --> benches/value.rs:20:5
[INFO] [stdout]    |
[INFO] [stdout] 20 |     devtools::benchtools::bench_noise4d(c, "value_4d", SHAPE_4D, SCALE, &impl_generator!());
[INFO] [stdout]    |     ^^^^^^^^ use of undeclared crate or module `devtools`
[INFO] [stdout] 
[INFO] [stdout] 
[INFO] [stdout] error[E0433]: failed to resolve: use of undeclared crate or module `devtools`
[INFO] [stdout]   --> benches/simplex.rs:20:5
[INFO] [stdout]    |
[INFO] [stdout] 20 |     devtools::benchtools::bench_noise4d(c, "simplex_4d", SHAPE_4D, SCALE, &impl_generator!());
[INFO] [stdout]    |     ^^^^^^^^ use of undeclared crate or module `devtools`
[INFO] [stdout] 
[INFO] [stdout] 
[INFO] [stdout] error[E0433]: failed to resolve: use of undeclared crate or module `devtools`
[INFO] [stdout]   --> benches/perlin.rs:17:5
[INFO] [stdout]    |
[INFO] [stdout] 17 |     devtools::benchtools::bench_noise1d(c, "perlin_1d", SHAPE_1D, SCALE, &impl_generator!());
[INFO] [stdout]    |     ^^^^^^^^ use of undeclared crate or module `devtools`
[INFO] [stdout] 
[INFO] [stdout] 
[INFO] [stdout] error[E0433]: failed to resolve: use of undeclared type `Visualizer`
[INFO] [stdout]   --> examples/value.rs:12:5
[INFO] [stdout]    |
[INFO] [stdout] 12 |     Visualizer::<1>::new([100], &generator)
[INFO] [stdout]    |     ^^^^^^^^^^ use of undeclared type `Visualizer`
[INFO] [stdout] 
[INFO] [stdout] 
[INFO] [stdout] error[E0433]: failed to resolve: use of undeclared type `Visualizer`
[INFO] [stdout]   --> examples/worley.rs:12:5
[INFO] [stdout]    |
[INFO] [stdout] 12 |     Visualizer::<1>::new([100], &generator)
[INFO] [stdout]    |     ^^^^^^^^^^ use of undeclared type `Visualizer`
[INFO] [stdout] 
[INFO] [stdout] 
[INFO] [stdout] error[E0433]: failed to resolve: use of undeclared type `Visualizer`
[INFO] [stdout]   --> examples/value.rs:19:5
[INFO] [stdout]    |
[INFO] [stdout] 19 |     Visualizer::<2>::new([1000, 1000], &generator)
[INFO] [stdout]    |     ^^^^^^^^^^ use of undeclared type `Visualizer`
[INFO] [stdout] 
[INFO] [stdout] 
[INFO] [stdout] error[E0433]: failed to resolve: use of undeclared crate or module `devtools`
[INFO] [stdout]   --> benches/perlin.rs:18:5
[INFO] [stdout]    |
[INFO] [stdout] 18 |     devtools::benchtools::bench_noise2d(c, "perlin_2d", SHAPE_2D, SCALE, &impl_generator!());
[INFO] [stdout]    |     ^^^^^^^^ use of undeclared crate or module `devtools`
[INFO] [stdout] 
[INFO] [stdout] 
[INFO] [stdout] error[E0433]: failed to resolve: use of undeclared type `Visualizer`
[INFO] [stdout]   --> examples/value.rs:26:5
[INFO] [stdout]    |
[INFO] [stdout] 26 |     Visualizer::<3>::new([200, 200, 200], &generator)
[INFO] [stdout]    |     ^^^^^^^^^^ use of undeclared type `Visualizer`
[INFO] [stdout] 
[INFO] [stdout] 
[INFO] [stdout] error[E0433]: failed to resolve: use of undeclared type `Visualizer`
[INFO] [stdout]   --> examples/value.rs:33:5
[INFO] [stdout]    |
[INFO] [stdout] 33 |     Visualizer::<4>::new([60, 60, 60, 60], &generator)
[INFO] [stdout]    |     ^^^^^^^^^^ use of undeclared type `Visualizer`
[INFO] [stdout] 
[INFO] [stdout] 
[INFO] [stdout] error[E0433]: failed to resolve: use of undeclared crate or module `devtools`
[INFO] [stdout]   --> benches/checkerboard.rs:17:5
[INFO] [stdout]    |
[INFO] [stdout] 17 |     devtools::benchtools::bench_noise1d(c, "checkerboard_1d", SHAPE_1D, SCALE, &impl_generator!());
[INFO] [stdout]    |     ^^^^^^^^ use of undeclared crate or module `devtools`
[INFO] [stdout] 
[INFO] [stdout] 
[INFO] [stdout] error[E0433]: failed to resolve: use of undeclared type `Visualizer`
[INFO] [stdout]   --> examples/worley.rs:19:5
[INFO] [stdout]    |
[INFO] [stdout] 19 |     Visualizer::<2>::new([1000, 1000], &generator)
[INFO] [stdout]    |     ^^^^^^^^^^ use of undeclared type `Visualizer`
[INFO] [stdout] 
[INFO] [stdout] 
[INFO] [stdout] error[E0433]: failed to resolve: use of undeclared crate or module `devtools`
[INFO] [stdout]   --> benches/perlin.rs:19:5
[INFO] [stdout]    |
[INFO] [stdout] 19 |     devtools::benchtools::bench_noise3d(c, "perlin_3d", SHAPE_3D, SCALE, &impl_generator!());
[INFO] [stdout]    |     ^^^^^^^^ use of undeclared crate or module `devtools`
[INFO] [stdout] 
[INFO] [stdout] 
[INFO] [stdout] error: aborting due to 4 previous errors
[INFO] [stdout] 
[INFO] [stdout] 
[INFO] [stdout] error[E0433]: failed to resolve: use of undeclared type `Visualizer`
[INFO] [stdout]   --> examples/worley.rs:26:5
[INFO] [stdout]    |
[INFO] [stdout] 26 |     Visualizer::<3>::new([200, 200, 200], &generator)
[INFO] [stdout]    |     ^^^^^^^^^^ use of undeclared type `Visualizer`
[INFO] [stdout] 
[INFO] [stdout] 
[INFO] [stdout] For more information about this error, try `rustc --explain E0433`.
[INFO] [stdout] 
[INFO] [stdout] error[E0433]: failed to resolve: use of undeclared type `Visualizer`
[INFO] [stdout]   --> examples/worley.rs:33:5
[INFO] [stdout]    |
[INFO] [stdout] 33 |     Visualizer::<4>::new([60, 60, 60, 60], &generator)
[INFO] [stdout]    |     ^^^^^^^^^^ use of undeclared type `Visualizer`
[INFO] [stdout] 
[INFO] [stdout] 
[INFO] [stdout] error: aborting due to 4 previous errors
[INFO] [stdout] 
[INFO] [stdout] 
[INFO] [stdout] For more information about this error, try `rustc --explain E0433`.
[INFO] [stdout] 
[INFO] [stdout] error[E0433]: failed to resolve: use of undeclared crate or module `devtools`
[INFO] [stdout]   --> benches/checkerboard.rs:18:5
[INFO] [stdout]    |
[INFO] [stdout] 18 |     devtools::benchtools::bench_noise2d(c, "checkerboard_2d", SHAPE_2D, SCALE, &impl_generator!());
[INFO] [stdout]    |     ^^^^^^^^ use of undeclared crate or module `devtools`
[INFO] [stdout] 
[INFO] [stdout] 
[INFO] [stdout] error[E0433]: failed to resolve: use of undeclared crate or module `devtools`
[INFO] [stdout]   --> benches/perlin.rs:20:5
[INFO] [stdout]    |
[INFO] [stdout] 20 |     devtools::benchtools::bench_noise4d(c, "perlin_4d", SHAPE_4D, SCALE, &impl_generator!());
[INFO] [stdout]    |     ^^^^^^^^ use of undeclared crate or module `devtools`
[INFO] [stdout] 
[INFO] [stdout] 
[INFO] [stdout] error[E0433]: failed to resolve: use of undeclared type `Visualizer`
[INFO] [stdout]   --> examples/simplex.rs:12:5
[INFO] [stdout]    |
[INFO] [stdout] 12 |     Visualizer::<1>::new([100], &generator)
[INFO] [stdout]    |     ^^^^^^^^^^ use of undeclared type `Visualizer`
[INFO] [stdout] 
[INFO] [stdout] 
[INFO] [stdout] error[E0433]: failed to resolve: use of undeclared crate or module `devtools`
[INFO] [stdout]   --> benches/fbm.rs:17:5
[INFO] [stdout]    |
[INFO] [stdout] 17 |     devtools::benchtools::bench_noise1d(c, "fbm_1d", SHAPE_1D, SCALE, &impl_generator!());
[INFO] [stdout]    |     ^^^^^^^^ use of undeclared crate or module `devtools`
[INFO] [stdout] 
[INFO] [stdout] 
[INFO] [stdout] error[E0433]: failed to resolve: use of undeclared type `Visualizer`
[INFO] [stdout]   --> examples/simplex.rs:19:5
[INFO] [stdout]    |
[INFO] [stdout] 19 |     Visualizer::<2>::new([1000, 1000], &generator)
[INFO] [stdout]    |     ^^^^^^^^^^ use of undeclared type `Visualizer`
[INFO] [stdout] 
[INFO] [stdout] 
[INFO] [stdout] error[E0433]: failed to resolve: use of undeclared crate or module `devtools`
[INFO] [stdout]   --> benches/checkerboard.rs:19:5
[INFO] [stdout]    |
[INFO] [stdout] 19 |     devtools::benchtools::bench_noise3d(c, "checkerboard_3d", SHAPE_3D, SCALE, &impl_generator!());
[INFO] [stdout]    |     ^^^^^^^^ use of undeclared crate or module `devtools`
[INFO] [stdout] 
[INFO] [stdout] 
[INFO] [stdout] error[E0433]: failed to resolve: use of undeclared type `Visualizer`
[INFO] [stdout]   --> examples/simplex.rs:26:5
[INFO] [stdout]    |
[INFO] [stdout] 26 |     Visualizer::<3>::new([200, 200, 200], &generator)
[INFO] [stdout]    |     ^^^^^^^^^^ use of undeclared type `Visualizer`
[INFO] [stdout] 
[INFO] [stdout] 
[INFO] [stdout] error: aborting due to 4 previous errors
[INFO] [stdout] 
[INFO] [stdout] 
[INFO] [stdout] For more information about this error, try `rustc --explain E0433`.
[INFO] [stdout] 
[INFO] [stdout] error[E0433]: failed to resolve: use of undeclared type `Visualizer`
[INFO] [stdout]   --> examples/simplex.rs:33:5
[INFO] [stdout]    |
[INFO] [stdout] 33 |     Visualizer::<4>::new([60, 60, 60, 60], &generator)
[INFO] [stdout]    |     ^^^^^^^^^^ use of undeclared type `Visualizer`
[INFO] [stdout] 
[INFO] [stdout] 
[INFO] [stdout] error[E0433]: failed to resolve: use of undeclared crate or module `devtools`
[INFO] [stdout]   --> benches/billow.rs:17:5
[INFO] [stdout]    |
[INFO] [stdout] 17 |     devtools::benchtools::bench_noise1d(c, "billow_1d", SHAPE_1D, SCALE, &impl_generator!());
[INFO] [stdout]    |     ^^^^^^^^ use of undeclared crate or module `devtools`
[INFO] [stdout] 
[INFO] [stdout] 
[INFO] [stderr] error: could not compile `libnoise` (bench "simplex") due to 5 previous errors
[INFO] [stdout] error[E0433]: failed to resolve: use of undeclared crate or module `devtools`
[INFO] [stdout]   --> benches/fbm.rs:18:5
[INFO] [stdout]    |
[INFO] [stdout] 18 |     devtools::benchtools::bench_noise2d(c, "fbm_2d", SHAPE_2D, SCALE, &impl_generator!());
[INFO] [stdout]    |     ^^^^^^^^ use of undeclared crate or module `devtools`
[INFO] [stdout] 
[INFO] [stdout] 
[INFO] [stderr] warning: build failed, waiting for other jobs to finish...
[INFO] [stderr] error: could not compile `libnoise` (bench "value") due to 5 previous errors
[INFO] [stdout] error: aborting due to 4 previous errors
[INFO] [stdout] 
[INFO] [stdout] 
[INFO] [stdout] For more information about this error, try `rustc --explain E0433`.
[INFO] [stdout] 
[INFO] [stdout] error[E0433]: failed to resolve: use of undeclared crate or module `devtools`
[INFO] [stdout]   --> benches/checkerboard.rs:20:5
[INFO] [stdout]    |
[INFO] [stdout] 20 |     devtools::benchtools::bench_noise4d(c, "checkerboard_4d", SHAPE_4D, SCALE, &impl_generator!());
[INFO] [stdout]    |     ^^^^^^^^ use of undeclared crate or module `devtools`
[INFO] [stdout] 
[INFO] [stdout] 
[INFO] [stdout] error: aborting due to 4 previous errors
[INFO] [stdout] 
[INFO] [stdout] 
[INFO] [stdout] For more information about this error, try `rustc --explain E0433`.
[INFO] [stdout] 
[INFO] [stdout] error[E0433]: failed to resolve: use of undeclared crate or module `devtools`
[INFO] [stdout]   --> benches/fbm.rs:19:5
[INFO] [stdout]    |
[INFO] [stdout] 19 |     devtools::benchtools::bench_noise3d(c, "fbm_3d", SHAPE_3D, SCALE, &impl_generator!());
[INFO] [stdout]    |     ^^^^^^^^ use of undeclared crate or module `devtools`
[INFO] [stdout] 
[INFO] [stdout] 
[INFO] [stdout] error[E0433]: failed to resolve: use of undeclared crate or module `devtools`
[INFO] [stdout]   --> benches/billow.rs:18:5
[INFO] [stdout]    |
[INFO] [stdout] 18 |     devtools::benchtools::bench_noise2d(c, "billow_2d", SHAPE_2D, SCALE, &impl_generator!());
[INFO] [stdout]    |     ^^^^^^^^ use of undeclared crate or module `devtools`
[INFO] [stdout] 
[INFO] [stdout] 
[INFO] [stdout] error: aborting due to 4 previous errors
[INFO] [stdout] 
[INFO] [stdout] 
[INFO] [stdout] For more information about this error, try `rustc --explain E0433`.
[INFO] [stdout] 
[INFO] [stdout] error[E0433]: failed to resolve: use of undeclared type `Visualizer`
[INFO] [stdout]   --> examples/billow.rs:12:5
[INFO] [stdout]    |
[INFO] [stdout] 12 |     Visualizer::<1>::new([100], &generator)
[INFO] [stdout]    |     ^^^^^^^^^^ use of undeclared type `Visualizer`
[INFO] [stdout] 
[INFO] [stdout] 
[INFO] [stderr] error: could not compile `libnoise` (example "value") due to 5 previous errors
[INFO] [stdout] error[E0433]: failed to resolve: use of undeclared type `Visualizer`
[INFO] [stdout]   --> examples/billow.rs:19:5
[INFO] [stdout]    |
[INFO] [stdout] 19 |     Visualizer::<2>::new([1000, 1000], &generator)
[INFO] [stdout]    |     ^^^^^^^^^^ use of undeclared type `Visualizer`
[INFO] [stdout] 
[INFO] [stdout] 
[INFO] [stdout] error[E0433]: failed to resolve: use of undeclared type `Visualizer`
[INFO] [stdout]   --> examples/billow.rs:26:5
[INFO] [stdout]    |
[INFO] [stdout] 26 |     Visualizer::<3>::new([200, 200, 200], &generator)
[INFO] [stdout]    |     ^^^^^^^^^^ use of undeclared type `Visualizer`
[INFO] [stdout] 
[INFO] [stdout] 
[INFO] [stderr] error: could not compile `libnoise` (bench "perlin") due to 5 previous errors
[INFO] [stdout] error[E0433]: failed to resolve: use of undeclared crate or module `devtools`
[INFO] [stdout]   --> benches/billow.rs:19:5
[INFO] [stdout]    |
[INFO] [stdout] 19 |     devtools::benchtools::bench_noise3d(c, "billow_3d", SHAPE_3D, SCALE, &impl_generator!());
[INFO] [stdout]    |     ^^^^^^^^ use of undeclared crate or module `devtools`
[INFO] [stdout] 
[INFO] [stdout] 
[INFO] [stdout] error[E0433]: failed to resolve: use of undeclared type `Visualizer`
[INFO] [stdout]   --> examples/billow.rs:33:5
[INFO] [stdout]    |
[INFO] [stdout] 33 |     Visualizer::<4>::new([60, 60, 60, 60], &generator)
[INFO] [stdout]    |     ^^^^^^^^^^ use of undeclared type `Visualizer`
[INFO] [stdout] 
[INFO] [stdout] 
[INFO] [stdout] error[E0433]: failed to resolve: use of undeclared crate or module `devtools`
[INFO] [stdout]   --> benches/fbm.rs:20:5
[INFO] [stdout]    |
[INFO] [stdout] 20 |     devtools::benchtools::bench_noise4d(c, "fbm_4d", SHAPE_4D, SCALE, &impl_generator!());
[INFO] [stdout]    |     ^^^^^^^^ use of undeclared crate or module `devtools`
[INFO] [stdout] 
[INFO] [stdout] 
[INFO] [stdout] error[E0433]: failed to resolve: use of undeclared type `Visualizer`
[INFO] [stdout]   --> examples/improved_perlin.rs:12:5
[INFO] [stdout]    |
[INFO] [stdout] 12 |     Visualizer::<1>::new([100], &generator)
[INFO] [stdout]    |     ^^^^^^^^^^ use of undeclared type `Visualizer`
[INFO] [stdout] 
[INFO] [stdout] 
[INFO] [stderr] error: could not compile `libnoise` (example "worley") due to 5 previous errors
[INFO] [stdout] error: aborting due to 4 previous errors
[INFO] [stdout] 
[INFO] [stdout] 
[INFO] [stdout] For more information about this error, try `rustc --explain E0433`.
[INFO] [stdout] 
[INFO] [stdout] error[E0433]: failed to resolve: use of undeclared crate or module `devtools`
[INFO] [stdout]   --> benches/billow.rs:20:5
[INFO] [stdout]    |
[INFO] [stdout] 20 |     devtools::benchtools::bench_noise4d(c, "billow_4d", SHAPE_4D, SCALE, &impl_generator!());
[INFO] [stdout]    |     ^^^^^^^^ use of undeclared crate or module `devtools`
[INFO] [stdout] 
[INFO] [stdout] 
[INFO] [stdout] error[E0433]: failed to resolve: use of undeclared type `Visualizer`
[INFO] [stdout]   --> examples/custom.rs:12:5
[INFO] [stdout]    |
[INFO] [stdout] 12 |     Visualizer::<1>::new([100], &generator)
[INFO] [stdout]    |     ^^^^^^^^^^ use of undeclared type `Visualizer`
[INFO] [stdout] 
[INFO] [stdout] 
[INFO] [stdout] error: aborting due to 4 previous errors
[INFO] [stdout] 
[INFO] [stdout] 
[INFO] [stdout] For more information about this error, try `rustc --explain E0433`.
[INFO] [stdout] 
[INFO] [stderr] error: could not compile `libnoise` (example "simplex") due to 5 previous errors
[INFO] [stdout] error[E0433]: failed to resolve: use of undeclared type `Visualizer`
[INFO] [stdout]   --> examples/improved_perlin.rs:19:5
[INFO] [stdout]    |
[INFO] [stdout] 19 |     Visualizer::<2>::new([1000, 1000], &generator)
[INFO] [stdout]    |     ^^^^^^^^^^ use of undeclared type `Visualizer`
[INFO] [stdout] 
[INFO] [stdout] 
[INFO] [stdout] error[E0433]: failed to resolve: use of undeclared type `Visualizer`
[INFO] [stdout]   --> examples/improved_perlin.rs:26:5
[INFO] [stdout]    |
[INFO] [stdout] 26 |     Visualizer::<3>::new([200, 200, 200], &generator)
[INFO] [stdout]    |     ^^^^^^^^^^ use of undeclared type `Visualizer`
[INFO] [stdout] 
[INFO] [stdout] 
[INFO] [stdout] error[E0433]: failed to resolve: use of undeclared type `Visualizer`
[INFO] [stdout]   --> examples/improved_perlin.rs:33:5
[INFO] [stdout]    |
[INFO] [stdout] 33 |     Visualizer::<4>::new([60, 60, 60, 60], &generator)
[INFO] [stdout]    |     ^^^^^^^^^^ use of undeclared type `Visualizer`
[INFO] [stdout] 
[INFO] [stdout] 
[INFO] [stdout] error[E0433]: failed to resolve: use of undeclared type `Visualizer`
[INFO] [stdout]   --> examples/custom.rs:20:5
[INFO] [stdout]    |
[INFO] [stdout] 20 |     Visualizer::<2>::new([1000, 1000], &generator)
[INFO] [stdout]    |     ^^^^^^^^^^ use of undeclared type `Visualizer`
[INFO] [stdout] 
[INFO] [stdout] 
[INFO] [stdout] error[E0433]: failed to resolve: use of undeclared type `Visualizer`
[INFO] [stdout]   --> examples/ridgedmulti.rs:12:5
[INFO] [stdout]    |
[INFO] [stdout] 12 |     Visualizer::<1>::new([100], &generator)
[INFO] [stdout]    |     ^^^^^^^^^^ use of undeclared type `Visualizer`
[INFO] [stdout] 
[INFO] [stdout] 
[INFO] [stdout] error[E0433]: failed to resolve: use of undeclared type `Visualizer`
[INFO] [stdout]   --> examples/custom.rs:28:5
[INFO] [stdout]    |
[INFO] [stdout] 28 |     Visualizer::<3>::new([200, 200, 200], &generator)
[INFO] [stdout]    |     ^^^^^^^^^^ use of undeclared type `Visualizer`
[INFO] [stdout] 
[INFO] [stdout] 
[INFO] [stdout] error[E0433]: failed to resolve: use of undeclared type `Visualizer`
[INFO] [stdout]   --> examples/ridgedmulti.rs:19:5
[INFO] [stdout]    |
[INFO] [stdout] 19 |     Visualizer::<2>::new([1000, 1000], &generator)
[INFO] [stdout]    |     ^^^^^^^^^^ use of undeclared type `Visualizer`
[INFO] [stdout] 
[INFO] [stdout] 
[INFO] [stdout] error[E0433]: failed to resolve: use of undeclared type `Visualizer`
[INFO] [stdout]   --> examples/ridgedmulti.rs:26:5
[INFO] [stdout]    |
[INFO] [stdout] 26 |     Visualizer::<3>::new([200, 200, 200], &generator)
[INFO] [stdout]    |     ^^^^^^^^^^ use of undeclared type `Visualizer`
[INFO] [stdout] 
[INFO] [stdout] 
[INFO] [stdout] error[E0433]: failed to resolve: use of undeclared type `Visualizer`
[INFO] [stdout]   --> examples/custom.rs:38:5
[INFO] [stdout]    |
[INFO] [stdout] 38 |     Visualizer::<4>::new([60, 60, 60, 60], &generator)
[INFO] [stdout]    |     ^^^^^^^^^^ use of undeclared type `Visualizer`
[INFO] [stdout] 
[INFO] [stdout] 
[INFO] [stdout] error: aborting due to 4 previous errors
[INFO] [stdout] 
[INFO] [stdout] 
[INFO] [stdout] error[E0433]: failed to resolve: use of undeclared type `Visualizer`
[INFO] [stdout]   --> examples/ridgedmulti.rs:33:5
[INFO] [stdout]    |
[INFO] [stdout] 33 |     Visualizer::<4>::new([60, 60, 60, 60], &generator)
[INFO] [stdout]    |     ^^^^^^^^^^ use of undeclared type `Visualizer`
[INFO] [stdout] 
[INFO] [stdout] 
[INFO] [stdout] For more information about this error, try `rustc --explain E0433`.
[INFO] [stdout] 
[INFO] [stdout] error: aborting due to 4 previous errors
[INFO] [stdout] 
[INFO] [stdout] 
[INFO] [stdout] For more information about this error, try `rustc --explain E0433`.
[INFO] [stdout] 
[INFO] [stderr] error: could not compile `libnoise` (bench "checkerboard") due to 5 previous errors
[INFO] [stderr] error: could not compile `libnoise` (example "billow") due to 5 previous errors
[INFO] [stdout] error: aborting due to 4 previous errors
[INFO] [stdout] 
[INFO] [stdout] 
[INFO] [stdout] For more information about this error, try `rustc --explain E0433`.
[INFO] [stdout] 
[INFO] [stdout] error: aborting due to 4 previous errors
[INFO] [stdout] 
[INFO] [stdout] 
[INFO] [stdout] For more information about this error, try `rustc --explain E0433`.
[INFO] [stdout] 
[INFO] [stdout] error: aborting due to 4 previous errors
[INFO] [stdout] 
[INFO] [stdout] 
[INFO] [stdout] For more information about this error, try `rustc --explain E0433`.
[INFO] [stdout] 
[INFO] [stderr] error: could not compile `libnoise` (bench "fbm") due to 5 previous errors
[INFO] [stderr] error: could not compile `libnoise` (example "improved_perlin") due to 5 previous errors
[INFO] [stderr] error: could not compile `libnoise` (bench "billow") due to 5 previous errors
[INFO] [stderr] error: could not compile `libnoise` (example "ridgedmulti") due to 5 previous errors
[INFO] [stderr] error: could not compile `libnoise` (example "custom") due to 5 previous errors
[INFO] [stdout] error[E0433]: failed to resolve: use of undeclared type `Visualizer`
[INFO] [stdout]   --> tests/test_utils.rs:50:9
[INFO] [stdout]    |
[INFO] [stdout] 50 |         Visualizer::<1>::new([1000], &generator).write_to_file(path).unwrap();
[INFO] [stdout]    |         ^^^^^^^^^^ use of undeclared type `Visualizer`
[INFO] [stdout] 
[INFO] [stdout] 
[INFO] [stdout] error[E0433]: failed to resolve: use of undeclared type `Visualizer`
[INFO] [stdout]   --> tests/test_utils.rs:58:9
[INFO] [stdout]    |
[INFO] [stdout] 58 |         Visualizer::<2>::new([100, 100], &generator).write_to_file(path).unwrap();
[INFO] [stdout]    |         ^^^^^^^^^^ use of undeclared type `Visualizer`
[INFO] [stdout] 
[INFO] [stdout] 
[INFO] [stdout] error[E0433]: failed to resolve: use of undeclared type `Visualizer`
[INFO] [stdout]   --> tests/test_utils.rs:66:9
[INFO] [stdout]    |
[INFO] [stdout] 66 |         Visualizer::<3>::new([30, 30, 30], &generator).write_to_file(path).unwrap();
[INFO] [stdout]    |         ^^^^^^^^^^ use of undeclared type `Visualizer`
[INFO] [stdout] 
[INFO] [stdout] 
[INFO] [stdout] error[E0433]: failed to resolve: use of undeclared type `Visualizer`
[INFO] [stdout]   --> tests/test_utils.rs:74:9
[INFO] [stdout]    |
[INFO] [stdout] 74 |         Visualizer::<4>::new([10, 10, 10, 10], &generator).write_to_file(path).unwrap();
[INFO] [stdout]    |         ^^^^^^^^^^ use of undeclared type `Visualizer`
[INFO] [stdout] 
[INFO] [stdout] 
[INFO] [stdout] error: aborting due to 4 previous errors
[INFO] [stdout] 
[INFO] [stdout] 
[INFO] [stdout] For more information about this error, try `rustc --explain E0433`.
[INFO] [stdout] 
[INFO] [stderr] error: could not compile `libnoise` (test "test_utils") due to 5 previous errors
[INFO] running `Command { std: "docker" "inspect" "e33df9c01613686f904e252724951132a6d74c837e09663aabd18831fb3e0c42", kill_on_drop: false }`
[INFO] running `Command { std: "docker" "rm" "-f" "e33df9c01613686f904e252724951132a6d74c837e09663aabd18831fb3e0c42", kill_on_drop: false }`
[INFO] [stdout] e33df9c01613686f904e252724951132a6d74c837e09663aabd18831fb3e0c42
