[INFO] fetching crate libftd2xx-cc1101 0.1.0...
[INFO] checking libftd2xx-cc1101-0.1.0 against nightly-2024-02-05 for check-cfg
[INFO] extracting crate libftd2xx-cc1101 0.1.0 into /workspace/builds/worker-1-tc1/source
[INFO] validating manifest of crates.io crate libftd2xx-cc1101 0.1.0 on toolchain nightly-2024-02-05
[INFO] running `Command { std: CARGO_HOME="/workspace/cargo-home" RUSTUP_HOME="/workspace/rustup-home" "/workspace/cargo-home/bin/cargo" "+nightly-2024-02-05" "metadata" "--manifest-path" "Cargo.toml" "--no-deps", kill_on_drop: false }`
[INFO] started tweaking crates.io crate libftd2xx-cc1101 0.1.0
[INFO] finished tweaking crates.io crate libftd2xx-cc1101 0.1.0
[INFO] tweaked toml for crates.io crate libftd2xx-cc1101 0.1.0 written to /workspace/builds/worker-1-tc1/source/Cargo.toml
[INFO] crate crates.io crate libftd2xx-cc1101 0.1.0 already has a lockfile, it will not be regenerated
[INFO] running `Command { std: CARGO_HOME="/workspace/cargo-home" RUSTUP_HOME="/workspace/rustup-home" "/workspace/cargo-home/bin/cargo" "+nightly-2024-02-05" "fetch" "--manifest-path" "Cargo.toml", kill_on_drop: false }`
[INFO] [stderr]     Updating crates.io index
[INFO] [stderr]  Downloading crates ...
[INFO] [stderr]   Downloaded matches v0.1.8
[INFO] [stderr]   Downloaded pulldown-cmark v0.8.0
[INFO] [stderr]   Downloaded semver-parser v0.9.0
[INFO] [stderr]   Downloaded version-sync v0.9.2
[INFO] [stderr]   Downloaded modular-bitfield-msb-impl v0.11.2
[INFO] [stderr]   Downloaded form_urlencoded v1.0.1
[INFO] [stderr]   Downloaded unicode-xid v0.2.2
[INFO] [stderr]   Downloaded quote v1.0.9
[INFO] [stderr]   Downloaded toml v0.5.8
[INFO] [stderr]   Downloaded proc-macro2 v1.0.27
[INFO] [stderr]   Downloaded regex-syntax v0.6.25
[INFO] [stderr]   Downloaded idna v0.2.3
[INFO] [stderr]   Downloaded libftd2xx-ffi v0.8.3
[INFO] [stderr]   Downloaded regex v1.5.4
[INFO] [stderr]   Downloaded syn v1.0.73
[INFO] [stderr]   Downloaded serde v1.0.126
[INFO] [stderr]   Downloaded memchr v2.4.0
[INFO] [stderr]   Downloaded unicode-normalization v0.1.19
[INFO] [stderr]   Downloaded libftd2xx-cc1101-derive v0.1.0
[INFO] [stderr]   Downloaded url v2.2.2
[INFO] [stderr]   Downloaded tinyvec v1.2.0
[INFO] [stderr]   Downloaded libftd2xx v0.31.0
[INFO] [stderr]   Downloaded log v0.4.14
[INFO] [stderr]   Downloaded modular-bitfield-msb v0.11.2
[INFO] [stderr]   Downloaded ringbuffer v0.7.1
[INFO] [stderr]   Downloaded unicode-bidi v0.3.5
[INFO] [stderr]   Downloaded percent-encoding v2.1.0
[INFO] [stderr]   Downloaded paste v1.0.5
[INFO] [stderr]   Downloaded array-init v2.0.0
[INFO] [stderr]   Downloaded version_check v0.9.3
[INFO] [stderr]   Downloaded bitflags v1.2.1
[INFO] running `Command { std: "docker" "create" "-v" "/var/lib/crater-agent-workspace/builds/worker-1-tc1/target:/opt/rustwide/target:rw,Z" "-v" "/var/lib/crater-agent-workspace/builds/worker-1-tc1/source:/opt/rustwide/workdir:ro,Z" "-v" "/var/lib/crater-agent-workspace/cargo-home:/opt/rustwide/cargo-home:ro,Z" "-v" "/var/lib/crater-agent-workspace/rustup-home:/opt/rustwide/rustup-home:ro,Z" "-e" "SOURCE_DIR=/opt/rustwide/workdir" "-e" "CARGO_TARGET_DIR=/opt/rustwide/target" "-e" "CARGO_HOME=/opt/rustwide/cargo-home" "-e" "RUSTUP_HOME=/opt/rustwide/rustup-home" "-w" "/opt/rustwide/workdir" "-m" "1610612736" "--user" "0:0" "--network" "none" "ghcr.io/rust-lang/crates-build-env/linux@sha256:2788e3201cd34a07e3172128adcd8b3090168a8e3bcc40d7c032b9dda1df7d1c" "/opt/rustwide/cargo-home/bin/cargo" "+nightly-2024-02-05" "metadata" "--no-deps" "--format-version=1", kill_on_drop: false }`
[INFO] [stdout] 46ab9d9911db09203f27ad888871aabb3ab4fc3faa01189b051f0ae552c697a4
[INFO] running `Command { std: "docker" "start" "-a" "46ab9d9911db09203f27ad888871aabb3ab4fc3faa01189b051f0ae552c697a4", kill_on_drop: false }`
[INFO] running `Command { std: "docker" "inspect" "46ab9d9911db09203f27ad888871aabb3ab4fc3faa01189b051f0ae552c697a4", kill_on_drop: false }`
[INFO] running `Command { std: "docker" "rm" "-f" "46ab9d9911db09203f27ad888871aabb3ab4fc3faa01189b051f0ae552c697a4", kill_on_drop: false }`
[INFO] [stdout] 46ab9d9911db09203f27ad888871aabb3ab4fc3faa01189b051f0ae552c697a4
[INFO] running `Command { std: "docker" "create" "-v" "/var/lib/crater-agent-workspace/builds/worker-1-tc1/target:/opt/rustwide/target:rw,Z" "-v" "/var/lib/crater-agent-workspace/builds/worker-1-tc1/source:/opt/rustwide/workdir:ro,Z" "-v" "/var/lib/crater-agent-workspace/cargo-home:/opt/rustwide/cargo-home:ro,Z" "-v" "/var/lib/crater-agent-workspace/rustup-home:/opt/rustwide/rustup-home:ro,Z" "-e" "SOURCE_DIR=/opt/rustwide/workdir" "-e" "CARGO_TARGET_DIR=/opt/rustwide/target" "-e" "CARGO_INCREMENTAL=0" "-e" "RUST_BACKTRACE=full" "-e" "RUSTFLAGS=--cap-lints=forbid" "-e" "RUSTDOCFLAGS=--cap-lints=forbid" "-e" "CARGO_HOME=/opt/rustwide/cargo-home" "-e" "RUSTUP_HOME=/opt/rustwide/rustup-home" "-w" "/opt/rustwide/workdir" "-m" "1610612736" "--user" "0:0" "--network" "none" "ghcr.io/rust-lang/crates-build-env/linux@sha256:2788e3201cd34a07e3172128adcd8b3090168a8e3bcc40d7c032b9dda1df7d1c" "/opt/rustwide/cargo-home/bin/cargo" "+nightly-2024-02-05" "check" "--frozen" "--all" "--all-targets" "--message-format=json", kill_on_drop: false }`
[INFO] [stdout] 0f60a53d1a2b4e2f6342c0d29bf6db69c134c05d476752d0565a95b6636686a2
[INFO] running `Command { std: "docker" "start" "-a" "0f60a53d1a2b4e2f6342c0d29bf6db69c134c05d476752d0565a95b6636686a2", kill_on_drop: false }`
[INFO] [stderr]    Compiling proc-macro2 v1.0.27
[INFO] [stderr]    Compiling syn v1.0.73
[INFO] [stderr]    Compiling unicode-xid v0.2.2
[INFO] [stderr]    Compiling version_check v0.9.3
[INFO] [stderr]     Checking tinyvec_macros v0.1.0
[INFO] [stderr]     Checking matches v0.1.8
[INFO] [stderr]    Compiling log v0.4.14
[INFO] [stderr]    Compiling bitflags v1.2.1
[INFO] [stderr]    Compiling serde v1.0.126
[INFO] [stderr]    Compiling libftd2xx-ffi v0.8.3
[INFO] [stderr]    Compiling memchr v2.4.0
[INFO] [stderr]     Checking static_assertions v1.1.0
[INFO] [stderr]    Compiling pulldown-cmark v0.8.0
[INFO] [stderr]     Checking percent-encoding v2.1.0
[INFO] [stderr]     Checking array-init v2.0.0
[INFO] [stderr]     Checking tinyvec v1.2.0
[INFO] [stderr]     Checking unicode-bidi v0.3.5
[INFO] [stderr]     Checking regex-syntax v0.6.25
[INFO] [stderr]    Compiling paste v1.0.5
[INFO] [stderr]     Checking ringbuffer v0.7.1
[INFO] [stderr]     Checking form_urlencoded v1.0.1
[INFO] [stderr]     Checking semver-parser v0.9.0
[INFO] [stderr]    Compiling unicase v2.6.0
[INFO] [stdout] error[E0422]: cannot find struct, variant or union type `LineColumn` in crate `proc_macro`
[INFO] [stdout]    --> /opt/rustwide/cargo-home/registry/src/index.crates.io-6f17d22bba15001f/proc-macro2-1.0.27/src/wrapper.rs:485:33
[INFO] [stdout]     |
[INFO] [stdout] 485 |                 let proc_macro::LineColumn { line, column } = s.start();
[INFO] [stdout]     |                                 ^^^^^^^^^^ not found in `proc_macro`
[INFO] [stdout]     |
[INFO] [stdout] help: consider importing one of these items
[INFO] [stdout]     |
[INFO] [stdout] 1   + use crate::LineColumn;
[INFO] [stdout]     |
[INFO] [stdout] 1   + use crate::fallback::LineColumn;
[INFO] [stdout]     |
[INFO] [stdout] help: if you import `LineColumn`, refer to it directly
[INFO] [stdout]     |
[INFO] [stdout] 485 -                 let proc_macro::LineColumn { line, column } = s.start();
[INFO] [stdout] 485 +                 let LineColumn { line, column } = s.start();
[INFO] [stdout]     |
[INFO] [stdout] 
[INFO] [stdout] 
[INFO] [stdout] error[E0422]: cannot find struct, variant or union type `LineColumn` in crate `proc_macro`
[INFO] [stdout]    --> /opt/rustwide/cargo-home/registry/src/index.crates.io-6f17d22bba15001f/proc-macro2-1.0.27/src/wrapper.rs:502:33
[INFO] [stdout]     |
[INFO] [stdout] 502 |                 let proc_macro::LineColumn { line, column } = s.end();
[INFO] [stdout]     |                                 ^^^^^^^^^^ not found in `proc_macro`
[INFO] [stdout]     |
[INFO] [stdout] help: consider importing one of these items
[INFO] [stdout]     |
[INFO] [stdout] 1   + use crate::LineColumn;
[INFO] [stdout]     |
[INFO] [stdout] 1   + use crate::fallback::LineColumn;
[INFO] [stdout]     |
[INFO] [stdout] help: if you import `LineColumn`, refer to it directly
[INFO] [stdout]     |
[INFO] [stdout] 502 -                 let proc_macro::LineColumn { line, column } = s.end();
[INFO] [stdout] 502 +                 let LineColumn { line, column } = s.end();
[INFO] [stdout]     |
[INFO] [stdout] 
[INFO] [stdout] 
[INFO] [stdout] error[E0422]: cannot find struct, variant or union type `LineColumn` in crate `proc_macro`
[INFO] [stdout]    --> /opt/rustwide/cargo-home/registry/src/index.crates.io-6f17d22bba15001f/proc-macro2-1.0.27/src/wrapper.rs:485:33
[INFO] [stdout]     |
[INFO] [stdout] 485 |                 let proc_macro::LineColumn { line, column } = s.start();
[INFO] [stdout]     |                                 ^^^^^^^^^^ not found in `proc_macro`
[INFO] [stdout]     |
[INFO] [stdout] help: consider importing one of these items
[INFO] [stdout]     |
[INFO] [stdout] 1   + use crate::LineColumn;
[INFO] [stdout]     |
[INFO] [stdout] 1   + use crate::fallback::LineColumn;
[INFO] [stdout]     |
[INFO] [stdout] help: if you import `LineColumn`, refer to it directly
[INFO] [stdout]     |
[INFO] [stdout] 485 -                 let proc_macro::LineColumn { line, column } = s.start();
[INFO] [stdout] 485 +                 let LineColumn { line, column } = s.start();
[INFO] [stdout]     |
[INFO] [stdout] 
[INFO] [stdout] 
[INFO] [stdout] error[E0422]: cannot find struct, variant or union type `LineColumn` in crate `proc_macro`
[INFO] [stdout]    --> /opt/rustwide/cargo-home/registry/src/index.crates.io-6f17d22bba15001f/proc-macro2-1.0.27/src/wrapper.rs:502:33
[INFO] [stdout]     |
[INFO] [stdout] 502 |                 let proc_macro::LineColumn { line, column } = s.end();
[INFO] [stdout]     |                                 ^^^^^^^^^^ not found in `proc_macro`
[INFO] [stdout]     |
[INFO] [stdout] help: consider importing one of these items
[INFO] [stdout]     |
[INFO] [stdout] 1   + use crate::LineColumn;
[INFO] [stdout]     |
[INFO] [stdout] 1   + use crate::fallback::LineColumn;
[INFO] [stdout]     |
[INFO] [stdout] help: if you import `LineColumn`, refer to it directly
[INFO] [stdout]     |
[INFO] [stdout] 502 -                 let proc_macro::LineColumn { line, column } = s.end();
[INFO] [stdout] 502 +                 let LineColumn { line, column } = s.end();
[INFO] [stdout]     |
[INFO] [stdout] 
[INFO] [stdout] 
[INFO] [stderr]     Checking libftd2xx v0.31.0
[INFO] [stdout] error: aborting due to 2 previous errors
[INFO] [stdout] 
[INFO] [stdout] 
[INFO] [stdout] For more information about this error, try `rustc --explain E0422`.
[INFO] [stdout] 
[INFO] [stderr] error: could not compile `proc-macro2` (lib) due to 3 previous errors
[INFO] [stderr] warning: build failed, waiting for other jobs to finish...
[INFO] [stdout] error: aborting due to 2 previous errors
[INFO] [stdout] 
[INFO] [stdout] 
[INFO] [stdout] For more information about this error, try `rustc --explain E0422`.
[INFO] [stdout] 
[INFO] [stderr] error: could not compile `proc-macro2` (lib) due to 3 previous errors
[INFO] running `Command { std: "docker" "inspect" "0f60a53d1a2b4e2f6342c0d29bf6db69c134c05d476752d0565a95b6636686a2", kill_on_drop: false }`
[INFO] running `Command { std: "docker" "rm" "-f" "0f60a53d1a2b4e2f6342c0d29bf6db69c134c05d476752d0565a95b6636686a2", kill_on_drop: false }`
[INFO] [stdout] 0f60a53d1a2b4e2f6342c0d29bf6db69c134c05d476752d0565a95b6636686a2
[INFO] checking libftd2xx-cc1101-0.1.0 against nightly-2024-02-05+rustflags=-Dunexpected_cfgs+cargoflags=-Zcheck-cfg for check-cfg
[INFO] extracting crate libftd2xx-cc1101 0.1.0 into /workspace/builds/worker-1-tc2/source
[INFO] validating manifest of crates.io crate libftd2xx-cc1101 0.1.0 on toolchain nightly-2024-02-05
[INFO] running `Command { std: CARGO_HOME="/workspace/cargo-home" RUSTUP_HOME="/workspace/rustup-home" "/workspace/cargo-home/bin/cargo" "+nightly-2024-02-05" "metadata" "--manifest-path" "Cargo.toml" "--no-deps", kill_on_drop: false }`
[INFO] started tweaking crates.io crate libftd2xx-cc1101 0.1.0
[INFO] finished tweaking crates.io crate libftd2xx-cc1101 0.1.0
[INFO] tweaked toml for crates.io crate libftd2xx-cc1101 0.1.0 written to /workspace/builds/worker-1-tc2/source/Cargo.toml
[INFO] crate crates.io crate libftd2xx-cc1101 0.1.0 already has a lockfile, it will not be regenerated
[INFO] running `Command { std: CARGO_HOME="/workspace/cargo-home" RUSTUP_HOME="/workspace/rustup-home" "/workspace/cargo-home/bin/cargo" "+nightly-2024-02-05" "fetch" "--manifest-path" "Cargo.toml", kill_on_drop: false }`
[INFO] running `Command { std: "docker" "create" "-v" "/var/lib/crater-agent-workspace/builds/worker-1-tc2/target:/opt/rustwide/target:rw,Z" "-v" "/var/lib/crater-agent-workspace/builds/worker-1-tc2/source:/opt/rustwide/workdir:ro,Z" "-v" "/var/lib/crater-agent-workspace/cargo-home:/opt/rustwide/cargo-home:ro,Z" "-v" "/var/lib/crater-agent-workspace/rustup-home:/opt/rustwide/rustup-home:ro,Z" "-e" "SOURCE_DIR=/opt/rustwide/workdir" "-e" "CARGO_TARGET_DIR=/opt/rustwide/target" "-e" "CARGO_HOME=/opt/rustwide/cargo-home" "-e" "RUSTUP_HOME=/opt/rustwide/rustup-home" "-w" "/opt/rustwide/workdir" "-m" "1610612736" "--user" "0:0" "--network" "none" "ghcr.io/rust-lang/crates-build-env/linux@sha256:2788e3201cd34a07e3172128adcd8b3090168a8e3bcc40d7c032b9dda1df7d1c" "/opt/rustwide/cargo-home/bin/cargo" "+nightly-2024-02-05" "metadata" "--no-deps" "--format-version=1", kill_on_drop: false }`
[INFO] [stdout] 1c77fea78701e92db7807ff94dd2ce55f964e64f1df7aaf0c6d21f0c3950da2d
[INFO] running `Command { std: "docker" "start" "-a" "1c77fea78701e92db7807ff94dd2ce55f964e64f1df7aaf0c6d21f0c3950da2d", kill_on_drop: false }`
[INFO] running `Command { std: "docker" "inspect" "1c77fea78701e92db7807ff94dd2ce55f964e64f1df7aaf0c6d21f0c3950da2d", kill_on_drop: false }`
[INFO] running `Command { std: "docker" "rm" "-f" "1c77fea78701e92db7807ff94dd2ce55f964e64f1df7aaf0c6d21f0c3950da2d", kill_on_drop: false }`
[INFO] [stdout] 1c77fea78701e92db7807ff94dd2ce55f964e64f1df7aaf0c6d21f0c3950da2d
[INFO] running `Command { std: "docker" "create" "-v" "/var/lib/crater-agent-workspace/builds/worker-1-tc2/target:/opt/rustwide/target:rw,Z" "-v" "/var/lib/crater-agent-workspace/builds/worker-1-tc2/source:/opt/rustwide/workdir:ro,Z" "-v" "/var/lib/crater-agent-workspace/cargo-home:/opt/rustwide/cargo-home:ro,Z" "-v" "/var/lib/crater-agent-workspace/rustup-home:/opt/rustwide/rustup-home:ro,Z" "-e" "SOURCE_DIR=/opt/rustwide/workdir" "-e" "CARGO_TARGET_DIR=/opt/rustwide/target" "-e" "CARGO_INCREMENTAL=0" "-e" "RUST_BACKTRACE=full" "-e" "RUSTFLAGS=--cap-lints=forbid -Dunexpected_cfgs" "-e" "RUSTDOCFLAGS=--cap-lints=forbid" "-e" "CARGO_HOME=/opt/rustwide/cargo-home" "-e" "RUSTUP_HOME=/opt/rustwide/rustup-home" "-w" "/opt/rustwide/workdir" "-m" "1610612736" "--user" "0:0" "--network" "none" "ghcr.io/rust-lang/crates-build-env/linux@sha256:2788e3201cd34a07e3172128adcd8b3090168a8e3bcc40d7c032b9dda1df7d1c" "/opt/rustwide/cargo-home/bin/cargo" "+nightly-2024-02-05" "check" "--frozen" "--all" "--all-targets" "--message-format=json" "-Zcheck-cfg", kill_on_drop: false }`
[INFO] [stdout] 7f8f9e3563362d564e832ea1dd67dddc8199bf4274c6287812db71a0e85263cc
[INFO] running `Command { std: "docker" "start" "-a" "7f8f9e3563362d564e832ea1dd67dddc8199bf4274c6287812db71a0e85263cc", kill_on_drop: false }`
[INFO] [stderr]    Compiling proc-macro2 v1.0.27
[INFO] [stderr]    Compiling syn v1.0.73
[INFO] [stderr]    Compiling unicode-xid v0.2.2
[INFO] [stderr]     Checking matches v0.1.8
[INFO] [stderr]    Compiling version_check v0.9.3
[INFO] [stderr]     Checking tinyvec_macros v0.1.0
[INFO] [stderr]    Compiling memchr v2.4.0
[INFO] [stderr]    Compiling serde v1.0.126
[INFO] [stderr]    Compiling bitflags v1.2.1
[INFO] [stderr]    Compiling libftd2xx-ffi v0.8.3
[INFO] [stderr]    Compiling log v0.4.14
[INFO] [stderr]    Compiling pulldown-cmark v0.8.0
[INFO] [stderr]     Checking percent-encoding v2.1.0
[INFO] [stderr]     Checking static_assertions v1.1.0
[INFO] [stderr]     Checking array-init v2.0.0
[INFO] [stderr]     Checking tinyvec v1.2.0
[INFO] [stderr]    Compiling paste v1.0.5
[INFO] [stderr]     Checking regex-syntax v0.6.25
[INFO] [stderr]     Checking unicode-bidi v0.3.5
[INFO] [stderr]     Checking ringbuffer v0.7.1
[INFO] [stderr]     Checking semver-parser v0.9.0
[INFO] [stderr]     Checking form_urlencoded v1.0.1
[INFO] [stderr]    Compiling unicase v2.6.0
[INFO] [stdout] error[E0422]: cannot find struct, variant or union type `LineColumn` in crate `proc_macro`
[INFO] [stdout]    --> /opt/rustwide/cargo-home/registry/src/index.crates.io-6f17d22bba15001f/proc-macro2-1.0.27/src/wrapper.rs:485:33
[INFO] [stdout]     |
[INFO] [stdout] 485 |                 let proc_macro::LineColumn { line, column } = s.start();
[INFO] [stdout]     |                                 ^^^^^^^^^^ not found in `proc_macro`
[INFO] [stdout]     |
[INFO] [stdout] help: consider importing one of these items
[INFO] [stdout]     |
[INFO] [stdout] 1   + use crate::LineColumn;
[INFO] [stdout]     |
[INFO] [stdout] 1   + use crate::fallback::LineColumn;
[INFO] [stdout]     |
[INFO] [stdout] help: if you import `LineColumn`, refer to it directly
[INFO] [stdout]     |
[INFO] [stdout] 485 -                 let proc_macro::LineColumn { line, column } = s.start();
[INFO] [stdout] 485 +                 let LineColumn { line, column } = s.start();
[INFO] [stdout]     |
[INFO] [stdout] 
[INFO] [stdout] 
[INFO] [stdout] error[E0422]: cannot find struct, variant or union type `LineColumn` in crate `proc_macro`
[INFO] [stdout]    --> /opt/rustwide/cargo-home/registry/src/index.crates.io-6f17d22bba15001f/proc-macro2-1.0.27/src/wrapper.rs:502:33
[INFO] [stdout]     |
[INFO] [stdout] 502 |                 let proc_macro::LineColumn { line, column } = s.end();
[INFO] [stdout]     |                                 ^^^^^^^^^^ not found in `proc_macro`
[INFO] [stdout]     |
[INFO] [stdout] help: consider importing one of these items
[INFO] [stdout]     |
[INFO] [stdout] 1   + use crate::LineColumn;
[INFO] [stdout]     |
[INFO] [stdout] 1   + use crate::fallback::LineColumn;
[INFO] [stdout]     |
[INFO] [stdout] help: if you import `LineColumn`, refer to it directly
[INFO] [stdout]     |
[INFO] [stdout] 502 -                 let proc_macro::LineColumn { line, column } = s.end();
[INFO] [stdout] 502 +                 let LineColumn { line, column } = s.end();
[INFO] [stdout]     |
[INFO] [stdout] 
[INFO] [stdout] 
[INFO] [stdout] error[E0422]: cannot find struct, variant or union type `LineColumn` in crate `proc_macro`
[INFO] [stdout]    --> /opt/rustwide/cargo-home/registry/src/index.crates.io-6f17d22bba15001f/proc-macro2-1.0.27/src/wrapper.rs:485:33
[INFO] [stdout]     |
[INFO] [stdout] 485 |                 let proc_macro::LineColumn { line, column } = s.start();
[INFO] [stdout]     |                                 ^^^^^^^^^^ not found in `proc_macro`
[INFO] [stdout]     |
[INFO] [stdout] help: consider importing one of these items
[INFO] [stdout]     |
[INFO] [stdout] 1   + use crate::LineColumn;
[INFO] [stdout]     |
[INFO] [stdout] 1   + use crate::fallback::LineColumn;
[INFO] [stdout]     |
[INFO] [stdout] help: if you import `LineColumn`, refer to it directly
[INFO] [stdout]     |
[INFO] [stdout] 485 -                 let proc_macro::LineColumn { line, column } = s.start();
[INFO] [stdout] 485 +                 let LineColumn { line, column } = s.start();
[INFO] [stdout]     |
[INFO] [stdout] 
[INFO] [stdout] 
[INFO] [stdout] error: aborting due to 2 previous errors
[INFO] [stdout] 
[INFO] [stdout] 
[INFO] [stderr] error: could not compile `proc-macro2` (lib) due to 3 previous errors
[INFO] [stderr] warning: build failed, waiting for other jobs to finish...
[INFO] [stdout] For more information about this error, try `rustc --explain E0422`.
[INFO] [stdout] 
[INFO] [stdout] error[E0422]: cannot find struct, variant or union type `LineColumn` in crate `proc_macro`
[INFO] [stdout]    --> /opt/rustwide/cargo-home/registry/src/index.crates.io-6f17d22bba15001f/proc-macro2-1.0.27/src/wrapper.rs:502:33
[INFO] [stdout]     |
[INFO] [stdout] 502 |                 let proc_macro::LineColumn { line, column } = s.end();
[INFO] [stdout]     |                                 ^^^^^^^^^^ not found in `proc_macro`
[INFO] [stdout]     |
[INFO] [stdout] help: consider importing one of these items
[INFO] [stdout]     |
[INFO] [stdout] 1   + use crate::LineColumn;
[INFO] [stdout]     |
[INFO] [stdout] 1   + use crate::fallback::LineColumn;
[INFO] [stdout]     |
[INFO] [stdout] help: if you import `LineColumn`, refer to it directly
[INFO] [stdout]     |
[INFO] [stdout] 502 -                 let proc_macro::LineColumn { line, column } = s.end();
[INFO] [stdout] 502 +                 let LineColumn { line, column } = s.end();
[INFO] [stdout]     |
[INFO] [stdout] 
[INFO] [stdout] 
[INFO] [stdout] error: aborting due to 2 previous errors
[INFO] [stdout] 
[INFO] [stdout] 
[INFO] [stdout] For more information about this error, try `rustc --explain E0422`.
[INFO] [stdout] 
[INFO] [stderr] error: could not compile `proc-macro2` (lib) due to 3 previous errors
[INFO] running `Command { std: "docker" "inspect" "7f8f9e3563362d564e832ea1dd67dddc8199bf4274c6287812db71a0e85263cc", kill_on_drop: false }`
[INFO] running `Command { std: "docker" "rm" "-f" "7f8f9e3563362d564e832ea1dd67dddc8199bf4274c6287812db71a0e85263cc", kill_on_drop: false }`
[INFO] [stdout] 7f8f9e3563362d564e832ea1dd67dddc8199bf4274c6287812db71a0e85263cc
