[INFO] fetching crate lib3h_persistence_mem 0.0.1-alpha2...
[INFO] checking lib3h_persistence_mem-0.0.1-alpha2 against nightly-2024-02-05 for check-cfg
[INFO] extracting crate lib3h_persistence_mem 0.0.1-alpha2 into /workspace/builds/worker-1-tc1/source
[INFO] validating manifest of crates.io crate lib3h_persistence_mem 0.0.1-alpha2 on toolchain nightly-2024-02-05
[INFO] running `Command { std: CARGO_HOME="/workspace/cargo-home" RUSTUP_HOME="/workspace/rustup-home" "/workspace/cargo-home/bin/cargo" "+nightly-2024-02-05" "metadata" "--manifest-path" "Cargo.toml" "--no-deps", kill_on_drop: false }`
[INFO] started tweaking crates.io crate lib3h_persistence_mem 0.0.1-alpha2
[INFO] finished tweaking crates.io crate lib3h_persistence_mem 0.0.1-alpha2
[INFO] tweaked toml for crates.io crate lib3h_persistence_mem 0.0.1-alpha2 written to /workspace/builds/worker-1-tc1/source/Cargo.toml
[INFO] running `Command { std: CARGO_HOME="/workspace/cargo-home" RUSTUP_HOME="/workspace/rustup-home" "/workspace/cargo-home/bin/cargo" "+nightly-2024-02-05" "generate-lockfile" "--manifest-path" "Cargo.toml", kill_on_drop: false }`
[INFO] [stderr]     Updating crates.io index
[INFO] running `Command { std: CARGO_HOME="/workspace/cargo-home" RUSTUP_HOME="/workspace/rustup-home" "/workspace/cargo-home/bin/cargo" "+nightly-2024-02-05" "fetch" "--manifest-path" "Cargo.toml", kill_on_drop: false }`
[INFO] [stderr]  Downloading crates ...
[INFO] [stderr]   Downloaded serde v1.0.89
[INFO] [stderr]   Downloaded tiny-keccak v1.5.0
[INFO] [stderr]   Downloaded futures-select-macro-preview v0.3.0-alpha.12
[INFO] [stderr]   Downloaded lazy_static v1.2.0
[INFO] [stderr]   Downloaded tempfile v3.0.7
[INFO] [stderr]   Downloaded serde_cbor v0.9.0
[INFO] [stderr]   Downloaded futures-util-preview v0.3.0-alpha.12
[INFO] [stderr]   Downloaded futures-core-preview v0.3.0-alpha.12
[INFO] [stderr]   Downloaded rust-base58 v0.0.4
[INFO] [stderr]   Downloaded shrinkwraprs v0.2.1
[INFO] [stderr]   Downloaded lib3h_persistence_api v0.0.1-alpha2
[INFO] [stderr]   Downloaded sha1 v0.5.0
[INFO] [stderr]   Downloaded serde_derive v1.0.89
[INFO] [stderr]   Downloaded futures-executor-preview v0.3.0-alpha.12
[INFO] [stderr]   Downloaded chrono v0.4.6
[INFO] [stderr]   Downloaded futures-channel-preview v0.3.0-alpha.12
[INFO] [stderr]   Downloaded syn v0.15.31
[INFO] [stderr]   Downloaded serde_json v1.0.39
[INFO] [stderr]   Downloaded lib3h_persistence_derive v0.0.1-alpha1
[INFO] [stderr]   Downloaded multihash v0.8.0
[INFO] [stderr]   Downloaded futures-sink-preview v0.3.0-alpha.12
[INFO] [stderr]   Downloaded quote v0.6.11
[INFO] [stderr]   Downloaded uuid v0.7.1
[INFO] [stderr]   Downloaded ryu v0.2.8
[INFO] [stderr]   Downloaded hcid v0.0.6
[INFO] [stderr]   Downloaded futures-preview v0.3.0-alpha.12
[INFO] [stderr]   Downloaded futures-io-preview v0.3.0-alpha.12
[INFO] [stderr]   Downloaded reed-solomon v0.2.1
[INFO] [stderr]   Downloaded serde_test v1.0.89
[INFO] [stderr]   Downloaded pickledb v0.4.0
[INFO] running `Command { std: "docker" "create" "-v" "/var/lib/crater-agent-workspace/builds/worker-1-tc1/target:/opt/rustwide/target:rw,Z" "-v" "/var/lib/crater-agent-workspace/builds/worker-1-tc1/source:/opt/rustwide/workdir:ro,Z" "-v" "/var/lib/crater-agent-workspace/cargo-home:/opt/rustwide/cargo-home:ro,Z" "-v" "/var/lib/crater-agent-workspace/rustup-home:/opt/rustwide/rustup-home:ro,Z" "-e" "SOURCE_DIR=/opt/rustwide/workdir" "-e" "CARGO_TARGET_DIR=/opt/rustwide/target" "-e" "CARGO_HOME=/opt/rustwide/cargo-home" "-e" "RUSTUP_HOME=/opt/rustwide/rustup-home" "-w" "/opt/rustwide/workdir" "-m" "1610612736" "--user" "0:0" "--network" "none" "ghcr.io/rust-lang/crates-build-env/linux@sha256:2788e3201cd34a07e3172128adcd8b3090168a8e3bcc40d7c032b9dda1df7d1c" "/opt/rustwide/cargo-home/bin/cargo" "+nightly-2024-02-05" "metadata" "--no-deps" "--format-version=1", kill_on_drop: false }`
[INFO] [stdout] f4a092aba78608fb1818610eb38154be453fcf3a284c5b4343dee57bc7e7f222
[INFO] running `Command { std: "docker" "start" "-a" "f4a092aba78608fb1818610eb38154be453fcf3a284c5b4343dee57bc7e7f222", kill_on_drop: false }`
[INFO] running `Command { std: "docker" "inspect" "f4a092aba78608fb1818610eb38154be453fcf3a284c5b4343dee57bc7e7f222", kill_on_drop: false }`
[INFO] running `Command { std: "docker" "rm" "-f" "f4a092aba78608fb1818610eb38154be453fcf3a284c5b4343dee57bc7e7f222", kill_on_drop: false }`
[INFO] [stdout] f4a092aba78608fb1818610eb38154be453fcf3a284c5b4343dee57bc7e7f222
[INFO] running `Command { std: "docker" "create" "-v" "/var/lib/crater-agent-workspace/builds/worker-1-tc1/target:/opt/rustwide/target:rw,Z" "-v" "/var/lib/crater-agent-workspace/builds/worker-1-tc1/source:/opt/rustwide/workdir:ro,Z" "-v" "/var/lib/crater-agent-workspace/cargo-home:/opt/rustwide/cargo-home:ro,Z" "-v" "/var/lib/crater-agent-workspace/rustup-home:/opt/rustwide/rustup-home:ro,Z" "-e" "SOURCE_DIR=/opt/rustwide/workdir" "-e" "CARGO_TARGET_DIR=/opt/rustwide/target" "-e" "CARGO_INCREMENTAL=0" "-e" "RUST_BACKTRACE=full" "-e" "RUSTFLAGS=--cap-lints=forbid" "-e" "RUSTDOCFLAGS=--cap-lints=forbid" "-e" "CARGO_HOME=/opt/rustwide/cargo-home" "-e" "RUSTUP_HOME=/opt/rustwide/rustup-home" "-w" "/opt/rustwide/workdir" "-m" "1610612736" "--user" "0:0" "--network" "none" "ghcr.io/rust-lang/crates-build-env/linux@sha256:2788e3201cd34a07e3172128adcd8b3090168a8e3bcc40d7c032b9dda1df7d1c" "/opt/rustwide/cargo-home/bin/cargo" "+nightly-2024-02-05" "check" "--frozen" "--all" "--all-targets" "--message-format=json", kill_on_drop: false }`
[INFO] [stdout] c84bc39e64ee0645d9f2eaed52ce7f430683df35adf98dcf7d4792d82c8a0bfb
[INFO] running `Command { std: "docker" "start" "-a" "c84bc39e64ee0645d9f2eaed52ce7f430683df35adf98dcf7d4792d82c8a0bfb", kill_on_drop: false }`
[INFO] [stderr]    Compiling syn v0.15.31
[INFO] [stderr]    Compiling serde v1.0.89
[INFO] [stderr]    Compiling ryu v0.2.8
[INFO] [stderr]     Checking futures-core-preview v0.3.0-alpha.12
[INFO] [stderr]    Compiling proc-macro2 v0.2.3
[INFO] [stderr]    Compiling quote v0.6.11
[INFO] [stderr]     Checking rand v0.5.6
[INFO] [stderr]     Checking generic-array v0.9.1
[INFO] [stderr]    Compiling hashbrown v0.12.3
[INFO] [stderr]     Checking byte-tools v0.2.0
[INFO] [stderr]     Checking arrayref v0.3.5
[INFO] [stderr]     Checking lazy_static v1.2.0
[INFO] [stderr]    Compiling itoa v0.4.8
[INFO] [stderr]    Compiling itertools v0.7.11
[INFO] [stderr]     Checking tiny-keccak v1.5.0
[INFO] [stderr]    Compiling lib3h_persistence_api v0.0.1-alpha2
[INFO] [stdout] error[E0432]: unresolved import `core::task::LocalWaker`
[INFO] [stdout]  --> /opt/rustwide/cargo-home/registry/src/index.crates.io-6f17d22bba15001f/futures-core-preview-0.3.0-alpha.12/src/future/future_obj.rs:6:12
[INFO] [stdout]   |
[INFO] [stdout] 6 |     task::{LocalWaker, Poll},
[INFO] [stdout]   |            ^^^^^^^^^^ no `LocalWaker` in `task`
[INFO] [stdout] 
[INFO] [stdout] 
[INFO] [stdout] error[E0432]: unresolved imports `core::task::LocalWaker`, `core::task::UnsafeWake`
[INFO] [stdout]  --> /opt/rustwide/cargo-home/registry/src/index.crates.io-6f17d22bba15001f/futures-core-preview-0.3.0-alpha.12/src/task/mod.rs:8:35
[INFO] [stdout]   |
[INFO] [stdout] 8 | pub use core::task::{Poll, Waker, LocalWaker, UnsafeWake};
[INFO] [stdout]   |                                   ^^^^^^^^^^  ^^^^^^^^^^ no `UnsafeWake` in `task`
[INFO] [stdout]   |                                   |
[INFO] [stdout]   |                                   no `LocalWaker` in `task`
[INFO] [stdout]   |
[INFO] [stdout]   = note: unresolved item `crate::future::future_obj::if_std::LocalWaker` exists but is inaccessible
[INFO] [stdout] 
[INFO] [stdout] 
[INFO] [stdout] error[E0432]: unresolved imports `std::task::local_waker`, `std::task::local_waker_from_nonlocal`
[INFO] [stdout]   --> /opt/rustwide/cargo-home/registry/src/index.crates.io-6f17d22bba15001f/futures-core-preview-0.3.0-alpha.12/src/task/mod.rs:10:27
[INFO] [stdout]    |
[INFO] [stdout] 10 | pub use std::task::{Wake, local_waker, local_waker_from_nonlocal};
[INFO] [stdout]    |                           ^^^^^^^^^^^  ^^^^^^^^^^^^^^^^^^^^^^^^^ no `local_waker_from_nonlocal` in `task`
[INFO] [stdout]    |                           |
[INFO] [stdout]    |                           no `local_waker` in `task`
[INFO] [stdout] 
[INFO] [stdout] 
[INFO] [stderr]     Checking reed-solomon v0.2.1
[INFO] [stderr]     Checking sha1 v0.5.0
[INFO] [stderr]     Checking block-buffer v0.3.3
[INFO] [stdout] error[E0392]: parameter `T` is never used
[INFO] [stdout]   --> /opt/rustwide/cargo-home/registry/src/index.crates.io-6f17d22bba15001f/futures-core-preview-0.3.0-alpha.12/src/future/future_obj.rs:90:26
[INFO] [stdout]    |
[INFO] [stdout] 90 | pub struct FutureObj<'a, T>(LocalFutureObj<'a, T>);
[INFO] [stdout]    |                          ^ unused parameter
[INFO] [stdout]    |
[INFO] [stdout]    = help: consider removing `T`, referring to it in a field, or using a marker such as `PhantomData`
[INFO] [stdout]    = help: if you intended `T` to be a const parameter, use `const T: usize` instead
[INFO] [stdout] 
[INFO] [stdout] 
[INFO] [stdout] error[E0392]: parameter `T` is never used
[INFO] [stdout]   --> /opt/rustwide/cargo-home/registry/src/index.crates.io-6f17d22bba15001f/futures-core-preview-0.3.0-alpha.12/src/stream/stream_obj.rs:87:26
[INFO] [stdout]    |
[INFO] [stdout] 87 | pub struct StreamObj<'a, T>(LocalStreamObj<'a, T>);
[INFO] [stdout]    |                          ^ unused parameter
[INFO] [stdout]    |
[INFO] [stdout]    = help: consider removing `T`, referring to it in a field, or using a marker such as `PhantomData`
[INFO] [stdout]    = help: if you intended `T` to be a const parameter, use `const T: usize` instead
[INFO] [stdout] 
[INFO] [stdout] 
[INFO] [stdout] error[E0282]: type annotations needed
[INFO] [stdout]   --> /opt/rustwide/cargo-home/registry/src/index.crates.io-6f17d22bba15001f/futures-core-preview-0.3.0-alpha.12/src/future/future_obj.rs:28:9
[INFO] [stdout]    |
[INFO] [stdout] 28 | /         LocalFutureObj {
[INFO] [stdout] 29 | |             ptr: f.into_raw(),
[INFO] [stdout] 30 | |             poll_fn: F::poll,
[INFO] [stdout] 31 | |             drop_fn: F::drop,
[INFO] [stdout] 32 | |             _marker: PhantomData,
[INFO] [stdout] 33 | |         }
[INFO] [stdout]    | |_________^ cannot infer type of the type parameter `T` declared on the struct `LocalFutureObj`
[INFO] [stdout]    |
[INFO] [stdout] help: consider specifying the generic argument
[INFO] [stdout]    |
[INFO] [stdout] 28 |         LocalFutureObj::<T> {
[INFO] [stdout]    |                       +++++
[INFO] [stdout] 
[INFO] [stdout] 
[INFO] [stdout] error[E0282]: type annotations needed
[INFO] [stdout]   --> /opt/rustwide/cargo-home/registry/src/index.crates.io-6f17d22bba15001f/futures-core-preview-0.3.0-alpha.12/src/future/future_obj.rs:42:9
[INFO] [stdout]    |
[INFO] [stdout] 42 |         FutureObj(self)
[INFO] [stdout]    |         ^^^^^^^^^ cannot infer type of the type parameter `T` declared on the struct `FutureObj`
[INFO] [stdout]    |
[INFO] [stdout] help: consider specifying the generic argument
[INFO] [stdout]    |
[INFO] [stdout] 42 |         FutureObj::<T>(self)
[INFO] [stdout]    |                  +++++
[INFO] [stdout] 
[INFO] [stdout] 
[INFO] [stdout] error[E0282]: type annotations needed
[INFO] [stdout]   --> /opt/rustwide/cargo-home/registry/src/index.crates.io-6f17d22bba15001f/futures-core-preview-0.3.0-alpha.12/src/future/future_obj.rs:99:9
[INFO] [stdout]    |
[INFO] [stdout] 99 |         FutureObj(LocalFutureObj::new(f))
[INFO] [stdout]    |         ^^^^^^^^^ cannot infer type of the type parameter `T` declared on the struct `FutureObj`
[INFO] [stdout]    |
[INFO] [stdout] help: consider specifying the generic argument
[INFO] [stdout]    |
[INFO] [stdout] 99 |         FutureObj::<T>(LocalFutureObj::new(f))
[INFO] [stdout]    |                  +++++
[INFO] [stdout] 
[INFO] [stdout] 
[INFO] [stdout] error[E0282]: type annotations needed
[INFO] [stdout]   --> /opt/rustwide/cargo-home/registry/src/index.crates.io-6f17d22bba15001f/futures-core-preview-0.3.0-alpha.12/src/stream/stream_obj.rs:27:9
[INFO] [stdout]    |
[INFO] [stdout] 27 | /         LocalStreamObj {
[INFO] [stdout] 28 | |             ptr: f.into_raw(),
[INFO] [stdout] 29 | |             poll_next_fn: F::poll_next,
[INFO] [stdout] 30 | |             drop_fn: F::drop,
[INFO] [stdout] 31 | |             _marker: PhantomData,
[INFO] [stdout] 32 | |         }
[INFO] [stdout]    | |_________^ cannot infer type of the type parameter `T` declared on the struct `LocalStreamObj`
[INFO] [stdout]    |
[INFO] [stdout] help: consider specifying the generic argument
[INFO] [stdout]    |
[INFO] [stdout] 27 |         LocalStreamObj::<T> {
[INFO] [stdout]    |                       +++++
[INFO] [stdout] 
[INFO] [stdout] 
[INFO] [stdout] error[E0282]: type annotations needed
[INFO] [stdout]   --> /opt/rustwide/cargo-home/registry/src/index.crates.io-6f17d22bba15001f/futures-core-preview-0.3.0-alpha.12/src/stream/stream_obj.rs:41:9
[INFO] [stdout]    |
[INFO] [stdout] 41 |         StreamObj(self)
[INFO] [stdout]    |         ^^^^^^^^^ cannot infer type of the type parameter `T` declared on the struct `StreamObj`
[INFO] [stdout]    |
[INFO] [stdout] help: consider specifying the generic argument
[INFO] [stdout]    |
[INFO] [stdout] 41 |         StreamObj::<T>(self)
[INFO] [stdout]    |                  +++++
[INFO] [stdout] 
[INFO] [stdout] 
[INFO] [stdout] error[E0282]: type annotations needed
[INFO] [stdout]   --> /opt/rustwide/cargo-home/registry/src/index.crates.io-6f17d22bba15001f/futures-core-preview-0.3.0-alpha.12/src/stream/stream_obj.rs:96:9
[INFO] [stdout]    |
[INFO] [stdout] 96 |         StreamObj(LocalStreamObj::new(f))
[INFO] [stdout]    |         ^^^^^^^^^ cannot infer type of the type parameter `T` declared on the struct `StreamObj`
[INFO] [stdout]    |
[INFO] [stdout] help: consider specifying the generic argument
[INFO] [stdout]    |
[INFO] [stdout] 96 |         StreamObj::<T>(LocalStreamObj::new(f))
[INFO] [stdout]    |                  +++++
[INFO] [stdout] 
[INFO] [stdout] 
[INFO] [stdout] error: aborting due to 11 previous errors
[INFO] [stdout] 
[INFO] [stdout] 
[INFO] [stdout] Some errors have detailed explanations: E0282, E0392, E0432.
[INFO] [stdout] 
[INFO] [stdout] For more information about an error, try `rustc --explain E0282`.
[INFO] [stdout] 
[INFO] [stderr] error: could not compile `futures-core-preview` (lib) due to 12 previous errors
[INFO] [stderr] warning: build failed, waiting for other jobs to finish...
[INFO] running `Command { std: "docker" "inspect" "c84bc39e64ee0645d9f2eaed52ce7f430683df35adf98dcf7d4792d82c8a0bfb", kill_on_drop: false }`
[INFO] running `Command { std: "docker" "rm" "-f" "c84bc39e64ee0645d9f2eaed52ce7f430683df35adf98dcf7d4792d82c8a0bfb", kill_on_drop: false }`
[INFO] [stdout] c84bc39e64ee0645d9f2eaed52ce7f430683df35adf98dcf7d4792d82c8a0bfb
[INFO] checking lib3h_persistence_mem-0.0.1-alpha2 against nightly-2024-02-05+rustflags=-Dunexpected_cfgs+cargoflags=-Zcheck-cfg for check-cfg
[INFO] extracting crate lib3h_persistence_mem 0.0.1-alpha2 into /workspace/builds/worker-1-tc2/source
[INFO] validating manifest of crates.io crate lib3h_persistence_mem 0.0.1-alpha2 on toolchain nightly-2024-02-05
[INFO] running `Command { std: CARGO_HOME="/workspace/cargo-home" RUSTUP_HOME="/workspace/rustup-home" "/workspace/cargo-home/bin/cargo" "+nightly-2024-02-05" "metadata" "--manifest-path" "Cargo.toml" "--no-deps", kill_on_drop: false }`
[INFO] started tweaking crates.io crate lib3h_persistence_mem 0.0.1-alpha2
[INFO] finished tweaking crates.io crate lib3h_persistence_mem 0.0.1-alpha2
[INFO] tweaked toml for crates.io crate lib3h_persistence_mem 0.0.1-alpha2 written to /workspace/builds/worker-1-tc2/source/Cargo.toml
[INFO] running `Command { std: CARGO_HOME="/workspace/cargo-home" RUSTUP_HOME="/workspace/rustup-home" "/workspace/cargo-home/bin/cargo" "+nightly-2024-02-05" "generate-lockfile" "--manifest-path" "Cargo.toml", kill_on_drop: false }`
[INFO] [stderr]     Updating crates.io index
[INFO] running `Command { std: CARGO_HOME="/workspace/cargo-home" RUSTUP_HOME="/workspace/rustup-home" "/workspace/cargo-home/bin/cargo" "+nightly-2024-02-05" "fetch" "--manifest-path" "Cargo.toml", kill_on_drop: false }`
[INFO] running `Command { std: "docker" "create" "-v" "/var/lib/crater-agent-workspace/builds/worker-1-tc2/target:/opt/rustwide/target:rw,Z" "-v" "/var/lib/crater-agent-workspace/builds/worker-1-tc2/source:/opt/rustwide/workdir:ro,Z" "-v" "/var/lib/crater-agent-workspace/cargo-home:/opt/rustwide/cargo-home:ro,Z" "-v" "/var/lib/crater-agent-workspace/rustup-home:/opt/rustwide/rustup-home:ro,Z" "-e" "SOURCE_DIR=/opt/rustwide/workdir" "-e" "CARGO_TARGET_DIR=/opt/rustwide/target" "-e" "CARGO_HOME=/opt/rustwide/cargo-home" "-e" "RUSTUP_HOME=/opt/rustwide/rustup-home" "-w" "/opt/rustwide/workdir" "-m" "1610612736" "--user" "0:0" "--network" "none" "ghcr.io/rust-lang/crates-build-env/linux@sha256:2788e3201cd34a07e3172128adcd8b3090168a8e3bcc40d7c032b9dda1df7d1c" "/opt/rustwide/cargo-home/bin/cargo" "+nightly-2024-02-05" "metadata" "--no-deps" "--format-version=1", kill_on_drop: false }`
[INFO] [stdout] a23d0ced916043d3d54fca751109fc224bf7195c835bc849c3ae854b2bf954bc
[INFO] running `Command { std: "docker" "start" "-a" "a23d0ced916043d3d54fca751109fc224bf7195c835bc849c3ae854b2bf954bc", kill_on_drop: false }`
[INFO] running `Command { std: "docker" "inspect" "a23d0ced916043d3d54fca751109fc224bf7195c835bc849c3ae854b2bf954bc", kill_on_drop: false }`
[INFO] running `Command { std: "docker" "rm" "-f" "a23d0ced916043d3d54fca751109fc224bf7195c835bc849c3ae854b2bf954bc", kill_on_drop: false }`
[INFO] [stdout] a23d0ced916043d3d54fca751109fc224bf7195c835bc849c3ae854b2bf954bc
[INFO] running `Command { std: "docker" "create" "-v" "/var/lib/crater-agent-workspace/builds/worker-1-tc2/target:/opt/rustwide/target:rw,Z" "-v" "/var/lib/crater-agent-workspace/builds/worker-1-tc2/source:/opt/rustwide/workdir:ro,Z" "-v" "/var/lib/crater-agent-workspace/cargo-home:/opt/rustwide/cargo-home:ro,Z" "-v" "/var/lib/crater-agent-workspace/rustup-home:/opt/rustwide/rustup-home:ro,Z" "-e" "SOURCE_DIR=/opt/rustwide/workdir" "-e" "CARGO_TARGET_DIR=/opt/rustwide/target" "-e" "CARGO_INCREMENTAL=0" "-e" "RUST_BACKTRACE=full" "-e" "RUSTFLAGS=--cap-lints=forbid -Dunexpected_cfgs" "-e" "RUSTDOCFLAGS=--cap-lints=forbid" "-e" "CARGO_HOME=/opt/rustwide/cargo-home" "-e" "RUSTUP_HOME=/opt/rustwide/rustup-home" "-w" "/opt/rustwide/workdir" "-m" "1610612736" "--user" "0:0" "--network" "none" "ghcr.io/rust-lang/crates-build-env/linux@sha256:2788e3201cd34a07e3172128adcd8b3090168a8e3bcc40d7c032b9dda1df7d1c" "/opt/rustwide/cargo-home/bin/cargo" "+nightly-2024-02-05" "check" "--frozen" "--all" "--all-targets" "--message-format=json" "-Zcheck-cfg", kill_on_drop: false }`
[INFO] [stdout] c6bd2afc9572445a06ceeeb59d5fd88efb8f33a3ff7323516398ededb378110b
[INFO] running `Command { std: "docker" "start" "-a" "c6bd2afc9572445a06ceeeb59d5fd88efb8f33a3ff7323516398ededb378110b", kill_on_drop: false }`
[INFO] [stderr]    Compiling syn v0.15.31
[INFO] [stderr]    Compiling serde v1.0.89
[INFO] [stderr]    Compiling ryu v0.2.8
[INFO] [stderr]     Checking futures-core-preview v0.3.0-alpha.12
[INFO] [stderr]    Compiling proc-macro2 v0.2.3
[INFO] [stderr]    Compiling quote v0.6.11
[INFO] [stderr]     Checking rand v0.5.6
[INFO] [stderr]     Checking generic-array v0.9.1
[INFO] [stderr]     Checking arrayref v0.3.5
[INFO] [stderr]    Compiling hashbrown v0.12.3
[INFO] [stderr]     Checking byte-tools v0.2.0
[INFO] [stderr]     Checking lazy_static v1.2.0
[INFO] [stderr]     Checking fake-simd v0.1.2
[INFO] [stderr]    Compiling itoa v0.4.8
[INFO] [stderr]    Compiling itertools v0.7.11
[INFO] [stderr]     Checking tiny-keccak v1.5.0
[INFO] [stderr]     Checking sha1 v0.5.0
[INFO] [stdout] error[E0432]: unresolved import `core::task::LocalWaker`
[INFO] [stdout]  --> /opt/rustwide/cargo-home/registry/src/index.crates.io-6f17d22bba15001f/futures-core-preview-0.3.0-alpha.12/src/future/future_obj.rs:6:12
[INFO] [stdout]   |
[INFO] [stdout] 6 |     task::{LocalWaker, Poll},
[INFO] [stdout]   |            ^^^^^^^^^^ no `LocalWaker` in `task`
[INFO] [stdout] 
[INFO] [stdout] 
[INFO] [stdout] error[E0432]: unresolved imports `core::task::LocalWaker`, `core::task::UnsafeWake`
[INFO] [stdout]  --> /opt/rustwide/cargo-home/registry/src/index.crates.io-6f17d22bba15001f/futures-core-preview-0.3.0-alpha.12/src/task/mod.rs:8:35
[INFO] [stdout]   |
[INFO] [stdout] 8 | pub use core::task::{Poll, Waker, LocalWaker, UnsafeWake};
[INFO] [stdout]   |                                   ^^^^^^^^^^  ^^^^^^^^^^ no `UnsafeWake` in `task`
[INFO] [stdout]   |                                   |
[INFO] [stdout]   |                                   no `LocalWaker` in `task`
[INFO] [stdout]   |
[INFO] [stdout]   = note: unresolved item `crate::future::future_obj::if_std::LocalWaker` exists but is inaccessible
[INFO] [stdout] 
[INFO] [stdout] 
[INFO] [stdout] error[E0432]: unresolved imports `std::task::local_waker`, `std::task::local_waker_from_nonlocal`
[INFO] [stdout]   --> /opt/rustwide/cargo-home/registry/src/index.crates.io-6f17d22bba15001f/futures-core-preview-0.3.0-alpha.12/src/task/mod.rs:10:27
[INFO] [stdout]    |
[INFO] [stdout] 10 | pub use std::task::{Wake, local_waker, local_waker_from_nonlocal};
[INFO] [stdout]    |                           ^^^^^^^^^^^  ^^^^^^^^^^^^^^^^^^^^^^^^^ no `local_waker_from_nonlocal` in `task`
[INFO] [stdout]    |                           |
[INFO] [stdout]    |                           no `local_waker` in `task`
[INFO] [stdout] 
[INFO] [stdout] 
[INFO] [stderr]    Compiling lib3h_persistence_api v0.0.1-alpha2
[INFO] [stderr]     Checking block-buffer v0.3.3
[INFO] [stdout] error[E0392]: parameter `T` is never used
[INFO] [stdout]   --> /opt/rustwide/cargo-home/registry/src/index.crates.io-6f17d22bba15001f/futures-core-preview-0.3.0-alpha.12/src/future/future_obj.rs:90:26
[INFO] [stdout]    |
[INFO] [stdout] 90 | pub struct FutureObj<'a, T>(LocalFutureObj<'a, T>);
[INFO] [stdout]    |                          ^ unused parameter
[INFO] [stdout]    |
[INFO] [stdout]    = help: consider removing `T`, referring to it in a field, or using a marker such as `PhantomData`
[INFO] [stdout]    = help: if you intended `T` to be a const parameter, use `const T: usize` instead
[INFO] [stdout] 
[INFO] [stdout] 
[INFO] [stdout] error[E0392]: parameter `T` is never used
[INFO] [stdout]   --> /opt/rustwide/cargo-home/registry/src/index.crates.io-6f17d22bba15001f/futures-core-preview-0.3.0-alpha.12/src/stream/stream_obj.rs:87:26
[INFO] [stdout]    |
[INFO] [stdout] 87 | pub struct StreamObj<'a, T>(LocalStreamObj<'a, T>);
[INFO] [stdout]    |                          ^ unused parameter
[INFO] [stdout]    |
[INFO] [stdout]    = help: consider removing `T`, referring to it in a field, or using a marker such as `PhantomData`
[INFO] [stdout]    = help: if you intended `T` to be a const parameter, use `const T: usize` instead
[INFO] [stdout] 
[INFO] [stdout] 
[INFO] [stderr]     Checking reed-solomon v0.2.1
[INFO] [stdout] error[E0282]: type annotations needed
[INFO] [stdout]   --> /opt/rustwide/cargo-home/registry/src/index.crates.io-6f17d22bba15001f/futures-core-preview-0.3.0-alpha.12/src/future/future_obj.rs:28:9
[INFO] [stdout]    |
[INFO] [stdout] 28 | /         LocalFutureObj {
[INFO] [stdout] 29 | |             ptr: f.into_raw(),
[INFO] [stdout] 30 | |             poll_fn: F::poll,
[INFO] [stdout] 31 | |             drop_fn: F::drop,
[INFO] [stdout] 32 | |             _marker: PhantomData,
[INFO] [stdout] 33 | |         }
[INFO] [stdout]    | |_________^ cannot infer type of the type parameter `T` declared on the struct `LocalFutureObj`
[INFO] [stdout]    |
[INFO] [stdout] help: consider specifying the generic argument
[INFO] [stdout]    |
[INFO] [stdout] 28 |         LocalFutureObj::<T> {
[INFO] [stdout]    |                       +++++
[INFO] [stdout] 
[INFO] [stdout] 
[INFO] [stdout] error[E0282]: type annotations needed
[INFO] [stdout]   --> /opt/rustwide/cargo-home/registry/src/index.crates.io-6f17d22bba15001f/futures-core-preview-0.3.0-alpha.12/src/future/future_obj.rs:42:9
[INFO] [stdout]    |
[INFO] [stdout] 42 |         FutureObj(self)
[INFO] [stdout]    |         ^^^^^^^^^ cannot infer type of the type parameter `T` declared on the struct `FutureObj`
[INFO] [stdout]    |
[INFO] [stdout] help: consider specifying the generic argument
[INFO] [stdout]    |
[INFO] [stdout] 42 |         FutureObj::<T>(self)
[INFO] [stdout]    |                  +++++
[INFO] [stdout] 
[INFO] [stdout] 
[INFO] [stdout] error[E0282]: type annotations needed
[INFO] [stdout]   --> /opt/rustwide/cargo-home/registry/src/index.crates.io-6f17d22bba15001f/futures-core-preview-0.3.0-alpha.12/src/future/future_obj.rs:99:9
[INFO] [stdout]    |
[INFO] [stdout] 99 |         FutureObj(LocalFutureObj::new(f))
[INFO] [stdout]    |         ^^^^^^^^^ cannot infer type of the type parameter `T` declared on the struct `FutureObj`
[INFO] [stdout]    |
[INFO] [stdout] help: consider specifying the generic argument
[INFO] [stdout]    |
[INFO] [stdout] 99 |         FutureObj::<T>(LocalFutureObj::new(f))
[INFO] [stdout]    |                  +++++
[INFO] [stdout] 
[INFO] [stdout] 
[INFO] [stdout] error[E0282]: type annotations needed
[INFO] [stdout]   --> /opt/rustwide/cargo-home/registry/src/index.crates.io-6f17d22bba15001f/futures-core-preview-0.3.0-alpha.12/src/stream/stream_obj.rs:27:9
[INFO] [stdout]    |
[INFO] [stdout] 27 | /         LocalStreamObj {
[INFO] [stdout] 28 | |             ptr: f.into_raw(),
[INFO] [stdout] 29 | |             poll_next_fn: F::poll_next,
[INFO] [stdout] 30 | |             drop_fn: F::drop,
[INFO] [stdout] 31 | |             _marker: PhantomData,
[INFO] [stdout] 32 | |         }
[INFO] [stdout]    | |_________^ cannot infer type of the type parameter `T` declared on the struct `LocalStreamObj`
[INFO] [stdout]    |
[INFO] [stdout] help: consider specifying the generic argument
[INFO] [stdout]    |
[INFO] [stdout] 27 |         LocalStreamObj::<T> {
[INFO] [stdout]    |                       +++++
[INFO] [stdout] 
[INFO] [stdout] 
[INFO] [stdout] error[E0282]: type annotations needed
[INFO] [stdout]   --> /opt/rustwide/cargo-home/registry/src/index.crates.io-6f17d22bba15001f/futures-core-preview-0.3.0-alpha.12/src/stream/stream_obj.rs:41:9
[INFO] [stdout]    |
[INFO] [stdout] 41 |         StreamObj(self)
[INFO] [stdout]    |         ^^^^^^^^^ cannot infer type of the type parameter `T` declared on the struct `StreamObj`
[INFO] [stdout]    |
[INFO] [stdout] help: consider specifying the generic argument
[INFO] [stdout]    |
[INFO] [stdout] 41 |         StreamObj::<T>(self)
[INFO] [stdout]    |                  +++++
[INFO] [stdout] 
[INFO] [stdout] 
[INFO] [stdout] error[E0282]: type annotations needed
[INFO] [stdout]   --> /opt/rustwide/cargo-home/registry/src/index.crates.io-6f17d22bba15001f/futures-core-preview-0.3.0-alpha.12/src/stream/stream_obj.rs:96:9
[INFO] [stdout]    |
[INFO] [stdout] 96 |         StreamObj(LocalStreamObj::new(f))
[INFO] [stdout]    |         ^^^^^^^^^ cannot infer type of the type parameter `T` declared on the struct `StreamObj`
[INFO] [stdout]    |
[INFO] [stdout] help: consider specifying the generic argument
[INFO] [stdout]    |
[INFO] [stdout] 96 |         StreamObj::<T>(LocalStreamObj::new(f))
[INFO] [stdout]    |                  +++++
[INFO] [stdout] 
[INFO] [stdout] 
[INFO] [stdout] error: aborting due to 11 previous errors
[INFO] [stdout] 
[INFO] [stdout] 
[INFO] [stdout] Some errors have detailed explanations: E0282, E0392, E0432.
[INFO] [stdout] 
[INFO] [stdout] For more information about an error, try `rustc --explain E0282`.
[INFO] [stdout] 
[INFO] [stderr] error: could not compile `futures-core-preview` (lib) due to 12 previous errors
[INFO] [stderr] warning: build failed, waiting for other jobs to finish...
[INFO] running `Command { std: "docker" "inspect" "c6bd2afc9572445a06ceeeb59d5fd88efb8f33a3ff7323516398ededb378110b", kill_on_drop: false }`
[INFO] running `Command { std: "docker" "rm" "-f" "c6bd2afc9572445a06ceeeb59d5fd88efb8f33a3ff7323516398ededb378110b", kill_on_drop: false }`
[INFO] [stdout] c6bd2afc9572445a06ceeeb59d5fd88efb8f33a3ff7323516398ededb378110b
