[INFO] fetching crate lezeh 0.8.5...
[INFO] checking lezeh-0.8.5 against nightly-2024-02-05 for check-cfg
[INFO] extracting crate lezeh 0.8.5 into /workspace/builds/worker-2-tc1/source
[INFO] validating manifest of crates.io crate lezeh 0.8.5 on toolchain nightly-2024-02-05
[INFO] running `Command { std: CARGO_HOME="/workspace/cargo-home" RUSTUP_HOME="/workspace/rustup-home" "/workspace/cargo-home/bin/cargo" "+nightly-2024-02-05" "metadata" "--manifest-path" "Cargo.toml" "--no-deps", kill_on_drop: false }`
[INFO] started tweaking crates.io crate lezeh 0.8.5
[INFO] finished tweaking crates.io crate lezeh 0.8.5
[INFO] tweaked toml for crates.io crate lezeh 0.8.5 written to /workspace/builds/worker-2-tc1/source/Cargo.toml
[INFO] crate crates.io crate lezeh 0.8.5 already has a lockfile, it will not be regenerated
[INFO] running `Command { std: CARGO_HOME="/workspace/cargo-home" RUSTUP_HOME="/workspace/rustup-home" "/workspace/cargo-home/bin/cargo" "+nightly-2024-02-05" "fetch" "--manifest-path" "Cargo.toml", kill_on_drop: false }`
[INFO] [stderr]     Updating crates.io index
[INFO] [stderr]     Blocking waiting for file lock on package cache
[INFO] [stderr]  Downloading crates ...
[INFO] [stderr]   Downloaded block-buffer v0.10.3
[INFO] [stderr]   Downloaded iana-time-zone-haiku v0.1.1
[INFO] [stderr]   Downloaded tracing v0.1.37
[INFO] [stderr]   Downloaded proc-macro2 v1.0.50
[INFO] [stderr]   Downloaded tokio-postgres v0.7.7
[INFO] [stderr]   Downloaded phf_shared v0.11.1
[INFO] [stderr]   Downloaded phf v0.11.1
[INFO] [stderr]   Downloaded serde_derive v1.0.152
[INFO] [stderr]   Downloaded downcast v0.11.0
[INFO] [stderr]   Downloaded link-cplusplus v1.0.8
[INFO] [stderr]   Downloaded cxxbridge-macro v1.0.89
[INFO] [stderr]   Downloaded windows-sys v0.42.0
[INFO] [stderr]   Downloaded lezeh-deployment v0.0.6
[INFO] [stderr]   Downloaded cargo-lock v4.0.1
[INFO] [stderr]   Downloaded lezeh-common v0.0.1
[INFO] [stderr]   Downloaded difflib v0.4.0
[INFO] [stderr]   Downloaded mockall_double v0.3.0
[INFO] [stderr]   Downloaded pest_derive v2.5.4
[INFO] [stderr]   Downloaded humantime v1.3.0
[INFO] [stderr]   Downloaded pest v2.5.4
[INFO] [stderr]   Downloaded encoding_rs v0.8.32
[INFO] [stderr]   Downloaded fragile v2.0.0
[INFO] [stderr]   Downloaded slugify v0.1.0
[INFO] [stderr]   Downloaded mockall_derive v0.11.3
[INFO] [stderr]   Downloaded erased-serde v0.3.24
[INFO] [stderr]   Downloaded ucd-trie v0.1.5
[INFO] [stderr]   Downloaded either v1.8.1
[INFO] [stderr]   Downloaded predicates-tree v1.0.7
[INFO] [stderr]   Downloaded anyhow v1.0.68
[INFO] [stderr]   Downloaded fake v2.5.0
[INFO] [stderr]   Downloaded hyper v0.14.24
[INFO] [stderr]   Downloaded schannel v0.1.21
[INFO] [stderr]   Downloaded httpdate v1.0.2
[INFO] [stderr]   Downloaded openssl-macros v0.1.0
[INFO] [stderr]   Downloaded env_logger v0.7.1
[INFO] [stderr]   Downloaded normalize-line-endings v0.3.0
[INFO] [stderr]   Downloaded dummy v0.4.1
[INFO] [stderr]   Downloaded futures-executor v0.3.26
[INFO] [stderr]   Downloaded futures v0.3.26
[INFO] [stderr]   Downloaded fastrand v1.8.0
[INFO] [stderr]   Downloaded rust-embed-impl v5.9.0
[INFO] [stderr]   Downloaded walkdir v2.3.2
[INFO] [stderr]   Downloaded futures-util v0.3.26
[INFO] [stderr]   Downloaded windows-sys v0.45.0
[INFO] [stderr]   Downloaded lezeh-bill v0.0.1
[INFO] [stderr]   Downloaded pest_generator v2.5.4
[INFO] [stderr]   Downloaded lezeh-url v0.0.1
[INFO] [stderr]   Downloaded hyper-rustls v0.23.2
[INFO] [stderr]   Downloaded http-body v0.4.5
[INFO] [stderr]   Downloaded want v0.3.0
[INFO] [stderr]   Downloaded security-framework-sys v2.8.0
[INFO] [stderr]   Downloaded tempfile v3.3.0
[INFO] [stderr]   Downloaded tokio-native-tls v0.3.0
[INFO] [stderr]   Downloaded wasm-bindgen-futures v0.4.34
[INFO] [stderr]   Downloaded web-sys v0.3.61
[INFO] [stderr]   Downloaded rust-embed v5.9.0
[INFO] [stderr]   Downloaded borsh-derive-internal v0.9.3
[INFO] [stderr]   Downloaded nom v5.1.2
[INFO] [stderr]   Downloaded cc v1.0.79
[INFO] [stderr]   Downloaded codespan-reporting v0.11.1
[INFO] [stderr]   Downloaded num-traits v0.2.15
[INFO] [stderr]   Downloaded lexical-core v0.7.6
[INFO] [stderr]   Downloaded tracing-core v0.1.30
[INFO] [stderr]   Downloaded base64 v0.21.0
[INFO] [stderr]   Downloaded openssl-sys v0.9.80
[INFO] [stderr]   Downloaded core-foundation v0.9.3
[INFO] [stderr]   Downloaded openssl v0.10.45
[INFO] [stderr]   Downloaded cxx-build v1.0.89
[INFO] [stderr]   Downloaded chrono v0.4.23
[INFO] [stderr]   Downloaded rkyv v0.7.39
[INFO] [stderr]   Downloaded petgraph v0.6.2
[INFO] [stderr]   Downloaded unidecode v0.3.0
[INFO] [stderr]   Downloaded webpki v0.22.0
[INFO] [stderr]   Downloaded windows_aarch64_msvc v0.42.1
[INFO] [stderr]   Downloaded windows_i686_msvc v0.42.1
[INFO] [stderr]   Downloaded windows_x86_64_msvc v0.42.1
[INFO] [stderr]   Downloaded windows_x86_64_gnu v0.42.1
[INFO] [stderr]   Downloaded libc v0.2.139
[INFO] [stderr]   Downloaded signal-hook-registry v1.4.0
[INFO] [stderr]   Downloaded mockall v0.11.3
[INFO] [stderr]   Downloaded pest_meta v2.5.4
[INFO] [stderr]   Downloaded handlebars v4.3.6
[INFO] [stderr]   Downloaded phab-lib v0.3.1
[INFO] [stderr]   Downloaded h2 v0.3.15
[INFO] [stderr]   Downloaded http v0.2.8
[INFO] [stderr]   Downloaded try-lock v0.2.4
[INFO] [stderr]   Downloaded mime v0.3.16
[INFO] [stderr]   Downloaded rustls-pemfile v1.0.2
[INFO] [stderr]   Downloaded security-framework v2.8.2
[INFO] [stderr]   Downloaded sct v0.7.0
[INFO] [stderr]   Downloaded rustls v0.20.8
[INFO] [stderr]   Downloaded winreg v0.10.1
[INFO] [stderr]   Downloaded reqwest v0.11.14
[INFO] [stderr]   Downloaded rust-embed-utils v5.1.0
[INFO] [stderr]   Downloaded arrayvec v0.7.2
[INFO] [stderr]   Downloaded cxx v1.0.89
[INFO] [stderr]   Downloaded lezeh-db v0.0.1
[INFO] [stderr]   Downloaded cpufeatures v0.2.5
[INFO] [stderr]   Downloaded postgres-types v0.2.4
[INFO] [stderr]   Downloaded tokio v1.25.0
[INFO] [stderr]   Downloaded termcolor v1.2.0
[INFO] [stderr]   Downloaded scratch v1.0.3
[INFO] [stderr]   Downloaded postgres-protocol v0.6.4
[INFO] [stderr]   Downloaded bytecheck v0.6.9
[INFO] [stderr]   Downloaded float-cmp v0.9.0
[INFO] [stderr]   Downloaded wasm-bindgen-macro-support v0.2.84
[INFO] [stderr]   Downloaded rend v0.3.6
[INFO] [stderr]   Downloaded slog-stdlog v4.1.1
[INFO] [stderr]   Downloaded thiserror-impl v1.0.38
[INFO] [stderr]   Downloaded wasm-bindgen-shared v0.2.84
[INFO] [stderr]   Downloaded sha2 v0.10.6
[INFO] [stderr]   Downloaded fixedbitset v0.4.2
[INFO] [stderr]   Downloaded linked-hash-map v0.3.0
[INFO] [stderr]   Downloaded futures-core v0.3.26
[INFO] [stderr]   Downloaded wasm-bindgen-macro v0.2.84
[INFO] [stderr]   Downloaded core-foundation-sys v0.8.3
[INFO] [stderr]   Downloaded rust-ini v0.13.0
[INFO] [stderr]   Downloaded num-traits v0.1.43
[INFO] [stderr]   Downloaded lezeh-common v0.1.0
[INFO] [stderr]   Downloaded predicates v2.1.5
[INFO] [stderr]   Downloaded ipnet v2.7.1
[INFO] [stderr]   Downloaded borsh v0.9.3
[INFO] [stderr]   Downloaded futures-channel v0.3.26
[INFO] [stderr]   Downloaded byteorder v1.4.3
[INFO] [stderr]   Downloaded md-5 v0.10.5
[INFO] [stderr]   Downloaded digest v0.10.6
[INFO] [stderr]   Downloaded rkyv_derive v0.7.39
[INFO] [stderr]   Downloaded slog-async v2.7.0
[INFO] [stderr]   Downloaded term v0.7.0
[INFO] [stderr]   Downloaded tokio-macros v1.8.2
[INFO] [stderr]   Downloaded proc-macro-crate v0.1.5
[INFO] [stderr]   Downloaded itoa v1.0.5
[INFO] [stderr]   Downloaded windows_aarch64_gnullvm v0.42.1
[INFO] [stderr]   Downloaded iana-time-zone v0.1.53
[INFO] [stderr]   Downloaded generic-array v0.14.6
[INFO] [stderr]   Downloaded regex-syntax v0.6.28
[INFO] [stderr]   Downloaded slog-term v2.9.0
[INFO] [stderr]   Downloaded slog-envlogger v2.2.0
[INFO] [stderr]   Downloaded hermit-abi v0.1.19
[INFO] [stderr]   Downloaded serde_yaml v0.8.26
[INFO] [stderr]   Downloaded log v0.4.17
[INFO] [stderr]   Downloaded slog v2.7.0
[INFO] [stderr]   Downloaded windows_x86_64_gnullvm v0.42.1
[INFO] [stderr]   Downloaded mio v0.8.5
[INFO] [stderr]   Downloaded ryu v1.0.12
[INFO] [stderr]   Downloaded regex v1.7.1
[INFO] [stderr]   Downloaded memchr v2.5.0
[INFO] [stderr]   Downloaded syn v1.0.107
[INFO] [stderr]   Downloaded socket2 v0.4.7
[INFO] [stderr]   Downloaded windows_i686_gnu v0.42.1
[INFO] [stderr]   Downloaded predicates-core v1.0.5
[INFO] [stderr]   Downloaded termtree v0.4.0
[INFO] [stderr]   Downloaded slab v0.4.7
[INFO] [stderr]   Downloaded cxxbridge-flags v1.0.89
[INFO] [stderr]   Downloaded winapi-util v0.1.5
[INFO] [stderr]   Downloaded unicode-width v0.1.10
[INFO] [stderr]   Downloaded serde_test v0.8.23
[INFO] [stderr]   Downloaded config v0.10.1
[INFO] [stderr]   Downloaded ghub v0.5.0
[INFO] [stderr]   Downloaded wasm-bindgen v0.2.84
[INFO] [stderr]   Downloaded tokio-util v0.7.4
[INFO] [stderr]   Downloaded postgres v0.19.4
[INFO] [stderr]   Downloaded rust_decimal v1.28.0
[INFO] [stderr]   Downloaded serde_json v1.0.91
[INFO] [stderr]   Downloaded aho-corasick v0.7.20
[INFO] [stderr]   Downloaded crossbeam-utils v0.8.14
[INFO] [stderr]   Downloaded url v2.3.1
[INFO] [stderr]   Downloaded pkg-config v0.3.26
[INFO] [stderr]   Downloaded borsh-schema-derive-internal v0.9.3
[INFO] [stderr]   Downloaded borsh-derive v0.9.3
[INFO] [stderr]   Downloaded hashbrown v0.11.2
[INFO] [stderr]   Downloaded async-trait v0.1.64
[INFO] [stderr]   Downloaded futures-io v0.3.26
[INFO] [stderr]   Downloaded futures-macro v0.3.26
[INFO] [stderr]   Downloaded siphasher v0.3.10
[INFO] [stderr]   Downloaded getrandom v0.2.8
[INFO] [stderr]   Downloaded once_cell v1.17.0
[INFO] [stderr]   Downloaded typenum v1.16.0
[INFO] [stderr]   Downloaded stringprep v0.1.2
[INFO] [stderr]   Downloaded ahash v0.7.6
[INFO] [stderr]   Downloaded thread_local v1.1.4
[INFO] [stderr]   Downloaded num_threads v0.1.6
[INFO] [stderr]   Downloaded serde v1.0.152
[INFO] [stderr]   Downloaded percent-encoding v2.2.0
[INFO] [stderr]   Downloaded quote v1.0.23
[INFO] [stderr]   Downloaded unicode-ident v1.0.6
[INFO] [stderr]   Downloaded form_urlencoded v1.1.0
[INFO] [stderr]   Downloaded parking_lot_core v0.9.7
[INFO] [stderr]   Downloaded pin-project-lite v0.2.9
[INFO] [stderr]   Downloaded time v0.3.17
[INFO] [stderr]   Downloaded lock_api v0.4.9
[INFO] [stderr]   Downloaded js-sys v0.3.61
[INFO] [stderr]   Downloaded bumpalo v3.12.0
[INFO] [stderr]   Downloaded indoc v1.0.9
[INFO] [stderr]   Downloaded serde-hjson v0.9.1
[INFO] [stderr]   Downloaded built v0.4.4
[INFO] [stderr]   Downloaded quick-error v1.2.3
[INFO] [stderr]   Downloaded indexmap v1.9.2
[INFO] [stderr]   Downloaded arc-swap v1.6.0
[INFO] [stderr]   Downloaded slog-scope v4.4.0
[INFO] [stderr]   Downloaded redox_users v0.4.3
[INFO] [stderr]   Downloaded dirs-sys-next v0.1.2
[INFO] [stderr]   Downloaded windows-targets v0.42.1
[INFO] [stderr]   Downloaded redox_syscall v0.2.16
[INFO] [stderr]   Downloaded smallvec v1.10.0
[INFO] [stderr]   Downloaded num_cpus v1.15.0
[INFO] [stderr]   Downloaded futures-task v0.3.26
[INFO] [stderr]   Downloaded futures-sink v0.3.26
[INFO] [stderr]   Downloaded time-core v0.1.0
[INFO] [stderr]   Downloaded time-macros v0.2.6
[INFO] [stderr]   Downloaded thiserror v1.0.38
[INFO] [stderr]   Downloaded unicode-bidi v0.3.10
[INFO] [stderr]   Downloaded hermit-abi v0.2.6
[INFO] [stderr]   Downloaded arrayvec v0.5.2
[INFO] [stderr]   Downloaded wasm-bindgen-backend v0.2.84
[INFO] [stderr]   Downloaded crossbeam-channel v0.5.6
[INFO] [stderr]   Downloaded take_mut v0.2.2
[INFO] [stderr]   Downloaded dirs-next v2.0.0
[INFO] [stderr]   Downloaded rustversion v1.0.11
[INFO] [stderr]   Downloaded bytes v1.4.0
[INFO] [stderr]   Downloaded serde v0.8.23
[INFO] [stderr]   Downloaded bytecheck_derive v0.6.9
[INFO] [stderr]   Downloaded uuid v1.3.0
[INFO] running `Command { std: "docker" "create" "-v" "/var/lib/crater-agent-workspace/builds/worker-2-tc1/target:/opt/rustwide/target:rw,Z" "-v" "/var/lib/crater-agent-workspace/builds/worker-2-tc1/source:/opt/rustwide/workdir:ro,Z" "-v" "/var/lib/crater-agent-workspace/cargo-home:/opt/rustwide/cargo-home:ro,Z" "-v" "/var/lib/crater-agent-workspace/rustup-home:/opt/rustwide/rustup-home:ro,Z" "-e" "SOURCE_DIR=/opt/rustwide/workdir" "-e" "CARGO_TARGET_DIR=/opt/rustwide/target" "-e" "CARGO_HOME=/opt/rustwide/cargo-home" "-e" "RUSTUP_HOME=/opt/rustwide/rustup-home" "-w" "/opt/rustwide/workdir" "-m" "1610612736" "--user" "0:0" "--network" "none" "ghcr.io/rust-lang/crates-build-env/linux@sha256:2788e3201cd34a07e3172128adcd8b3090168a8e3bcc40d7c032b9dda1df7d1c" "/opt/rustwide/cargo-home/bin/cargo" "+nightly-2024-02-05" "metadata" "--no-deps" "--format-version=1", kill_on_drop: false }`
[INFO] [stdout] 5e6a621f30dcdbb6cf9a1381024b85cb5835b55cdb09ac059fe7bb6829df79da
[INFO] running `Command { std: "docker" "start" "-a" "5e6a621f30dcdbb6cf9a1381024b85cb5835b55cdb09ac059fe7bb6829df79da", kill_on_drop: false }`
[INFO] running `Command { std: "docker" "inspect" "5e6a621f30dcdbb6cf9a1381024b85cb5835b55cdb09ac059fe7bb6829df79da", kill_on_drop: false }`
[INFO] running `Command { std: "docker" "rm" "-f" "5e6a621f30dcdbb6cf9a1381024b85cb5835b55cdb09ac059fe7bb6829df79da", kill_on_drop: false }`
[INFO] [stdout] 5e6a621f30dcdbb6cf9a1381024b85cb5835b55cdb09ac059fe7bb6829df79da
[INFO] running `Command { std: "docker" "create" "-v" "/var/lib/crater-agent-workspace/builds/worker-2-tc1/target:/opt/rustwide/target:rw,Z" "-v" "/var/lib/crater-agent-workspace/builds/worker-2-tc1/source:/opt/rustwide/workdir:ro,Z" "-v" "/var/lib/crater-agent-workspace/cargo-home:/opt/rustwide/cargo-home:ro,Z" "-v" "/var/lib/crater-agent-workspace/rustup-home:/opt/rustwide/rustup-home:ro,Z" "-e" "SOURCE_DIR=/opt/rustwide/workdir" "-e" "CARGO_TARGET_DIR=/opt/rustwide/target" "-e" "CARGO_INCREMENTAL=0" "-e" "RUST_BACKTRACE=full" "-e" "RUSTFLAGS=--cap-lints=forbid" "-e" "RUSTDOCFLAGS=--cap-lints=forbid" "-e" "CARGO_HOME=/opt/rustwide/cargo-home" "-e" "RUSTUP_HOME=/opt/rustwide/rustup-home" "-w" "/opt/rustwide/workdir" "-m" "1610612736" "--user" "0:0" "--network" "none" "ghcr.io/rust-lang/crates-build-env/linux@sha256:2788e3201cd34a07e3172128adcd8b3090168a8e3bcc40d7c032b9dda1df7d1c" "/opt/rustwide/cargo-home/bin/cargo" "+nightly-2024-02-05" "check" "--frozen" "--all" "--all-targets" "--message-format=json", kill_on_drop: false }`
[INFO] [stdout] 6156a3a3f79ad9e38e74b3256f3542344e286a9003959bbabf04a7cc0efbf629
[INFO] running `Command { std: "docker" "start" "-a" "6156a3a3f79ad9e38e74b3256f3542344e286a9003959bbabf04a7cc0efbf629", kill_on_drop: false }`
[INFO] [stderr]    Compiling proc-macro2 v1.0.50
[INFO] [stderr]    Compiling quote v1.0.23
[INFO] [stderr]    Compiling unicode-ident v1.0.6
[INFO] [stderr]    Compiling syn v1.0.107
[INFO] [stderr]    Compiling libc v0.2.139
[INFO] [stderr]    Compiling memchr v2.5.0
[INFO] [stderr]    Compiling serde_derive v1.0.152
[INFO] [stderr]    Compiling serde v1.0.152
[INFO] [stderr]     Checking once_cell v1.17.0
[INFO] [stderr]    Compiling log v0.4.17
[INFO] [stderr]    Compiling cc v1.0.79
[INFO] [stderr]     Checking pin-project-lite v0.2.9
[INFO] [stderr]     Checking itoa v1.0.5
[INFO] [stderr]     Checking bytes v1.4.0
[INFO] [stderr]    Compiling num-traits v0.2.15
[INFO] [stderr]    Compiling lock_api v0.4.9
[INFO] [stderr]    Compiling parking_lot_core v0.9.7
[INFO] [stderr]    Compiling futures-core v0.3.26
[INFO] [stderr]    Compiling tinyvec_macros v0.1.1
[INFO] [stderr]     Checking smallvec v1.10.0
[INFO] [stderr]     Checking scopeguard v1.1.0
[INFO] [stderr]    Compiling tinyvec v1.6.0
[INFO] [stderr]    Compiling tokio v1.25.0
[INFO] [stderr]    Compiling slab v0.4.7
[INFO] [stderr]    Compiling futures-task v0.3.26
[INFO] [stderr]    Compiling futures-channel v0.3.26
[INFO] [stderr]    Compiling unicode-bidi v0.3.10
[INFO] [stderr]     Checking futures-sink v0.3.26
[INFO] [stderr]    Compiling percent-encoding v2.2.0
[INFO] [stderr]    Compiling indexmap v1.9.2
[INFO] [stderr]    Compiling futures-util v0.3.26
[INFO] [stderr]    Compiling semver-parser v0.7.0
[INFO] [stderr]    Compiling form_urlencoded v1.1.0
[INFO] [stdout] error[E0422]: cannot find struct, variant or union type `LineColumn` in crate `proc_macro`
[INFO] [stdout]    --> /opt/rustwide/cargo-home/registry/src/index.crates.io-6f17d22bba15001f/proc-macro2-1.0.50/src/wrapper.rs:475:33
[INFO] [stdout]     |
[INFO] [stdout] 475 |                 let proc_macro::LineColumn { line, column } = s.start();
[INFO] [stdout]     |                                 ^^^^^^^^^^ not found in `proc_macro`
[INFO] [stdout]     |
[INFO] [stdout] help: consider importing this struct through its public re-export
[INFO] [stdout]     |
[INFO] [stdout] 1   + use crate::LineColumn;
[INFO] [stdout]     |
[INFO] [stdout] help: if you import `LineColumn`, refer to it directly
[INFO] [stdout]     |
[INFO] [stdout] 475 -                 let proc_macro::LineColumn { line, column } = s.start();
[INFO] [stdout] 475 +                 let LineColumn { line, column } = s.start();
[INFO] [stdout]     |
[INFO] [stdout] 
[INFO] [stdout] 
[INFO] [stdout] error[E0422]: cannot find struct, variant or union type `LineColumn` in crate `proc_macro`
[INFO] [stdout]    --> /opt/rustwide/cargo-home/registry/src/index.crates.io-6f17d22bba15001f/proc-macro2-1.0.50/src/wrapper.rs:489:33
[INFO] [stdout]     |
[INFO] [stdout] 489 |                 let proc_macro::LineColumn { line, column } = s.end();
[INFO] [stdout]     |                                 ^^^^^^^^^^ not found in `proc_macro`
[INFO] [stdout]     |
[INFO] [stdout] help: consider importing this struct through its public re-export
[INFO] [stdout]     |
[INFO] [stdout] 1   + use crate::LineColumn;
[INFO] [stdout]     |
[INFO] [stdout] help: if you import `LineColumn`, refer to it directly
[INFO] [stdout]     |
[INFO] [stdout] 489 -                 let proc_macro::LineColumn { line, column } = s.end();
[INFO] [stdout] 489 +                 let LineColumn { line, column } = s.end();
[INFO] [stdout]     |
[INFO] [stdout] 
[INFO] [stdout] 
[INFO] [stdout] error[E0635]: unknown feature `proc_macro_span_shrink`
[INFO] [stdout]   --> /opt/rustwide/cargo-home/registry/src/index.crates.io-6f17d22bba15001f/proc-macro2-1.0.50/src/lib.rs:92:30
[INFO] [stdout]    |
[INFO] [stdout] 92 |     feature(proc_macro_span, proc_macro_span_shrink)
[INFO] [stdout]    |                              ^^^^^^^^^^^^^^^^^^^^^^
[INFO] [stdout] 
[INFO] [stdout] 
[INFO] [stderr]     Checking futures-io v0.3.26
[INFO] [stderr]    Compiling thiserror v1.0.38
[INFO] [stderr]     Checking hashbrown v0.12.3
[INFO] [stderr]     Checking ryu v1.0.12
[INFO] [stderr]     Checking tracing-core v0.1.30
[INFO] [stderr]    Compiling num-integer v0.1.45
[INFO] [stderr]    Compiling typenum v1.16.0
[INFO] [stdout] error: aborting due to 3 previous errors
[INFO] [stdout] 
[INFO] [stdout] 
[INFO] [stdout] Some errors have detailed explanations: E0422, E0635.
[INFO] [stdout] 
[INFO] [stdout] For more information about an error, try `rustc --explain E0422`.
[INFO] [stdout] 
[INFO] [stderr] error: could not compile `proc-macro2` (lib) due to 4 previous errors
[INFO] [stderr] warning: build failed, waiting for other jobs to finish...
[INFO] running `Command { std: "docker" "inspect" "6156a3a3f79ad9e38e74b3256f3542344e286a9003959bbabf04a7cc0efbf629", kill_on_drop: false }`
[INFO] running `Command { std: "docker" "rm" "-f" "6156a3a3f79ad9e38e74b3256f3542344e286a9003959bbabf04a7cc0efbf629", kill_on_drop: false }`
[INFO] [stdout] 6156a3a3f79ad9e38e74b3256f3542344e286a9003959bbabf04a7cc0efbf629
