[INFO] fetching crate lezeh-deployment 0.0.6...
[INFO] checking lezeh-deployment-0.0.6 against nightly-2024-02-05 for check-cfg
[INFO] extracting crate lezeh-deployment 0.0.6 into /workspace/builds/worker-3-tc1/source
[INFO] validating manifest of crates.io crate lezeh-deployment 0.0.6 on toolchain nightly-2024-02-05
[INFO] running `Command { std: CARGO_HOME="/workspace/cargo-home" RUSTUP_HOME="/workspace/rustup-home" "/workspace/cargo-home/bin/cargo" "+nightly-2024-02-05" "metadata" "--manifest-path" "Cargo.toml" "--no-deps", kill_on_drop: false }`
[INFO] started tweaking crates.io crate lezeh-deployment 0.0.6
[INFO] finished tweaking crates.io crate lezeh-deployment 0.0.6
[INFO] tweaked toml for crates.io crate lezeh-deployment 0.0.6 written to /workspace/builds/worker-3-tc1/source/Cargo.toml
[INFO] running `Command { std: CARGO_HOME="/workspace/cargo-home" RUSTUP_HOME="/workspace/rustup-home" "/workspace/cargo-home/bin/cargo" "+nightly-2024-02-05" "generate-lockfile" "--manifest-path" "Cargo.toml", kill_on_drop: false }`
[INFO] [stderr]     Updating crates.io index
[INFO] running `Command { std: CARGO_HOME="/workspace/cargo-home" RUSTUP_HOME="/workspace/rustup-home" "/workspace/cargo-home/bin/cargo" "+nightly-2024-02-05" "fetch" "--manifest-path" "Cargo.toml", kill_on_drop: false }`
[INFO] [stderr]  Downloading crates ...
[INFO] [stderr]   Downloaded slog-envlogger v2.2.0
[INFO] [stderr]   Downloaded dummy v0.7.0
[INFO] [stderr]   Downloaded fake v2.9.2
[INFO] [stderr]   Downloaded cargo-lock v4.0.1
[INFO] [stderr]   Downloaded slog-async v2.8.0
[INFO] [stderr]   Downloaded built v0.4.4
[INFO] [stderr]   Downloaded slog-stdlog v4.1.1
[INFO] [stderr]   Downloaded slugify v0.1.0
[INFO] [stderr]   Downloaded slog-term v2.9.0
[INFO] [stderr]   Downloaded unidecode v0.3.0
[INFO] [stderr]   Downloaded ghub v0.5.0
[INFO] [stderr]   Downloaded lezeh-common v0.1.0
[INFO] [stderr]   Downloaded phab-lib v0.3.1
[INFO] running `Command { std: "docker" "create" "-v" "/var/lib/crater-agent-workspace/builds/worker-3-tc1/target:/opt/rustwide/target:rw,Z" "-v" "/var/lib/crater-agent-workspace/builds/worker-3-tc1/source:/opt/rustwide/workdir:ro,Z" "-v" "/var/lib/crater-agent-workspace/cargo-home:/opt/rustwide/cargo-home:ro,Z" "-v" "/var/lib/crater-agent-workspace/rustup-home:/opt/rustwide/rustup-home:ro,Z" "-e" "SOURCE_DIR=/opt/rustwide/workdir" "-e" "CARGO_TARGET_DIR=/opt/rustwide/target" "-e" "CARGO_HOME=/opt/rustwide/cargo-home" "-e" "RUSTUP_HOME=/opt/rustwide/rustup-home" "-w" "/opt/rustwide/workdir" "-m" "1610612736" "--user" "0:0" "--network" "none" "ghcr.io/rust-lang/crates-build-env/linux@sha256:2788e3201cd34a07e3172128adcd8b3090168a8e3bcc40d7c032b9dda1df7d1c" "/opt/rustwide/cargo-home/bin/cargo" "+nightly-2024-02-05" "metadata" "--no-deps" "--format-version=1", kill_on_drop: false }`
[INFO] [stdout] 24a4afd7254f418d784c39837a841fb55cea76260a7fb79c799bc9a7df57f3c6
[INFO] running `Command { std: "docker" "start" "-a" "24a4afd7254f418d784c39837a841fb55cea76260a7fb79c799bc9a7df57f3c6", kill_on_drop: false }`
[INFO] running `Command { std: "docker" "inspect" "24a4afd7254f418d784c39837a841fb55cea76260a7fb79c799bc9a7df57f3c6", kill_on_drop: false }`
[INFO] running `Command { std: "docker" "rm" "-f" "24a4afd7254f418d784c39837a841fb55cea76260a7fb79c799bc9a7df57f3c6", kill_on_drop: false }`
[INFO] [stdout] 24a4afd7254f418d784c39837a841fb55cea76260a7fb79c799bc9a7df57f3c6
[INFO] running `Command { std: "docker" "create" "-v" "/var/lib/crater-agent-workspace/builds/worker-3-tc1/target:/opt/rustwide/target:rw,Z" "-v" "/var/lib/crater-agent-workspace/builds/worker-3-tc1/source:/opt/rustwide/workdir:ro,Z" "-v" "/var/lib/crater-agent-workspace/cargo-home:/opt/rustwide/cargo-home:ro,Z" "-v" "/var/lib/crater-agent-workspace/rustup-home:/opt/rustwide/rustup-home:ro,Z" "-e" "SOURCE_DIR=/opt/rustwide/workdir" "-e" "CARGO_TARGET_DIR=/opt/rustwide/target" "-e" "CARGO_INCREMENTAL=0" "-e" "RUST_BACKTRACE=full" "-e" "RUSTFLAGS=--cap-lints=forbid" "-e" "RUSTDOCFLAGS=--cap-lints=forbid" "-e" "CARGO_HOME=/opt/rustwide/cargo-home" "-e" "RUSTUP_HOME=/opt/rustwide/rustup-home" "-w" "/opt/rustwide/workdir" "-m" "1610612736" "--user" "0:0" "--network" "none" "ghcr.io/rust-lang/crates-build-env/linux@sha256:2788e3201cd34a07e3172128adcd8b3090168a8e3bcc40d7c032b9dda1df7d1c" "/opt/rustwide/cargo-home/bin/cargo" "+nightly-2024-02-05" "check" "--frozen" "--all" "--all-targets" "--message-format=json", kill_on_drop: false }`
[INFO] [stdout] 4fe88dab4df6af67b190a7217756b4531cda2db2712276155eaa566d3439a6ad
[INFO] running `Command { std: "docker" "start" "-a" "4fe88dab4df6af67b190a7217756b4531cda2db2712276155eaa566d3439a6ad", kill_on_drop: false }`
[INFO] [stderr]    Compiling libc v0.2.153
[INFO] [stderr]     Checking memchr v2.7.1
[INFO] [stderr]     Checking log v0.4.20
[INFO] [stderr]    Compiling pkg-config v0.3.29
[INFO] [stderr]    Compiling vcpkg v0.2.15
[INFO] [stderr]     Checking futures-channel v0.3.30
[INFO] [stderr]     Checking futures-io v0.3.30
[INFO] [stderr]    Compiling syn v2.0.48
[INFO] [stderr]    Compiling slog v2.7.0
[INFO] [stderr]    Compiling openssl v0.10.63
[INFO] [stderr]    Compiling tinyvec_macros v0.1.1
[INFO] [stderr]     Checking foreign-types-shared v0.1.1
[INFO] [stderr]     Checking bitflags v2.4.2
[INFO] [stderr]    Compiling native-tls v0.2.11
[INFO] [stderr]    Compiling fnv v1.0.7
[INFO] [stderr]    Compiling strsim v0.10.0
[INFO] [stderr]     Checking foreign-types v0.3.2
[INFO] [stderr]    Compiling tinyvec v1.6.0
[INFO] [stderr]    Compiling percent-encoding v2.3.1
[INFO] [stderr]    Compiling unicode-bidi v0.3.15
[INFO] [stderr]    Compiling time-core v0.1.2
[INFO] [stderr]     Checking serde v0.8.23
[INFO] [stderr]     Checking powerfmt v0.2.0
[INFO] [stderr]    Compiling form_urlencoded v1.2.1
[INFO] [stderr]    Compiling num-conv v0.1.0
[INFO] [stderr]     Checking linked-hash-map v0.5.6
[INFO] [stderr]    Compiling lexical-core v0.7.6
[INFO] [stderr]    Compiling anyhow v1.0.79
[INFO] [stderr]    Compiling nom v5.1.3
[INFO] [stderr]     Checking deranged v0.3.11
[INFO] [stderr]    Compiling time-macros v0.2.17
[INFO] [stderr]     Checking thread_local v1.1.7
[INFO] [stderr]     Checking yaml-rust v0.4.5
[INFO] [stderr]     Checking aho-corasick v1.1.2
[INFO] [stderr]    Compiling indexmap v1.9.3
[INFO] [stderr]     Checking arc-swap v1.6.0
[INFO] [stderr]     Checking num_threads v0.1.6
[INFO] [stderr]    Compiling syn v1.0.109
[INFO] [stderr]     Checking arrayvec v0.5.2
[INFO] [stderr]    Compiling slog-async v2.8.0
[INFO] [stderr]     Checking static_assertions v1.1.0
[INFO] [stderr]     Checking slog-scope v4.4.0
[INFO] [stderr]     Checking chrono v0.4.33
[INFO] [stderr]     Checking crossbeam-channel v0.5.11
[INFO] [stderr]     Checking num-traits v0.1.43
[INFO] [stderr]     Checking hashbrown v0.12.3
[INFO] [stderr]    Compiling unicode-normalization v0.1.22
[INFO] [stderr]     Checking termcolor v1.4.1
[INFO] [stderr]     Checking take_mut v0.2.2
[INFO] [stderr]     Checking slog-stdlog v4.1.1
[INFO] [stderr]    Compiling rust-embed-utils v5.1.0
[INFO] [stderr]     Checking unidecode v0.3.0
[INFO] [stderr]     Checking unicode-width v0.1.11
[INFO] [stderr]     Checking fixedbitset v0.4.2
[INFO] [stderr]     Checking either v1.9.0
[INFO] [stderr]     Checking rust-ini v0.13.0
[INFO] [stderr]     Checking petgraph v0.6.4
[INFO] [stderr]     Checking itertools v0.10.5
[INFO] [stderr]     Checking textwrap v0.11.0
[INFO] [stderr]     Checking regex-automata v0.4.5
[INFO] [stderr]    Compiling idna v0.5.0
[INFO] [stderr]     Checking slugify v0.1.0
[INFO] [stderr]     Checking serde_test v0.8.23
[INFO] [stderr]     Checking parking_lot_core v0.9.9
[INFO] [stderr]     Checking getrandom v0.2.12
[INFO] [stderr]     Checking mio v0.8.10
[INFO] [stderr]     Checking socket2 v0.5.5
[INFO] [stderr]     Checking signal-hook-registry v1.4.1
[INFO] [stderr]     Checking num_cpus v1.16.0
[INFO] [stderr]     Checking atty v0.2.14
[INFO] [stderr]    Compiling cc v1.0.83
[INFO] [stderr]     Checking parking_lot v0.12.1
[INFO] [stderr]     Checking dirs-sys-next v0.1.2
[INFO] [stderr]     Checking rand_core v0.6.4
[INFO] [stderr]     Checking linked-hash-map v0.3.0
[INFO] [stderr]    Compiling url v2.5.0
[INFO] [stderr]     Checking time v0.3.34
[INFO] [stderr]     Checking dirs-next v2.0.0
[INFO] [stderr]     Checking rand_chacha v0.3.1
[INFO] [stderr]     Checking clap v2.34.0
[INFO] [stderr]     Checking term v0.7.0
[INFO] [stderr]     Checking rand v0.8.5
[INFO] [stderr]    Compiling openssl-sys v0.9.99
[INFO] [stderr]    Compiling ring v0.17.7
[INFO] [stderr]     Checking slog-term v2.9.0
[INFO] [stderr]    Compiling rust-embed-impl v5.9.0
[INFO] [stderr]     Checking regex v1.10.3
[INFO] [stderr]     Checking serde-hjson v0.9.1
[INFO] [stderr]     Checking env_logger v0.7.1
[INFO] [stderr]     Checking slog-envlogger v2.2.0
[INFO] [stderr]    Compiling darling_core v0.20.5
[INFO] [stderr]     Checking rust-embed v5.9.0
[INFO] [stderr]    Compiling serde_derive v1.0.196
[INFO] [stderr]    Compiling tokio-macros v2.2.0
[INFO] [stderr]    Compiling thiserror-impl v1.0.56
[INFO] [stderr]    Compiling futures-macro v0.3.30
[INFO] [stderr]    Compiling openssl-macros v0.1.1
[INFO] [stderr]     Checking tokio v1.36.0
[INFO] [stderr]    Compiling rustls v0.21.10
[INFO] [stderr]    Compiling darling_macro v0.20.5
[INFO] [stderr]     Checking futures-util v0.3.30
[INFO] [stderr]    Compiling thiserror v1.0.56
[INFO] [stderr]    Compiling pest v2.7.7
[INFO] [stderr]    Compiling darling v0.20.5
[INFO] [stderr]    Compiling dummy v0.7.0
[INFO] [stderr]     Checking rustls-webpki v0.101.7
[INFO] [stderr]     Checking sct v0.7.1
[INFO] [stderr]    Compiling pest_meta v2.7.7
[INFO] [stderr]     Checking fake v2.9.2
[INFO] [stderr]     Checking serde v1.0.196
[INFO] [stderr]    Compiling pest_generator v2.7.7
[INFO] [stderr]     Checking futures-executor v0.3.30
[INFO] [stderr]     Checking futures v0.3.30
[INFO] [stderr]    Compiling pest_derive v2.7.7
[INFO] [stderr]     Checking tokio-util v0.7.10
[INFO] [stderr]     Checking tokio-rustls v0.24.1
[INFO] [stderr]     Checking tokio-native-tls v0.3.1
[INFO] [stderr]     Checking h2 v0.3.24
[INFO] [stderr]     Checking serde_json v1.0.113
[INFO] [stderr]     Checking serde_urlencoded v0.7.1
[INFO] [stderr]     Checking toml v0.5.11
[INFO] [stderr]     Checking serde_yaml v0.8.26
[INFO] [stderr]     Checking erased-serde v0.3.31
[INFO] [stderr]    Compiling semver v0.9.0
[INFO] [stderr]     Checking handlebars v4.5.0
[INFO] [stderr]     Checking config v0.10.1
[INFO] [stderr]    Compiling cargo-lock v4.0.1
[INFO] [stderr]    Compiling built v0.4.4
[INFO] [stderr]     Checking lezeh-common v0.1.0
[INFO] [stderr]     Checking hyper v0.14.28
[INFO] [stderr]    Compiling lezeh-deployment v0.0.6 (/opt/rustwide/workdir)
[INFO] [stderr]     Checking hyper-tls v0.5.0
[INFO] [stderr]     Checking hyper-rustls v0.24.2
[INFO] [stderr]     Checking reqwest v0.11.24
[INFO] [stderr]     Checking phab-lib v0.3.1
[INFO] [stderr]     Checking ghub v0.5.0
[INFO] [stdout] error[E0432]: unresolved import `fake`
[INFO] [stdout]    --> src/lib/client.rs:827:9
[INFO] [stdout]     |
[INFO] [stdout] 827 |     use fake::Fake;
[INFO] [stdout]     |         ^^^^ use of undeclared crate or module `fake`
[INFO] [stdout] 
[INFO] [stdout] 
[INFO] [stdout] error[E0432]: unresolved import `fake`
[INFO] [stdout]    --> src/lib/client.rs:828:9
[INFO] [stdout]     |
[INFO] [stdout] 828 |     use fake::Faker;
[INFO] [stdout]     |         ^^^^ use of undeclared crate or module `fake`
[INFO] [stdout] 
[INFO] [stdout] 
[INFO] [stdout] error[E0609]: no field `id` on type `&_`
[INFO] [stdout]    --> src/lib/client.rs:843:24
[INFO] [stdout]     |
[INFO] [stdout] 843 |           return (task.id.clone(), task.clone());
[INFO] [stdout]     |                        ^^ unknown field
[INFO] [stdout] 
[INFO] [stdout] 
[INFO] [stdout] error[E0609]: no field `phid` on type `&_`
[INFO] [stdout]    --> src/lib/client.rs:856:24
[INFO] [stdout]     |
[INFO] [stdout] 856 |           return (user.phid.clone(), user.clone());
[INFO] [stdout]     |                        ^^^^ unknown field
[INFO] [stdout] 
[INFO] [stdout] 
[INFO] [stdout] error: aborting due to 4 previous errors
[INFO] [stdout] 
[INFO] [stdout] 
[INFO] [stdout] Some errors have detailed explanations: E0432, E0609.
[INFO] [stdout] 
[INFO] [stdout] For more information about an error, try `rustc --explain E0432`.
[INFO] [stdout] 
[INFO] [stderr] error: could not compile `lezeh-deployment` (lib test) due to 5 previous errors
[INFO] [stderr] warning: build failed, waiting for other jobs to finish...
[INFO] running `Command { std: "docker" "inspect" "4fe88dab4df6af67b190a7217756b4531cda2db2712276155eaa566d3439a6ad", kill_on_drop: false }`
[INFO] running `Command { std: "docker" "rm" "-f" "4fe88dab4df6af67b190a7217756b4531cda2db2712276155eaa566d3439a6ad", kill_on_drop: false }`
[INFO] [stdout] 4fe88dab4df6af67b190a7217756b4531cda2db2712276155eaa566d3439a6ad
[INFO] checking lezeh-deployment-0.0.6 against nightly-2024-02-05+rustflags=-Dunexpected_cfgs+cargoflags=-Zcheck-cfg for check-cfg
[INFO] extracting crate lezeh-deployment 0.0.6 into /workspace/builds/worker-3-tc2/source
[INFO] validating manifest of crates.io crate lezeh-deployment 0.0.6 on toolchain nightly-2024-02-05
[INFO] running `Command { std: CARGO_HOME="/workspace/cargo-home" RUSTUP_HOME="/workspace/rustup-home" "/workspace/cargo-home/bin/cargo" "+nightly-2024-02-05" "metadata" "--manifest-path" "Cargo.toml" "--no-deps", kill_on_drop: false }`
[INFO] started tweaking crates.io crate lezeh-deployment 0.0.6
[INFO] finished tweaking crates.io crate lezeh-deployment 0.0.6
[INFO] tweaked toml for crates.io crate lezeh-deployment 0.0.6 written to /workspace/builds/worker-3-tc2/source/Cargo.toml
[INFO] running `Command { std: CARGO_HOME="/workspace/cargo-home" RUSTUP_HOME="/workspace/rustup-home" "/workspace/cargo-home/bin/cargo" "+nightly-2024-02-05" "generate-lockfile" "--manifest-path" "Cargo.toml", kill_on_drop: false }`
[INFO] [stderr]     Updating crates.io index
[INFO] running `Command { std: CARGO_HOME="/workspace/cargo-home" RUSTUP_HOME="/workspace/rustup-home" "/workspace/cargo-home/bin/cargo" "+nightly-2024-02-05" "fetch" "--manifest-path" "Cargo.toml", kill_on_drop: false }`
[INFO] running `Command { std: "docker" "create" "-v" "/var/lib/crater-agent-workspace/builds/worker-3-tc2/target:/opt/rustwide/target:rw,Z" "-v" "/var/lib/crater-agent-workspace/builds/worker-3-tc2/source:/opt/rustwide/workdir:ro,Z" "-v" "/var/lib/crater-agent-workspace/cargo-home:/opt/rustwide/cargo-home:ro,Z" "-v" "/var/lib/crater-agent-workspace/rustup-home:/opt/rustwide/rustup-home:ro,Z" "-e" "SOURCE_DIR=/opt/rustwide/workdir" "-e" "CARGO_TARGET_DIR=/opt/rustwide/target" "-e" "CARGO_HOME=/opt/rustwide/cargo-home" "-e" "RUSTUP_HOME=/opt/rustwide/rustup-home" "-w" "/opt/rustwide/workdir" "-m" "1610612736" "--user" "0:0" "--network" "none" "ghcr.io/rust-lang/crates-build-env/linux@sha256:2788e3201cd34a07e3172128adcd8b3090168a8e3bcc40d7c032b9dda1df7d1c" "/opt/rustwide/cargo-home/bin/cargo" "+nightly-2024-02-05" "metadata" "--no-deps" "--format-version=1", kill_on_drop: false }`
[INFO] [stdout] f581ab2be9a23bc0cff8e5a84fa2d775cd172a4ed1a98828f0ca01c25a5eb663
[INFO] running `Command { std: "docker" "start" "-a" "f581ab2be9a23bc0cff8e5a84fa2d775cd172a4ed1a98828f0ca01c25a5eb663", kill_on_drop: false }`
[INFO] running `Command { std: "docker" "inspect" "f581ab2be9a23bc0cff8e5a84fa2d775cd172a4ed1a98828f0ca01c25a5eb663", kill_on_drop: false }`
[INFO] running `Command { std: "docker" "rm" "-f" "f581ab2be9a23bc0cff8e5a84fa2d775cd172a4ed1a98828f0ca01c25a5eb663", kill_on_drop: false }`
[INFO] [stdout] f581ab2be9a23bc0cff8e5a84fa2d775cd172a4ed1a98828f0ca01c25a5eb663
[INFO] running `Command { std: "docker" "create" "-v" "/var/lib/crater-agent-workspace/builds/worker-3-tc2/target:/opt/rustwide/target:rw,Z" "-v" "/var/lib/crater-agent-workspace/builds/worker-3-tc2/source:/opt/rustwide/workdir:ro,Z" "-v" "/var/lib/crater-agent-workspace/cargo-home:/opt/rustwide/cargo-home:ro,Z" "-v" "/var/lib/crater-agent-workspace/rustup-home:/opt/rustwide/rustup-home:ro,Z" "-e" "SOURCE_DIR=/opt/rustwide/workdir" "-e" "CARGO_TARGET_DIR=/opt/rustwide/target" "-e" "CARGO_INCREMENTAL=0" "-e" "RUST_BACKTRACE=full" "-e" "RUSTFLAGS=--cap-lints=forbid -Dunexpected_cfgs" "-e" "RUSTDOCFLAGS=--cap-lints=forbid" "-e" "CARGO_HOME=/opt/rustwide/cargo-home" "-e" "RUSTUP_HOME=/opt/rustwide/rustup-home" "-w" "/opt/rustwide/workdir" "-m" "1610612736" "--user" "0:0" "--network" "none" "ghcr.io/rust-lang/crates-build-env/linux@sha256:2788e3201cd34a07e3172128adcd8b3090168a8e3bcc40d7c032b9dda1df7d1c" "/opt/rustwide/cargo-home/bin/cargo" "+nightly-2024-02-05" "check" "--frozen" "--all" "--all-targets" "--message-format=json" "-Zcheck-cfg", kill_on_drop: false }`
[INFO] [stdout] 3259b971bf48e1812fe3d0abc4759160958835daf6372b5556a05b6cdcd40348
[INFO] running `Command { std: "docker" "start" "-a" "3259b971bf48e1812fe3d0abc4759160958835daf6372b5556a05b6cdcd40348", kill_on_drop: false }`
[INFO] [stderr]    Compiling libc v0.2.153
[INFO] [stderr]     Checking memchr v2.7.1
[INFO] [stderr]     Checking log v0.4.20
[INFO] [stderr]    Compiling pkg-config v0.3.29
[INFO] [stderr]    Compiling vcpkg v0.2.15
[INFO] [stderr]     Checking futures-channel v0.3.30
[INFO] [stderr]     Checking futures-io v0.3.30
[INFO] [stderr]    Compiling syn v2.0.48
[INFO] [stderr]    Compiling openssl v0.10.63
[INFO] [stderr]     Checking foreign-types-shared v0.1.1
[INFO] [stderr]    Compiling slog v2.7.0
[INFO] [stderr]    Compiling tinyvec_macros v0.1.1
[INFO] [stderr]     Checking bitflags v2.4.2
[INFO] [stderr]    Compiling native-tls v0.2.11
[INFO] [stderr]    Compiling unicode-bidi v0.3.15
[INFO] [stderr]     Checking foreign-types v0.3.2
[INFO] [stderr]    Compiling tinyvec v1.6.0
[INFO] [stderr]    Compiling strsim v0.10.0
[INFO] [stderr]    Compiling fnv v1.0.7
[INFO] [stderr]    Compiling percent-encoding v2.3.1
[INFO] [stderr]     Checking powerfmt v0.2.0
[INFO] [stderr]     Checking serde v0.8.23
[INFO] [stderr]    Compiling lexical-core v0.7.6
[INFO] [stderr]    Compiling form_urlencoded v1.2.1
[INFO] [stderr]     Checking linked-hash-map v0.5.6
[INFO] [stderr]    Compiling num-conv v0.1.0
[INFO] [stderr]    Compiling time-core v0.1.2
[INFO] [stderr]    Compiling anyhow v1.0.79
[INFO] [stderr]    Compiling nom v5.1.3
[INFO] [stderr]    Compiling time-macros v0.2.17
[INFO] [stderr]     Checking yaml-rust v0.4.5
[INFO] [stderr]     Checking deranged v0.3.11
[INFO] [stderr]     Checking thread_local v1.1.7
[INFO] [stderr]     Checking aho-corasick v1.1.2
[INFO] [stderr]    Compiling indexmap v1.9.3
[INFO] [stderr]    Compiling slog-async v2.8.0
[INFO] [stderr]     Checking arrayvec v0.5.2
[INFO] [stderr]     Checking num_threads v0.1.6
[INFO] [stderr]    Compiling syn v1.0.109
[INFO] [stderr]     Checking arc-swap v1.6.0
[INFO] [stderr]     Checking static_assertions v1.1.0
[INFO] [stderr]     Checking chrono v0.4.33
[INFO] [stderr]     Checking crossbeam-channel v0.5.11
[INFO] [stderr]     Checking num-traits v0.1.43
[INFO] [stderr]     Checking termcolor v1.4.1
[INFO] [stderr]    Compiling unicode-normalization v0.1.22
[INFO] [stderr]     Checking slog-scope v4.4.0
[INFO] [stderr]     Checking hashbrown v0.12.3
[INFO] [stderr]     Checking take_mut v0.2.2
[INFO] [stderr]     Checking slog-stdlog v4.1.1
[INFO] [stderr]    Compiling rust-embed-utils v5.1.0
[INFO] [stderr]     Checking unicode-width v0.1.11
[INFO] [stderr]     Checking unidecode v0.3.0
[INFO] [stderr]     Checking either v1.9.0
[INFO] [stderr]     Checking rust-ini v0.13.0
[INFO] [stderr]     Checking fixedbitset v0.4.2
[INFO] [stderr]     Checking itertools v0.10.5
[INFO] [stderr]     Checking textwrap v0.11.0
[INFO] [stderr]     Checking regex-automata v0.4.5
[INFO] [stderr]     Checking petgraph v0.6.4
[INFO] [stderr]    Compiling idna v0.5.0
[INFO] [stderr]     Checking slugify v0.1.0
[INFO] [stderr]     Checking serde_test v0.8.23
[INFO] [stderr]     Checking getrandom v0.2.12
[INFO] [stderr]     Checking parking_lot_core v0.9.9
[INFO] [stderr]     Checking mio v0.8.10
[INFO] [stderr]     Checking signal-hook-registry v1.4.1
[INFO] [stderr]    Compiling cc v1.0.83
[INFO] [stderr]     Checking socket2 v0.5.5
[INFO] [stderr]     Checking num_cpus v1.16.0
[INFO] [stderr]     Checking parking_lot v0.12.1
[INFO] [stderr]     Checking atty v0.2.14
[INFO] [stderr]     Checking dirs-sys-next v0.1.2
[INFO] [stderr]    Compiling url v2.5.0
[INFO] [stderr]     Checking rand_core v0.6.4
[INFO] [stderr]     Checking time v0.3.34
[INFO] [stderr]     Checking dirs-next v2.0.0
[INFO] [stderr]     Checking linked-hash-map v0.3.0
[INFO] [stderr]     Checking term v0.7.0
[INFO] [stderr]     Checking clap v2.34.0
[INFO] [stderr]     Checking rand_chacha v0.3.1
[INFO] [stderr]     Checking rand v0.8.5
[INFO] [stderr]    Compiling ring v0.17.7
[INFO] [stderr]    Compiling openssl-sys v0.9.99
[INFO] [stderr]     Checking slog-term v2.9.0
[INFO] [stderr]    Compiling rust-embed-impl v5.9.0
[INFO] [stderr]    Compiling darling_core v0.20.5
[INFO] [stderr]     Checking regex v1.10.3
[INFO] [stderr]     Checking rust-embed v5.9.0
[INFO] [stderr]     Checking env_logger v0.7.1
[INFO] [stderr]     Checking serde-hjson v0.9.1
[INFO] [stderr]     Checking slog-envlogger v2.2.0
[INFO] [stderr]    Compiling serde_derive v1.0.196
[INFO] [stderr]    Compiling tokio-macros v2.2.0
[INFO] [stderr]    Compiling thiserror-impl v1.0.56
[INFO] [stderr]    Compiling futures-macro v0.3.30
[INFO] [stderr]    Compiling openssl-macros v0.1.1
[INFO] [stderr]     Checking tokio v1.36.0
[INFO] [stderr]     Checking futures-util v0.3.30
[INFO] [stderr]    Compiling darling_macro v0.20.5
[INFO] [stderr]    Compiling thiserror v1.0.56
[INFO] [stderr]    Compiling pest v2.7.7
[INFO] [stderr]    Compiling rustls v0.21.10
[INFO] [stderr]    Compiling darling v0.20.5
[INFO] [stderr]    Compiling dummy v0.7.0
[INFO] [stderr]    Compiling pest_meta v2.7.7
[INFO] [stderr]     Checking sct v0.7.1
[INFO] [stderr]     Checking rustls-webpki v0.101.7
[INFO] [stderr]     Checking fake v2.9.2
[INFO] [stderr]    Compiling pest_generator v2.7.7
[INFO] [stderr]     Checking serde v1.0.196
[INFO] [stderr]     Checking futures-executor v0.3.30
[INFO] [stderr]     Checking futures v0.3.30
[INFO] [stderr]    Compiling pest_derive v2.7.7
[INFO] [stderr]     Checking tokio-util v0.7.10
[INFO] [stderr]     Checking tokio-native-tls v0.3.1
[INFO] [stderr]     Checking tokio-rustls v0.24.1
[INFO] [stderr]     Checking h2 v0.3.24
[INFO] [stderr]     Checking serde_json v1.0.113
[INFO] [stderr]     Checking serde_urlencoded v0.7.1
[INFO] [stderr]     Checking toml v0.5.11
[INFO] [stderr]     Checking serde_yaml v0.8.26
[INFO] [stderr]     Checking erased-serde v0.3.31
[INFO] [stderr]    Compiling semver v0.9.0
[INFO] [stderr]     Checking handlebars v4.5.0
[INFO] [stderr]     Checking config v0.10.1
[INFO] [stderr]    Compiling cargo-lock v4.0.1
[INFO] [stderr]     Checking lezeh-common v0.1.0
[INFO] [stderr]     Checking hyper v0.14.28
[INFO] [stderr]    Compiling built v0.4.4
[INFO] [stderr]    Compiling lezeh-deployment v0.0.6 (/opt/rustwide/workdir)
[INFO] [stderr]     Checking hyper-tls v0.5.0
[INFO] [stderr]     Checking hyper-rustls v0.24.2
[INFO] [stderr]     Checking reqwest v0.11.24
[INFO] [stderr]     Checking ghub v0.5.0
[INFO] [stderr]     Checking phab-lib v0.3.1
[INFO] [stdout] error[E0432]: unresolved import `fake`
[INFO] [stdout]    --> src/lib/client.rs:827:9
[INFO] [stdout]     |
[INFO] [stdout] 827 |     use fake::Fake;
[INFO] [stdout]     |         ^^^^ use of undeclared crate or module `fake`
[INFO] [stdout] 
[INFO] [stdout] 
[INFO] [stdout] error[E0432]: unresolved import `fake`
[INFO] [stdout]    --> src/lib/client.rs:828:9
[INFO] [stdout]     |
[INFO] [stdout] 828 |     use fake::Faker;
[INFO] [stdout]     |         ^^^^ use of undeclared crate or module `fake`
[INFO] [stdout] 
[INFO] [stdout] 
[INFO] [stdout] error[E0609]: no field `id` on type `&_`
[INFO] [stdout]    --> src/lib/client.rs:843:24
[INFO] [stdout]     |
[INFO] [stdout] 843 |           return (task.id.clone(), task.clone());
[INFO] [stdout]     |                        ^^ unknown field
[INFO] [stdout] 
[INFO] [stdout] 
[INFO] [stdout] error[E0609]: no field `phid` on type `&_`
[INFO] [stdout]    --> src/lib/client.rs:856:24
[INFO] [stdout]     |
[INFO] [stdout] 856 |           return (user.phid.clone(), user.clone());
[INFO] [stdout]     |                        ^^^^ unknown field
[INFO] [stdout] 
[INFO] [stdout] 
[INFO] [stdout] error: aborting due to 4 previous errors
[INFO] [stdout] 
[INFO] [stdout] 
[INFO] [stdout] Some errors have detailed explanations: E0432, E0609.
[INFO] [stdout] 
[INFO] [stdout] For more information about an error, try `rustc --explain E0432`.
[INFO] [stdout] 
[INFO] [stderr] error: could not compile `lezeh-deployment` (lib test) due to 5 previous errors
[INFO] [stderr] warning: build failed, waiting for other jobs to finish...
[INFO] running `Command { std: "docker" "inspect" "3259b971bf48e1812fe3d0abc4759160958835daf6372b5556a05b6cdcd40348", kill_on_drop: false }`
[INFO] running `Command { std: "docker" "rm" "-f" "3259b971bf48e1812fe3d0abc4759160958835daf6372b5556a05b6cdcd40348", kill_on_drop: false }`
[INFO] [stdout] 3259b971bf48e1812fe3d0abc4759160958835daf6372b5556a05b6cdcd40348
