[INFO] fetching crate leptos_image 0.1.5...
[INFO] checking leptos_image-0.1.5 against nightly-2024-02-05 for check-cfg
[INFO] extracting crate leptos_image 0.1.5 into /workspace/builds/worker-7-tc1/source
[INFO] validating manifest of crates.io crate leptos_image 0.1.5 on toolchain nightly-2024-02-05
[INFO] running `Command { std: CARGO_HOME="/workspace/cargo-home" RUSTUP_HOME="/workspace/rustup-home" "/workspace/cargo-home/bin/cargo" "+nightly-2024-02-05" "metadata" "--manifest-path" "Cargo.toml" "--no-deps", kill_on_drop: false }`
[INFO] started tweaking crates.io crate leptos_image 0.1.5
[INFO] finished tweaking crates.io crate leptos_image 0.1.5
[INFO] tweaked toml for crates.io crate leptos_image 0.1.5 written to /workspace/builds/worker-7-tc1/source/Cargo.toml
[INFO] running `Command { std: CARGO_HOME="/workspace/cargo-home" RUSTUP_HOME="/workspace/rustup-home" "/workspace/cargo-home/bin/cargo" "+nightly-2024-02-05" "generate-lockfile" "--manifest-path" "Cargo.toml", kill_on_drop: false }`
[INFO] [stderr]     Updating crates.io index
[INFO] running `Command { std: CARGO_HOME="/workspace/cargo-home" RUSTUP_HOME="/workspace/rustup-home" "/workspace/cargo-home/bin/cargo" "+nightly-2024-02-05" "fetch" "--manifest-path" "Cargo.toml", kill_on_drop: false }`
[INFO] [stderr]  Downloading crates ...
[INFO] [stderr]   Downloaded linear-map v1.2.0
[INFO] [stderr]   Downloaded pad-adapter v0.1.1
[INFO] [stderr]   Downloaded educe v0.4.23
[INFO] [stderr]   Downloaded typed-builder v0.14.0
[INFO] [stderr]   Downloaded derive-where v1.2.7
[INFO] [stderr]   Downloaded cached_proc_macro_types v0.1.1
[INFO] [stderr]   Downloaded cached_proc_macro v0.17.0
[INFO] [stderr]   Downloaded cached v0.44.0
[INFO] [stderr]   Downloaded inventory v0.3.15
[INFO] [stderr]   Downloaded common_macros v0.1.1
[INFO] [stderr]   Downloaded drain_filter_polyfill v0.1.3
[INFO] [stderr]   Downloaded enum-ordinalize v3.1.15
[INFO] [stderr]   Downloaded leptos_config v0.4.10
[INFO] [stderr]   Downloaded server_fn_macro v0.4.10
[INFO] [stderr]   Downloaded leptos_meta v0.4.10
[INFO] [stderr]   Downloaded leptos_server v0.4.10
[INFO] [stderr]   Downloaded server_fn_macro_default v0.4.10
[INFO] [stderr]   Downloaded server_fn v0.4.10
[INFO] [stderr]   Downloaded leptos v0.4.10
[INFO] [stderr]   Downloaded leptos_reactive v0.4.10
[INFO] [stderr]   Downloaded leptos_macro v0.4.10
[INFO] [stderr]   Downloaded leptos_dom v0.4.10
[INFO] [stderr]   Downloaded leptos_router v0.4.10
[INFO] [stderr]   Downloaded leptos_hot_reload v0.4.10
[INFO] running `Command { std: "docker" "create" "-v" "/var/lib/crater-agent-workspace/builds/worker-7-tc1/target:/opt/rustwide/target:rw,Z" "-v" "/var/lib/crater-agent-workspace/builds/worker-7-tc1/source:/opt/rustwide/workdir:ro,Z" "-v" "/var/lib/crater-agent-workspace/cargo-home:/opt/rustwide/cargo-home:ro,Z" "-v" "/var/lib/crater-agent-workspace/rustup-home:/opt/rustwide/rustup-home:ro,Z" "-e" "SOURCE_DIR=/opt/rustwide/workdir" "-e" "CARGO_TARGET_DIR=/opt/rustwide/target" "-e" "CARGO_HOME=/opt/rustwide/cargo-home" "-e" "RUSTUP_HOME=/opt/rustwide/rustup-home" "-w" "/opt/rustwide/workdir" "-m" "1610612736" "--user" "0:0" "--network" "none" "ghcr.io/rust-lang/crates-build-env/linux@sha256:2788e3201cd34a07e3172128adcd8b3090168a8e3bcc40d7c032b9dda1df7d1c" "/opt/rustwide/cargo-home/bin/cargo" "+nightly-2024-02-05" "metadata" "--no-deps" "--format-version=1", kill_on_drop: false }`
[INFO] [stdout] 60d20efaf5298d2ead61e630be36ff1d8c59db3206ded468883ed1127c80639c
[INFO] running `Command { std: "docker" "start" "-a" "60d20efaf5298d2ead61e630be36ff1d8c59db3206ded468883ed1127c80639c", kill_on_drop: false }`
[INFO] running `Command { std: "docker" "inspect" "60d20efaf5298d2ead61e630be36ff1d8c59db3206ded468883ed1127c80639c", kill_on_drop: false }`
[INFO] running `Command { std: "docker" "rm" "-f" "60d20efaf5298d2ead61e630be36ff1d8c59db3206ded468883ed1127c80639c", kill_on_drop: false }`
[INFO] [stdout] 60d20efaf5298d2ead61e630be36ff1d8c59db3206ded468883ed1127c80639c
[INFO] running `Command { std: "docker" "create" "-v" "/var/lib/crater-agent-workspace/builds/worker-7-tc1/target:/opt/rustwide/target:rw,Z" "-v" "/var/lib/crater-agent-workspace/builds/worker-7-tc1/source:/opt/rustwide/workdir:ro,Z" "-v" "/var/lib/crater-agent-workspace/cargo-home:/opt/rustwide/cargo-home:ro,Z" "-v" "/var/lib/crater-agent-workspace/rustup-home:/opt/rustwide/rustup-home:ro,Z" "-e" "SOURCE_DIR=/opt/rustwide/workdir" "-e" "CARGO_TARGET_DIR=/opt/rustwide/target" "-e" "CARGO_INCREMENTAL=0" "-e" "RUST_BACKTRACE=full" "-e" "RUSTFLAGS=--cap-lints=forbid" "-e" "RUSTDOCFLAGS=--cap-lints=forbid" "-e" "CARGO_HOME=/opt/rustwide/cargo-home" "-e" "RUSTUP_HOME=/opt/rustwide/rustup-home" "-w" "/opt/rustwide/workdir" "-m" "1610612736" "--user" "0:0" "--network" "none" "ghcr.io/rust-lang/crates-build-env/linux@sha256:2788e3201cd34a07e3172128adcd8b3090168a8e3bcc40d7c032b9dda1df7d1c" "/opt/rustwide/cargo-home/bin/cargo" "+nightly-2024-02-05" "check" "--frozen" "--all" "--all-targets" "--message-format=json", kill_on_drop: false }`
[INFO] [stdout] 63f40451ff4ebb1da92b2e8897157a283864a7bd8bee2f9821e5b2cd56290252
[INFO] running `Command { std: "docker" "start" "-a" "63f40451ff4ebb1da92b2e8897157a283864a7bd8bee2f9821e5b2cd56290252", kill_on_drop: false }`
[INFO] [stderr]    Compiling proc-macro2 v1.0.78
[INFO] [stderr]    Compiling wasm-bindgen-shared v0.2.87
[INFO] [stderr]    Compiling syn v1.0.109
[INFO] [stderr]    Compiling wasm-bindgen v0.2.87
[INFO] [stderr]     Checking futures-channel v0.3.30
[INFO] [stderr]    Compiling unicode-xid v0.2.4
[INFO] [stderr]    Compiling smallvec v1.13.1
[INFO] [stderr]     Checking hashbrown v0.14.3
[INFO] [stderr]     Checking tokio v1.36.0
[INFO] [stderr]    Compiling ucd-trie v0.1.6
[INFO] [stderr]    Compiling memchr v2.7.1
[INFO] [stderr]    Compiling num-traits v0.2.17
[INFO] [stderr]     Checking getrandom v0.2.12
[INFO] [stderr]    Compiling proc-macro2-diagnostics v0.10.1
[INFO] [stderr]    Compiling xxhash-rust v0.8.8
[INFO] [stderr]    Compiling parking_lot_core v0.9.9
[INFO] [stderr]    Compiling num-integer v0.1.45
[INFO] [stderr]    Compiling lock_api v0.4.11
[INFO] [stderr]     Checking http-body v0.4.6
[INFO] [stderr]    Compiling slotmap v1.0.7
[INFO] [stderr]     Checking half v2.3.1
[INFO] [stderr]     Checking httpdate v1.0.3
[INFO] [stderr]    Compiling camino v1.1.6
[INFO] [stderr]    Compiling yansi v1.0.0-rc.1
[INFO] [stderr]     Checking ciborium-io v0.2.2
[INFO] [stderr]    Compiling anyhow v1.0.79
[INFO] [stderr]    Compiling num-bigint v0.4.4
[INFO] [stderr]     Checking ciborium-ll v0.2.2
[INFO] [stderr]     Checking ahash v0.7.7
[INFO] [stderr]     Checking url v2.5.0
[INFO] [stderr]    Compiling prettyplease v0.2.16
[INFO] [stderr]    Compiling same-file v1.0.6
[INFO] [stderr]    Compiling collection_literals v1.0.1
[INFO] [stderr]     Checking dlv-list v0.3.0
[INFO] [stderr]     Checking sync_wrapper v0.1.2
[INFO] [stderr]     Checking hashbrown v0.12.3
[INFO] [stderr]    Compiling equivalent v1.0.1
[INFO] [stderr]    Compiling interpolator v0.5.0
[INFO] [stderr]    Compiling walkdir v2.4.0
[INFO] [stderr]     Checking indexmap v2.2.2
[INFO] [stderr]     Checking syn v2.0.48
[INFO] [stderr]    Compiling tracing-core v0.1.32
[INFO] [stderr]    Compiling parking_lot v0.12.1
[INFO] [stderr]     Checking minimal-lexical v0.2.1
[INFO] [stderr]     Checking self_cell v1.0.3
[INFO] [stderr]    Compiling quote v1.0.35
[INFO] [stderr]     Checking rustc-hash v1.1.0
[INFO] [stderr]     Checking ordered-multimap v0.4.3
[INFO] [stderr]     Checking linked-hash-map v0.5.6
[INFO] [stderr]    Compiling either v1.9.0
[INFO] [stderr]    Compiling utf8-width v0.1.7
[INFO] [stderr]    Compiling proc-macro-utils v0.8.0
[INFO] [stderr]    Compiling html-escape v0.2.13
[INFO] [stderr]     Checking yaml-rust v0.4.5
[INFO] [stderr]     Checking nom v7.1.3
[INFO] [stderr]    Compiling convert_case v0.6.0
[INFO] [stderr]    Compiling itertools v0.10.5
[INFO] [stderr]    Compiling uuid v1.7.0
[INFO] [stderr]     Checking rust-ini v0.18.0
[INFO] [stderr]     Checking pathdiff v0.2.1
[INFO] [stderr]    Compiling proc-macro-error-attr v1.0.4
[INFO] [stderr]    Compiling const_format_proc_macros v0.2.32
[INFO] [stderr]     Checking inventory v0.3.15
[INFO] [stderr]     Checking pad-adapter v0.1.1
[INFO] [stderr]     Checking drain_filter_polyfill v0.1.3
[INFO] [stderr]     Checking common_macros v0.1.1
[INFO] [stderr]    Compiling const_format v0.2.32
[INFO] [stderr]    Compiling proc-macro-error v1.0.4
[INFO] [stderr]    Compiling wasm-bindgen-backend v0.2.87
[INFO] [stderr]    Compiling typed-builder v0.14.0
[INFO] [stderr]    Compiling serde_derive v1.0.196
[INFO] [stderr]    Compiling thiserror-impl v1.0.56
[INFO] [stderr]    Compiling tracing-attributes v0.1.27
[INFO] [stderr]    Compiling futures-macro v0.3.30
[INFO] [stderr]    Compiling derive-where v1.2.7
[INFO] [stderr]    Compiling syn_derive v0.1.8
[INFO] [stderr]    Compiling async-trait v0.1.77
[INFO] [stderr]    Compiling enum-ordinalize v3.1.15
[INFO] [stderr]    Compiling async-recursion v1.0.5
[INFO] [stderr]    Compiling pin-project-internal v1.1.4
[INFO] [stderr]    Compiling wasm-bindgen-macro-support v0.2.87
[INFO] [stderr]    Compiling educe v0.4.23
[INFO] [stderr]    Compiling wasm-bindgen-macro v0.2.87
[INFO] [stderr]     Checking futures-util v0.3.30
[INFO] [stderr]     Checking pin-project v1.1.4
[INFO] [stderr]    Compiling thiserror v1.0.56
[INFO] [stderr]     Checking tracing v0.1.40
[INFO] [stderr]    Compiling pest v2.7.7
[INFO] [stderr]    Compiling rstml v0.11.2
[INFO] [stderr]    Compiling quote-use-macros v0.7.2
[INFO] [stderr]     Checking tokio-util v0.7.10
[INFO] [stderr]    Compiling quote-use v0.7.2
[INFO] [stderr]    Compiling attribute-derive-macro v0.6.1
[INFO] [stderr]     Checking js-sys v0.3.64
[INFO] [stderr]    Compiling pest_meta v2.7.7
[INFO] [stderr]     Checking serde v1.0.196
[INFO] [stderr]    Compiling pest_generator v2.7.7
[INFO] [stderr]    Compiling attribute-derive v0.6.1
[INFO] [stderr]     Checking h2 v0.3.24
[INFO] [stderr]     Checking futures-executor v0.3.30
[INFO] [stderr]    Compiling pest_derive v2.7.7
[INFO] [stderr]     Checking futures v0.3.30
[INFO] [stderr]     Checking web-sys v0.3.64
[INFO] [stderr]     Checking wasm-bindgen-futures v0.4.37
[INFO] [stderr]     Checking serde_json v1.0.113
[INFO] [stderr]     Checking serde_urlencoded v0.7.1
[INFO] [stderr]     Checking ciborium v0.2.2
[INFO] [stderr]     Checking serde-wasm-bindgen v0.5.0
[INFO] [stderr]     Checking serde_qs v0.12.0
[INFO] [stderr]     Checking ron v0.7.1
[INFO] [stderr]     Checking toml v0.5.11
[INFO] [stderr]     Checking json5 v0.4.1
[INFO] [stderr]     Checking serde_test v1.0.176
[INFO] [stderr]    Compiling server_fn_macro v0.4.10
[INFO] [stderr]    Compiling leptos_hot_reload v0.4.10
[INFO] [stderr]     Checking linear-map v1.2.0
[INFO] [stderr]    Compiling server_fn_macro_default v0.4.10
[INFO] [stderr]     Checking hyper v0.14.28
[INFO] [stderr]     Checking leptos_reactive v0.4.10
[INFO] [stderr]     Checking config v0.13.4
[INFO] [stderr]    Compiling leptos_macro v0.4.10
[INFO] [stderr]     Checking leptos_config v0.4.10
[INFO] [stderr]     Checking reqwest v0.11.24
[INFO] [stderr]     Checking server_fn v0.4.10
[INFO] [stderr]     Checking leptos_server v0.4.10
[INFO] [stderr]     Checking leptos_dom v0.4.10
[INFO] [stderr]     Checking gloo-utils v0.1.7
[INFO] [stderr]     Checking gloo-net v0.2.6
[INFO] [stderr]     Checking leptos v0.4.10
[INFO] [stderr]     Checking leptos_router v0.4.10
[INFO] [stderr]     Checking leptos_meta v0.4.10
[INFO] [stderr]     Checking leptos_image v0.1.5 (/opt/rustwide/workdir)
[INFO] [stdout] warning: field `0` is never read
[INFO] [stdout]   --> src/introspect.rs:47:42
[INFO] [stdout]    |
[INFO] [stdout] 47 | pub(crate) struct IntrospectImageContext(pub(crate) Rc<RefCell<Vec<CachedImage>>>);
[INFO] [stdout]    |                   ---------------------- ^^^^^^^^^^^^^^^^^^^^^^^^^^^^^^^^^^^^^^^^
[INFO] [stdout]    |                   |
[INFO] [stdout]    |                   field in this struct
[INFO] [stdout]    |
[INFO] [stdout]    = note: `IntrospectImageContext` has derived impls for the traits `Debug` and `Clone`, but these are intentionally ignored during dead code analysis
[INFO] [stdout]    = note: `#[warn(dead_code)]` on by default
[INFO] [stdout] help: consider changing the field to be of unit type to suppress this warning while preserving the field numbering, or remove the field
[INFO] [stdout]    |
[INFO] [stdout] 47 | pub(crate) struct IntrospectImageContext(());
[INFO] [stdout]    |                                          ~~
[INFO] [stdout] 
[INFO] [stdout] 
[INFO] [stdout] error[E0599]: no function or associated item named `from_url_encoded` found for struct `optimizer::CachedImage` in the current scope
[INFO] [stdout]    --> src/optimizer.rs:274:49
[INFO] [stdout]     |
[INFO] [stdout] 8   | pub struct CachedImage {
[INFO] [stdout]     | ---------------------- function or associated item `from_url_encoded` not found for this struct
[INFO] [stdout] ...
[INFO] [stdout] 274 |         let decoded: CachedImage = CachedImage::from_url_encoded(&encoded).unwrap();
[INFO] [stdout]     |                                                 ^^^^^^^^^^^^^^^^
[INFO] [stdout]     |                                                 |
[INFO] [stdout]     |                                                 function or associated item not found in `CachedImage`
[INFO] [stdout]     |                                                 help: there is a method with a similar name: `get_url_encoded`
[INFO] [stdout] 
[INFO] [stdout] 
[INFO] [stdout] warning: 1 warning emitted
[INFO] [stdout] 
[INFO] [stdout] 
[INFO] [stdout] error[E0599]: no method named `get_file_path` found for struct `optimizer::CachedImage` in the current scope
[INFO] [stdout]    --> src/optimizer.rs:295:30
[INFO] [stdout]     |
[INFO] [stdout] 8   | pub struct CachedImage {
[INFO] [stdout]     | ---------------------- method `get_file_path` not found for this struct
[INFO] [stdout] ...
[INFO] [stdout] 295 |         let file_path = spec.get_file_path();
[INFO] [stdout]     |                              ^^^^^^^^^^^^^ method not found in `CachedImage`
[INFO] [stdout] 
[INFO] [stdout] 
[INFO] [stdout] error[E0599]: no method named `get_file_path` found for struct `optimizer::CachedImage` in the current scope
[INFO] [stdout]    --> src/optimizer.rs:297:19
[INFO] [stdout]     |
[INFO] [stdout] 8   | pub struct CachedImage {
[INFO] [stdout]     | ---------------------- method `get_file_path` not found for this struct
[INFO] [stdout] ...
[INFO] [stdout] 297 |         dbg!(spec.get_file_path());
[INFO] [stdout]     |                   ^^^^^^^^^^^^^ method not found in `CachedImage`
[INFO] [stdout] 
[INFO] [stdout] 
[INFO] [stdout] error[E0599]: no function or associated item named `from_file_path` found for struct `optimizer::CachedImage` in the current scope
[INFO] [stdout]    --> src/optimizer.rs:299:35
[INFO] [stdout]     |
[INFO] [stdout] 8   | pub struct CachedImage {
[INFO] [stdout]     | ---------------------- function or associated item `from_file_path` not found for this struct
[INFO] [stdout] ...
[INFO] [stdout] 299 |         let result = CachedImage::from_file_path(&file_path).unwrap();
[INFO] [stdout]     |                                   ^^^^^^^^^^^^^^ function or associated item not found in `CachedImage`
[INFO] [stdout] 
[INFO] [stdout] 
[INFO] [stdout] error[E0425]: cannot find function `create_image_blur` in this scope
[INFO] [stdout]    --> src/optimizer.rs:306:22
[INFO] [stdout]     |
[INFO] [stdout] 306 |         let result = create_image_blur(
[INFO] [stdout]     |                      ^^^^^^^^^^^^^^^^^ not found in this scope
[INFO] [stdout] 
[INFO] [stdout] 
[INFO] [stdout] error[E0599]: no method named `get_file_path` found for struct `optimizer::CachedImage` in the current scope
[INFO] [stdout]    --> src/optimizer.rs:333:30
[INFO] [stdout]     |
[INFO] [stdout] 8   | pub struct CachedImage {
[INFO] [stdout]     | ---------------------- method `get_file_path` not found for this struct
[INFO] [stdout] ...
[INFO] [stdout] 333 |         let file_path = spec.get_file_path();
[INFO] [stdout]     |                              ^^^^^^^^^^^^^ method not found in `CachedImage`
[INFO] [stdout] 
[INFO] [stdout] 
[INFO] [stdout] error[E0425]: cannot find function `create_optimized_image` in this scope
[INFO] [stdout]    --> src/optimizer.rs:335:22
[INFO] [stdout]     |
[INFO] [stdout] 335 |         let result = create_optimized_image(spec.option, TEST_IMAGE.to_string(), file_path.clone());
[INFO] [stdout]     |                      ^^^^^^^^^^^^^^^^^^^^^^ help: a function with a similar name exists: `create_opt_image`
[INFO] [stdout] ...
[INFO] [stdout] 343 |     fn create_opt_image() {
[INFO] [stdout]     |     --------------------- similarly named function `create_opt_image` defined here
[INFO] [stdout] 
[INFO] [stdout] 
[INFO] [stdout] error[E0599]: no method named `get_file_path` found for struct `optimizer::CachedImage` in the current scope
[INFO] [stdout]    --> src/optimizer.rs:353:30
[INFO] [stdout]     |
[INFO] [stdout] 8   | pub struct CachedImage {
[INFO] [stdout]     | ---------------------- method `get_file_path` not found for this struct
[INFO] [stdout] ...
[INFO] [stdout] 353 |         let file_path = spec.get_file_path();
[INFO] [stdout]     |                              ^^^^^^^^^^^^^ method not found in `CachedImage`
[INFO] [stdout] 
[INFO] [stdout] 
[INFO] [stdout] error[E0425]: cannot find function `create_optimized_image` in this scope
[INFO] [stdout]    --> src/optimizer.rs:355:22
[INFO] [stdout]     |
[INFO] [stdout] 355 |         let result = create_optimized_image(spec.option, TEST_IMAGE.to_string(), file_path.clone());
[INFO] [stdout]     |                      ^^^^^^^^^^^^^^^^^^^^^^ not found in this scope
[INFO] [stdout] 
[INFO] [stdout] 
[INFO] [stdout] error: aborting due to 9 previous errors
[INFO] [stdout] 
[INFO] [stdout] 
[INFO] [stdout] Some errors have detailed explanations: E0425, E0599.
[INFO] [stdout] 
[INFO] [stdout] For more information about an error, try `rustc --explain E0425`.
[INFO] [stdout] 
[INFO] [stderr] error: could not compile `leptos_image` (lib test) due to 10 previous errors
[INFO] running `Command { std: "docker" "inspect" "63f40451ff4ebb1da92b2e8897157a283864a7bd8bee2f9821e5b2cd56290252", kill_on_drop: false }`
[INFO] running `Command { std: "docker" "rm" "-f" "63f40451ff4ebb1da92b2e8897157a283864a7bd8bee2f9821e5b2cd56290252", kill_on_drop: false }`
[INFO] [stdout] 63f40451ff4ebb1da92b2e8897157a283864a7bd8bee2f9821e5b2cd56290252
