[INFO] fetching crate leo-parser 1.10.0...
[INFO] checking leo-parser-1.10.0 against nightly-2024-02-05 for check-cfg
[INFO] extracting crate leo-parser 1.10.0 into /workspace/builds/worker-0-tc1/source
[INFO] validating manifest of crates.io crate leo-parser 1.10.0 on toolchain nightly-2024-02-05
[INFO] running `Command { std: CARGO_HOME="/workspace/cargo-home" RUSTUP_HOME="/workspace/rustup-home" "/workspace/cargo-home/bin/cargo" "+nightly-2024-02-05" "metadata" "--manifest-path" "Cargo.toml" "--no-deps", kill_on_drop: false }`
[INFO] started tweaking crates.io crate leo-parser 1.10.0
[INFO] finished tweaking crates.io crate leo-parser 1.10.0
[INFO] tweaked toml for crates.io crate leo-parser 1.10.0 written to /workspace/builds/worker-0-tc1/source/Cargo.toml
[INFO] crate crates.io crate leo-parser 1.10.0 already has a lockfile, it will not be regenerated
[INFO] running `Command { std: CARGO_HOME="/workspace/cargo-home" RUSTUP_HOME="/workspace/rustup-home" "/workspace/cargo-home/bin/cargo" "+nightly-2024-02-05" "fetch" "--manifest-path" "Cargo.toml", kill_on_drop: false }`
[INFO] [stderr]     Updating crates.io index
[INFO] [stderr]  Downloading crates ...
[INFO] [stderr]   Downloaded aleo-std-time v0.1.2
[INFO] [stderr]   Downloaded leo-span v1.10.0
[INFO] [stderr]   Downloaded enum_index_derive v0.2.0
[INFO] [stderr]   Downloaded enum_index v0.2.0
[INFO] [stderr]   Downloaded snarkvm-console-types-integers v0.16.1
[INFO] [stderr]   Downloaded aleo-std-timer v0.1.2
[INFO] [stderr]   Downloaded aleo-std-cpu v0.1.4
[INFO] [stderr]   Downloaded aleo-std-storage v0.1.3
[INFO] [stderr]   Downloaded aleo-std-timed v0.1.2
[INFO] [stderr]   Downloaded color-backtrace v0.6.0
[INFO] [stderr]   Downloaded leo-ast v1.10.0
[INFO] [stderr]   Downloaded aleo-std-profiler v0.1.15
[INFO] [stderr]   Downloaded snarkvm-console-collections v0.16.1
[INFO] [stderr]   Downloaded leo-errors v1.10.0
[INFO] [stderr]   Downloaded snarkvm-parameters v0.16.1
[INFO] [stderr]   Downloaded snarkvm-console v0.16.1
[INFO] [stderr]   Downloaded snarkvm-console-types v0.16.1
[INFO] [stderr]   Downloaded snarkvm-console-types-field v0.16.1
[INFO] [stderr]   Downloaded snarkvm-console-types-boolean v0.16.1
[INFO] [stderr]   Downloaded snarkvm-console-network v0.16.1
[INFO] [stderr]   Downloaded snarkvm-console-types-scalar v0.16.1
[INFO] [stderr]   Downloaded snarkvm-utilities-derives v0.16.1
[INFO] [stderr]   Downloaded snarkvm-console-types-string v0.16.1
[INFO] [stderr]   Downloaded snarkvm-console-account v0.16.1
[INFO] [stderr]   Downloaded snarkvm-console-types-group v0.16.1
[INFO] [stderr]   Downloaded snarkvm-console-types-address v0.16.1
[INFO] [stderr]   Downloaded snarkvm-fields v0.16.1
[INFO] [stderr]   Downloaded aleo-std v0.1.18
[INFO] [stderr]   Downloaded snarkvm-curves v0.16.1
[INFO] [stderr]   Downloaded snarkvm-utilities v0.16.1
[INFO] [stderr]   Downloaded snarkvm-console-network-environment v0.16.1
[INFO] [stderr]   Downloaded snarkvm-console-program v0.16.1
[INFO] [stderr]   Downloaded snarkvm-console-algorithms v0.16.1
[INFO] [stderr]   Downloaded snarkvm-algorithms v0.16.1
[INFO] running `Command { std: "docker" "create" "-v" "/var/lib/crater-agent-workspace/builds/worker-0-tc1/target:/opt/rustwide/target:rw,Z" "-v" "/var/lib/crater-agent-workspace/builds/worker-0-tc1/source:/opt/rustwide/workdir:ro,Z" "-v" "/var/lib/crater-agent-workspace/cargo-home:/opt/rustwide/cargo-home:ro,Z" "-v" "/var/lib/crater-agent-workspace/rustup-home:/opt/rustwide/rustup-home:ro,Z" "-e" "SOURCE_DIR=/opt/rustwide/workdir" "-e" "CARGO_TARGET_DIR=/opt/rustwide/target" "-e" "CARGO_HOME=/opt/rustwide/cargo-home" "-e" "RUSTUP_HOME=/opt/rustwide/rustup-home" "-w" "/opt/rustwide/workdir" "-m" "1610612736" "--user" "0:0" "--network" "none" "ghcr.io/rust-lang/crates-build-env/linux@sha256:2788e3201cd34a07e3172128adcd8b3090168a8e3bcc40d7c032b9dda1df7d1c" "/opt/rustwide/cargo-home/bin/cargo" "+nightly-2024-02-05" "metadata" "--no-deps" "--format-version=1", kill_on_drop: false }`
[INFO] [stdout] 2d2f8e2ac19ae7aa2bc78a3196e0713a8262047ae84292911a576823eeb28110
[INFO] running `Command { std: "docker" "start" "-a" "2d2f8e2ac19ae7aa2bc78a3196e0713a8262047ae84292911a576823eeb28110", kill_on_drop: false }`
[INFO] running `Command { std: "docker" "inspect" "2d2f8e2ac19ae7aa2bc78a3196e0713a8262047ae84292911a576823eeb28110", kill_on_drop: false }`
[INFO] running `Command { std: "docker" "rm" "-f" "2d2f8e2ac19ae7aa2bc78a3196e0713a8262047ae84292911a576823eeb28110", kill_on_drop: false }`
[INFO] [stdout] 2d2f8e2ac19ae7aa2bc78a3196e0713a8262047ae84292911a576823eeb28110
[INFO] running `Command { std: "docker" "create" "-v" "/var/lib/crater-agent-workspace/builds/worker-0-tc1/target:/opt/rustwide/target:rw,Z" "-v" "/var/lib/crater-agent-workspace/builds/worker-0-tc1/source:/opt/rustwide/workdir:ro,Z" "-v" "/var/lib/crater-agent-workspace/cargo-home:/opt/rustwide/cargo-home:ro,Z" "-v" "/var/lib/crater-agent-workspace/rustup-home:/opt/rustwide/rustup-home:ro,Z" "-e" "SOURCE_DIR=/opt/rustwide/workdir" "-e" "CARGO_TARGET_DIR=/opt/rustwide/target" "-e" "CARGO_INCREMENTAL=0" "-e" "RUST_BACKTRACE=full" "-e" "RUSTFLAGS=--cap-lints=forbid" "-e" "RUSTDOCFLAGS=--cap-lints=forbid" "-e" "CARGO_HOME=/opt/rustwide/cargo-home" "-e" "RUSTUP_HOME=/opt/rustwide/rustup-home" "-w" "/opt/rustwide/workdir" "-m" "1610612736" "--user" "0:0" "--network" "none" "ghcr.io/rust-lang/crates-build-env/linux@sha256:2788e3201cd34a07e3172128adcd8b3090168a8e3bcc40d7c032b9dda1df7d1c" "/opt/rustwide/cargo-home/bin/cargo" "+nightly-2024-02-05" "check" "--frozen" "--all" "--all-targets" "--message-format=json", kill_on_drop: false }`
[INFO] [stdout] 1568d4a024fb1ced29db841b7914bfd3cf6dd178038319e946431cea6a72855b
[INFO] running `Command { std: "docker" "start" "-a" "1568d4a024fb1ced29db841b7914bfd3cf6dd178038319e946431cea6a72855b", kill_on_drop: false }`
[INFO] [stderr]    Compiling proc-macro2 v1.0.69
[INFO] [stderr]    Compiling unicode-ident v1.0.12
[INFO] [stderr]    Compiling libc v0.2.149
[INFO] [stderr]    Compiling version_check v0.9.4
[INFO] [stderr]    Compiling serde v1.0.189
[INFO] [stderr]    Compiling syn v1.0.109
[INFO] [stderr]     Checking once_cell v1.18.0
[INFO] [stderr]    Compiling memoffset v0.9.0
[INFO] [stderr]     Checking scopeguard v1.2.0
[INFO] [stderr]    Compiling crossbeam-utils v0.8.16
[INFO] [stderr]    Compiling crossbeam-epoch v0.9.15
[INFO] [stderr]    Compiling ahash v0.8.3
[INFO] [stderr]    Compiling num-traits v0.2.17
[INFO] [stderr]     Checking allocator-api2 v0.2.16
[INFO] [stderr]    Compiling anyhow v1.0.75
[INFO] [stderr]    Compiling thiserror v1.0.50
[INFO] [stderr]     Checking hashbrown v0.14.2
[INFO] [stderr]    Compiling num-integer v0.1.45
[INFO] [stderr]    Compiling quote v1.0.33
[INFO] [stderr]    Compiling cc v1.0.83
[INFO] [stderr]    Compiling serde_json v1.0.107
[INFO] [stderr]    Compiling rayon-core v1.12.0
[INFO] [stderr]    Compiling syn v2.0.38
[INFO] [stderr]     Checking getrandom v0.2.10
[INFO] [stderr]     Checking dirs-sys v0.3.7
[INFO] [stderr]     Checking equivalent v1.0.1
[INFO] [stderr]     Checking either v1.9.0
[INFO] [stderr]     Checking ryu v1.0.15
[INFO] [stderr]     Checking indexmap v2.0.2
[INFO] [stderr]     Checking rand_core v0.6.4
[INFO] [stderr]     Checking dirs v4.0.0
[INFO] [stderr]     Checking crossbeam-deque v0.8.3
[INFO] [stderr]    Compiling num-bigint v0.4.4
[INFO] [stderr]     Checking ppv-lite86 v0.2.17
[INFO] [stderr]     Checking itoa v1.0.9
[INFO] [stderr]     Checking aleo-std-storage v0.1.3
[INFO] [stderr]     Checking aleo-std-timer v0.1.2
[INFO] [stderr]     Checking rand_chacha v0.3.1
[INFO] [stderr]     Checking memchr v2.6.4
[INFO] [stderr]     Checking aleo-std-cpu v0.1.4
[INFO] [stderr]     Checking aleo-std-profiler v0.1.15
[INFO] [stderr]     Checking rayon v1.8.0
[INFO] [stderr]     Checking rand_xorshift v0.3.0
[INFO] [stderr]     Checking rand v0.8.5
[INFO] [stderr]     Checking itertools v0.11.0
[INFO] [stderr]     Checking num_cpus v1.16.0
[INFO] [stderr]     Checking smol_str v0.2.0
[INFO] [stderr]    Compiling pkg-config v0.3.27
[INFO] [stderr]     Checking minimal-lexical v0.2.1
[INFO] [stderr]    Compiling vcpkg v0.2.15
[INFO] [stderr]     Checking nom v7.1.3
[INFO] [stderr]     Checking bech32 v0.9.1
[INFO] [stderr]    Compiling typenum v1.17.0
[INFO] [stderr]    Compiling generic-array v0.14.7
[INFO] [stderr]    Compiling rustix v0.38.20
[INFO] [stderr]     Checking bitflags v2.4.1
[INFO] [stderr]     Checking linux-raw-sys v0.4.10
[INFO] [stderr]    Compiling curl-sys v0.4.68+curl-8.4.0
[INFO] [stderr]    Compiling libz-sys v1.1.12
[INFO] [stderr]    Compiling openssl-sys v0.9.93
[INFO] [stderr]     Checking lazy_static v1.4.0
[INFO] [stderr]     Checking byteorder v1.5.0
[INFO] [stderr]    Compiling crunchy v0.2.2
[INFO] [stderr]     Checking subtle v2.5.0
[INFO] [stderr]    Compiling lock_api v0.4.11
[INFO] [stderr]     Checking fxhash v0.2.1
[INFO] [stderr]    Compiling curl v0.4.44
[INFO] [stderr]    Compiling parking_lot_core v0.9.9
[INFO] [stderr]     Checking block-buffer v0.10.4
[INFO] [stderr]     Checking is-terminal v0.4.9
[INFO] [stderr]     Checking crypto-common v0.1.6
[INFO] [stderr]    Compiling paste v1.0.14
[INFO] [stderr]     Checking colored v2.0.4
[INFO] [stderr]     Checking digest v0.10.7
[INFO] [stderr]    Compiling tiny-keccak v2.0.2
[INFO] [stderr]     Checking socket2 v0.4.9
[INFO] [stderr]     Checking constant_time_eq v0.3.0
[INFO] [stderr]     Checking cpufeatures v0.2.9
[INFO] [stderr]     Checking openssl-probe v0.1.5
[INFO] [stderr]     Checking arrayvec v0.7.4
[INFO] [stderr]     Checking arrayref v0.3.7
[INFO] [stderr]     Checking sha2 v0.10.8
[INFO] [stderr]     Checking blake2s_simd v1.0.2
[INFO] [stderr]    Compiling indexmap v1.9.3
[INFO] [stderr]     Checking hex v0.4.3
[INFO] [stderr]     Checking blake2 v0.10.6
[INFO] [stderr]    Compiling backtrace v0.3.69
[INFO] [stderr]     Checking hashbrown v0.12.3
[INFO] [stderr]     Checking adler v1.0.2
[INFO] [stderr]    Compiling unicode-xid v0.0.4
[INFO] [stderr]     Checking gimli v0.28.0
[INFO] [stderr]    Compiling synom v0.11.3
[INFO] [stderr]     Checking miniz_oxide v0.7.1
[INFO] [stderr]     Checking object v0.32.1
[INFO] [stderr]     Checking rustc-demangle v0.1.23
[INFO] [stderr]    Compiling quote v0.3.15
[INFO] [stderr]     Checking utf8parse v0.2.1
[INFO] [stderr]     Checking anstyle-parse v0.2.2
[INFO] [stderr]     Checking anstyle-query v1.0.0
[INFO] [stderr]    Compiling syn v0.11.11
[INFO] [stderr]     Checking colorchoice v1.0.0
[INFO] [stderr]     Checking anstyle v1.0.4
[INFO] [stderr]     Checking scoped-tls v1.0.1
[INFO] [stderr]     Checking bs58 v0.5.0
[INFO] [stderr]     Checking termcolor v1.3.0
[INFO] [stderr]     Checking anstream v0.6.4
[INFO] [stderr]     Checking enum_index v0.2.0
[INFO] [stderr]     Checking strsim v0.10.0
[INFO] [stderr]    Compiling heck v0.4.1
[INFO] [stderr]     Checking clap_lex v0.5.1
[INFO] [stderr]     Checking tracing-core v0.1.32
[INFO] [stderr]     Checking linked-hash-map v0.5.6
[INFO] [stderr]     Checking clap_builder v4.4.6
[INFO] [stderr]     Checking pin-project-lite v0.2.13
[INFO] [stderr]    Compiling aleo-std-time v0.1.2
[INFO] [stderr]    Compiling aleo-std-timed v0.1.2
[INFO] [stderr]    Compiling derivative v2.2.0
[INFO] [stderr]    Compiling serde_derive v1.0.189
[INFO] [stderr]    Compiling thiserror-impl v1.0.50
[INFO] [stderr]    Compiling zeroize_derive v1.4.2
[INFO] [stderr]    Compiling snarkvm-utilities-derives v0.16.1
[INFO] [stderr]     Checking aleo-std v0.1.18
[INFO] [stderr]     Checking addr2line v0.21.0
[INFO] [stderr]    Compiling enum_index_derive v0.2.0
[INFO] [stderr]    Compiling num-derive v0.4.1
[INFO] [stderr]     Checking zeroize v1.6.0
[INFO] [stderr]    Compiling clap_derive v4.4.2
[INFO] [stderr]    Compiling tracing-attributes v0.1.27
[INFO] [stderr]     Checking yaml-rust v0.4.5
[INFO] [stderr]     Checking color-backtrace v0.6.0
[INFO] [stderr]     Checking tracing v0.1.40
[INFO] [stderr]     Checking clap v4.4.6
[INFO] [stderr]     Checking bincode v1.3.3
[INFO] [stderr]     Checking smallvec v1.11.1
[INFO] [stderr]     Checking leo-span v1.10.0
[INFO] [stderr]     Checking serde_yaml v0.8.26
[INFO] [stderr]     Checking parking_lot v0.12.1
[INFO] [stderr]     Checking snarkvm-utilities v0.16.1
[INFO] [stderr]     Checking snarkvm-fields v0.16.1
[INFO] [stderr]     Checking leo-errors v1.10.0
[INFO] [stderr]     Checking leo-ast v1.10.0
[INFO] [stderr]     Checking snarkvm-curves v0.16.1
[INFO] [stderr]     Checking snarkvm-console-network-environment v0.16.1
[INFO] [stderr]     Checking snarkvm-parameters v0.16.1
[INFO] [stderr]     Checking snarkvm-console-types-boolean v0.16.1
[INFO] [stderr]     Checking snarkvm-console-types-field v0.16.1
[INFO] [stderr]     Checking snarkvm-console-types-scalar v0.16.1
[INFO] [stderr]     Checking snarkvm-console-types-group v0.16.1
[INFO] [stderr]     Checking snarkvm-console-types-integers v0.16.1
[INFO] [stderr]     Checking snarkvm-algorithms v0.16.1
[INFO] [stderr]     Checking snarkvm-console-types-address v0.16.1
[INFO] [stderr]     Checking snarkvm-console-types-string v0.16.1
[INFO] [stderr]     Checking snarkvm-console-types v0.16.1
[INFO] [stderr]     Checking snarkvm-console-algorithms v0.16.1
[INFO] [stderr]     Checking snarkvm-console-collections v0.16.1
[INFO] [stderr]     Checking snarkvm-console-network v0.16.1
[INFO] [stderr]     Checking snarkvm-console-account v0.16.1
[INFO] [stderr]     Checking snarkvm-console-program v0.16.1
[INFO] [stderr]     Checking snarkvm-console v0.16.1
[INFO] [stderr]     Checking leo-parser v1.10.0 (/opt/rustwide/workdir)
[INFO] [stdout] error[E0433]: failed to resolve: use of undeclared crate or module `leo_test_framework`
[INFO] [stdout]   --> src/test.rs:26:5
[INFO] [stdout]    |
[INFO] [stdout] 26 | use leo_test_framework::{
[INFO] [stdout]    |     ^^^^^^^^^^^^^^^^^^ use of undeclared crate or module `leo_test_framework`
[INFO] [stdout] 
[INFO] [stdout] 
[INFO] [stdout] error[E0432]: unresolved import `leo_test_framework`
[INFO] [stdout]   --> src/test.rs:26:5
[INFO] [stdout]    |
[INFO] [stdout] 26 | use leo_test_framework::{
[INFO] [stdout]    |     ^^^^^^^^^^^^^^^^^^ use of undeclared crate or module `leo_test_framework`
[INFO] [stdout] 
[INFO] [stdout] 
[INFO] [stdout] error[E0433]: failed to resolve: use of undeclared crate or module `leo_test_framework`
[INFO] [stdout]    --> src/test.rs:235:5
[INFO] [stdout]     |
[INFO] [stdout] 235 |     leo_test_framework::run_tests(&TestRunner, "parser");
[INFO] [stdout]     |     ^^^^^^^^^^^^^^^^^^ use of undeclared crate or module `leo_test_framework`
[INFO] [stdout] 
[INFO] [stdout] 
[INFO] [stdout] error: aborting due to 3 previous errors
[INFO] [stdout] 
[INFO] [stdout] 
[INFO] [stdout] Some errors have detailed explanations: E0432, E0433.
[INFO] [stdout] 
[INFO] [stdout] For more information about an error, try `rustc --explain E0432`.
[INFO] [stdout] 
[INFO] [stderr] error: could not compile `leo-parser` (lib test) due to 4 previous errors
[INFO] [stderr] warning: build failed, waiting for other jobs to finish...
[INFO] running `Command { std: "docker" "inspect" "1568d4a024fb1ced29db841b7914bfd3cf6dd178038319e946431cea6a72855b", kill_on_drop: false }`
[INFO] running `Command { std: "docker" "rm" "-f" "1568d4a024fb1ced29db841b7914bfd3cf6dd178038319e946431cea6a72855b", kill_on_drop: false }`
[INFO] [stdout] 1568d4a024fb1ced29db841b7914bfd3cf6dd178038319e946431cea6a72855b
[INFO] checking leo-parser-1.10.0 against nightly-2024-02-05+rustflags=-Dunexpected_cfgs+cargoflags=-Zcheck-cfg for check-cfg
[INFO] extracting crate leo-parser 1.10.0 into /workspace/builds/worker-0-tc2/source
[INFO] validating manifest of crates.io crate leo-parser 1.10.0 on toolchain nightly-2024-02-05
[INFO] running `Command { std: CARGO_HOME="/workspace/cargo-home" RUSTUP_HOME="/workspace/rustup-home" "/workspace/cargo-home/bin/cargo" "+nightly-2024-02-05" "metadata" "--manifest-path" "Cargo.toml" "--no-deps", kill_on_drop: false }`
[INFO] started tweaking crates.io crate leo-parser 1.10.0
[INFO] finished tweaking crates.io crate leo-parser 1.10.0
[INFO] tweaked toml for crates.io crate leo-parser 1.10.0 written to /workspace/builds/worker-0-tc2/source/Cargo.toml
[INFO] crate crates.io crate leo-parser 1.10.0 already has a lockfile, it will not be regenerated
[INFO] running `Command { std: CARGO_HOME="/workspace/cargo-home" RUSTUP_HOME="/workspace/rustup-home" "/workspace/cargo-home/bin/cargo" "+nightly-2024-02-05" "fetch" "--manifest-path" "Cargo.toml", kill_on_drop: false }`
[INFO] running `Command { std: "docker" "create" "-v" "/var/lib/crater-agent-workspace/builds/worker-0-tc2/target:/opt/rustwide/target:rw,Z" "-v" "/var/lib/crater-agent-workspace/builds/worker-0-tc2/source:/opt/rustwide/workdir:ro,Z" "-v" "/var/lib/crater-agent-workspace/cargo-home:/opt/rustwide/cargo-home:ro,Z" "-v" "/var/lib/crater-agent-workspace/rustup-home:/opt/rustwide/rustup-home:ro,Z" "-e" "SOURCE_DIR=/opt/rustwide/workdir" "-e" "CARGO_TARGET_DIR=/opt/rustwide/target" "-e" "CARGO_HOME=/opt/rustwide/cargo-home" "-e" "RUSTUP_HOME=/opt/rustwide/rustup-home" "-w" "/opt/rustwide/workdir" "-m" "1610612736" "--user" "0:0" "--network" "none" "ghcr.io/rust-lang/crates-build-env/linux@sha256:2788e3201cd34a07e3172128adcd8b3090168a8e3bcc40d7c032b9dda1df7d1c" "/opt/rustwide/cargo-home/bin/cargo" "+nightly-2024-02-05" "metadata" "--no-deps" "--format-version=1", kill_on_drop: false }`
[INFO] [stdout] 4a2a988e4d5fe6c6c01346b86a4543909357aa57c11166c61edde49a01dd175c
[INFO] running `Command { std: "docker" "start" "-a" "4a2a988e4d5fe6c6c01346b86a4543909357aa57c11166c61edde49a01dd175c", kill_on_drop: false }`
[INFO] running `Command { std: "docker" "inspect" "4a2a988e4d5fe6c6c01346b86a4543909357aa57c11166c61edde49a01dd175c", kill_on_drop: false }`
[INFO] running `Command { std: "docker" "rm" "-f" "4a2a988e4d5fe6c6c01346b86a4543909357aa57c11166c61edde49a01dd175c", kill_on_drop: false }`
[INFO] [stdout] 4a2a988e4d5fe6c6c01346b86a4543909357aa57c11166c61edde49a01dd175c
[INFO] running `Command { std: "docker" "create" "-v" "/var/lib/crater-agent-workspace/builds/worker-0-tc2/target:/opt/rustwide/target:rw,Z" "-v" "/var/lib/crater-agent-workspace/builds/worker-0-tc2/source:/opt/rustwide/workdir:ro,Z" "-v" "/var/lib/crater-agent-workspace/cargo-home:/opt/rustwide/cargo-home:ro,Z" "-v" "/var/lib/crater-agent-workspace/rustup-home:/opt/rustwide/rustup-home:ro,Z" "-e" "SOURCE_DIR=/opt/rustwide/workdir" "-e" "CARGO_TARGET_DIR=/opt/rustwide/target" "-e" "CARGO_INCREMENTAL=0" "-e" "RUST_BACKTRACE=full" "-e" "RUSTFLAGS=--cap-lints=forbid -Dunexpected_cfgs" "-e" "RUSTDOCFLAGS=--cap-lints=forbid" "-e" "CARGO_HOME=/opt/rustwide/cargo-home" "-e" "RUSTUP_HOME=/opt/rustwide/rustup-home" "-w" "/opt/rustwide/workdir" "-m" "1610612736" "--user" "0:0" "--network" "none" "ghcr.io/rust-lang/crates-build-env/linux@sha256:2788e3201cd34a07e3172128adcd8b3090168a8e3bcc40d7c032b9dda1df7d1c" "/opt/rustwide/cargo-home/bin/cargo" "+nightly-2024-02-05" "check" "--frozen" "--all" "--all-targets" "--message-format=json" "-Zcheck-cfg", kill_on_drop: false }`
[INFO] [stdout] 2963f87b353f2c237bce3f0e345942981d4afaa9b81dcb38852af3029fcab8a5
[INFO] running `Command { std: "docker" "start" "-a" "2963f87b353f2c237bce3f0e345942981d4afaa9b81dcb38852af3029fcab8a5", kill_on_drop: false }`
[INFO] [stderr]    Compiling proc-macro2 v1.0.69
[INFO] [stderr]    Compiling unicode-ident v1.0.12
[INFO] [stderr]    Compiling libc v0.2.149
[INFO] [stderr]    Compiling version_check v0.9.4
[INFO] [stderr]    Compiling serde v1.0.189
[INFO] [stderr]    Compiling syn v1.0.109
[INFO] [stderr]     Checking once_cell v1.18.0
[INFO] [stderr]    Compiling memoffset v0.9.0
[INFO] [stderr]    Compiling crossbeam-utils v0.8.16
[INFO] [stderr]     Checking scopeguard v1.2.0
[INFO] [stderr]    Compiling crossbeam-epoch v0.9.15
[INFO] [stderr]    Compiling num-traits v0.2.17
[INFO] [stderr]    Compiling ahash v0.8.3
[INFO] [stderr]     Checking allocator-api2 v0.2.16
[INFO] [stderr]    Compiling anyhow v1.0.75
[INFO] [stderr]    Compiling thiserror v1.0.50
[INFO] [stderr]    Compiling quote v1.0.33
[INFO] [stderr]    Compiling syn v2.0.38
[INFO] [stderr]     Checking getrandom v0.2.10
[INFO] [stderr]     Checking dirs-sys v0.3.7
[INFO] [stderr]     Checking hashbrown v0.14.2
[INFO] [stderr]    Compiling num-integer v0.1.45
[INFO] [stderr]     Checking rand_core v0.6.4
[INFO] [stderr]    Compiling serde_json v1.0.107
[INFO] [stderr]     Checking equivalent v1.0.1
[INFO] [stderr]    Compiling rayon-core v1.12.0
[INFO] [stderr]     Checking ryu v1.0.15
[INFO] [stderr]    Compiling cc v1.0.83
[INFO] [stderr]     Checking either v1.9.0
[INFO] [stderr]     Checking indexmap v2.0.2
[INFO] [stderr]     Checking crossbeam-deque v0.8.3
[INFO] [stderr]     Checking dirs v4.0.0
[INFO] [stderr]    Compiling num-bigint v0.4.4
[INFO] [stderr]     Checking itoa v1.0.9
[INFO] [stderr]     Checking ppv-lite86 v0.2.17
[INFO] [stderr]     Checking aleo-std-storage v0.1.3
[INFO] [stderr]     Checking aleo-std-timer v0.1.2
[INFO] [stderr]     Checking rand_chacha v0.3.1
[INFO] [stderr]     Checking memchr v2.6.4
[INFO] [stderr]     Checking aleo-std-profiler v0.1.15
[INFO] [stderr]     Checking aleo-std-cpu v0.1.4
[INFO] [stderr]     Checking rayon v1.8.0
[INFO] [stderr]     Checking itertools v0.11.0
[INFO] [stderr]     Checking rand v0.8.5
[INFO] [stderr]     Checking rand_xorshift v0.3.0
[INFO] [stderr]     Checking num_cpus v1.16.0
[INFO] [stderr]     Checking smol_str v0.2.0
[INFO] [stderr]    Compiling pkg-config v0.3.27
[INFO] [stderr]    Compiling vcpkg v0.2.15
[INFO] [stderr]     Checking minimal-lexical v0.2.1
[INFO] [stderr]     Checking nom v7.1.3
[INFO] [stderr]     Checking bech32 v0.9.1
[INFO] [stderr]    Compiling typenum v1.17.0
[INFO] [stderr]    Compiling generic-array v0.14.7
[INFO] [stderr]    Compiling rustix v0.38.20
[INFO] [stderr]     Checking linux-raw-sys v0.4.10
[INFO] [stderr]     Checking bitflags v2.4.1
[INFO] [stderr]    Compiling libz-sys v1.1.12
[INFO] [stderr]    Compiling openssl-sys v0.9.93
[INFO] [stderr]    Compiling curl-sys v0.4.68+curl-8.4.0
[INFO] [stderr]     Checking lazy_static v1.4.0
[INFO] [stderr]     Checking byteorder v1.5.0
[INFO] [stderr]     Checking subtle v2.5.0
[INFO] [stderr]    Compiling crunchy v0.2.2
[INFO] [stderr]     Checking fxhash v0.2.1
[INFO] [stderr]    Compiling lock_api v0.4.11
[INFO] [stderr]    Compiling paste v1.0.14
[INFO] [stderr]    Compiling curl v0.4.44
[INFO] [stderr]     Checking is-terminal v0.4.9
[INFO] [stderr]     Checking colored v2.0.4
[INFO] [stderr]    Compiling tiny-keccak v2.0.2
[INFO] [stderr]    Compiling parking_lot_core v0.9.9
[INFO] [stderr]     Checking socket2 v0.4.9
[INFO] [stderr]     Checking constant_time_eq v0.3.0
[INFO] [stderr]     Checking arrayvec v0.7.4
[INFO] [stderr]     Checking arrayref v0.3.7
[INFO] [stderr]     Checking cpufeatures v0.2.9
[INFO] [stderr]     Checking openssl-probe v0.1.5
[INFO] [stderr]     Checking blake2s_simd v1.0.2
[INFO] [stderr]     Checking block-buffer v0.10.4
[INFO] [stderr]     Checking crypto-common v0.1.6
[INFO] [stderr]    Compiling indexmap v1.9.3
[INFO] [stderr]     Checking hex v0.4.3
[INFO] [stderr]     Checking digest v0.10.7
[INFO] [stderr]    Compiling backtrace v0.3.69
[INFO] [stderr]     Checking hashbrown v0.12.3
[INFO] [stderr]     Checking sha2 v0.10.8
[INFO] [stderr]     Checking blake2 v0.10.6
[INFO] [stderr]     Checking gimli v0.28.0
[INFO] [stderr]    Compiling unicode-xid v0.0.4
[INFO] [stderr]     Checking adler v1.0.2
[INFO] [stderr]    Compiling synom v0.11.3
[INFO] [stderr]     Checking miniz_oxide v0.7.1
[INFO] [stderr]     Checking object v0.32.1
[INFO] [stderr]     Checking rustc-demangle v0.1.23
[INFO] [stderr]    Compiling quote v0.3.15
[INFO] [stderr]     Checking utf8parse v0.2.1
[INFO] [stderr]     Checking anstyle-parse v0.2.2
[INFO] [stderr]     Checking colorchoice v1.0.0
[INFO] [stderr]     Checking termcolor v1.3.0
[INFO] [stderr]     Checking bs58 v0.5.0
[INFO] [stderr]    Compiling syn v0.11.11
[INFO] [stderr]     Checking scoped-tls v1.0.1
[INFO] [stderr]     Checking anstyle-query v1.0.0
[INFO] [stderr]     Checking anstyle v1.0.4
[INFO] [stderr]    Compiling heck v0.4.1
[INFO] [stderr]     Checking enum_index v0.2.0
[INFO] [stderr]     Checking strsim v0.10.0
[INFO] [stderr]     Checking anstream v0.6.4
[INFO] [stderr]     Checking clap_lex v0.5.1
[INFO] [stderr]     Checking tracing-core v0.1.32
[INFO] [stderr]     Checking pin-project-lite v0.2.13
[INFO] [stderr]     Checking linked-hash-map v0.5.6
[INFO] [stderr]     Checking yaml-rust v0.4.5
[INFO] [stderr]     Checking clap_builder v4.4.6
[INFO] [stderr]    Compiling aleo-std-timed v0.1.2
[INFO] [stderr]    Compiling aleo-std-time v0.1.2
[INFO] [stderr]    Compiling serde_derive v1.0.189
[INFO] [stderr]    Compiling thiserror-impl v1.0.50
[INFO] [stderr]    Compiling zeroize_derive v1.4.2
[INFO] [stderr]    Compiling derivative v2.2.0
[INFO] [stderr]     Checking aleo-std v0.1.18
[INFO] [stderr]    Compiling snarkvm-utilities-derives v0.16.1
[INFO] [stderr]     Checking addr2line v0.21.0
[INFO] [stderr]    Compiling enum_index_derive v0.2.0
[INFO] [stderr]     Checking zeroize v1.6.0
[INFO] [stderr]    Compiling num-derive v0.4.1
[INFO] [stderr]    Compiling clap_derive v4.4.2
[INFO] [stderr]    Compiling tracing-attributes v0.1.27
[INFO] [stderr]     Checking color-backtrace v0.6.0
[INFO] [stderr]     Checking tracing v0.1.40
[INFO] [stderr]     Checking clap v4.4.6
[INFO] [stderr]     Checking bincode v1.3.3
[INFO] [stderr]     Checking smallvec v1.11.1
[INFO] [stderr]     Checking parking_lot v0.12.1
[INFO] [stderr]     Checking leo-span v1.10.0
[INFO] [stderr]     Checking serde_yaml v0.8.26
[INFO] [stderr]     Checking snarkvm-utilities v0.16.1
[INFO] [stderr]     Checking leo-errors v1.10.0
[INFO] [stderr]     Checking snarkvm-fields v0.16.1
[INFO] [stderr]     Checking leo-ast v1.10.0
[INFO] [stderr]     Checking snarkvm-curves v0.16.1
[INFO] [stderr]     Checking snarkvm-console-network-environment v0.16.1
[INFO] [stderr]     Checking snarkvm-parameters v0.16.1
[INFO] [stderr]     Checking snarkvm-console-types-boolean v0.16.1
[INFO] [stderr]     Checking snarkvm-console-types-field v0.16.1
[INFO] [stderr]     Checking snarkvm-console-types-scalar v0.16.1
[INFO] [stderr]     Checking snarkvm-console-types-group v0.16.1
[INFO] [stderr]     Checking snarkvm-console-types-integers v0.16.1
[INFO] [stderr]     Checking snarkvm-algorithms v0.16.1
[INFO] [stderr]     Checking snarkvm-console-types-address v0.16.1
[INFO] [stderr]     Checking snarkvm-console-types-string v0.16.1
[INFO] [stderr]     Checking snarkvm-console-types v0.16.1
[INFO] [stderr]     Checking snarkvm-console-algorithms v0.16.1
[INFO] [stderr]     Checking snarkvm-console-collections v0.16.1
[INFO] [stderr]     Checking snarkvm-console-network v0.16.1
[INFO] [stderr]     Checking snarkvm-console-account v0.16.1
[INFO] [stderr]     Checking snarkvm-console-program v0.16.1
[INFO] [stderr]     Checking snarkvm-console v0.16.1
[INFO] [stderr]     Checking leo-parser v1.10.0 (/opt/rustwide/workdir)
[INFO] [stdout] error[E0433]: failed to resolve: use of undeclared crate or module `leo_test_framework`
[INFO] [stdout]   --> src/test.rs:26:5
[INFO] [stdout]    |
[INFO] [stdout] 26 | use leo_test_framework::{
[INFO] [stdout]    |     ^^^^^^^^^^^^^^^^^^ use of undeclared crate or module `leo_test_framework`
[INFO] [stdout] 
[INFO] [stdout] 
[INFO] [stdout] error[E0432]: unresolved import `leo_test_framework`
[INFO] [stdout]   --> src/test.rs:26:5
[INFO] [stdout]    |
[INFO] [stdout] 26 | use leo_test_framework::{
[INFO] [stdout]    |     ^^^^^^^^^^^^^^^^^^ use of undeclared crate or module `leo_test_framework`
[INFO] [stdout] 
[INFO] [stdout] 
[INFO] [stdout] error[E0433]: failed to resolve: use of undeclared crate or module `leo_test_framework`
[INFO] [stdout]    --> src/test.rs:235:5
[INFO] [stdout]     |
[INFO] [stdout] 235 |     leo_test_framework::run_tests(&TestRunner, "parser");
[INFO] [stdout]     |     ^^^^^^^^^^^^^^^^^^ use of undeclared crate or module `leo_test_framework`
[INFO] [stdout] 
[INFO] [stdout] 
[INFO] [stdout] error: aborting due to 3 previous errors
[INFO] [stdout] 
[INFO] [stdout] 
[INFO] [stdout] Some errors have detailed explanations: E0432, E0433.
[INFO] [stdout] 
[INFO] [stdout] For more information about an error, try `rustc --explain E0432`.
[INFO] [stdout] 
[INFO] [stderr] error: could not compile `leo-parser` (lib test) due to 4 previous errors
[INFO] [stderr] warning: build failed, waiting for other jobs to finish...
[INFO] running `Command { std: "docker" "inspect" "2963f87b353f2c237bce3f0e345942981d4afaa9b81dcb38852af3029fcab8a5", kill_on_drop: false }`
[INFO] running `Command { std: "docker" "rm" "-f" "2963f87b353f2c237bce3f0e345942981d4afaa9b81dcb38852af3029fcab8a5", kill_on_drop: false }`
[INFO] [stdout] 2963f87b353f2c237bce3f0e345942981d4afaa9b81dcb38852af3029fcab8a5
