[INFO] fetching crate ldap3_client 0.4.2...
[INFO] checking ldap3_client-0.4.2 against nightly-2024-02-05 for check-cfg
[INFO] extracting crate ldap3_client 0.4.2 into /workspace/builds/worker-0-tc1/source
[INFO] validating manifest of crates.io crate ldap3_client 0.4.2 on toolchain nightly-2024-02-05
[INFO] running `Command { std: CARGO_HOME="/workspace/cargo-home" RUSTUP_HOME="/workspace/rustup-home" "/workspace/cargo-home/bin/cargo" "+nightly-2024-02-05" "metadata" "--manifest-path" "Cargo.toml" "--no-deps", kill_on_drop: false }`
[INFO] started tweaking crates.io crate ldap3_client 0.4.2
[INFO] finished tweaking crates.io crate ldap3_client 0.4.2
[INFO] tweaked toml for crates.io crate ldap3_client 0.4.2 written to /workspace/builds/worker-0-tc1/source/Cargo.toml
[INFO] running `Command { std: CARGO_HOME="/workspace/cargo-home" RUSTUP_HOME="/workspace/rustup-home" "/workspace/cargo-home/bin/cargo" "+nightly-2024-02-05" "generate-lockfile" "--manifest-path" "Cargo.toml", kill_on_drop: false }`
[INFO] [stderr]     Updating crates.io index
[INFO] running `Command { std: CARGO_HOME="/workspace/cargo-home" RUSTUP_HOME="/workspace/rustup-home" "/workspace/cargo-home/bin/cargo" "+nightly-2024-02-05" "fetch" "--manifest-path" "Cargo.toml", kill_on_drop: false }`
[INFO] [stderr]  Downloading crates ...
[INFO] [stderr]   Downloaded base64urlsafedata v0.1.3
[INFO] [stderr]   Downloaded lber v0.4.2
[INFO] [stderr]   Downloaded peg-runtime v0.8.2
[INFO] [stderr]   Downloaded peg-macros v0.8.2
[INFO] [stderr]   Downloaded peg v0.8.2
[INFO] [stderr]   Downloaded ldap3_proto v0.4.3
[INFO] [stderr]   Downloaded openssl-src v300.2.2+3.2.1
[INFO] running `Command { std: "docker" "create" "-v" "/var/lib/crater-agent-workspace/builds/worker-0-tc1/target:/opt/rustwide/target:rw,Z" "-v" "/var/lib/crater-agent-workspace/builds/worker-0-tc1/source:/opt/rustwide/workdir:ro,Z" "-v" "/var/lib/crater-agent-workspace/cargo-home:/opt/rustwide/cargo-home:ro,Z" "-v" "/var/lib/crater-agent-workspace/rustup-home:/opt/rustwide/rustup-home:ro,Z" "-e" "SOURCE_DIR=/opt/rustwide/workdir" "-e" "CARGO_TARGET_DIR=/opt/rustwide/target" "-e" "CARGO_HOME=/opt/rustwide/cargo-home" "-e" "RUSTUP_HOME=/opt/rustwide/rustup-home" "-w" "/opt/rustwide/workdir" "-m" "1610612736" "--user" "0:0" "--network" "none" "ghcr.io/rust-lang/crates-build-env/linux@sha256:2788e3201cd34a07e3172128adcd8b3090168a8e3bcc40d7c032b9dda1df7d1c" "/opt/rustwide/cargo-home/bin/cargo" "+nightly-2024-02-05" "metadata" "--no-deps" "--format-version=1", kill_on_drop: false }`
[INFO] [stdout] 7694500d94bbacfcf646ea112ae65be702895fe5cf0fd1a511cee9328d3d33cf
[INFO] running `Command { std: "docker" "start" "-a" "7694500d94bbacfcf646ea112ae65be702895fe5cf0fd1a511cee9328d3d33cf", kill_on_drop: false }`
[INFO] running `Command { std: "docker" "inspect" "7694500d94bbacfcf646ea112ae65be702895fe5cf0fd1a511cee9328d3d33cf", kill_on_drop: false }`
[INFO] running `Command { std: "docker" "rm" "-f" "7694500d94bbacfcf646ea112ae65be702895fe5cf0fd1a511cee9328d3d33cf", kill_on_drop: false }`
[INFO] [stdout] 7694500d94bbacfcf646ea112ae65be702895fe5cf0fd1a511cee9328d3d33cf
[INFO] running `Command { std: "docker" "create" "-v" "/var/lib/crater-agent-workspace/builds/worker-0-tc1/target:/opt/rustwide/target:rw,Z" "-v" "/var/lib/crater-agent-workspace/builds/worker-0-tc1/source:/opt/rustwide/workdir:ro,Z" "-v" "/var/lib/crater-agent-workspace/cargo-home:/opt/rustwide/cargo-home:ro,Z" "-v" "/var/lib/crater-agent-workspace/rustup-home:/opt/rustwide/rustup-home:ro,Z" "-e" "SOURCE_DIR=/opt/rustwide/workdir" "-e" "CARGO_TARGET_DIR=/opt/rustwide/target" "-e" "CARGO_INCREMENTAL=0" "-e" "RUST_BACKTRACE=full" "-e" "RUSTFLAGS=--cap-lints=forbid" "-e" "RUSTDOCFLAGS=--cap-lints=forbid" "-e" "CARGO_HOME=/opt/rustwide/cargo-home" "-e" "RUSTUP_HOME=/opt/rustwide/rustup-home" "-w" "/opt/rustwide/workdir" "-m" "1610612736" "--user" "0:0" "--network" "none" "ghcr.io/rust-lang/crates-build-env/linux@sha256:2788e3201cd34a07e3172128adcd8b3090168a8e3bcc40d7c032b9dda1df7d1c" "/opt/rustwide/cargo-home/bin/cargo" "+nightly-2024-02-05" "check" "--frozen" "--all" "--all-targets" "--message-format=json", kill_on_drop: false }`
[INFO] [stdout] b7063f69832589a49c9f8add3c3521521d2076888533796c0cd88ece8c67eabe
[INFO] running `Command { std: "docker" "start" "-a" "b7063f69832589a49c9f8add3c3521521d2076888533796c0cd88ece8c67eabe", kill_on_drop: false }`
[INFO] [stderr]    Compiling syn v2.0.48
[INFO] [stderr]     Checking minimal-lexical v0.2.1
[INFO] [stderr]    Compiling peg-runtime v0.8.2
[INFO] [stderr]    Compiling tokio-openssl v0.6.4
[INFO] [stderr]    Compiling peg-macros v0.8.2
[INFO] [stderr]     Checking nom v7.1.3
[INFO] [stderr]     Checking peg v0.8.2
[INFO] [stderr]     Checking lber v0.4.2
[INFO] [stderr]    Compiling serde_derive v1.0.196
[INFO] [stderr]    Compiling tokio-macros v2.2.0
[INFO] [stderr]    Compiling tracing-attributes v0.1.27
[INFO] [stderr]    Compiling thiserror-impl v1.0.56
[INFO] [stderr]    Compiling futures-macro v0.3.30
[INFO] [stderr]    Compiling openssl-macros v0.1.1
[INFO] [stderr]     Checking openssl v0.10.63
[INFO] [stderr]     Checking tokio v1.36.0
[INFO] [stderr]     Checking futures-util v0.3.30
[INFO] [stderr]     Checking thiserror v1.0.56
[INFO] [stderr]     Checking tracing v0.1.40
[INFO] [stderr]     Checking serde v1.0.196
[INFO] [stderr]     Checking tokio-util v0.7.10
[INFO] [stderr]     Checking uuid v1.7.0
[INFO] [stderr]     Checking serde_json v1.0.113
[INFO] [stderr]     Checking ldap3_proto v0.4.3
[INFO] [stderr]     Checking base64urlsafedata v0.1.3
[INFO] [stderr]     Checking ldap3_client v0.4.2 (/opt/rustwide/workdir)
[INFO] [stdout] error[E0433]: failed to resolve: use of undeclared type `LdapControl`
[INFO] [stdout]   --> src/addirsync.rs:40:24
[INFO] [stdout]    |
[INFO] [stdout] 40 |             ctrl: vec![LdapControl::AdDirsync {
[INFO] [stdout]    |                        ^^^^^^^^^^^ use of undeclared type `LdapControl`
[INFO] [stdout]    |
[INFO] [stdout] help: consider importing this enum
[INFO] [stdout]    |
[INFO] [stdout] 1  + use ldap3_proto::control::LdapControl;
[INFO] [stdout]    |
[INFO] [stdout] 
[INFO] [stdout] 
[INFO] [stdout] error[E0433]: failed to resolve: use of undeclared type `LdapControl`
[INFO] [stdout]   --> src/addirsync.rs:40:24
[INFO] [stdout]    |
[INFO] [stdout] 40 |             ctrl: vec![LdapControl::AdDirsync {
[INFO] [stdout]    |                        ^^^^^^^^^^^ use of undeclared type `LdapControl`
[INFO] [stdout]    |
[INFO] [stdout] help: consider importing this enum
[INFO] [stdout]    |
[INFO] [stdout] 1  + use ldap3_proto::control::LdapControl;
[INFO] [stdout]    |
[INFO] [stdout] 
[INFO] [stdout] 
[INFO] [stdout] error[E0433]: failed to resolve: use of undeclared type `LdapControl`
[INFO] [stdout]   --> src/addirsync.rs:65:33
[INFO] [stdout]    |
[INFO] [stdout] 65 |                     if let Some(LdapControl::AdDirsync {
[INFO] [stdout]    |                                 ^^^^^^^^^^^ use of undeclared type `LdapControl`
[INFO] [stdout]    |
[INFO] [stdout] help: consider importing this enum
[INFO] [stdout]    |
[INFO] [stdout] 1  + use ldap3_proto::control::LdapControl;
[INFO] [stdout]    |
[INFO] [stdout] 
[INFO] [stdout] 
[INFO] [stdout] error[E0433]: failed to resolve: use of undeclared type `LdapControl`
[INFO] [stdout]   --> src/syncrepl.rs:67:24
[INFO] [stdout]    |
[INFO] [stdout] 67 |             ctrl: vec![LdapControl::SyncRequest {
[INFO] [stdout]    |                        ^^^^^^^^^^^ use of undeclared type `LdapControl`
[INFO] [stdout]    |
[INFO] [stdout] help: consider importing this enum
[INFO] [stdout]    |
[INFO] [stdout] 1  + use ldap3_proto::control::LdapControl;
[INFO] [stdout]    |
[INFO] [stdout] 
[INFO] [stdout] 
[INFO] [stdout] error[E0433]: failed to resolve: use of undeclared type `LdapControl`
[INFO] [stdout]   --> src/addirsync.rs:65:33
[INFO] [stdout]    |
[INFO] [stdout] 65 |                     if let Some(LdapControl::AdDirsync {
[INFO] [stdout]    |                                 ^^^^^^^^^^^ use of undeclared type `LdapControl`
[INFO] [stdout]    |
[INFO] [stdout] help: consider importing this enum
[INFO] [stdout]    |
[INFO] [stdout] 1  + use ldap3_proto::control::LdapControl;
[INFO] [stdout]    |
[INFO] [stdout] 
[INFO] [stdout] 
[INFO] [stdout] error[E0433]: failed to resolve: use of undeclared type `LdapControl`
[INFO] [stdout]   --> src/syncrepl.rs:93:33
[INFO] [stdout]    |
[INFO] [stdout] 93 |                     if let Some(LdapControl::SyncDone {
[INFO] [stdout]    |                                 ^^^^^^^^^^^ use of undeclared type `LdapControl`
[INFO] [stdout]    |
[INFO] [stdout] help: consider importing this enum
[INFO] [stdout]    |
[INFO] [stdout] 1  + use ldap3_proto::control::LdapControl;
[INFO] [stdout]    |
[INFO] [stdout] 
[INFO] [stdout] 
[INFO] [stdout] error[E0433]: failed to resolve: use of undeclared type `LdapControl`
[INFO] [stdout]   --> src/syncrepl.rs:67:24
[INFO] [stdout]    |
[INFO] [stdout] 67 |             ctrl: vec![LdapControl::SyncRequest {
[INFO] [stdout]    |                        ^^^^^^^^^^^ use of undeclared type `LdapControl`
[INFO] [stdout]    |
[INFO] [stdout] help: consider importing this enum
[INFO] [stdout]    |
[INFO] [stdout] 1  + use ldap3_proto::control::LdapControl;
[INFO] [stdout]    |
[INFO] [stdout] 
[INFO] [stdout] 
[INFO] [stdout] error[E0433]: failed to resolve: use of undeclared type `LdapControl`
[INFO] [stdout]   --> src/syncrepl.rs:93:33
[INFO] [stdout]    |
[INFO] [stdout] 93 |                     if let Some(LdapControl::SyncDone {
[INFO] [stdout]    |                                 ^^^^^^^^^^^ use of undeclared type `LdapControl`
[INFO] [stdout]    |
[INFO] [stdout] help: consider importing this enum
[INFO] [stdout]    |
[INFO] [stdout] 1  + use ldap3_proto::control::LdapControl;
[INFO] [stdout]    |
[INFO] [stdout] 
[INFO] [stdout] 
[INFO] [stdout] error[E0433]: failed to resolve: use of undeclared type `LdapControl`
[INFO] [stdout]    --> src/syncrepl.rs:164:33
[INFO] [stdout]     |
[INFO] [stdout] 164 |                     if let Some(LdapControl::SyncState {
[INFO] [stdout]     |                                 ^^^^^^^^^^^ use of undeclared type `LdapControl`
[INFO] [stdout]     |
[INFO] [stdout] help: consider importing this enum
[INFO] [stdout]     |
[INFO] [stdout] 1   + use ldap3_proto::control::LdapControl;
[INFO] [stdout]     |
[INFO] [stdout] 
[INFO] [stdout] 
[INFO] [stdout] error[E0433]: failed to resolve: use of undeclared type `LdapControl`
[INFO] [stdout]    --> src/syncrepl.rs:164:33
[INFO] [stdout]     |
[INFO] [stdout] 164 |                     if let Some(LdapControl::SyncState {
[INFO] [stdout]     |                                 ^^^^^^^^^^^ use of undeclared type `LdapControl`
[INFO] [stdout]     |
[INFO] [stdout] help: consider importing this enum
[INFO] [stdout]     |
[INFO] [stdout] 1   + use ldap3_proto::control::LdapControl;
[INFO] [stdout]     |
[INFO] [stdout] 
[INFO] [stdout] 
[INFO] [stdout] error: aborting due to 5 previous errors
[INFO] [stdout] 
[INFO] [stdout] 
[INFO] [stdout] For more information about this error, try `rustc --explain E0433`.
[INFO] [stdout] 
[INFO] [stderr] error: could not compile `ldap3_client` (lib test) due to 6 previous errors
[INFO] [stderr] warning: build failed, waiting for other jobs to finish...
[INFO] [stdout] error: aborting due to 5 previous errors
[INFO] [stdout] 
[INFO] [stdout] 
[INFO] [stdout] For more information about this error, try `rustc --explain E0433`.
[INFO] [stdout] 
[INFO] [stderr] error: could not compile `ldap3_client` (lib) due to 6 previous errors
[INFO] running `Command { std: "docker" "inspect" "b7063f69832589a49c9f8add3c3521521d2076888533796c0cd88ece8c67eabe", kill_on_drop: false }`
[INFO] running `Command { std: "docker" "rm" "-f" "b7063f69832589a49c9f8add3c3521521d2076888533796c0cd88ece8c67eabe", kill_on_drop: false }`
[INFO] [stdout] b7063f69832589a49c9f8add3c3521521d2076888533796c0cd88ece8c67eabe
