[INFO] fetching crate lazy 0.5.3...
[INFO] checking lazy-0.5.3 against nightly-2024-02-05 for check-cfg
[INFO] extracting crate lazy 0.5.3 into /workspace/builds/worker-3-tc1/source
[INFO] validating manifest of crates.io crate lazy 0.5.3 on toolchain nightly-2024-02-05
[INFO] running `Command { std: CARGO_HOME="/workspace/cargo-home" RUSTUP_HOME="/workspace/rustup-home" "/workspace/cargo-home/bin/cargo" "+nightly-2024-02-05" "metadata" "--manifest-path" "Cargo.toml" "--no-deps", kill_on_drop: false }`
[INFO] started tweaking crates.io crate lazy 0.5.3
[INFO] finished tweaking crates.io crate lazy 0.5.3
[INFO] tweaked toml for crates.io crate lazy 0.5.3 written to /workspace/builds/worker-3-tc1/source/Cargo.toml
[INFO] running `Command { std: CARGO_HOME="/workspace/cargo-home" RUSTUP_HOME="/workspace/rustup-home" "/workspace/cargo-home/bin/cargo" "+nightly-2024-02-05" "generate-lockfile" "--manifest-path" "Cargo.toml", kill_on_drop: false }`
[INFO] [stderr]     Updating crates.io index
[INFO] running `Command { std: CARGO_HOME="/workspace/cargo-home" RUSTUP_HOME="/workspace/rustup-home" "/workspace/cargo-home/bin/cargo" "+nightly-2024-02-05" "fetch" "--manifest-path" "Cargo.toml", kill_on_drop: false }`
[INFO] [stderr]  Downloading crates ...
[INFO] [stderr]   Downloaded oncemutex v0.1.1
[INFO] running `Command { std: "docker" "create" "-v" "/var/lib/crater-agent-workspace/builds/worker-3-tc1/target:/opt/rustwide/target:rw,Z" "-v" "/var/lib/crater-agent-workspace/builds/worker-3-tc1/source:/opt/rustwide/workdir:ro,Z" "-v" "/var/lib/crater-agent-workspace/cargo-home:/opt/rustwide/cargo-home:ro,Z" "-v" "/var/lib/crater-agent-workspace/rustup-home:/opt/rustwide/rustup-home:ro,Z" "-e" "SOURCE_DIR=/opt/rustwide/workdir" "-e" "CARGO_TARGET_DIR=/opt/rustwide/target" "-e" "CARGO_HOME=/opt/rustwide/cargo-home" "-e" "RUSTUP_HOME=/opt/rustwide/rustup-home" "-w" "/opt/rustwide/workdir" "-m" "1610612736" "--user" "0:0" "--network" "none" "ghcr.io/rust-lang/crates-build-env/linux@sha256:2788e3201cd34a07e3172128adcd8b3090168a8e3bcc40d7c032b9dda1df7d1c" "/opt/rustwide/cargo-home/bin/cargo" "+nightly-2024-02-05" "metadata" "--no-deps" "--format-version=1", kill_on_drop: false }`
[INFO] [stdout] ccf79c8da84d228a92454e35e8001d0fd3e896cdba59f9f5e0c27eb2cf867ef1
[INFO] running `Command { std: "docker" "start" "-a" "ccf79c8da84d228a92454e35e8001d0fd3e896cdba59f9f5e0c27eb2cf867ef1", kill_on_drop: false }`
[INFO] running `Command { std: "docker" "inspect" "ccf79c8da84d228a92454e35e8001d0fd3e896cdba59f9f5e0c27eb2cf867ef1", kill_on_drop: false }`
[INFO] running `Command { std: "docker" "rm" "-f" "ccf79c8da84d228a92454e35e8001d0fd3e896cdba59f9f5e0c27eb2cf867ef1", kill_on_drop: false }`
[INFO] [stdout] ccf79c8da84d228a92454e35e8001d0fd3e896cdba59f9f5e0c27eb2cf867ef1
[INFO] running `Command { std: "docker" "create" "-v" "/var/lib/crater-agent-workspace/builds/worker-3-tc1/target:/opt/rustwide/target:rw,Z" "-v" "/var/lib/crater-agent-workspace/builds/worker-3-tc1/source:/opt/rustwide/workdir:ro,Z" "-v" "/var/lib/crater-agent-workspace/cargo-home:/opt/rustwide/cargo-home:ro,Z" "-v" "/var/lib/crater-agent-workspace/rustup-home:/opt/rustwide/rustup-home:ro,Z" "-e" "SOURCE_DIR=/opt/rustwide/workdir" "-e" "CARGO_TARGET_DIR=/opt/rustwide/target" "-e" "CARGO_INCREMENTAL=0" "-e" "RUST_BACKTRACE=full" "-e" "RUSTFLAGS=--cap-lints=forbid" "-e" "RUSTDOCFLAGS=--cap-lints=forbid" "-e" "CARGO_HOME=/opt/rustwide/cargo-home" "-e" "RUSTUP_HOME=/opt/rustwide/rustup-home" "-w" "/opt/rustwide/workdir" "-m" "1610612736" "--user" "0:0" "--network" "none" "ghcr.io/rust-lang/crates-build-env/linux@sha256:2788e3201cd34a07e3172128adcd8b3090168a8e3bcc40d7c032b9dda1df7d1c" "/opt/rustwide/cargo-home/bin/cargo" "+nightly-2024-02-05" "check" "--frozen" "--all" "--all-targets" "--message-format=json", kill_on_drop: false }`
[INFO] [stdout] cc59122bed7afe54497bc5577a6db0906594f2a6f6cfc609c141464c47f7b215
[INFO] running `Command { std: "docker" "start" "-a" "cc59122bed7afe54497bc5577a6db0906594f2a6f6cfc609c141464c47f7b215", kill_on_drop: false }`
[INFO] [stderr]     Checking void v1.0.2
[INFO] [stderr]     Checking oncemutex v0.1.1
[INFO] [stderr]    Compiling stainless v0.1.12
[INFO] [stdout] error[E0557]: feature has been removed
[INFO] [stdout]  --> /opt/rustwide/cargo-home/registry/src/index.crates.io-6f17d22bba15001f/stainless-0.1.12/src/lib.rs:7:12
[INFO] [stdout]   |
[INFO] [stdout] 7 | #![feature(plugin_registrar, quote, rustc_private)]
[INFO] [stdout]   |            ^^^^^^^^^^^^^^^^ feature has been removed
[INFO] [stdout]   |
[INFO] [stdout]   = note: plugins are no longer supported
[INFO] [stdout] 
[INFO] [stdout] 
[INFO] [stdout] error[E0557]: feature has been removed
[INFO] [stdout]  --> /opt/rustwide/cargo-home/registry/src/index.crates.io-6f17d22bba15001f/stainless-0.1.12/src/lib.rs:7:30
[INFO] [stdout]   |
[INFO] [stdout] 7 | #![feature(plugin_registrar, quote, rustc_private)]
[INFO] [stdout]   |                              ^^^^^ feature has been removed
[INFO] [stdout] 
[INFO] [stdout] 
[INFO] [stdout] error[E0463]: can't find crate for `syntax`
[INFO] [stdout]    --> /opt/rustwide/cargo-home/registry/src/index.crates.io-6f17d22bba15001f/stainless-0.1.12/src/lib.rs:171:1
[INFO] [stdout]     |
[INFO] [stdout] 171 | extern crate syntax;
[INFO] [stdout]     | ^^^^^^^^^^^^^^^^^^^^ can't find crate
[INFO] [stdout] 
[INFO] [stdout] 
[INFO] [stdout] error[E0463]: can't find crate for `rustc_plugin`
[INFO] [stdout]    --> /opt/rustwide/cargo-home/registry/src/index.crates.io-6f17d22bba15001f/stainless-0.1.12/src/lib.rs:172:1
[INFO] [stdout]     |
[INFO] [stdout] 172 | extern crate rustc_plugin;
[INFO] [stdout]     | ^^^^^^^^^^^^^^^^^^^^^^^^^^ can't find crate
[INFO] [stdout]     |
[INFO] [stdout]     = help: maybe you need to install the missing components with: `rustup component add rust-src rustc-dev llvm-tools-preview`
[INFO] [stdout] 
[INFO] [stdout] 
[INFO] [stderr]     Checking unreachable v0.1.1
[INFO] [stdout] error: cannot find macro `quote_ty` in this scope
[INFO] [stdout]    --> /opt/rustwide/cargo-home/registry/src/index.crates.io-6f17d22bba15001f/stainless-0.1.12/src/generate.rs:161:29
[INFO] [stdout]     |
[INFO] [stdout] 161 |                         ty: quote_ty!(cx, &mut ::test::Bencher),
[INFO] [stdout]     |                             ^^^^^^^^
[INFO] [stdout] 
[INFO] [stdout] 
[INFO] [stdout] error: cannot find macro `quote_pat` in this scope
[INFO] [stdout]    --> /opt/rustwide/cargo-home/registry/src/index.crates.io-6f17d22bba15001f/stainless-0.1.12/src/generate.rs:162:30
[INFO] [stdout]     |
[INFO] [stdout] 162 |                         pat: quote_pat!(cx, $bench),
[INFO] [stdout]     |                              ^^^^^^^^^
[INFO] [stdout] 
[INFO] [stdout] 
[INFO] [stdout] error: cannot find attribute `plugin_registrar` in this scope
[INFO] [stdout]    --> /opt/rustwide/cargo-home/registry/src/index.crates.io-6f17d22bba15001f/stainless-0.1.12/src/lib.rs:185:3
[INFO] [stdout]     |
[INFO] [stdout] 185 | #[plugin_registrar]
[INFO] [stdout]     |   ^^^^^^^^^^^^^^^^
[INFO] [stdout]     |
[INFO] [stdout]     = note: `plugin_registrar` is in scope, but it is a function, not an attribute
[INFO] [stdout] 
[INFO] [stdout] 
[INFO] [stdout] error: aborting due to 7 previous errors
[INFO] [stdout] 
[INFO] [stdout] 
[INFO] [stdout] Some errors have detailed explanations: E0463, E0557.
[INFO] [stdout] 
[INFO] [stdout] For more information about an error, try `rustc --explain E0463`.
[INFO] [stdout] 
[INFO] [stderr] error: could not compile `stainless` (lib) due to 8 previous errors
[INFO] [stderr] warning: build failed, waiting for other jobs to finish...
[INFO] running `Command { std: "docker" "inspect" "cc59122bed7afe54497bc5577a6db0906594f2a6f6cfc609c141464c47f7b215", kill_on_drop: false }`
[INFO] running `Command { std: "docker" "rm" "-f" "cc59122bed7afe54497bc5577a6db0906594f2a6f6cfc609c141464c47f7b215", kill_on_drop: false }`
[INFO] [stdout] cc59122bed7afe54497bc5577a6db0906594f2a6f6cfc609c141464c47f7b215
[INFO] checking lazy-0.5.3 against nightly-2024-02-05+rustflags=-Dunexpected_cfgs+cargoflags=-Zcheck-cfg for check-cfg
[INFO] extracting crate lazy 0.5.3 into /workspace/builds/worker-3-tc2/source
[INFO] validating manifest of crates.io crate lazy 0.5.3 on toolchain nightly-2024-02-05
[INFO] running `Command { std: CARGO_HOME="/workspace/cargo-home" RUSTUP_HOME="/workspace/rustup-home" "/workspace/cargo-home/bin/cargo" "+nightly-2024-02-05" "metadata" "--manifest-path" "Cargo.toml" "--no-deps", kill_on_drop: false }`
[INFO] started tweaking crates.io crate lazy 0.5.3
[INFO] finished tweaking crates.io crate lazy 0.5.3
[INFO] tweaked toml for crates.io crate lazy 0.5.3 written to /workspace/builds/worker-3-tc2/source/Cargo.toml
[INFO] running `Command { std: CARGO_HOME="/workspace/cargo-home" RUSTUP_HOME="/workspace/rustup-home" "/workspace/cargo-home/bin/cargo" "+nightly-2024-02-05" "generate-lockfile" "--manifest-path" "Cargo.toml", kill_on_drop: false }`
[INFO] [stderr]     Updating crates.io index
[INFO] running `Command { std: CARGO_HOME="/workspace/cargo-home" RUSTUP_HOME="/workspace/rustup-home" "/workspace/cargo-home/bin/cargo" "+nightly-2024-02-05" "fetch" "--manifest-path" "Cargo.toml", kill_on_drop: false }`
[INFO] running `Command { std: "docker" "create" "-v" "/var/lib/crater-agent-workspace/builds/worker-3-tc2/target:/opt/rustwide/target:rw,Z" "-v" "/var/lib/crater-agent-workspace/builds/worker-3-tc2/source:/opt/rustwide/workdir:ro,Z" "-v" "/var/lib/crater-agent-workspace/cargo-home:/opt/rustwide/cargo-home:ro,Z" "-v" "/var/lib/crater-agent-workspace/rustup-home:/opt/rustwide/rustup-home:ro,Z" "-e" "SOURCE_DIR=/opt/rustwide/workdir" "-e" "CARGO_TARGET_DIR=/opt/rustwide/target" "-e" "CARGO_HOME=/opt/rustwide/cargo-home" "-e" "RUSTUP_HOME=/opt/rustwide/rustup-home" "-w" "/opt/rustwide/workdir" "-m" "1610612736" "--user" "0:0" "--network" "none" "ghcr.io/rust-lang/crates-build-env/linux@sha256:2788e3201cd34a07e3172128adcd8b3090168a8e3bcc40d7c032b9dda1df7d1c" "/opt/rustwide/cargo-home/bin/cargo" "+nightly-2024-02-05" "metadata" "--no-deps" "--format-version=1", kill_on_drop: false }`
[INFO] [stdout] 4eff712cff4fba10a7939778efc1bc8cf2a9b12d38f07f7291bc6ae011a556b0
[INFO] running `Command { std: "docker" "start" "-a" "4eff712cff4fba10a7939778efc1bc8cf2a9b12d38f07f7291bc6ae011a556b0", kill_on_drop: false }`
[INFO] running `Command { std: "docker" "inspect" "4eff712cff4fba10a7939778efc1bc8cf2a9b12d38f07f7291bc6ae011a556b0", kill_on_drop: false }`
[INFO] running `Command { std: "docker" "rm" "-f" "4eff712cff4fba10a7939778efc1bc8cf2a9b12d38f07f7291bc6ae011a556b0", kill_on_drop: false }`
[INFO] [stdout] 4eff712cff4fba10a7939778efc1bc8cf2a9b12d38f07f7291bc6ae011a556b0
[INFO] running `Command { std: "docker" "create" "-v" "/var/lib/crater-agent-workspace/builds/worker-3-tc2/target:/opt/rustwide/target:rw,Z" "-v" "/var/lib/crater-agent-workspace/builds/worker-3-tc2/source:/opt/rustwide/workdir:ro,Z" "-v" "/var/lib/crater-agent-workspace/cargo-home:/opt/rustwide/cargo-home:ro,Z" "-v" "/var/lib/crater-agent-workspace/rustup-home:/opt/rustwide/rustup-home:ro,Z" "-e" "SOURCE_DIR=/opt/rustwide/workdir" "-e" "CARGO_TARGET_DIR=/opt/rustwide/target" "-e" "CARGO_INCREMENTAL=0" "-e" "RUST_BACKTRACE=full" "-e" "RUSTFLAGS=--cap-lints=forbid -Dunexpected_cfgs" "-e" "RUSTDOCFLAGS=--cap-lints=forbid" "-e" "CARGO_HOME=/opt/rustwide/cargo-home" "-e" "RUSTUP_HOME=/opt/rustwide/rustup-home" "-w" "/opt/rustwide/workdir" "-m" "1610612736" "--user" "0:0" "--network" "none" "ghcr.io/rust-lang/crates-build-env/linux@sha256:2788e3201cd34a07e3172128adcd8b3090168a8e3bcc40d7c032b9dda1df7d1c" "/opt/rustwide/cargo-home/bin/cargo" "+nightly-2024-02-05" "check" "--frozen" "--all" "--all-targets" "--message-format=json" "-Zcheck-cfg", kill_on_drop: false }`
[INFO] [stdout] 23c2ff660915e258f5715e8ce2787076dc8bdc19dff2e5a6e668469bc3399fe0
[INFO] running `Command { std: "docker" "start" "-a" "23c2ff660915e258f5715e8ce2787076dc8bdc19dff2e5a6e668469bc3399fe0", kill_on_drop: false }`
[INFO] [stderr]     Checking void v1.0.2
[INFO] [stderr]     Checking oncemutex v0.1.1
[INFO] [stderr]    Compiling stainless v0.1.12
[INFO] [stdout] error[E0557]: feature has been removed
[INFO] [stdout]  --> /opt/rustwide/cargo-home/registry/src/index.crates.io-6f17d22bba15001f/stainless-0.1.12/src/lib.rs:7:12
[INFO] [stdout]   |
[INFO] [stdout] 7 | #![feature(plugin_registrar, quote, rustc_private)]
[INFO] [stdout]   |            ^^^^^^^^^^^^^^^^ feature has been removed
[INFO] [stdout]   |
[INFO] [stdout]   = note: plugins are no longer supported
[INFO] [stdout] 
[INFO] [stdout] 
[INFO] [stdout] error[E0557]: feature has been removed
[INFO] [stdout]  --> /opt/rustwide/cargo-home/registry/src/index.crates.io-6f17d22bba15001f/stainless-0.1.12/src/lib.rs:7:30
[INFO] [stdout]   |
[INFO] [stdout] 7 | #![feature(plugin_registrar, quote, rustc_private)]
[INFO] [stdout]   |                              ^^^^^ feature has been removed
[INFO] [stdout] 
[INFO] [stdout] 
[INFO] [stdout] error[E0463]: can't find crate for `syntax`
[INFO] [stdout]    --> /opt/rustwide/cargo-home/registry/src/index.crates.io-6f17d22bba15001f/stainless-0.1.12/src/lib.rs:171:1
[INFO] [stdout]     |
[INFO] [stdout] 171 | extern crate syntax;
[INFO] [stdout]     | ^^^^^^^^^^^^^^^^^^^^ can't find crate
[INFO] [stdout] 
[INFO] [stdout] 
[INFO] [stdout] error[E0463]: can't find crate for `rustc_plugin`
[INFO] [stdout]    --> /opt/rustwide/cargo-home/registry/src/index.crates.io-6f17d22bba15001f/stainless-0.1.12/src/lib.rs:172:1
[INFO] [stdout]     |
[INFO] [stdout] 172 | extern crate rustc_plugin;
[INFO] [stdout]     | ^^^^^^^^^^^^^^^^^^^^^^^^^^ can't find crate
[INFO] [stdout]     |
[INFO] [stdout]     = help: maybe you need to install the missing components with: `rustup component add rust-src rustc-dev llvm-tools-preview`
[INFO] [stdout] 
[INFO] [stdout] 
[INFO] [stderr]     Checking unreachable v0.1.1
[INFO] [stdout] error: cannot find macro `quote_ty` in this scope
[INFO] [stdout]    --> /opt/rustwide/cargo-home/registry/src/index.crates.io-6f17d22bba15001f/stainless-0.1.12/src/generate.rs:161:29
[INFO] [stdout]     |
[INFO] [stdout] 161 |                         ty: quote_ty!(cx, &mut ::test::Bencher),
[INFO] [stdout]     |                             ^^^^^^^^
[INFO] [stdout] 
[INFO] [stdout] 
[INFO] [stdout] error: cannot find macro `quote_pat` in this scope
[INFO] [stdout]    --> /opt/rustwide/cargo-home/registry/src/index.crates.io-6f17d22bba15001f/stainless-0.1.12/src/generate.rs:162:30
[INFO] [stdout]     |
[INFO] [stdout] 162 |                         pat: quote_pat!(cx, $bench),
[INFO] [stdout]     |                              ^^^^^^^^^
[INFO] [stdout] 
[INFO] [stdout] 
[INFO] [stdout] error: cannot find attribute `plugin_registrar` in this scope
[INFO] [stdout]    --> /opt/rustwide/cargo-home/registry/src/index.crates.io-6f17d22bba15001f/stainless-0.1.12/src/lib.rs:185:3
[INFO] [stdout]     |
[INFO] [stdout] 185 | #[plugin_registrar]
[INFO] [stdout]     |   ^^^^^^^^^^^^^^^^
[INFO] [stdout]     |
[INFO] [stdout]     = note: `plugin_registrar` is in scope, but it is a function, not an attribute
[INFO] [stdout] 
[INFO] [stdout] 
[INFO] [stdout] error: aborting due to 7 previous errors
[INFO] [stdout] 
[INFO] [stdout] 
[INFO] [stdout] Some errors have detailed explanations: E0463, E0557.
[INFO] [stdout] 
[INFO] [stdout] For more information about an error, try `rustc --explain E0463`.
[INFO] [stdout] 
[INFO] [stderr] error: could not compile `stainless` (lib) due to 8 previous errors
[INFO] [stderr] warning: build failed, waiting for other jobs to finish...
[INFO] running `Command { std: "docker" "inspect" "23c2ff660915e258f5715e8ce2787076dc8bdc19dff2e5a6e668469bc3399fe0", kill_on_drop: false }`
[INFO] running `Command { std: "docker" "rm" "-f" "23c2ff660915e258f5715e8ce2787076dc8bdc19dff2e5a6e668469bc3399fe0", kill_on_drop: false }`
[INFO] [stdout] 23c2ff660915e258f5715e8ce2787076dc8bdc19dff2e5a6e668469bc3399fe0
