[INFO] fetching crate kronecker 0.1.0...
[INFO] checking kronecker-0.1.0 against nightly-2024-02-05 for check-cfg
[INFO] extracting crate kronecker 0.1.0 into /workspace/builds/worker-1-tc1/source
[INFO] validating manifest of crates.io crate kronecker 0.1.0 on toolchain nightly-2024-02-05
[INFO] running `Command { std: CARGO_HOME="/workspace/cargo-home" RUSTUP_HOME="/workspace/rustup-home" "/workspace/cargo-home/bin/cargo" "+nightly-2024-02-05" "metadata" "--manifest-path" "Cargo.toml" "--no-deps", kill_on_drop: false }`
[INFO] started tweaking crates.io crate kronecker 0.1.0
[INFO] finished tweaking crates.io crate kronecker 0.1.0
[INFO] tweaked toml for crates.io crate kronecker 0.1.0 written to /workspace/builds/worker-1-tc1/source/Cargo.toml
[INFO] running `Command { std: CARGO_HOME="/workspace/cargo-home" RUSTUP_HOME="/workspace/rustup-home" "/workspace/cargo-home/bin/cargo" "+nightly-2024-02-05" "generate-lockfile" "--manifest-path" "Cargo.toml", kill_on_drop: false }`
[INFO] running `Command { std: CARGO_HOME="/workspace/cargo-home" RUSTUP_HOME="/workspace/rustup-home" "/workspace/cargo-home/bin/cargo" "+nightly-2024-02-05" "fetch" "--manifest-path" "Cargo.toml", kill_on_drop: false }`
[INFO] running `Command { std: "docker" "create" "-v" "/var/lib/crater-agent-workspace/builds/worker-1-tc1/target:/opt/rustwide/target:rw,Z" "-v" "/var/lib/crater-agent-workspace/builds/worker-1-tc1/source:/opt/rustwide/workdir:ro,Z" "-v" "/var/lib/crater-agent-workspace/cargo-home:/opt/rustwide/cargo-home:ro,Z" "-v" "/var/lib/crater-agent-workspace/rustup-home:/opt/rustwide/rustup-home:ro,Z" "-e" "SOURCE_DIR=/opt/rustwide/workdir" "-e" "CARGO_TARGET_DIR=/opt/rustwide/target" "-e" "CARGO_HOME=/opt/rustwide/cargo-home" "-e" "RUSTUP_HOME=/opt/rustwide/rustup-home" "-w" "/opt/rustwide/workdir" "-m" "1610612736" "--user" "0:0" "--network" "none" "ghcr.io/rust-lang/crates-build-env/linux@sha256:2788e3201cd34a07e3172128adcd8b3090168a8e3bcc40d7c032b9dda1df7d1c" "/opt/rustwide/cargo-home/bin/cargo" "+nightly-2024-02-05" "metadata" "--no-deps" "--format-version=1", kill_on_drop: false }`
[INFO] [stdout] 077a3123bdbd02a4dd4e13ead26414df0b4df4cc8e38b6d288196d85d9a173fc
[INFO] running `Command { std: "docker" "start" "-a" "077a3123bdbd02a4dd4e13ead26414df0b4df4cc8e38b6d288196d85d9a173fc", kill_on_drop: false }`
[INFO] running `Command { std: "docker" "inspect" "077a3123bdbd02a4dd4e13ead26414df0b4df4cc8e38b6d288196d85d9a173fc", kill_on_drop: false }`
[INFO] running `Command { std: "docker" "rm" "-f" "077a3123bdbd02a4dd4e13ead26414df0b4df4cc8e38b6d288196d85d9a173fc", kill_on_drop: false }`
[INFO] [stdout] 077a3123bdbd02a4dd4e13ead26414df0b4df4cc8e38b6d288196d85d9a173fc
[INFO] running `Command { std: "docker" "create" "-v" "/var/lib/crater-agent-workspace/builds/worker-1-tc1/target:/opt/rustwide/target:rw,Z" "-v" "/var/lib/crater-agent-workspace/builds/worker-1-tc1/source:/opt/rustwide/workdir:ro,Z" "-v" "/var/lib/crater-agent-workspace/cargo-home:/opt/rustwide/cargo-home:ro,Z" "-v" "/var/lib/crater-agent-workspace/rustup-home:/opt/rustwide/rustup-home:ro,Z" "-e" "SOURCE_DIR=/opt/rustwide/workdir" "-e" "CARGO_TARGET_DIR=/opt/rustwide/target" "-e" "CARGO_INCREMENTAL=0" "-e" "RUST_BACKTRACE=full" "-e" "RUSTFLAGS=--cap-lints=forbid" "-e" "RUSTDOCFLAGS=--cap-lints=forbid" "-e" "CARGO_HOME=/opt/rustwide/cargo-home" "-e" "RUSTUP_HOME=/opt/rustwide/rustup-home" "-w" "/opt/rustwide/workdir" "-m" "1610612736" "--user" "0:0" "--network" "none" "ghcr.io/rust-lang/crates-build-env/linux@sha256:2788e3201cd34a07e3172128adcd8b3090168a8e3bcc40d7c032b9dda1df7d1c" "/opt/rustwide/cargo-home/bin/cargo" "+nightly-2024-02-05" "check" "--frozen" "--all" "--all-targets" "--message-format=json", kill_on_drop: false }`
[INFO] [stdout] 271ca86db57cced0fd658e22d57c5f841eb79aa43067eeacfec6e12235690c4c
[INFO] running `Command { std: "docker" "start" "-a" "271ca86db57cced0fd658e22d57c5f841eb79aa43067eeacfec6e12235690c4c", kill_on_drop: false }`
[INFO] [stderr]     Checking kronecker v0.1.0 (/opt/rustwide/workdir)
[INFO] [stdout] error[E0432]: unresolved imports `std::num::One`, `std::num::Zero`
[INFO] [stdout]  --> src/lib.rs:9:16
[INFO] [stdout]   |
[INFO] [stdout] 9 | use std::num::{One, Zero};
[INFO] [stdout]   |                ^^^  ^^^^ no `Zero` in `num`
[INFO] [stdout]   |                |
[INFO] [stdout]   |                no `One` in `num`
[INFO] [stdout]   |
[INFO] [stdout]   = help: consider importing one of these items instead:
[INFO] [stdout]           std::num::FpCategory::Zero
[INFO] [stdout]           std::num::IntErrorKind::Zero
[INFO] [stdout] 
[INFO] [stdout] 
[INFO] [stdout] error[E0432]: unresolved imports `std::num::One`, `std::num::Zero`
[INFO] [stdout]  --> src/lib.rs:9:16
[INFO] [stdout]   |
[INFO] [stdout] 9 | use std::num::{One, Zero};
[INFO] [stdout]   |                ^^^  ^^^^ no `Zero` in `num`
[INFO] [stdout]   |                |
[INFO] [stdout]   |                no `One` in `num`
[INFO] [stdout]   |
[INFO] [stdout]   = help: consider importing one of these items instead:
[INFO] [stdout]           std::num::FpCategory::Zero
[INFO] [stdout]           std::num::IntErrorKind::Zero
[INFO] [stdout] 
[INFO] [stdout] 
[INFO] [stdout] error[E0635]: unknown feature `zero_one`
[INFO] [stdout]  --> src/lib.rs:1:12
[INFO] [stdout]   |
[INFO] [stdout] 1 | #![feature(zero_one)]
[INFO] [stdout]   |            ^^^^^^^^
[INFO] [stdout] 
[INFO] [stdout] 
[INFO] [stdout] error[E0635]: unknown feature `zero_one`
[INFO] [stdout]  --> src/lib.rs:1:12
[INFO] [stdout]   |
[INFO] [stdout] 1 | #![feature(zero_one)]
[INFO] [stdout]   |            ^^^^^^^^
[INFO] [stdout] 
[INFO] [stdout] 
[INFO] [stdout] error: aborting due to 2 previous errors
[INFO] [stdout] 
[INFO] [stdout] 
[INFO] [stdout] Some errors have detailed explanations: E0432, E0635.
[INFO] [stdout] 
[INFO] [stdout] For more information about an error, try `rustc --explain E0432`.
[INFO] [stdout] 
[INFO] [stdout] error: aborting due to 2 previous errors
[INFO] [stdout] 
[INFO] [stdout] 
[INFO] [stdout] Some errors have detailed explanations: E0432, E0635.
[INFO] [stdout] 
[INFO] [stdout] For more information about an error, try `rustc --explain E0432`.
[INFO] [stdout] 
[INFO] [stderr] error: could not compile `kronecker` (lib) due to 3 previous errors
[INFO] [stderr] warning: build failed, waiting for other jobs to finish...
[INFO] [stderr] error: could not compile `kronecker` (lib test) due to 3 previous errors
[INFO] running `Command { std: "docker" "inspect" "271ca86db57cced0fd658e22d57c5f841eb79aa43067eeacfec6e12235690c4c", kill_on_drop: false }`
[INFO] running `Command { std: "docker" "rm" "-f" "271ca86db57cced0fd658e22d57c5f841eb79aa43067eeacfec6e12235690c4c", kill_on_drop: false }`
[INFO] [stdout] 271ca86db57cced0fd658e22d57c5f841eb79aa43067eeacfec6e12235690c4c
[INFO] checking kronecker-0.1.0 against nightly-2024-02-05+rustflags=-Dunexpected_cfgs+cargoflags=-Zcheck-cfg for check-cfg
[INFO] extracting crate kronecker 0.1.0 into /workspace/builds/worker-1-tc2/source
[INFO] validating manifest of crates.io crate kronecker 0.1.0 on toolchain nightly-2024-02-05
[INFO] running `Command { std: CARGO_HOME="/workspace/cargo-home" RUSTUP_HOME="/workspace/rustup-home" "/workspace/cargo-home/bin/cargo" "+nightly-2024-02-05" "metadata" "--manifest-path" "Cargo.toml" "--no-deps", kill_on_drop: false }`
[INFO] started tweaking crates.io crate kronecker 0.1.0
[INFO] finished tweaking crates.io crate kronecker 0.1.0
[INFO] tweaked toml for crates.io crate kronecker 0.1.0 written to /workspace/builds/worker-1-tc2/source/Cargo.toml
[INFO] running `Command { std: CARGO_HOME="/workspace/cargo-home" RUSTUP_HOME="/workspace/rustup-home" "/workspace/cargo-home/bin/cargo" "+nightly-2024-02-05" "generate-lockfile" "--manifest-path" "Cargo.toml", kill_on_drop: false }`
[INFO] running `Command { std: CARGO_HOME="/workspace/cargo-home" RUSTUP_HOME="/workspace/rustup-home" "/workspace/cargo-home/bin/cargo" "+nightly-2024-02-05" "fetch" "--manifest-path" "Cargo.toml", kill_on_drop: false }`
[INFO] running `Command { std: "docker" "create" "-v" "/var/lib/crater-agent-workspace/builds/worker-1-tc2/target:/opt/rustwide/target:rw,Z" "-v" "/var/lib/crater-agent-workspace/builds/worker-1-tc2/source:/opt/rustwide/workdir:ro,Z" "-v" "/var/lib/crater-agent-workspace/cargo-home:/opt/rustwide/cargo-home:ro,Z" "-v" "/var/lib/crater-agent-workspace/rustup-home:/opt/rustwide/rustup-home:ro,Z" "-e" "SOURCE_DIR=/opt/rustwide/workdir" "-e" "CARGO_TARGET_DIR=/opt/rustwide/target" "-e" "CARGO_HOME=/opt/rustwide/cargo-home" "-e" "RUSTUP_HOME=/opt/rustwide/rustup-home" "-w" "/opt/rustwide/workdir" "-m" "1610612736" "--user" "0:0" "--network" "none" "ghcr.io/rust-lang/crates-build-env/linux@sha256:2788e3201cd34a07e3172128adcd8b3090168a8e3bcc40d7c032b9dda1df7d1c" "/opt/rustwide/cargo-home/bin/cargo" "+nightly-2024-02-05" "metadata" "--no-deps" "--format-version=1", kill_on_drop: false }`
[INFO] [stdout] 989ca447fb2b27e145a768c755ec4bc8e1b9474949191981b3dafeead7054c02
[INFO] running `Command { std: "docker" "start" "-a" "989ca447fb2b27e145a768c755ec4bc8e1b9474949191981b3dafeead7054c02", kill_on_drop: false }`
[INFO] running `Command { std: "docker" "inspect" "989ca447fb2b27e145a768c755ec4bc8e1b9474949191981b3dafeead7054c02", kill_on_drop: false }`
[INFO] running `Command { std: "docker" "rm" "-f" "989ca447fb2b27e145a768c755ec4bc8e1b9474949191981b3dafeead7054c02", kill_on_drop: false }`
[INFO] [stdout] 989ca447fb2b27e145a768c755ec4bc8e1b9474949191981b3dafeead7054c02
[INFO] running `Command { std: "docker" "create" "-v" "/var/lib/crater-agent-workspace/builds/worker-1-tc2/target:/opt/rustwide/target:rw,Z" "-v" "/var/lib/crater-agent-workspace/builds/worker-1-tc2/source:/opt/rustwide/workdir:ro,Z" "-v" "/var/lib/crater-agent-workspace/cargo-home:/opt/rustwide/cargo-home:ro,Z" "-v" "/var/lib/crater-agent-workspace/rustup-home:/opt/rustwide/rustup-home:ro,Z" "-e" "SOURCE_DIR=/opt/rustwide/workdir" "-e" "CARGO_TARGET_DIR=/opt/rustwide/target" "-e" "CARGO_INCREMENTAL=0" "-e" "RUST_BACKTRACE=full" "-e" "RUSTFLAGS=--cap-lints=forbid -Dunexpected_cfgs" "-e" "RUSTDOCFLAGS=--cap-lints=forbid" "-e" "CARGO_HOME=/opt/rustwide/cargo-home" "-e" "RUSTUP_HOME=/opt/rustwide/rustup-home" "-w" "/opt/rustwide/workdir" "-m" "1610612736" "--user" "0:0" "--network" "none" "ghcr.io/rust-lang/crates-build-env/linux@sha256:2788e3201cd34a07e3172128adcd8b3090168a8e3bcc40d7c032b9dda1df7d1c" "/opt/rustwide/cargo-home/bin/cargo" "+nightly-2024-02-05" "check" "--frozen" "--all" "--all-targets" "--message-format=json" "-Zcheck-cfg", kill_on_drop: false }`
[INFO] [stdout] 7e54d9025458435dc64b650cb2b26cd8405893b17e9159570af3cc49b143292d
[INFO] running `Command { std: "docker" "start" "-a" "7e54d9025458435dc64b650cb2b26cd8405893b17e9159570af3cc49b143292d", kill_on_drop: false }`
[INFO] [stderr]     Checking kronecker v0.1.0 (/opt/rustwide/workdir)
[INFO] [stdout] error[E0432]: unresolved imports `std::num::One`, `std::num::Zero`
[INFO] [stdout]  --> src/lib.rs:9:16
[INFO] [stdout]   |
[INFO] [stdout] 9 | use std::num::{One, Zero};
[INFO] [stdout]   |                ^^^  ^^^^ no `Zero` in `num`
[INFO] [stdout]   |                |
[INFO] [stdout]   |                no `One` in `num`
[INFO] [stdout]   |
[INFO] [stdout]   = help: consider importing one of these items instead:
[INFO] [stdout]           std::num::FpCategory::Zero
[INFO] [stdout]           std::num::IntErrorKind::Zero
[INFO] [stdout] 
[INFO] [stdout] 
[INFO] [stdout] error[E0432]: unresolved imports `std::num::One`, `std::num::Zero`
[INFO] [stdout]  --> src/lib.rs:9:16
[INFO] [stdout]   |
[INFO] [stdout] 9 | use std::num::{One, Zero};
[INFO] [stdout]   |                ^^^  ^^^^ no `Zero` in `num`
[INFO] [stdout]   |                |
[INFO] [stdout]   |                no `One` in `num`
[INFO] [stdout]   |
[INFO] [stdout]   = help: consider importing one of these items instead:
[INFO] [stdout]           std::num::FpCategory::Zero
[INFO] [stdout]           std::num::IntErrorKind::Zero
[INFO] [stdout] 
[INFO] [stdout] 
[INFO] [stdout] error[E0635]: unknown feature `zero_one`
[INFO] [stdout]  --> src/lib.rs:1:12
[INFO] [stdout]   |
[INFO] [stdout] 1 | #![feature(zero_one)]
[INFO] [stdout]   |            ^^^^^^^^
[INFO] [stdout] 
[INFO] [stdout] 
[INFO] [stdout] error[E0635]: unknown feature `zero_one`
[INFO] [stdout]  --> src/lib.rs:1:12
[INFO] [stdout]   |
[INFO] [stdout] 1 | #![feature(zero_one)]
[INFO] [stdout]   |            ^^^^^^^^
[INFO] [stdout] 
[INFO] [stdout] 
[INFO] [stdout] error: aborting due to 2 previous errors
[INFO] [stdout] 
[INFO] [stdout] 
[INFO] [stdout] Some errors have detailed explanations: E0432, E0635.
[INFO] [stdout] 
[INFO] [stdout] For more information about an error, try `rustc --explain E0432`.
[INFO] [stdout] 
[INFO] [stdout] error: aborting due to 2 previous errors
[INFO] [stdout] 
[INFO] [stdout] 
[INFO] [stdout] Some errors have detailed explanations: E0432, E0635.
[INFO] [stdout] 
[INFO] [stdout] For more information about an error, try `rustc --explain E0432`.
[INFO] [stdout] 
[INFO] [stderr] error: could not compile `kronecker` (lib) due to 3 previous errors
[INFO] [stderr] warning: build failed, waiting for other jobs to finish...
[INFO] [stderr] error: could not compile `kronecker` (lib test) due to 3 previous errors
[INFO] running `Command { std: "docker" "inspect" "7e54d9025458435dc64b650cb2b26cd8405893b17e9159570af3cc49b143292d", kill_on_drop: false }`
[INFO] running `Command { std: "docker" "rm" "-f" "7e54d9025458435dc64b650cb2b26cd8405893b17e9159570af3cc49b143292d", kill_on_drop: false }`
[INFO] [stdout] 7e54d9025458435dc64b650cb2b26cd8405893b17e9159570af3cc49b143292d
