[INFO] fetching crate komodo_rpc_client 0.1.2...
[INFO] checking komodo_rpc_client-0.1.2 against nightly-2024-02-05 for check-cfg
[INFO] extracting crate komodo_rpc_client 0.1.2 into /workspace/builds/worker-1-tc1/source
[INFO] validating manifest of crates.io crate komodo_rpc_client 0.1.2 on toolchain nightly-2024-02-05
[INFO] running `Command { std: CARGO_HOME="/workspace/cargo-home" RUSTUP_HOME="/workspace/rustup-home" "/workspace/cargo-home/bin/cargo" "+nightly-2024-02-05" "metadata" "--manifest-path" "Cargo.toml" "--no-deps", kill_on_drop: false }`
[INFO] started tweaking crates.io crate komodo_rpc_client 0.1.2
[INFO] finished tweaking crates.io crate komodo_rpc_client 0.1.2
[INFO] tweaked toml for crates.io crate komodo_rpc_client 0.1.2 written to /workspace/builds/worker-1-tc1/source/Cargo.toml
[INFO] crate crates.io crate komodo_rpc_client 0.1.2 already has a lockfile, it will not be regenerated
[INFO] running `Command { std: CARGO_HOME="/workspace/cargo-home" RUSTUP_HOME="/workspace/rustup-home" "/workspace/cargo-home/bin/cargo" "+nightly-2024-02-05" "fetch" "--manifest-path" "Cargo.toml", kill_on_drop: false }`
[INFO] [stderr]     Updating crates.io index
[INFO] [stderr]  Downloading crates ...
[INFO] [stderr]   Downloaded proc-macro2 v0.4.20
[INFO] [stderr]   Downloaded remove_dir_all v0.5.1
[INFO] [stderr]   Downloaded rand_core v0.3.0
[INFO] [stderr]   Downloaded tokio-udp v0.1.2
[INFO] [stderr]   Downloaded ryu v0.2.6
[INFO] [stderr]   Downloaded core-foundation-sys v0.5.1
[INFO] [stderr]   Downloaded url v1.7.1
[INFO] [stderr]   Downloaded phf_shared v0.7.23
[INFO] [stderr]   Downloaded tokio-reactor v0.1.6
[INFO] [stderr]   Downloaded ucd-util v0.1.3
[INFO] [stderr]   Downloaded nodrop v0.1.12
[INFO] [stderr]   Downloaded mio v0.6.16
[INFO] [stderr]   Downloaded tokio-tcp v0.1.2
[INFO] [stderr]   Downloaded aho-corasick v0.6.9
[INFO] [stderr]   Downloaded memoffset v0.2.1
[INFO] [stderr]   Downloaded num_cpus v1.8.0
[INFO] [stderr]   Downloaded redox_users v0.2.0
[INFO] [stderr]   Downloaded tokio-current-thread v0.1.3
[INFO] [stderr]   Downloaded backtrace v0.3.9
[INFO] [stderr]   Downloaded h2 v0.1.13
[INFO] [stderr]   Downloaded regex v1.1.0
[INFO] [stderr]   Downloaded regex-syntax v0.6.4
[INFO] [stderr]   Downloaded encoding_rs v0.8.10
[INFO] [stderr]   Downloaded futures v0.1.25
[INFO] [stderr]   Downloaded argon2rs v0.2.5
[INFO] [stderr]   Downloaded backtrace-sys v0.1.24
[INFO] [stderr]   Downloaded httparse v1.3.3
[INFO] [stderr]   Downloaded want v0.0.6
[INFO] [stderr]   Downloaded tempfile v3.0.4
[INFO] [stderr]   Downloaded crossbeam-utils v0.5.0
[INFO] [stderr]   Downloaded bitflags v1.0.4
[INFO] [stderr]   Downloaded libc v0.2.43
[INFO] [stderr]   Downloaded rand v0.5.5
[INFO] [stderr]   Downloaded quote v0.6.8
[INFO] [stderr]   Downloaded tokio v0.1.11
[INFO] [stderr]   Downloaded rand v0.4.3
[INFO] [stderr]   Downloaded http v0.1.13
[INFO] [stderr]   Downloaded libflate v0.1.18
[INFO] [stderr]   Downloaded mime v0.3.12
[INFO] [stderr]   Downloaded smallvec v0.6.5
[INFO] [stderr]   Downloaded serde v1.0.80
[INFO] [stderr]   Downloaded failure v0.1.3
[INFO] [stderr]   Downloaded uuid v0.7.1
[INFO] [stderr]   Downloaded serde_json v1.0.32
[INFO] [stderr]   Downloaded bech32 v0.5.0
[INFO] [stderr]   Downloaded rustc-demangle v0.1.9
[INFO] [stderr]   Downloaded synstructure v0.10.1
[INFO] [stderr]   Downloaded memchr v2.1.1
[INFO] [stderr]   Downloaded time v0.1.40
[INFO] [stderr]   Downloaded security-framework v0.2.1
[INFO] [stderr]   Downloaded tokio-uds v0.2.2
[INFO] [stderr]   Downloaded native-tls v0.2.1
[INFO] [stderr]   Downloaded slab v0.4.1
[INFO] [stderr]   Downloaded tokio-executor v0.1.5
[INFO] [stderr]   Downloaded byteorder v1.2.6
[INFO] [stderr]   Downloaded rand_core v0.2.2
[INFO] [stderr]   Downloaded core-foundation v0.5.1
[INFO] [stderr]   Downloaded serde_derive v1.0.80
[INFO] [stderr]   Downloaded openssl-sys v0.9.38
[INFO] [stderr]   Downloaded mime_guess v2.0.0-alpha.6
[INFO] [stderr]   Downloaded dirs v1.0.4
[INFO] [stderr]   Downloaded phf v0.7.23
[INFO] [stderr]   Downloaded dtoa v0.4.3
[INFO] [stderr]   Downloaded redox_syscall v0.1.40
[INFO] [stderr]   Downloaded utf8-ranges v1.0.2
[INFO] [stderr]   Downloaded serde_urlencoded v0.5.3
[INFO] [stderr]   Downloaded indexmap v1.0.1
[INFO] [stderr]   Downloaded constant_time_eq v0.1.3
[INFO] [stderr]   Downloaded failure_derive v0.1.3
[INFO] [stderr]   Downloaded arrayvec v0.4.7
[INFO] [stderr]   Downloaded tokio-fs v0.1.3
[INFO] [stderr]   Downloaded safemem v0.3.0
[INFO] [stderr]   Downloaded cfg-if v0.1.5
[INFO] [stderr]   Downloaded hyper-tls v0.3.1
[INFO] [stderr]   Downloaded crossbeam-epoch v0.5.2
[INFO] [stderr]   Downloaded string v0.1.1
[INFO] [stderr]   Downloaded unicase v2.2.0
[INFO] [stderr]   Downloaded lazycell v1.2.0
[INFO] [stderr]   Downloaded cc v1.0.25
[INFO] [stderr]   Downloaded crossbeam-deque v0.6.1
[INFO] [stderr]   Downloaded log v0.4.5
[INFO] [stderr]   Downloaded bitcoin-bech32 v0.8.1
[INFO] [stderr]   Downloaded lazy_static v1.1.0
[INFO] [stderr]   Downloaded phf_codegen v0.7.23
[INFO] [stderr]   Downloaded phf_generator v0.7.23
[INFO] [stderr]   Downloaded security-framework-sys v0.2.1
[INFO] [stderr]   Downloaded lock_api v0.1.4
[INFO] [stderr]   Downloaded tokio-io v0.1.9
[INFO] [stderr]   Downloaded schannel v0.1.14
[INFO] [stderr]   Downloaded tokio-timer v0.2.7
[INFO] [stderr]   Downloaded bytes v0.4.10
[INFO] [stderr]   Downloaded tokio-threadpool v0.1.7
[INFO] [stderr]   Downloaded hyper v0.12.16
[INFO] [stderr]   Downloaded reqwest v0.9.5
[INFO] [stderr]   Downloaded syn v0.15.12
[INFO] [stderr]   Downloaded openssl v0.10.13
[INFO] [stderr]   Downloaded bitcoin v0.14.2
[INFO] [stderr]   Downloaded os_info v1.1.0
[INFO] [stderr]   Downloaded secp256k1 v0.11.2
[INFO] running `Command { std: "docker" "create" "-v" "/var/lib/crater-agent-workspace/builds/worker-1-tc1/target:/opt/rustwide/target:rw,Z" "-v" "/var/lib/crater-agent-workspace/builds/worker-1-tc1/source:/opt/rustwide/workdir:ro,Z" "-v" "/var/lib/crater-agent-workspace/cargo-home:/opt/rustwide/cargo-home:ro,Z" "-v" "/var/lib/crater-agent-workspace/rustup-home:/opt/rustwide/rustup-home:ro,Z" "-e" "SOURCE_DIR=/opt/rustwide/workdir" "-e" "CARGO_TARGET_DIR=/opt/rustwide/target" "-e" "CARGO_HOME=/opt/rustwide/cargo-home" "-e" "RUSTUP_HOME=/opt/rustwide/rustup-home" "-w" "/opt/rustwide/workdir" "-m" "1610612736" "--user" "0:0" "--network" "none" "ghcr.io/rust-lang/crates-build-env/linux@sha256:2788e3201cd34a07e3172128adcd8b3090168a8e3bcc40d7c032b9dda1df7d1c" "/opt/rustwide/cargo-home/bin/cargo" "+nightly-2024-02-05" "metadata" "--no-deps" "--format-version=1", kill_on_drop: false }`
[INFO] [stdout] 92aa603e56eb7a0d10e222ab73e4c990cba325e134b841d60475f7d931e2e4ff
[INFO] running `Command { std: "docker" "start" "-a" "92aa603e56eb7a0d10e222ab73e4c990cba325e134b841d60475f7d931e2e4ff", kill_on_drop: false }`
[INFO] running `Command { std: "docker" "inspect" "92aa603e56eb7a0d10e222ab73e4c990cba325e134b841d60475f7d931e2e4ff", kill_on_drop: false }`
[INFO] running `Command { std: "docker" "rm" "-f" "92aa603e56eb7a0d10e222ab73e4c990cba325e134b841d60475f7d931e2e4ff", kill_on_drop: false }`
[INFO] [stdout] 92aa603e56eb7a0d10e222ab73e4c990cba325e134b841d60475f7d931e2e4ff
[INFO] running `Command { std: "docker" "create" "-v" "/var/lib/crater-agent-workspace/builds/worker-1-tc1/target:/opt/rustwide/target:rw,Z" "-v" "/var/lib/crater-agent-workspace/builds/worker-1-tc1/source:/opt/rustwide/workdir:ro,Z" "-v" "/var/lib/crater-agent-workspace/cargo-home:/opt/rustwide/cargo-home:ro,Z" "-v" "/var/lib/crater-agent-workspace/rustup-home:/opt/rustwide/rustup-home:ro,Z" "-e" "SOURCE_DIR=/opt/rustwide/workdir" "-e" "CARGO_TARGET_DIR=/opt/rustwide/target" "-e" "CARGO_INCREMENTAL=0" "-e" "RUST_BACKTRACE=full" "-e" "RUSTFLAGS=--cap-lints=forbid" "-e" "RUSTDOCFLAGS=--cap-lints=forbid" "-e" "CARGO_HOME=/opt/rustwide/cargo-home" "-e" "RUSTUP_HOME=/opt/rustwide/rustup-home" "-w" "/opt/rustwide/workdir" "-m" "1610612736" "--user" "0:0" "--network" "none" "ghcr.io/rust-lang/crates-build-env/linux@sha256:2788e3201cd34a07e3172128adcd8b3090168a8e3bcc40d7c032b9dda1df7d1c" "/opt/rustwide/cargo-home/bin/cargo" "+nightly-2024-02-05" "check" "--frozen" "--all" "--all-targets" "--message-format=json", kill_on_drop: false }`
[INFO] [stdout] 3371ef82b3c4b12c5a9b0c738131d49e62c9e2605652a3c8825e45608e372e35
[INFO] running `Command { std: "docker" "start" "-a" "3371ef82b3c4b12c5a9b0c738131d49e62c9e2605652a3c8825e45608e372e35", kill_on_drop: false }`
[INFO] [stderr]     Checking libc v0.2.43
[INFO] [stderr]     Checking cfg-if v0.1.5
[INFO] [stderr]    Compiling lazy_static v1.1.0
[INFO] [stderr]     Checking futures v0.1.25
[INFO] [stderr]     Checking byteorder v1.2.6
[INFO] [stderr]     Checking rand_core v0.3.0
[INFO] [stderr]    Compiling cc v1.0.25
[INFO] [stderr]     Checking crossbeam-utils v0.5.0
[INFO] [stderr]     Checking log v0.4.5
[INFO] [stderr]    Compiling unicase v1.4.2
[INFO] [stderr]     Checking rand_core v0.2.2
[INFO] [stderr]     Checking slab v0.4.1
[INFO] [stderr]     Checking void v1.0.2
[INFO] [stderr]    Compiling parking_lot_core v0.3.1
[INFO] [stderr]     Checking unreachable v1.0.0
[INFO] [stderr]     Checking stable_deref_trait v1.1.1
[INFO] [stderr]     Checking smallvec v0.6.5
[INFO] [stderr]     Checking owning_ref v0.3.3
[INFO] [stderr]     Checking lazycell v1.2.0
[INFO] [stderr]     Checking lock_api v0.1.4
[INFO] [stderr]    Compiling pkg-config v0.3.14
[INFO] [stderr]     Checking nodrop v0.1.12
[INFO] [stderr]     Checking iovec v0.1.2
[INFO] [stderr]     Checking rand v0.5.5
[INFO] [stderr]     Checking num_cpus v1.8.0
[INFO] [stderr]     Checking net2 v0.2.33
[INFO] [stderr]     Checking bytes v0.4.10
[INFO] [stderr]     Checking arrayvec v0.4.7
[INFO] [stderr]     Checking memoffset v0.2.1
[INFO] [stderr]     Checking mio v0.6.16
[INFO] [stderr]     Checking crossbeam-epoch v0.5.2
[INFO] [stderr]    Compiling serde v1.0.80
[INFO] [stderr]     Checking itoa v0.4.3
[INFO] [stderr]    Compiling siphasher v0.2.3
[INFO] [stderr]     Checking crossbeam-deque v0.6.1
[INFO] [stderr]     Checking tokio-executor v0.1.5
[INFO] [stderr]     Checking tokio-io v0.1.9
[INFO] [stderr]    Compiling openssl-sys v0.9.38
[INFO] [stderr]    Compiling phf_shared v0.7.23
[INFO] [stderr]    Compiling proc-macro2 v0.4.20
[INFO] [stderr]     Checking tokio-threadpool v0.1.7
[INFO] [stderr]     Checking mio-uds v0.6.7
[INFO] [stderr]     Checking time v0.1.40
[INFO] [stderr]     Checking parking_lot v0.6.4
[INFO] [stderr]     Checking tokio-codec v0.1.1
[INFO] [stderr]    Compiling memchr v2.1.1
[INFO] [stderr]     Checking tokio-reactor v0.1.6
[INFO] [stderr]    Compiling unicase v2.2.0
[INFO] [stderr]    Compiling openssl v0.10.13
[INFO] [stderr]    Compiling build_const v0.2.1
[INFO] [stderr]     Checking fnv v1.0.6
[INFO] [stderr]    Compiling httparse v1.3.3
[INFO] [stderr]     Checking matches v0.1.8
[INFO] [stderr]     Checking tokio-tcp v0.1.2
[INFO] [stderr] The following warnings were emitted during compilation:
[INFO] [stderr] 
[INFO] [stderr] warning: openssl-sys@0.9.38: /opt/rustwide/target/debug/build/openssl-sys-1def209f525ecae7/out/expando.c:4:24: error: pasting "RUST_VERSION_OPENSSL_" and "(" does not give a valid preprocessing token
[INFO] [stderr] warning: openssl-sys@0.9.38:     4 | #define VERSION2(n, v) RUST_VERSION_ ## n ## _ ## v
[INFO] [stderr] warning: openssl-sys@0.9.38:       |                        ^~~~~~~~~~~~~
[INFO] [stderr] warning: openssl-sys@0.9.38: /opt/rustwide/target/debug/build/openssl-sys-1def209f525ecae7/out/expando.c:5:23: note: in expansion of macro 'VERSION2'
[INFO] [stderr] warning: openssl-sys@0.9.38:     5 | #define VERSION(n, v) VERSION2(n, v)
[INFO] [stderr] warning: openssl-sys@0.9.38:       |                       ^~~~~~~~
[INFO] [stderr] warning: openssl-sys@0.9.38: /opt/rustwide/target/debug/build/openssl-sys-1def209f525ecae7/out/expando.c:7:1: note: in expansion of macro 'VERSION'
[INFO] [stderr] warning: openssl-sys@0.9.38:     7 | VERSION(OPENSSL, OPENSSL_VERSION_NUMBER)
[INFO] [stderr] warning: openssl-sys@0.9.38:       | ^~~~~~~
[INFO] [stderr] 
[INFO] [stderr] error: failed to run custom build command for `openssl-sys v0.9.38`
[INFO] [stderr] note: To improve backtraces for build dependencies, set the CARGO_PROFILE_DEV_BUILD_OVERRIDE_DEBUG=true environment variable to enable debug information generation.
[INFO] [stderr] 
[INFO] [stderr] Caused by:
[INFO] [stderr]   process didn't exit successfully: `/opt/rustwide/target/debug/build/openssl-sys-caf36459fe39b021/build-script-main` (exit status: 101)
[INFO] [stderr]   --- stdout
[INFO] [stderr]   cargo:rerun-if-env-changed=X86_64_UNKNOWN_LINUX_GNU_OPENSSL_LIB_DIR
[INFO] [stderr]   cargo:rerun-if-env-changed=OPENSSL_LIB_DIR
[INFO] [stderr]   cargo:rerun-if-env-changed=X86_64_UNKNOWN_LINUX_GNU_OPENSSL_INCLUDE_DIR
[INFO] [stderr]   cargo:rerun-if-env-changed=OPENSSL_INCLUDE_DIR
[INFO] [stderr]   cargo:rerun-if-env-changed=X86_64_UNKNOWN_LINUX_GNU_OPENSSL_DIR
[INFO] [stderr]   cargo:rerun-if-env-changed=OPENSSL_DIR
[INFO] [stderr]   cargo:rustc-link-lib=ssl
[INFO] [stderr]   cargo:rustc-link-lib=crypto
[INFO] [stderr]   OPT_LEVEL = Some("0")
[INFO] [stderr]   TARGET = Some("x86_64-unknown-linux-gnu")
[INFO] [stderr]   HOST = Some("x86_64-unknown-linux-gnu")
[INFO] [stderr]   CC_x86_64-unknown-linux-gnu = None
[INFO] [stderr]   CC_x86_64_unknown_linux_gnu = None
[INFO] [stderr]   HOST_CC = None
[INFO] [stderr]   CC = None
[INFO] [stderr]   CFLAGS_x86_64-unknown-linux-gnu = None
[INFO] [stderr]   CFLAGS_x86_64_unknown_linux_gnu = None
[INFO] [stderr]   HOST_CFLAGS = None
[INFO] [stderr]   CFLAGS = None
[INFO] [stderr]   DEBUG = Some("true")
[INFO] [stderr]   running: "cc" "-O0" "-ffunction-sections" "-fdata-sections" "-fPIC" "-g" "-fno-omit-frame-pointer" "-m64" "-Wall" "-Wextra" "-E" "/opt/rustwide/target/debug/build/openssl-sys-1def209f525ecae7/out/expando.c"
[INFO] [stderr]   cargo:warning=/opt/rustwide/target/debug/build/openssl-sys-1def209f525ecae7/out/expando.c:4:24: error: pasting "RUST_VERSION_OPENSSL_" and "(" does not give a valid preprocessing token
[INFO] [stderr]   cargo:warning=    4 | #define VERSION2(n, v) RUST_VERSION_ ## n ## _ ## v
[INFO] [stderr]   cargo:warning=      |                        ^~~~~~~~~~~~~
[INFO] [stderr]   cargo:warning=/opt/rustwide/target/debug/build/openssl-sys-1def209f525ecae7/out/expando.c:5:23: note: in expansion of macro 'VERSION2'
[INFO] [stderr]   cargo:warning=    5 | #define VERSION(n, v) VERSION2(n, v)
[INFO] [stderr]   cargo:warning=      |                       ^~~~~~~~
[INFO] [stderr]   cargo:warning=/opt/rustwide/target/debug/build/openssl-sys-1def209f525ecae7/out/expando.c:7:1: note: in expansion of macro 'VERSION'
[INFO] [stderr]   cargo:warning=    7 | VERSION(OPENSSL, OPENSSL_VERSION_NUMBER)
[INFO] [stderr]   cargo:warning=      | ^~~~~~~
[INFO] [stderr]   exit status: 1
[INFO] [stderr] 
[INFO] [stderr]   --- stderr
[INFO] [stderr]   thread 'main' panicked at /opt/rustwide/cargo-home/registry/src/index.crates.io-6f17d22bba15001f/openssl-sys-0.9.38/build/main.rs:429:13:
[INFO] [stderr] 
[INFO] [stderr]   Header expansion error:
[INFO] [stderr]   Error { kind: ToolExecError, message: "Command \"cc\" \"-O0\" \"-ffunction-sections\" \"-fdata-sections\" \"-fPIC\" \"-g\" \"-fno-omit-frame-pointer\" \"-m64\" \"-Wall\" \"-Wextra\" \"-E\" \"/opt/rustwide/target/debug/build/openssl-sys-1def209f525ecae7/out/expando.c\" with args \"cc\" did not execute successfully (status code exit status: 1)." }
[INFO] [stderr] 
[INFO] [stderr]   Failed to find OpenSSL development headers.
[INFO] [stderr] 
[INFO] [stderr]   You can try fixing this setting the `OPENSSL_DIR` environment variable
[INFO] [stderr]   pointing to your OpenSSL installation or installing OpenSSL headers package
[INFO] [stderr]   specific to your distribution:
[INFO] [stderr] 
[INFO] [stderr]       # On Ubuntu
[INFO] [stderr]       sudo apt-get install libssl-dev
[INFO] [stderr]       # On Arch Linux
[INFO] [stderr]       sudo pacman -S openssl
[INFO] [stderr]       # On Fedora
[INFO] [stderr]       sudo dnf install openssl-devel
[INFO] [stderr] 
[INFO] [stderr]   See rust-openssl README for more information:
[INFO] [stderr] 
[INFO] [stderr]       https://github.com/sfackler/rust-openssl#linux
[INFO] [stderr] 
[INFO] [stderr]   stack backtrace:
[INFO] [stderr]      0:     0x55f08c8cc456 - std::backtrace_rs::backtrace::libunwind::trace::heebc7766b165eb2a
[INFO] [stderr]                                  at /rustc/268dbbbc4b3fd71c5f360a4d0728295252430b5b/library/std/src/../../backtrace/src/backtrace/libunwind.rs:104:5
[INFO] [stderr]      1:     0x55f08c8cc456 - std::backtrace_rs::backtrace::trace_unsynchronized::ha677020d8fc0296d
[INFO] [stderr]                                  at /rustc/268dbbbc4b3fd71c5f360a4d0728295252430b5b/library/std/src/../../backtrace/src/backtrace/mod.rs:66:5
[INFO] [stderr]      2:     0x55f08c8cc456 - std::sys_common::backtrace::_print_fmt::hcaff2fd86a1aeaa3
[INFO] [stderr]                                  at /rustc/268dbbbc4b3fd71c5f360a4d0728295252430b5b/library/std/src/sys_common/backtrace.rs:68:5
[INFO] [stderr]      3:     0x55f08c8cc456 - <std::sys_common::backtrace::_print::DisplayBacktrace as core::fmt::Display>::fmt::hc2446d8aa0059188
[INFO] [stderr]                                  at /rustc/268dbbbc4b3fd71c5f360a4d0728295252430b5b/library/std/src/sys_common/backtrace.rs:44:22
[INFO] [stderr]      4:     0x55f08c8f1720 - core::fmt::rt::Argument::fmt::h2fbb6454da37999b
[INFO] [stderr]                                  at /rustc/268dbbbc4b3fd71c5f360a4d0728295252430b5b/library/core/src/fmt/rt.rs:142:9
[INFO] [stderr]      5:     0x55f08c8f1720 - core::fmt::write::had96bdeda7d49d3a
[INFO] [stderr]                                  at /rustc/268dbbbc4b3fd71c5f360a4d0728295252430b5b/library/core/src/fmt/mod.rs:1120:17
[INFO] [stderr]      6:     0x55f08c8c9b5f - std::io::Write::write_fmt::h30b1f36eea05b391
[INFO] [stderr]                                  at /rustc/268dbbbc4b3fd71c5f360a4d0728295252430b5b/library/std/src/io/mod.rs:1849:15
[INFO] [stderr]      7:     0x55f08c8cc234 - std::sys_common::backtrace::_print::hc333bb91ae972137
[INFO] [stderr]                                  at /rustc/268dbbbc4b3fd71c5f360a4d0728295252430b5b/library/std/src/sys_common/backtrace.rs:47:5
[INFO] [stderr]      8:     0x55f08c8cc234 - std::sys_common::backtrace::print::h18fd3c71a95a3169
[INFO] [stderr]                                  at /rustc/268dbbbc4b3fd71c5f360a4d0728295252430b5b/library/std/src/sys_common/backtrace.rs:34:9
[INFO] [stderr]      9:     0x55f08c8cdb17 - std::panicking::default_hook::{{closure}}::ha3473f9bcb4e9a37
[INFO] [stderr]     10:     0x55f08c8cd879 - std::panicking::default_hook::h23d9d43185db6584
[INFO] [stderr]                                  at /rustc/268dbbbc4b3fd71c5f360a4d0728295252430b5b/library/std/src/panicking.rs:292:9
[INFO] [stderr]     11:     0x55f08c8cdfa8 - std::panicking::rust_panic_with_hook::h94aceaa7df3a6edd
[INFO] [stderr]                                  at /rustc/268dbbbc4b3fd71c5f360a4d0728295252430b5b/library/std/src/panicking.rs:781:13
[INFO] [stderr]     12:     0x55f08c8cde82 - std::panicking::begin_panic_handler::{{closure}}::h9905d45d1d82fc42
[INFO] [stderr]                                  at /rustc/268dbbbc4b3fd71c5f360a4d0728295252430b5b/library/std/src/panicking.rs:659:13
[INFO] [stderr]     13:     0x55f08c8cc956 - std::sys_common::backtrace::__rust_end_short_backtrace::hb02085545dc143b9
[INFO] [stderr]                                  at /rustc/268dbbbc4b3fd71c5f360a4d0728295252430b5b/library/std/src/sys_common/backtrace.rs:171:18
[INFO] [stderr]     14:     0x55f08c8cdbd4 - rust_begin_unwind
[INFO] [stderr]                                  at /rustc/268dbbbc4b3fd71c5f360a4d0728295252430b5b/library/std/src/panicking.rs:647:5
[INFO] [stderr]     15:     0x55f08c84b685 - core::panicking::panic_fmt::h6dca3983f8a9f4d0
[INFO] [stderr]                                  at /rustc/268dbbbc4b3fd71c5f360a4d0728295252430b5b/library/core/src/panicking.rs:72:14
[INFO] [stderr]     16:     0x55f08c852df7 - build_script_main::validate_headers::h7c58293e4463b854
[INFO] [stderr]     17:     0x55f08c85920e - build_script_main::imp::try_pkg_config::ha81620d3294b6c07
[INFO] [stderr]     18:     0x55f08c857f28 - build_script_main::imp::find_openssl_dir::h0da3dcc86ea604c2
[INFO] [stderr]     19:     0x55f08c857d32 - build_script_main::imp::get_openssl::{{closure}}::h0bcaa2e1badb3580
[INFO] [stderr]     20:     0x55f08c84d34f - core::option::Option<T>::unwrap_or_else::h1adc617ad4ca84c9
[INFO] [stderr]     21:     0x55f08c857b2d - build_script_main::imp::get_openssl::h226f8e09dc7e2cc8
[INFO] [stderr]     22:     0x55f08c850514 - build_script_main::main::h8fbfe87d4c3cd93e
[INFO] [stderr]     23:     0x55f08c84cc93 - core::ops::function::FnOnce::call_once::h0489bc0584acdc5e
[INFO] [stderr]     24:     0x55f08c854446 - std::sys_common::backtrace::__rust_begin_short_backtrace::hfda5881f79d82dea
[INFO] [stderr]     25:     0x55f08c854a39 - std::rt::lang_start::{{closure}}::hae49b1b00c40f888
[INFO] [stderr]     26:     0x55f08c8c5e41 - core::ops::function::impls::<impl core::ops::function::FnOnce<A> for &F>::call_once::h298d8ff12ebcec8c
[INFO] [stderr]                                  at /rustc/268dbbbc4b3fd71c5f360a4d0728295252430b5b/library/core/src/ops/function.rs:284:13
[INFO] [stderr]     27:     0x55f08c8c5e41 - std::panicking::try::do_call::hbd0ffb05da5bd343
[INFO] [stderr]                                  at /rustc/268dbbbc4b3fd71c5f360a4d0728295252430b5b/library/std/src/panicking.rs:554:40
[INFO] [stderr]     28:     0x55f08c8c5e41 - std::panicking::try::h11c9a152defd5d2a
[INFO] [stderr]                                  at /rustc/268dbbbc4b3fd71c5f360a4d0728295252430b5b/library/std/src/panicking.rs:518:19
[INFO] [stderr]     29:     0x55f08c8c5e41 - std::panic::catch_unwind::h0d6db2fa902b4d64
[INFO] [stderr]                                  at /rustc/268dbbbc4b3fd71c5f360a4d0728295252430b5b/library/std/src/panic.rs:142:14
[INFO] [stderr]     30:     0x55f08c8c5e41 - std::rt::lang_start_internal::{{closure}}::hdcc09b4aad7ef821
[INFO] [stderr]                                  at /rustc/268dbbbc4b3fd71c5f360a4d0728295252430b5b/library/std/src/rt.rs:148:48
[INFO] [stderr]     31:     0x55f08c8c5e41 - std::panicking::try::do_call::h3ffd2f162d60900f
[INFO] [stderr]                                  at /rustc/268dbbbc4b3fd71c5f360a4d0728295252430b5b/library/std/src/panicking.rs:554:40
[INFO] [stderr]     32:     0x55f08c8c5e41 - std::panicking::try::heeba82b9c3e190fb
[INFO] [stderr]                                  at /rustc/268dbbbc4b3fd71c5f360a4d0728295252430b5b/library/std/src/panicking.rs:518:19
[INFO] [stderr]     33:     0x55f08c8c5e41 - std::panic::catch_unwind::hdaab8f1c188f387f
[INFO] [stderr]                                  at /rustc/268dbbbc4b3fd71c5f360a4d0728295252430b5b/library/std/src/panic.rs:142:14
[INFO] [stderr]     34:     0x55f08c8c5e41 - std::rt::lang_start_internal::h9989e088c48b7903
[INFO] [stderr]                                  at /rustc/268dbbbc4b3fd71c5f360a4d0728295252430b5b/library/std/src/rt.rs:148:20
[INFO] [stderr]     35:     0x55f08c854a17 - std::rt::lang_start::hbc385ed0e4481fc1
[INFO] [stderr]     36:     0x55f08c853f65 - main
[INFO] [stderr]     37:     0x7fdca1eeed90 - <unknown>
[INFO] [stderr]     38:     0x7fdca1eeee40 - __libc_start_main
[INFO] [stderr]     39:     0x55f08c84bea5 - _start
[INFO] [stderr]     40:                0x0 - <unknown>
[INFO] [stderr] warning: build failed, waiting for other jobs to finish...
[INFO] running `Command { std: "docker" "inspect" "3371ef82b3c4b12c5a9b0c738131d49e62c9e2605652a3c8825e45608e372e35", kill_on_drop: false }`
[INFO] running `Command { std: "docker" "rm" "-f" "3371ef82b3c4b12c5a9b0c738131d49e62c9e2605652a3c8825e45608e372e35", kill_on_drop: false }`
[INFO] [stdout] 3371ef82b3c4b12c5a9b0c738131d49e62c9e2605652a3c8825e45608e372e35
