[INFO] fetching crate kitsune_p2p 0.2.3...
[INFO] checking kitsune_p2p-0.2.3 against nightly-2024-02-05 for check-cfg
[INFO] extracting crate kitsune_p2p 0.2.3 into /workspace/builds/worker-0-tc1/source
[INFO] validating manifest of crates.io crate kitsune_p2p 0.2.3 on toolchain nightly-2024-02-05
[INFO] running `Command { std: CARGO_HOME="/workspace/cargo-home" RUSTUP_HOME="/workspace/rustup-home" "/workspace/cargo-home/bin/cargo" "+nightly-2024-02-05" "metadata" "--manifest-path" "Cargo.toml" "--no-deps", kill_on_drop: false }`
[INFO] started tweaking crates.io crate kitsune_p2p 0.2.3
[INFO] finished tweaking crates.io crate kitsune_p2p 0.2.3
[INFO] tweaked toml for crates.io crate kitsune_p2p 0.2.3 written to /workspace/builds/worker-0-tc1/source/Cargo.toml
[INFO] running `Command { std: CARGO_HOME="/workspace/cargo-home" RUSTUP_HOME="/workspace/rustup-home" "/workspace/cargo-home/bin/cargo" "+nightly-2024-02-05" "generate-lockfile" "--manifest-path" "Cargo.toml", kill_on_drop: false }`
[INFO] [stderr]     Updating crates.io index
[INFO] running `Command { std: CARGO_HOME="/workspace/cargo-home" RUSTUP_HOME="/workspace/rustup-home" "/workspace/cargo-home/bin/cargo" "+nightly-2024-02-05" "fetch" "--manifest-path" "Cargo.toml", kill_on_drop: false }`
[INFO] [stderr]     Blocking waiting for file lock on package cache
[INFO] [stderr]  Downloading crates ...
[INFO] [stderr]   Downloaded holochain_util v0.2.5
[INFO] [stderr]   Downloaded rand-utf8 v0.0.1
[INFO] [stderr]   Downloaded tx5-core v0.0.3-alpha
[INFO] [stderr]   Downloaded tx5-signal-srv v0.0.3-alpha
[INFO] [stderr]   Downloaded inferno v0.11.19
[INFO] [stderr]   Downloaded kitsune_p2p_timestamp v0.2.5
[INFO] [stderr]   Downloaded kitsune_p2p_block v0.2.5
[INFO] [stderr]   Downloaded test-case v1.2.3
[INFO] [stderr]   Downloaded kitsune_p2p_bin_data v0.2.5
[INFO] [stderr]   Downloaded libmdns v0.7.4
[INFO] [stderr]   Downloaded kitsune_p2p_dht_arc v0.2.5
[INFO] [stderr]   Downloaded ouroboros v0.15.6
[INFO] [stderr]   Downloaded human-repr v1.1.0
[INFO] [stderr]   Downloaded kitsune_p2p_dht v0.2.5
[INFO] [stderr]   Downloaded contrafact v0.2.0-rc.1
[INFO] [stderr]   Downloaded kitsune_p2p_types v0.2.5
[INFO] [stderr]   Downloaded ts_opentelemetry_api v0.20.0-beta.1
[INFO] [stderr]   Downloaded if-addrs v0.10.2
[INFO] [stderr]   Downloaded fixt v0.2.5
[INFO] [stderr]   Downloaded influxive-otel-atomic-obs v0.0.1-alpha.11
[INFO] [stderr]   Downloaded rustls-webpki v0.100.3
[INFO] [stderr]   Downloaded tx5-signal v0.0.3-alpha
[INFO] [stderr]   Downloaded ouroboros_macro v0.15.6
[INFO] [stderr]   Downloaded holochain_trace v0.2.5
[INFO] [stderr]   Downloaded kitsune_p2p_mdns v0.2.5
[INFO] [stderr]   Downloaded kitsune_p2p_fetch v0.2.5
[INFO] [stderr]   Downloaded kitsune_p2p_transport_quic v0.2.5
[INFO] [stderr]   Downloaded kitsune_p2p_proxy v0.2.5
[INFO] [stderr]   Downloaded tx5-go-pion v0.0.3-alpha
[INFO] [stderr]   Downloaded tx5 v0.0.3-alpha
[INFO] [stderr]   Downloaded tx5-go-pion-sys v0.0.3-alpha
[INFO] running `Command { std: "docker" "create" "-v" "/var/lib/crater-agent-workspace/builds/worker-0-tc1/target:/opt/rustwide/target:rw,Z" "-v" "/var/lib/crater-agent-workspace/builds/worker-0-tc1/source:/opt/rustwide/workdir:ro,Z" "-v" "/var/lib/crater-agent-workspace/cargo-home:/opt/rustwide/cargo-home:ro,Z" "-v" "/var/lib/crater-agent-workspace/rustup-home:/opt/rustwide/rustup-home:ro,Z" "-e" "SOURCE_DIR=/opt/rustwide/workdir" "-e" "CARGO_TARGET_DIR=/opt/rustwide/target" "-e" "CARGO_HOME=/opt/rustwide/cargo-home" "-e" "RUSTUP_HOME=/opt/rustwide/rustup-home" "-w" "/opt/rustwide/workdir" "-m" "1610612736" "--user" "0:0" "--network" "none" "ghcr.io/rust-lang/crates-build-env/linux@sha256:2788e3201cd34a07e3172128adcd8b3090168a8e3bcc40d7c032b9dda1df7d1c" "/opt/rustwide/cargo-home/bin/cargo" "+nightly-2024-02-05" "metadata" "--no-deps" "--format-version=1", kill_on_drop: false }`
[INFO] [stdout] 06ea40ab7eb2ae5149ce2423ad309a71eb5d5a85e1030d28fa3a1e0472e2168a
[INFO] running `Command { std: "docker" "start" "-a" "06ea40ab7eb2ae5149ce2423ad309a71eb5d5a85e1030d28fa3a1e0472e2168a", kill_on_drop: false }`
[INFO] running `Command { std: "docker" "inspect" "06ea40ab7eb2ae5149ce2423ad309a71eb5d5a85e1030d28fa3a1e0472e2168a", kill_on_drop: false }`
[INFO] running `Command { std: "docker" "rm" "-f" "06ea40ab7eb2ae5149ce2423ad309a71eb5d5a85e1030d28fa3a1e0472e2168a", kill_on_drop: false }`
[INFO] [stdout] 06ea40ab7eb2ae5149ce2423ad309a71eb5d5a85e1030d28fa3a1e0472e2168a
[INFO] running `Command { std: "docker" "create" "-v" "/var/lib/crater-agent-workspace/builds/worker-0-tc1/target:/opt/rustwide/target:rw,Z" "-v" "/var/lib/crater-agent-workspace/builds/worker-0-tc1/source:/opt/rustwide/workdir:ro,Z" "-v" "/var/lib/crater-agent-workspace/cargo-home:/opt/rustwide/cargo-home:ro,Z" "-v" "/var/lib/crater-agent-workspace/rustup-home:/opt/rustwide/rustup-home:ro,Z" "-e" "SOURCE_DIR=/opt/rustwide/workdir" "-e" "CARGO_TARGET_DIR=/opt/rustwide/target" "-e" "CARGO_INCREMENTAL=0" "-e" "RUST_BACKTRACE=full" "-e" "RUSTFLAGS=--cap-lints=forbid" "-e" "RUSTDOCFLAGS=--cap-lints=forbid" "-e" "CARGO_HOME=/opt/rustwide/cargo-home" "-e" "RUSTUP_HOME=/opt/rustwide/rustup-home" "-w" "/opt/rustwide/workdir" "-m" "1610612736" "--user" "0:0" "--network" "none" "ghcr.io/rust-lang/crates-build-env/linux@sha256:2788e3201cd34a07e3172128adcd8b3090168a8e3bcc40d7c032b9dda1df7d1c" "/opt/rustwide/cargo-home/bin/cargo" "+nightly-2024-02-05" "check" "--frozen" "--all" "--all-targets" "--message-format=json", kill_on_drop: false }`
[INFO] [stdout] 65761cbb0c69c1ee2287f8d916041ef320298943a1c6d353ac93b93bed79a9d4
[INFO] running `Command { std: "docker" "start" "-a" "65761cbb0c69c1ee2287f8d916041ef320298943a1c6d353ac93b93bed79a9d4", kill_on_drop: false }`
[INFO] [stderr]    Compiling serde v1.0.166
[INFO] [stderr]     Checking log v0.4.20
[INFO] [stderr]    Compiling libc v0.2.153
[INFO] [stderr]     Checking num_cpus v1.16.0
[INFO] [stderr]     Checking signal-hook-registry v1.4.1
[INFO] [stderr]    Compiling serde_derive v1.0.166
[INFO] [stderr]     Checking mio v0.8.10
[INFO] [stderr]     Checking socket2 v0.5.5
[INFO] [stderr]     Checking futures-util v0.3.30
[INFO] [stderr]    Compiling rustix v0.38.31
[INFO] [stderr]     Checking rand v0.8.5
[INFO] [stderr]    Compiling serde_json v1.0.109
[INFO] [stderr]    Compiling crc32fast v1.3.2
[INFO] [stderr]     Checking untrusted v0.7.1
[INFO] [stderr]     Checking spin v0.5.2
[INFO] [stderr]    Compiling num-integer v0.1.45
[INFO] [stderr]    Compiling linux-raw-sys v0.4.13
[INFO] [stderr]     Checking hashbrown v0.12.3
[INFO] [stderr]    Compiling rle-decode-fast v1.0.3
[INFO] [stderr]    Compiling adler32 v1.2.0
[INFO] [stderr]    Compiling libflate_lz77 v1.2.0
[INFO] [stderr]     Checking rmp v0.8.12
[INFO] [stderr]     Checking tracing v0.1.40
[INFO] [stderr]    Compiling rustls v0.20.9
[INFO] [stderr]     Checking time-core v0.1.1
[INFO] [stderr]    Compiling minisign-verify v0.2.1
[INFO] [stderr]     Checking tokio v1.36.0
[INFO] [stderr]    Compiling cc v1.0.83
[INFO] [stderr]    Compiling filetime v0.2.23
[INFO] [stderr]    Compiling libflate v1.4.0
[INFO] [stderr]     Checking time v0.3.23
[INFO] [stderr]    Compiling ahash v0.8.7
[INFO] [stderr]    Compiling autocfg v0.1.8
[INFO] [stderr]    Compiling proc-macro-error v1.0.4
[INFO] [stderr]     Checking dunce v1.0.4
[INFO] [stderr]    Compiling memchr v2.7.1
[INFO] [stderr]     Checking indexmap v1.9.3
[INFO] [stderr]     Checking anstyle-parse v0.2.3
[INFO] [stderr]     Checking num-bigint v0.4.4
[INFO] [stderr]     Checking pem v1.1.1
[INFO] [stderr]    Compiling typenum v1.17.0
[INFO] [stderr]     Checking anstyle-query v1.0.2
[INFO] [stderr]     Checking trilean v1.1.0
[INFO] [stderr]     Checking anstream v0.6.11
[INFO] [stderr]     Checking hashbrown v0.13.2
[INFO] [stderr]     Checking unsafe-libyaml v0.2.10
[INFO] [stderr]    Compiling aho-corasick v1.1.2
[INFO] [stderr]    Compiling clap_derive v4.4.7
[INFO] [stderr]     Checking yasna v0.5.2
[INFO] [stderr]    Compiling rand_pcg v0.1.2
[INFO] [stderr]    Compiling generic-array v0.14.7
[INFO] [stderr]    Compiling rand_chacha v0.1.1
[INFO] [stderr]     Checking lru v0.10.1
[INFO] [stderr]     Checking nanoid v0.4.0
[INFO] [stderr]     Checking approx v0.5.1
[INFO] [stderr]     Checking utf-8 v0.7.6
[INFO] [stderr]    Compiling adler v1.0.2
[INFO] [stderr]    Compiling either v1.9.0
[INFO] [stderr]     Checking dirs-sys v0.4.1
[INFO] [stderr]     Checking simba v0.5.1
[INFO] [stderr]    Compiling ring v0.16.20
[INFO] [stderr]    Compiling openssl-sys v0.9.99
[INFO] [stderr]    Compiling itertools v0.8.2
[INFO] [stderr]    Compiling miniz_oxide v0.7.2
[INFO] [stderr]    Compiling rand v0.6.5
[INFO] [stderr]     Checking num-rational v0.4.1
[INFO] [stderr]    Compiling regex-automata v0.4.5
[INFO] [stderr]    Compiling crypto-common v0.1.6
[INFO] [stderr]    Compiling block-buffer v0.10.4
[INFO] [stderr]     Checking rand_distr v0.4.3
[INFO] [stderr]    Compiling xattr v1.3.1
[INFO] [stderr]     Checking tracing-log v0.2.0
[INFO] [stderr]    Compiling tar v0.4.40
[INFO] [stderr]    Compiling nalgebra-macros v0.1.0
[INFO] [stderr]    Compiling tx5-core v0.0.3-alpha
[INFO] [stderr]     Checking rgb v0.8.37
[INFO] [stderr]    Compiling shrinkwraprs v0.3.0
[INFO] [stderr]     Checking futures-executor v0.3.30
[INFO] [stderr]    Compiling digest v0.10.7
[INFO] [stderr]    Compiling flate2 v1.0.28
[INFO] [stderr]     Checking futures v0.3.30
[INFO] [stderr]     Checking holochain_util v0.2.5
[INFO] [stderr]     Checking must_future v0.1.2
[INFO] [stderr]     Checking dirs v5.0.1
[INFO] [stderr]     Checking num-format v0.4.4
[INFO] [stderr]     Checking rand_xorshift v0.1.1
[INFO] [stderr]     Checking rand_hc v0.1.0
[INFO] [stderr]     Checking rand_isaac v0.1.1
[INFO] [stderr]     Checking rand_os v0.1.3
[INFO] [stderr]     Checking rand_jitter v0.1.4
[INFO] [stderr]     Checking sha2 v0.10.8
[INFO] [stderr]     Checking env_logger v0.10.2
[INFO] [stderr]     Checking crossbeam-channel v0.5.11
[INFO] [stderr]     Checking dashmap v5.5.3
[INFO] [stderr]     Checking quick-xml v0.26.0
[INFO] [stderr]    Compiling libsodium-sys-stable v1.19.28
[INFO] [stderr]     Checking str_stack v0.1.0
[INFO] [stderr]    Compiling cpufeatures v0.2.12
[INFO] [stderr]    Compiling byteorder v1.5.0
[INFO] [stderr]    Compiling openssl v0.10.63
[INFO] [stderr]     Checking rayon v1.8.1
[INFO] [stderr]    Compiling toml v0.5.11
[INFO] [stderr]     Checking polling v2.8.0
[INFO] [stderr]    Compiling zip v0.6.6
[INFO] [stderr]     Checking tracing-futures v0.2.5
[INFO] [stderr]     Checking rustls-pemfile v0.2.1
[INFO] [stderr]     Checking fxhash v0.2.1
[INFO] [stderr]    Compiling openssl-macros v0.1.1
[INFO] [stderr]    Compiling derivative v2.2.0
[INFO] [stderr]    Compiling memoffset v0.6.5
[INFO] [stderr] error: could not compile `tokio` (lib)
[INFO] [stderr] 
[INFO] [stderr] Caused by:
[INFO] [stderr]   process didn't exit successfully: `/opt/rustwide/rustup-home/toolchains/nightly-2024-02-05-x86_64-unknown-linux-gnu/bin/rustc --crate-name tokio --edition=2021 /opt/rustwide/cargo-home/registry/src/index.crates.io-6f17d22bba15001f/tokio-1.36.0/src/lib.rs --error-format=json --json=diagnostic-rendered-ansi,artifacts,future-incompat --crate-type lib --emit=dep-info,metadata -C embed-bitcode=no -C debuginfo=2 --cfg 'feature="bytes"' --cfg 'feature="default"' --cfg 'feature="fs"' --cfg 'feature="full"' --cfg 'feature="io-std"' --cfg 'feature="io-util"' --cfg 'feature="libc"' --cfg 'feature="macros"' --cfg 'feature="mio"' --cfg 'feature="net"' --cfg 'feature="num_cpus"' --cfg 'feature="parking_lot"' --cfg 'feature="process"' --cfg 'feature="rt"' --cfg 'feature="rt-multi-thread"' --cfg 'feature="signal"' --cfg 'feature="signal-hook-registry"' --cfg 'feature="socket2"' --cfg 'feature="sync"' --cfg 'feature="test-util"' --cfg 'feature="time"' --cfg 'feature="tokio-macros"' -C metadata=9afbc14ec5900f83 -C extra-filename=-9afbc14ec5900f83 --out-dir /opt/rustwide/target/debug/deps -L dependency=/opt/rustwide/target/debug/deps --extern bytes=/opt/rustwide/target/debug/deps/libbytes-6cfd0cdf4324e5f0.rmeta --extern libc=/opt/rustwide/target/debug/deps/liblibc-ae7db7ed06140a41.rmeta --extern mio=/opt/rustwide/target/debug/deps/libmio-a444c7b0bf98d274.rmeta --extern num_cpus=/opt/rustwide/target/debug/deps/libnum_cpus-a586ae959030116c.rmeta --extern parking_lot=/opt/rustwide/target/debug/deps/libparking_lot-a0e27461ed977227.rmeta --extern pin_project_lite=/opt/rustwide/target/debug/deps/libpin_project_lite-6c4ee879e3ffa189.rmeta --extern signal_hook_registry=/opt/rustwide/target/debug/deps/libsignal_hook_registry-43c0f06fa46202aa.rmeta --extern socket2=/opt/rustwide/target/debug/deps/libsocket2-b6d30f59bce52248.rmeta --extern tokio_macros=/opt/rustwide/target/debug/deps/libtokio_macros-997f221d77b23a8e.so --cap-lints allow --cap-lints=forbid` (signal: 9, SIGKILL: kill)
[INFO] [stderr] warning: build failed, waiting for other jobs to finish...
[INFO] running `Command { std: "docker" "inspect" "65761cbb0c69c1ee2287f8d916041ef320298943a1c6d353ac93b93bed79a9d4", kill_on_drop: false }`
[INFO] running `Command { std: "docker" "rm" "-f" "65761cbb0c69c1ee2287f8d916041ef320298943a1c6d353ac93b93bed79a9d4", kill_on_drop: false }`
[INFO] [stdout] 65761cbb0c69c1ee2287f8d916041ef320298943a1c6d353ac93b93bed79a9d4
[INFO] checking kitsune_p2p-0.2.3 against nightly-2024-02-05+rustflags=-Dunexpected_cfgs+cargoflags=-Zcheck-cfg for check-cfg
[INFO] extracting crate kitsune_p2p 0.2.3 into /workspace/builds/worker-0-tc2/source
[INFO] validating manifest of crates.io crate kitsune_p2p 0.2.3 on toolchain nightly-2024-02-05
[INFO] running `Command { std: CARGO_HOME="/workspace/cargo-home" RUSTUP_HOME="/workspace/rustup-home" "/workspace/cargo-home/bin/cargo" "+nightly-2024-02-05" "metadata" "--manifest-path" "Cargo.toml" "--no-deps", kill_on_drop: false }`
[INFO] started tweaking crates.io crate kitsune_p2p 0.2.3
[INFO] finished tweaking crates.io crate kitsune_p2p 0.2.3
[INFO] tweaked toml for crates.io crate kitsune_p2p 0.2.3 written to /workspace/builds/worker-0-tc2/source/Cargo.toml
[INFO] running `Command { std: CARGO_HOME="/workspace/cargo-home" RUSTUP_HOME="/workspace/rustup-home" "/workspace/cargo-home/bin/cargo" "+nightly-2024-02-05" "generate-lockfile" "--manifest-path" "Cargo.toml", kill_on_drop: false }`
[INFO] [stderr]     Updating crates.io index
[INFO] running `Command { std: CARGO_HOME="/workspace/cargo-home" RUSTUP_HOME="/workspace/rustup-home" "/workspace/cargo-home/bin/cargo" "+nightly-2024-02-05" "fetch" "--manifest-path" "Cargo.toml", kill_on_drop: false }`
[INFO] running `Command { std: "docker" "create" "-v" "/var/lib/crater-agent-workspace/builds/worker-0-tc2/target:/opt/rustwide/target:rw,Z" "-v" "/var/lib/crater-agent-workspace/builds/worker-0-tc2/source:/opt/rustwide/workdir:ro,Z" "-v" "/var/lib/crater-agent-workspace/cargo-home:/opt/rustwide/cargo-home:ro,Z" "-v" "/var/lib/crater-agent-workspace/rustup-home:/opt/rustwide/rustup-home:ro,Z" "-e" "SOURCE_DIR=/opt/rustwide/workdir" "-e" "CARGO_TARGET_DIR=/opt/rustwide/target" "-e" "CARGO_HOME=/opt/rustwide/cargo-home" "-e" "RUSTUP_HOME=/opt/rustwide/rustup-home" "-w" "/opt/rustwide/workdir" "-m" "1610612736" "--user" "0:0" "--network" "none" "ghcr.io/rust-lang/crates-build-env/linux@sha256:2788e3201cd34a07e3172128adcd8b3090168a8e3bcc40d7c032b9dda1df7d1c" "/opt/rustwide/cargo-home/bin/cargo" "+nightly-2024-02-05" "metadata" "--no-deps" "--format-version=1", kill_on_drop: false }`
[INFO] [stdout] 4cdaa629d85a774e5131e138ccb2a222ddbf4c2f11d9d1b8ac3077841e7ea46d
[INFO] running `Command { std: "docker" "start" "-a" "4cdaa629d85a774e5131e138ccb2a222ddbf4c2f11d9d1b8ac3077841e7ea46d", kill_on_drop: false }`
[INFO] running `Command { std: "docker" "inspect" "4cdaa629d85a774e5131e138ccb2a222ddbf4c2f11d9d1b8ac3077841e7ea46d", kill_on_drop: false }`
[INFO] running `Command { std: "docker" "rm" "-f" "4cdaa629d85a774e5131e138ccb2a222ddbf4c2f11d9d1b8ac3077841e7ea46d", kill_on_drop: false }`
[INFO] [stdout] 4cdaa629d85a774e5131e138ccb2a222ddbf4c2f11d9d1b8ac3077841e7ea46d
[INFO] running `Command { std: "docker" "create" "-v" "/var/lib/crater-agent-workspace/builds/worker-0-tc2/target:/opt/rustwide/target:rw,Z" "-v" "/var/lib/crater-agent-workspace/builds/worker-0-tc2/source:/opt/rustwide/workdir:ro,Z" "-v" "/var/lib/crater-agent-workspace/cargo-home:/opt/rustwide/cargo-home:ro,Z" "-v" "/var/lib/crater-agent-workspace/rustup-home:/opt/rustwide/rustup-home:ro,Z" "-e" "SOURCE_DIR=/opt/rustwide/workdir" "-e" "CARGO_TARGET_DIR=/opt/rustwide/target" "-e" "CARGO_INCREMENTAL=0" "-e" "RUST_BACKTRACE=full" "-e" "RUSTFLAGS=--cap-lints=forbid -Dunexpected_cfgs" "-e" "RUSTDOCFLAGS=--cap-lints=forbid" "-e" "CARGO_HOME=/opt/rustwide/cargo-home" "-e" "RUSTUP_HOME=/opt/rustwide/rustup-home" "-w" "/opt/rustwide/workdir" "-m" "1610612736" "--user" "0:0" "--network" "none" "ghcr.io/rust-lang/crates-build-env/linux@sha256:2788e3201cd34a07e3172128adcd8b3090168a8e3bcc40d7c032b9dda1df7d1c" "/opt/rustwide/cargo-home/bin/cargo" "+nightly-2024-02-05" "check" "--frozen" "--all" "--all-targets" "--message-format=json" "-Zcheck-cfg", kill_on_drop: false }`
[INFO] [stdout] 45c8b1117ce65e5409f5406fdcb7f664a4b6b86527629e8aa5fd40c34eae900f
[INFO] running `Command { std: "docker" "start" "-a" "45c8b1117ce65e5409f5406fdcb7f664a4b6b86527629e8aa5fd40c34eae900f", kill_on_drop: false }`
[INFO] [stderr]    Compiling serde v1.0.166
[INFO] [stderr]     Checking log v0.4.20
[INFO] [stderr]    Compiling libc v0.2.153
[INFO] [stderr]     Checking num_cpus v1.16.0
[INFO] [stderr]     Checking signal-hook-registry v1.4.1
[INFO] [stderr]     Checking socket2 v0.5.5
[INFO] [stderr]    Compiling serde_derive v1.0.166
[INFO] [stderr]     Checking mio v0.8.10
[INFO] [stderr]     Checking futures-util v0.3.30
[INFO] [stderr]    Compiling rustix v0.38.31
[INFO] [stderr]     Checking rand v0.8.5
[INFO] [stderr]    Compiling thiserror-impl v1.0.56
[INFO] [stderr]    Compiling serde_json v1.0.109
[INFO] [stderr]    Compiling crc32fast v1.3.2
[INFO] [stderr]     Checking spin v0.5.2
[INFO] [stderr]     Checking untrusted v0.7.1
[INFO] [stderr]    Compiling num-integer v0.1.45
[INFO] [stderr]    Compiling linux-raw-sys v0.4.13
[INFO] [stderr]     Checking hashbrown v0.12.3
[INFO] [stderr]    Compiling rle-decode-fast v1.0.3
[INFO] [stderr]     Checking tracing v0.1.40
[INFO] [stderr]    Compiling libflate_lz77 v1.2.0
[INFO] [stderr]    Compiling adler32 v1.2.0
[INFO] [stderr]     Checking rmp v0.8.12
[INFO] [stderr]     Checking time-core v0.1.1
[INFO] [stderr]     Checking tokio v1.36.0
[INFO] [stderr]    Compiling rustls v0.20.9
[INFO] [stderr]    Compiling libflate v1.4.0
[INFO] [stderr]    Compiling minisign-verify v0.2.1
[INFO] [stderr]     Checking time v0.3.23
[INFO] [stderr]    Compiling ahash v0.8.7
[INFO] [stderr]    Compiling autocfg v0.1.8
[INFO] [stderr]    Compiling proc-macro-error v1.0.4
[INFO] [stderr]    Compiling memchr v2.7.1
[INFO] [stderr]    Compiling cc v1.0.83
[INFO] [stderr]    Compiling filetime v0.2.23
[INFO] [stderr]     Checking indexmap v1.9.3
[INFO] [stderr]     Checking dunce v1.0.4
[INFO] [stderr]     Checking anstyle-parse v0.2.3
[INFO] [stderr]     Checking num-bigint v0.4.4
[INFO] [stderr]     Checking pem v1.1.1
[INFO] [stderr]    Compiling typenum v1.17.0
[INFO] [stderr]     Checking trilean v1.1.0
[INFO] [stderr]     Checking anstyle-query v1.0.2
[INFO] [stderr]    Compiling aho-corasick v1.1.2
[INFO] [stderr]     Checking anstream v0.6.11
[INFO] [stderr]     Checking hashbrown v0.13.2
[INFO] [stderr]     Checking unsafe-libyaml v0.2.10
[INFO] [stderr]     Checking yasna v0.5.2
[INFO] [stderr]     Checking regex-automata v0.1.10
[INFO] [stderr]    Compiling clap_derive v4.4.7
[INFO] [stderr]    Compiling generic-array v0.14.7
[INFO] [stderr]     Checking lru v0.10.1
[INFO] [stderr]     Checking pin-project v1.1.4
[INFO] [stderr]    Compiling ring v0.16.20
[INFO] [stderr]    Compiling openssl-sys v0.9.99
[INFO] [stderr]    Compiling rand_chacha v0.1.1
[INFO] [stderr]     Checking thiserror v1.0.56
[INFO] [stderr]    Compiling rand_pcg v0.1.2
[INFO] [stderr]     Checking nanoid v0.4.0
[INFO] [stderr]     Checking approx v0.5.1
[INFO] [stderr]     Checking utf-8 v0.7.6
[INFO] [stderr]     Checking num-rational v0.4.1
[INFO] [stderr]    Compiling either v1.9.0
[INFO] [stderr]    Compiling xattr v1.3.1
[INFO] [stderr]    Compiling regex-automata v0.4.5
[INFO] [stderr]     Checking overload v0.1.1
[INFO] [stderr]    Compiling adler v1.0.2
[INFO] [stderr]    Compiling tar v0.4.40
[INFO] [stderr]     Checking nu-ansi-term v0.46.0
[INFO] [stderr]    Compiling miniz_oxide v0.7.2
[INFO] [stderr]    Compiling block-buffer v0.10.4
[INFO] [stderr]    Compiling crypto-common v0.1.6
[INFO] [stderr]     Checking dirs-sys v0.4.1
[INFO] [stderr]    Compiling itertools v0.8.2
[INFO] [stderr]     Checking simba v0.5.1
[INFO] [stderr]     Checking matchers v0.1.0
[INFO] [stderr]    Compiling rand v0.6.5
[INFO] [stderr]     Checking rand_distr v0.4.3
[INFO] [stderr]     Checking futures-executor v0.3.30
[INFO] [stderr]     Checking tracing-log v0.2.0
[INFO] [stderr]     Checking futures v0.3.30
[INFO] [stderr]    Compiling nalgebra-macros v0.1.0
[INFO] [stderr]     Checking thread_local v1.1.7
[INFO] [stderr]    Compiling tx5-core v0.0.3-alpha
[INFO] [stderr]     Checking rgb v0.8.37
[INFO] [stderr]     Checking must_future v0.1.2
[INFO] [stderr]     Checking holochain_util v0.2.5
[INFO] [stderr]    Compiling flate2 v1.0.28
[INFO] [stderr]     Checking dirs v5.0.1
[INFO] [stderr]    Compiling digest v0.10.7
[INFO] [stderr]     Checking num-format v0.4.4
[INFO] [stderr]     Checking rand_xorshift v0.1.1
[INFO] [stderr]    Compiling libsodium-sys-stable v1.19.28
[INFO] [stderr]    Compiling shrinkwraprs v0.3.0
[INFO] [stderr]     Checking rand_hc v0.1.0
[INFO] [stderr]     Checking rand_isaac v0.1.1
[INFO] [stderr]     Checking sha2 v0.10.8
[INFO] [stderr]     Checking rand_os v0.1.3
[INFO] [stderr]     Checking rand_jitter v0.1.4
[INFO] [stderr]     Checking env_logger v0.10.2
[INFO] [stderr]    Compiling toml v0.5.11
[INFO] [stderr]     Checking crossbeam-channel v0.5.11
[INFO] [stderr]     Checking dashmap v5.5.3
[INFO] [stderr]     Checking quick-xml v0.26.0
[INFO] [stderr]    Compiling byteorder v1.5.0
[INFO] [stderr]     Checking str_stack v0.1.0
[INFO] [stderr]    Compiling cpufeatures v0.2.12
[INFO] [stderr]    Compiling openssl v0.10.63
[INFO] [stderr]    Compiling zip v0.6.6
[INFO] [stderr]     Checking rayon v1.8.1
[INFO] [stderr]     Checking polling v2.8.0
[INFO] [stderr]     Checking tokio-util v0.7.10
[INFO] [stderr]     Checking tracing-futures v0.2.5
[INFO] [stderr]     Checking rustls-pemfile v0.2.1
[INFO] [stderr]     Checking fxhash v0.2.1
[INFO] [stderr]     Checking terminal_size v0.3.0
[INFO] [stderr]     Checking is-terminal v0.4.10
[INFO] [stderr]     Checking polling v3.4.0
[INFO] [stderr]     Checking tempfile v3.10.0
[INFO] [stderr]     Checking clap_builder v4.4.18
[INFO] [stderr]     Checking colored v1.9.4
[INFO] [stderr]    Compiling openssl-macros v0.1.1
[INFO] [stderr]    Compiling regex v1.10.3
[INFO] [stderr]    Compiling derivative v2.2.0
[INFO] [stderr]    Compiling memoffset v0.6.5
[INFO] [stderr]    Compiling base64 v0.13.1
[INFO] [stderr]     Checking async-io v2.3.1
[INFO] [stderr]     Checking tokio-stream v0.1.14
[INFO] [stderr]     Checking h2 v0.3.24
[INFO] [stderr]    Compiling Inflector v0.11.4
[INFO] [stderr]    Compiling native-tls v0.2.11
[INFO] [stderr]     Checking nanoid v0.3.0
[INFO] [stderr]     Checking async-signal v0.2.5
[INFO] [stderr]     Checking ghost_actor v0.3.0-alpha.6
[INFO] [stderr]     Checking blocking v1.5.1
[INFO] [stderr]     Checking async-io v1.13.0
[INFO] [stderr]    Compiling err-derive v0.2.4
[INFO] [stderr]     Checking lru v0.8.1
[INFO] [stderr]    Compiling lair_keystore_api v0.4.2
[INFO] [stderr]    Compiling lair_keystore_api v0.3.0
[INFO] [stderr]     Checking event-listener v3.1.0
[INFO] [stderr]    Compiling hashbrown v0.8.2
[INFO] [stderr]     Checking webpki v0.22.2
[INFO] [stderr]     Checking sct v0.7.0
[INFO] [stderr]     Checking rcgen v0.10.0
[INFO] [stderr]    Compiling unicode-xid v0.2.4
[INFO] [stderr]     Checking sysinfo v0.27.8
[INFO] [stderr]     Checking webpki-roots v0.22.6
[INFO] [stderr]     Checking aliasable v0.1.3
[INFO] [stderr]    Compiling synstructure v0.12.6
[INFO] [stderr]     Checking async-process v1.8.1
[INFO] [stderr]     Checking async-global-executor v2.4.1
[INFO] [stderr]     Checking getrandom v0.1.16
[INFO] [stderr]     Checking kv-log-macro v1.0.7
[INFO] [stderr]    Compiling async-stream-impl v0.2.1
[INFO] [stderr]    Compiling async-attributes v1.1.2
[INFO] [stderr]     Checking atty v0.2.14
[INFO] [stderr]     Checking libloading v0.8.1
[INFO] [stderr]    Compiling multer v2.1.0
[INFO] [stderr]    Compiling protobuf v2.28.0
[INFO] [stderr]     Checking clap v4.4.18
[INFO] [stderr]     Checking data-encoding v2.5.0
[INFO] [stderr]     Checking inferno v0.11.19
[INFO] [stderr]     Checking match_cfg v0.1.0
[INFO] [stderr]     Checking urlencoding v2.1.3
[INFO] [stderr]     Checking ahash v0.3.8
[INFO] [stderr]     Checking ts_opentelemetry_api v0.20.0-beta.1
[INFO] [stderr]     Checking dns-parser v0.8.0
[INFO] [stderr]     Checking clap v2.34.0
[INFO] [stderr]    Compiling ouroboros_macro v0.15.6
[INFO] [stderr]    Compiling tx5-go-pion-sys v0.0.3-alpha
[INFO] [stderr]     Checking async-std v1.12.0
[INFO] [stderr]     Checking async-stream v0.2.1
[INFO] [stderr]     Checking hostname v0.3.1
[INFO] [stderr]     Checking blake2b_simd v1.0.2
[INFO] [stderr]     Checking rand_core v0.5.1
[INFO] [stderr]     Checking nix v0.23.2
[INFO] [stderr]     Checking rcgen v0.9.3
[INFO] [stderr]    Compiling structopt-derive v0.4.18
[INFO] [stderr]     Checking url v2.5.0
[INFO] [stderr]     Checking serde_bytes v0.11.14
[INFO] [stderr]     Checking bit-vec v0.6.3
[INFO] [stderr]     Checking serde_spanned v0.6.5
[INFO] [stderr]     Checking rmpv v1.0.0
[INFO] [stderr]     Checking toml_datetime v0.6.5
[INFO] [stderr]     Checking bit-set v0.5.3
[INFO] [stderr]     Checking chrono v0.4.33
[INFO] [stderr]     Checking toml_edit v0.19.15
[INFO] [stderr]     Checking serde_yaml v0.9.25
[INFO] [stderr]     Checking gcollections v1.5.0
[INFO] [stderr]     Checking rmp-serde v0.15.5
[INFO] [stderr]     Checking tracing-serde v0.1.3
[INFO] [stderr]     Checking intervallum v1.4.1
[INFO] [stderr]     Checking nalgebra v0.27.1
[INFO] [stderr]     Checking url2 v0.0.6
[INFO] [stderr]     Checking one_err v0.0.8
[INFO] [stderr]     Checking tracing-subscriber v0.3.18
[INFO] [stderr]     Checking ureq v2.6.2
[INFO] [stderr]     Checking quinn-proto v0.8.4
[INFO] [stderr]     Checking kitsune_p2p_dht_arc v0.2.5
[INFO] [stderr]     Checking rmp-serde v1.1.2
[INFO] [stderr]     Checking kitsune_p2p_bin_data v0.2.5
[INFO] [stderr]     Checking tungstenite v0.18.0
[INFO] [stderr]     Checking tokio-rustls v0.23.4
[INFO] [stderr]     Checking kitsune_p2p_timestamp v0.2.5
[INFO] [stderr]     Checking serde_urlencoded v0.7.1
[INFO] [stderr]     Checking ouroboros v0.15.6
[INFO] [stderr]     Checking tokio-native-tls v0.3.1
[INFO] [stderr]     Checking tungstenite v0.20.1
[INFO] [stderr]     Checking hyper v0.14.28
[INFO] [stderr]     Checking kitsune_p2p_block v0.2.5
[INFO] [stderr]     Checking serde-transcode v1.1.1
[INFO] [stderr]     Checking multimap v0.8.3
[INFO] [stderr]     Checking net2 v0.2.39
[INFO] [stderr]     Checking parking_lot_core v0.7.3
[INFO] [stderr]     Checking rand-utf8 v0.0.1
[INFO] [stderr]     Checking headers-core v0.2.0
[INFO] [stderr]    Compiling derive_arbitrary v1.3.2
[INFO] [stderr]    Compiling holochain_serialized_bytes_derive v0.0.53
[INFO] [stderr]     Checking if-addrs v0.8.0
[INFO] [stderr]     Checking if-addrs v0.7.0
[INFO] [stderr]     Checking toml v0.7.8
[INFO] [stderr]     Checking lock_api v0.3.4
[INFO] [stderr]     Checking constant_time_eq v0.1.5
[INFO] [stderr]     Checking tokio-tungstenite v0.18.0
[INFO] [stderr]     Checking spin v0.9.8
[INFO] [stderr]     Checking predicates-core v1.0.6
[INFO] [stderr]    Compiling prometheus v0.13.3
[INFO] [stderr]     Checking arrayvec v0.5.2
[INFO] [stderr]     Checking tokio-tungstenite v0.20.1
[INFO] [stderr]     Checking parking_lot v0.10.2
[INFO] [stderr]     Checking mdns v3.0.0
[INFO] [stderr]     Checking holochain_trace v0.2.5
[INFO] [stderr]     Checking headers v0.3.9
[INFO] [stderr]     Checking structopt v0.3.26
[INFO] [stderr]     Checking siphasher v1.0.0
[INFO] [stderr]     Checking no-std-compat v0.4.1
[INFO] [stderr]     Checking rand_chacha v0.2.2
[INFO] [stderr]     Checking num-iter v0.1.43
[INFO] [stderr]     Checking blake2b_simd v0.5.11
[INFO] [stderr]     Checking influxive-otel-atomic-obs v0.0.1-alpha.11
[INFO] [stderr]     Checking holochain_serialized_bytes v0.0.53
[INFO] [stderr]    Compiling strum_macros v0.18.0
[INFO] [stderr]     Checking dashmap v4.0.2
[INFO] [stderr]     Checking float-cmp v0.9.0
[INFO] [stderr]     Checking quanta v0.4.1
[INFO] [stderr]    Compiling test-case v1.2.3
[INFO] [stderr]     Checking libmdns v0.7.4
[INFO] [stderr]     Checking normalize-line-endings v0.3.0
[INFO] [stderr]     Checking termtree v0.4.1
[INFO] [stderr]     Checking difflib v0.4.0
[INFO] [stderr]     Checking futures-timer v3.0.2
[INFO] [stderr]     Checking nonzero_ext v0.2.0
[INFO] [stderr]     Checking strum v0.18.0
[INFO] [stderr]     Checking human-repr v1.1.0
[INFO] [stderr]     Checking predicates-tree v1.0.9
[INFO] [stderr]     Checking bloomfilter v1.0.13
[INFO] [stderr]     Checking rand v0.7.3
[INFO] [stderr]     Checking num v0.4.1
[INFO] [stderr]    Compiling mockall_derive v0.11.4
[INFO] [stderr]     Checking if-addrs v0.10.2
[INFO] [stderr]     Checking kitsune_p2p_mdns v0.2.5
[INFO] [stderr]     Checking fragile v2.0.0
[INFO] [stderr]     Checking governor v0.3.2
[INFO] [stderr]     Checking predicates v2.1.5
[INFO] [stderr]     Checking downcast v0.11.0
[INFO] [stderr]     Checking pretty_assertions v0.7.2
[INFO] [stderr]     Checking maplit v1.0.2
[INFO] [stderr]     Checking arbitrary v1.3.2
[INFO] [stderr]     Checking quinn-udp v0.1.4
[INFO] [stderr]     Checking quinn v0.8.5
[INFO] [stderr]     Checking fixt v0.2.5
[INFO] [stderr]     Checking contrafact v0.2.0-rc.1
[INFO] [stderr]     Checking hyper-tls v0.5.0
[INFO] [stderr]     Checking warp v0.3.6
[INFO] [stderr]     Checking mockall v0.11.4
[INFO] [stderr]     Checking reqwest v0.11.24
[INFO] [stderr]     Checking statrs v0.15.0
[INFO] [stderr]     Checking kitsune_p2p_dht v0.2.5
[INFO] [stderr]     Checking tx5-go-pion v0.0.3-alpha
[INFO] [stderr]     Checking sodoken v0.0.9
[INFO] [stderr]     Checking hc_seed_bundle v0.2.1
[INFO] [stderr]     Checking hc_seed_bundle v0.1.7
[INFO] [stderr]     Checking tx5-signal-srv v0.0.3-alpha
[INFO] [stderr]     Checking kitsune_p2p_types v0.2.5
[INFO] [stderr]     Checking tx5-signal v0.0.3-alpha
[INFO] [stderr]     Checking tx5 v0.0.3-alpha
[INFO] [stderr]     Checking kitsune_p2p_transport_quic v0.2.5
[INFO] [stderr]     Checking kitsune_p2p_fetch v0.2.5
[INFO] [stderr]     Checking kitsune_p2p_proxy v0.2.5
[INFO] [stderr]     Checking kitsune_p2p v0.2.3 (/opt/rustwide/workdir)
[INFO] [stdout] error: unexpected `cfg` condition value: `test`
[INFO] [stdout]    --> src/gossip/sharded_gossip.rs:172:15
[INFO] [stdout]     |
[INFO] [stdout] 172 |         #[cfg(feature = "test")] enable_history: bool,
[INFO] [stdout]     |               ^^^^^^^^^^^^^^^^
[INFO] [stdout]     |
[INFO] [stdout]     = note: expected values for `feature` are: `blake2b_simd`, `default`, `kitsune_p2p_transport_quic`, `maplit`, `mock_network`, `mockall`, `sqlite`, `sqlite-encrypted`, `test_utils`, `tx2`, `tx5`
[INFO] [stdout]     = help: consider adding `test` as a feature in `Cargo.toml`
[INFO] [stdout]     = note: see <https://doc.rust-lang.org/nightly/cargo/reference/unstable.html#check-cfg> for more information about checking conditional configuration
[INFO] [stdout]     = note: requested on the command line with `-D unexpected-cfgs`
[INFO] [stdout] 
[INFO] [stdout] 
[INFO] [stdout] error: unexpected `cfg` condition value: `test`
[INFO] [stdout]    --> src/gossip/sharded_gossip.rs:174:15
[INFO] [stdout]     |
[INFO] [stdout] 174 |         #[cfg(feature = "test")]
[INFO] [stdout]     |               ^^^^^^^^^^^^^^^^
[INFO] [stdout]     |
[INFO] [stdout]     = note: expected values for `feature` are: `blake2b_simd`, `default`, `kitsune_p2p_transport_quic`, `maplit`, `mock_network`, `mockall`, `sqlite`, `sqlite-encrypted`, `test_utils`, `tx2`, `tx5`
[INFO] [stdout]     = help: consider adding `test` as a feature in `Cargo.toml`
[INFO] [stdout]     = note: see <https://doc.rust-lang.org/nightly/cargo/reference/unstable.html#check-cfg> for more information about checking conditional configuration
[INFO] [stdout] 
[INFO] [stdout] 
[INFO] [stdout] error: unexpected `cfg` condition value: `test`
[INFO] [stdout]    --> src/gossip/sharded_gossip.rs:181:19
[INFO] [stdout]     |
[INFO] [stdout] 181 |         #[cfg(not(feature = "test"))]
[INFO] [stdout]     |                   ^^^^^^^^^^^^^^^^
[INFO] [stdout]     |
[INFO] [stdout]     = note: expected values for `feature` are: `blake2b_simd`, `default`, `kitsune_p2p_transport_quic`, `maplit`, `mock_network`, `mockall`, `sqlite`, `sqlite-encrypted`, `test_utils`, `tx2`, `tx5`
[INFO] [stdout]     = help: consider adding `test` as a feature in `Cargo.toml`
[INFO] [stdout]     = note: see <https://doc.rust-lang.org/nightly/cargo/reference/unstable.html#check-cfg> for more information about checking conditional configuration
[INFO] [stdout] 
[INFO] [stdout] 
[INFO] [stdout] error[E0432]: unresolved import `kitsune_p2p_types::dht_arc::loc8`
[INFO] [stdout]   --> src/test_util/switchboard/switchboard_state.rs:21:33
[INFO] [stdout]    |
[INFO] [stdout] 21 | use kitsune_p2p_types::dht_arc::loc8::Loc8;
[INFO] [stdout]    |                                 ^^^^ could not find `loc8` in `dht_arc`
[INFO] [stdout] 
[INFO] [stdout] 
[INFO] [stdout] error[E0432]: unresolved import `kitsune_p2p_types::dht_arc::loc8`
[INFO] [stdout]  --> src/test_util/switchboard/tests.rs:5:72
[INFO] [stdout]   |
[INFO] [stdout] 5 |     config::KitsuneP2pTuningParams, dht::spacetime::Topology, dht_arc::loc8::Loc8,
[INFO] [stdout]   |                                                                        ^^^^ could not find `loc8` in `dht_arc`
[INFO] [stdout] 
[INFO] [stdout] 
[INFO] [stdout] error[E0432]: unresolved import `kitsune_p2p`
[INFO] [stdout]    --> src/spawn/actor/meta_net_task.rs:586:9
[INFO] [stdout]     |
[INFO] [stdout] 586 |     use kitsune_p2p::KitsuneBinType;
[INFO] [stdout]     |         ^^^^^^^^^^^ use of undeclared crate or module `kitsune_p2p`
[INFO] [stdout] 
[INFO] [stdout] 
[INFO] [stdout] error[E0433]: failed to resolve: use of undeclared crate or module `blake2b_simd`
[INFO] [stdout]   --> src/test_util.rs:60:9
[INFO] [stdout]    |
[INFO] [stdout] 60 |         blake2b_simd::Params::new()
[INFO] [stdout]    |         ^^^^^^^^^^^^ use of undeclared crate or module `blake2b_simd`
[INFO] [stdout] 
[INFO] [stdout] 
[INFO] [stdout] error: unexpected `cfg` condition value: `test`
[INFO] [stdout]    --> src/gossip/sharded_gossip.rs:172:15
[INFO] [stdout]     |
[INFO] [stdout] 172 |         #[cfg(feature = "test")] enable_history: bool,
[INFO] [stdout]     |               ^^^^^^^^^^^^^^^^
[INFO] [stdout]     |
[INFO] [stdout]     = note: expected values for `feature` are: `blake2b_simd`, `default`, `kitsune_p2p_transport_quic`, `maplit`, `mock_network`, `mockall`, `sqlite`, `sqlite-encrypted`, `test_utils`, `tx2`, `tx5`
[INFO] [stdout]     = help: consider adding `test` as a feature in `Cargo.toml`
[INFO] [stdout]     = note: see <https://doc.rust-lang.org/nightly/cargo/reference/unstable.html#check-cfg> for more information about checking conditional configuration
[INFO] [stdout]     = note: requested on the command line with `-D unexpected-cfgs`
[INFO] [stdout] 
[INFO] [stdout] 
[INFO] [stdout] error: unexpected `cfg` condition value: `test`
[INFO] [stdout]    --> src/gossip/sharded_gossip.rs:174:15
[INFO] [stdout]     |
[INFO] [stdout] 174 |         #[cfg(feature = "test")]
[INFO] [stdout]     |               ^^^^^^^^^^^^^^^^
[INFO] [stdout]     |
[INFO] [stdout]     = note: expected values for `feature` are: `blake2b_simd`, `default`, `kitsune_p2p_transport_quic`, `maplit`, `mock_network`, `mockall`, `sqlite`, `sqlite-encrypted`, `test_utils`, `tx2`, `tx5`
[INFO] [stdout]     = help: consider adding `test` as a feature in `Cargo.toml`
[INFO] [stdout]     = note: see <https://doc.rust-lang.org/nightly/cargo/reference/unstable.html#check-cfg> for more information about checking conditional configuration
[INFO] [stdout] 
[INFO] [stdout] 
[INFO] [stdout] error: unexpected `cfg` condition value: `test`
[INFO] [stdout]    --> src/gossip/sharded_gossip.rs:181:19
[INFO] [stdout]     |
[INFO] [stdout] 181 |         #[cfg(not(feature = "test"))]
[INFO] [stdout]     |                   ^^^^^^^^^^^^^^^^
[INFO] [stdout]     |
[INFO] [stdout]     = note: expected values for `feature` are: `blake2b_simd`, `default`, `kitsune_p2p_transport_quic`, `maplit`, `mock_network`, `mockall`, `sqlite`, `sqlite-encrypted`, `test_utils`, `tx2`, `tx5`
[INFO] [stdout]     = help: consider adding `test` as a feature in `Cargo.toml`
[INFO] [stdout]     = note: see <https://doc.rust-lang.org/nightly/cargo/reference/unstable.html#check-cfg> for more information about checking conditional configuration
[INFO] [stdout] 
[INFO] [stdout] 
[INFO] [stdout] error: aborting due to 7 previous errors
[INFO] [stdout] 
[INFO] [stdout] 
[INFO] [stdout] Some errors have detailed explanations: E0432, E0433.
[INFO] [stdout] 
[INFO] [stdout] For more information about an error, try `rustc --explain E0432`.
[INFO] [stdout] 
[INFO] [stderr] error: could not compile `kitsune_p2p` (lib test) due to 8 previous errors
[INFO] [stderr] warning: build failed, waiting for other jobs to finish...
[INFO] [stdout] error[E0308]: mismatched types
[INFO] [stdout]    --> src/spawn/actor/meta_net.rs:779:40
[INFO] [stdout]     |
[INFO] [stdout] 779 |             tx5_config.set_lair_client(lair_client);
[INFO] [stdout]     |                        --------------- ^^^^^^^^^^^ expected `LairClient`, found a different `LairClient`
[INFO] [stdout]     |                        |
[INFO] [stdout]     |                        arguments to this method are incorrect
[INFO] [stdout]     |
[INFO] [stdout]     = note: `LairClient` and `LairClient` have similar names, but are actually distinct types
[INFO] [stdout] note: `LairClient` is defined in crate `lair_keystore_api`
[INFO] [stdout]    --> /opt/rustwide/cargo-home/registry/src/index.crates.io-6f17d22bba15001f/lair_keystore_api-0.4.2/src/lair_client.rs:41:1
[INFO] [stdout]     |
[INFO] [stdout] 41  | pub struct LairClient(pub Arc<dyn AsLairClient>);
[INFO] [stdout]     | ^^^^^^^^^^^^^^^^^^^^^
[INFO] [stdout] note: `LairClient` is defined in crate `lair_keystore_api`
[INFO] [stdout]    --> /opt/rustwide/cargo-home/registry/src/index.crates.io-6f17d22bba15001f/lair_keystore_api-0.3.0/src/lair_client.rs:41:1
[INFO] [stdout]     |
[INFO] [stdout] 41  | pub struct LairClient(pub Arc<dyn AsLairClient>);
[INFO] [stdout]     | ^^^^^^^^^^^^^^^^^^^^^
[INFO] [stdout]     = note: perhaps two different versions of crate `lair_keystore_api` are being used?
[INFO] [stdout] note: method defined here
[INFO] [stdout]    --> /opt/rustwide/cargo-home/registry/src/index.crates.io-6f17d22bba15001f/tx5-0.0.3-alpha/src/config.rs:423:12
[INFO] [stdout]     |
[INFO] [stdout] 423 |     pub fn set_lair_client(&mut self, lair_client: LairClient) {
[INFO] [stdout]     |            ^^^^^^^^^^^^^^^
[INFO] [stdout] 
[INFO] [stdout] 
[INFO] [stdout] error: aborting due to 4 previous errors
[INFO] [stdout] 
[INFO] [stdout] 
[INFO] [stdout] For more information about this error, try `rustc --explain E0308`.
[INFO] [stdout] 
[INFO] [stderr] error: could not compile `kitsune_p2p` (lib) due to 5 previous errors
[INFO] running `Command { std: "docker" "inspect" "45c8b1117ce65e5409f5406fdcb7f664a4b6b86527629e8aa5fd40c34eae900f", kill_on_drop: false }`
[INFO] running `Command { std: "docker" "rm" "-f" "45c8b1117ce65e5409f5406fdcb7f664a4b6b86527629e8aa5fd40c34eae900f", kill_on_drop: false }`
[INFO] [stdout] 45c8b1117ce65e5409f5406fdcb7f664a4b6b86527629e8aa5fd40c34eae900f
