[INFO] fetching crate kernel-print 0.1.0...
[INFO] checking kernel-print-0.1.0 against nightly-2024-02-05 for check-cfg
[INFO] extracting crate kernel-print 0.1.0 into /workspace/builds/worker-7-tc1/source
[INFO] validating manifest of crates.io crate kernel-print 0.1.0 on toolchain nightly-2024-02-05
[INFO] running `Command { std: CARGO_HOME="/workspace/cargo-home" RUSTUP_HOME="/workspace/rustup-home" "/workspace/cargo-home/bin/cargo" "+nightly-2024-02-05" "metadata" "--manifest-path" "Cargo.toml" "--no-deps", kill_on_drop: false }`
[INFO] started tweaking crates.io crate kernel-print 0.1.0
[INFO] finished tweaking crates.io crate kernel-print 0.1.0
[INFO] tweaked toml for crates.io crate kernel-print 0.1.0 written to /workspace/builds/worker-7-tc1/source/Cargo.toml
[INFO] running `Command { std: CARGO_HOME="/workspace/cargo-home" RUSTUP_HOME="/workspace/rustup-home" "/workspace/cargo-home/bin/cargo" "+nightly-2024-02-05" "generate-lockfile" "--manifest-path" "Cargo.toml", kill_on_drop: false }`
[INFO] [stderr]     Updating crates.io index
[INFO] running `Command { std: CARGO_HOME="/workspace/cargo-home" RUSTUP_HOME="/workspace/rustup-home" "/workspace/cargo-home/bin/cargo" "+nightly-2024-02-05" "fetch" "--manifest-path" "Cargo.toml", kill_on_drop: false }`
[INFO] running `Command { std: "docker" "create" "-v" "/var/lib/crater-agent-workspace/builds/worker-7-tc1/target:/opt/rustwide/target:rw,Z" "-v" "/var/lib/crater-agent-workspace/builds/worker-7-tc1/source:/opt/rustwide/workdir:ro,Z" "-v" "/var/lib/crater-agent-workspace/cargo-home:/opt/rustwide/cargo-home:ro,Z" "-v" "/var/lib/crater-agent-workspace/rustup-home:/opt/rustwide/rustup-home:ro,Z" "-e" "SOURCE_DIR=/opt/rustwide/workdir" "-e" "CARGO_TARGET_DIR=/opt/rustwide/target" "-e" "CARGO_HOME=/opt/rustwide/cargo-home" "-e" "RUSTUP_HOME=/opt/rustwide/rustup-home" "-w" "/opt/rustwide/workdir" "-m" "1610612736" "--user" "0:0" "--network" "none" "ghcr.io/rust-lang/crates-build-env/linux@sha256:2788e3201cd34a07e3172128adcd8b3090168a8e3bcc40d7c032b9dda1df7d1c" "/opt/rustwide/cargo-home/bin/cargo" "+nightly-2024-02-05" "metadata" "--no-deps" "--format-version=1", kill_on_drop: false }`
[INFO] [stdout] 96af7993d70644a69e8e56f9c29f13baafb2ce816b6c5ab0b3b1cd165125e54c
[INFO] running `Command { std: "docker" "start" "-a" "96af7993d70644a69e8e56f9c29f13baafb2ce816b6c5ab0b3b1cd165125e54c", kill_on_drop: false }`
[INFO] running `Command { std: "docker" "inspect" "96af7993d70644a69e8e56f9c29f13baafb2ce816b6c5ab0b3b1cd165125e54c", kill_on_drop: false }`
[INFO] running `Command { std: "docker" "rm" "-f" "96af7993d70644a69e8e56f9c29f13baafb2ce816b6c5ab0b3b1cd165125e54c", kill_on_drop: false }`
[INFO] [stdout] 96af7993d70644a69e8e56f9c29f13baafb2ce816b6c5ab0b3b1cd165125e54c
[INFO] running `Command { std: "docker" "create" "-v" "/var/lib/crater-agent-workspace/builds/worker-7-tc1/target:/opt/rustwide/target:rw,Z" "-v" "/var/lib/crater-agent-workspace/builds/worker-7-tc1/source:/opt/rustwide/workdir:ro,Z" "-v" "/var/lib/crater-agent-workspace/cargo-home:/opt/rustwide/cargo-home:ro,Z" "-v" "/var/lib/crater-agent-workspace/rustup-home:/opt/rustwide/rustup-home:ro,Z" "-e" "SOURCE_DIR=/opt/rustwide/workdir" "-e" "CARGO_TARGET_DIR=/opt/rustwide/target" "-e" "CARGO_INCREMENTAL=0" "-e" "RUST_BACKTRACE=full" "-e" "RUSTFLAGS=--cap-lints=forbid" "-e" "RUSTDOCFLAGS=--cap-lints=forbid" "-e" "CARGO_HOME=/opt/rustwide/cargo-home" "-e" "RUSTUP_HOME=/opt/rustwide/rustup-home" "-w" "/opt/rustwide/workdir" "-m" "1610612736" "--user" "0:0" "--network" "none" "ghcr.io/rust-lang/crates-build-env/linux@sha256:2788e3201cd34a07e3172128adcd8b3090168a8e3bcc40d7c032b9dda1df7d1c" "/opt/rustwide/cargo-home/bin/cargo" "+nightly-2024-02-05" "check" "--frozen" "--all" "--all-targets" "--message-format=json", kill_on_drop: false }`
[INFO] [stdout] c52a2e314df3368ea397d46a632295ea547e88ab3c3e88c2d222df9967475367
[INFO] running `Command { std: "docker" "start" "-a" "c52a2e314df3368ea397d46a632295ea547e88ab3c3e88c2d222df9967475367", kill_on_drop: false }`
[INFO] [stderr]    Compiling winapi v0.3.9
[INFO] [stderr]    Compiling ntapi v0.3.7
[INFO] [stderr]     Checking kernel-print v0.1.0 (/opt/rustwide/workdir)
[INFO] [stdout] error[E0433]: failed to resolve: could not find `ntdbg` in `ntapi`
[INFO] [stdout]   --> src/writer.rs:42:21
[INFO] [stdout]    |
[INFO] [stdout] 42 |     unsafe { ntapi::ntdbg::DbgPrint(string.as_ptr() as _) };
[INFO] [stdout]    |                     ^^^^^ could not find `ntdbg` in `ntapi`
[INFO] [stdout] 
[INFO] [stdout] 
[INFO] [stdout] error[E0433]: failed to resolve: could not find `ntdbg` in `ntapi`
[INFO] [stdout]   --> src/writer.rs:42:21
[INFO] [stdout]    |
[INFO] [stdout] 42 |     unsafe { ntapi::ntdbg::DbgPrint(string.as_ptr() as _) };
[INFO] [stdout]    |                     ^^^^^ could not find `ntdbg` in `ntapi`
[INFO] [stdout] 
[INFO] [stdout] 
[INFO] [stdout] error: aborting due to 1 previous error
[INFO] [stdout] 
[INFO] [stdout] 
[INFO] [stdout] For more information about this error, try `rustc --explain E0433`.
[INFO] [stdout] 
[INFO] [stdout] error: aborting due to 1 previous error
[INFO] [stdout] 
[INFO] [stdout] 
[INFO] [stdout] For more information about this error, try `rustc --explain E0433`.
[INFO] [stdout] 
[INFO] [stderr] error: could not compile `kernel-print` (lib) due to 2 previous errors
[INFO] [stderr] warning: build failed, waiting for other jobs to finish...
[INFO] [stderr] error: could not compile `kernel-print` (lib test) due to 2 previous errors
[INFO] running `Command { std: "docker" "inspect" "c52a2e314df3368ea397d46a632295ea547e88ab3c3e88c2d222df9967475367", kill_on_drop: false }`
[INFO] running `Command { std: "docker" "rm" "-f" "c52a2e314df3368ea397d46a632295ea547e88ab3c3e88c2d222df9967475367", kill_on_drop: false }`
[INFO] [stdout] c52a2e314df3368ea397d46a632295ea547e88ab3c3e88c2d222df9967475367
[INFO] checking kernel-print-0.1.0 against nightly-2024-02-05+rustflags=-Dunexpected_cfgs+cargoflags=-Zcheck-cfg for check-cfg
[INFO] extracting crate kernel-print 0.1.0 into /workspace/builds/worker-7-tc2/source
[INFO] validating manifest of crates.io crate kernel-print 0.1.0 on toolchain nightly-2024-02-05
[INFO] running `Command { std: CARGO_HOME="/workspace/cargo-home" RUSTUP_HOME="/workspace/rustup-home" "/workspace/cargo-home/bin/cargo" "+nightly-2024-02-05" "metadata" "--manifest-path" "Cargo.toml" "--no-deps", kill_on_drop: false }`
[INFO] started tweaking crates.io crate kernel-print 0.1.0
[INFO] finished tweaking crates.io crate kernel-print 0.1.0
[INFO] tweaked toml for crates.io crate kernel-print 0.1.0 written to /workspace/builds/worker-7-tc2/source/Cargo.toml
[INFO] running `Command { std: CARGO_HOME="/workspace/cargo-home" RUSTUP_HOME="/workspace/rustup-home" "/workspace/cargo-home/bin/cargo" "+nightly-2024-02-05" "generate-lockfile" "--manifest-path" "Cargo.toml", kill_on_drop: false }`
[INFO] [stderr]     Updating crates.io index
[INFO] running `Command { std: CARGO_HOME="/workspace/cargo-home" RUSTUP_HOME="/workspace/rustup-home" "/workspace/cargo-home/bin/cargo" "+nightly-2024-02-05" "fetch" "--manifest-path" "Cargo.toml", kill_on_drop: false }`
[INFO] running `Command { std: "docker" "create" "-v" "/var/lib/crater-agent-workspace/builds/worker-7-tc2/target:/opt/rustwide/target:rw,Z" "-v" "/var/lib/crater-agent-workspace/builds/worker-7-tc2/source:/opt/rustwide/workdir:ro,Z" "-v" "/var/lib/crater-agent-workspace/cargo-home:/opt/rustwide/cargo-home:ro,Z" "-v" "/var/lib/crater-agent-workspace/rustup-home:/opt/rustwide/rustup-home:ro,Z" "-e" "SOURCE_DIR=/opt/rustwide/workdir" "-e" "CARGO_TARGET_DIR=/opt/rustwide/target" "-e" "CARGO_HOME=/opt/rustwide/cargo-home" "-e" "RUSTUP_HOME=/opt/rustwide/rustup-home" "-w" "/opt/rustwide/workdir" "-m" "1610612736" "--user" "0:0" "--network" "none" "ghcr.io/rust-lang/crates-build-env/linux@sha256:2788e3201cd34a07e3172128adcd8b3090168a8e3bcc40d7c032b9dda1df7d1c" "/opt/rustwide/cargo-home/bin/cargo" "+nightly-2024-02-05" "metadata" "--no-deps" "--format-version=1", kill_on_drop: false }`
[INFO] [stdout] 297659c254cea6be30bab38c9f4be4c3b2a356bfece7c3aea36cbc5c98d0f5c7
[INFO] running `Command { std: "docker" "start" "-a" "297659c254cea6be30bab38c9f4be4c3b2a356bfece7c3aea36cbc5c98d0f5c7", kill_on_drop: false }`
[INFO] running `Command { std: "docker" "inspect" "297659c254cea6be30bab38c9f4be4c3b2a356bfece7c3aea36cbc5c98d0f5c7", kill_on_drop: false }`
[INFO] running `Command { std: "docker" "rm" "-f" "297659c254cea6be30bab38c9f4be4c3b2a356bfece7c3aea36cbc5c98d0f5c7", kill_on_drop: false }`
[INFO] [stdout] 297659c254cea6be30bab38c9f4be4c3b2a356bfece7c3aea36cbc5c98d0f5c7
[INFO] running `Command { std: "docker" "create" "-v" "/var/lib/crater-agent-workspace/builds/worker-7-tc2/target:/opt/rustwide/target:rw,Z" "-v" "/var/lib/crater-agent-workspace/builds/worker-7-tc2/source:/opt/rustwide/workdir:ro,Z" "-v" "/var/lib/crater-agent-workspace/cargo-home:/opt/rustwide/cargo-home:ro,Z" "-v" "/var/lib/crater-agent-workspace/rustup-home:/opt/rustwide/rustup-home:ro,Z" "-e" "SOURCE_DIR=/opt/rustwide/workdir" "-e" "CARGO_TARGET_DIR=/opt/rustwide/target" "-e" "CARGO_INCREMENTAL=0" "-e" "RUST_BACKTRACE=full" "-e" "RUSTFLAGS=--cap-lints=forbid -Dunexpected_cfgs" "-e" "RUSTDOCFLAGS=--cap-lints=forbid" "-e" "CARGO_HOME=/opt/rustwide/cargo-home" "-e" "RUSTUP_HOME=/opt/rustwide/rustup-home" "-w" "/opt/rustwide/workdir" "-m" "1610612736" "--user" "0:0" "--network" "none" "ghcr.io/rust-lang/crates-build-env/linux@sha256:2788e3201cd34a07e3172128adcd8b3090168a8e3bcc40d7c032b9dda1df7d1c" "/opt/rustwide/cargo-home/bin/cargo" "+nightly-2024-02-05" "check" "--frozen" "--all" "--all-targets" "--message-format=json" "-Zcheck-cfg", kill_on_drop: false }`
[INFO] [stdout] 838be40c4c1ef087a57f21c683b33dfab5c2c4cc8c346b78c80960f4d21db648
[INFO] running `Command { std: "docker" "start" "-a" "838be40c4c1ef087a57f21c683b33dfab5c2c4cc8c346b78c80960f4d21db648", kill_on_drop: false }`
[INFO] [stderr]    Compiling winapi v0.3.9
[INFO] [stderr]    Compiling ntapi v0.3.7
[INFO] [stderr]     Checking kernel-print v0.1.0 (/opt/rustwide/workdir)
[INFO] [stdout] error[E0433]: failed to resolve: could not find `ntdbg` in `ntapi`
[INFO] [stdout]   --> src/writer.rs:42:21
[INFO] [stdout]    |
[INFO] [stdout] 42 |     unsafe { ntapi::ntdbg::DbgPrint(string.as_ptr() as _) };
[INFO] [stdout]    |                     ^^^^^ could not find `ntdbg` in `ntapi`
[INFO] [stdout] 
[INFO] [stdout] 
[INFO] [stdout] error[E0433]: failed to resolve: could not find `ntdbg` in `ntapi`
[INFO] [stdout]   --> src/writer.rs:42:21
[INFO] [stdout]    |
[INFO] [stdout] 42 |     unsafe { ntapi::ntdbg::DbgPrint(string.as_ptr() as _) };
[INFO] [stdout]    |                     ^^^^^ could not find `ntdbg` in `ntapi`
[INFO] [stdout] 
[INFO] [stdout] 
[INFO] [stdout] error: aborting due to 1 previous error
[INFO] [stdout] 
[INFO] [stdout] 
[INFO] [stdout] For more information about this error, try `rustc --explain E0433`.
[INFO] [stdout] 
[INFO] [stdout] error: aborting due to 1 previous error
[INFO] [stdout] 
[INFO] [stdout] 
[INFO] [stdout] For more information about this error, try `rustc --explain E0433`.
[INFO] [stdout] 
[INFO] [stderr] error: could not compile `kernel-print` (lib) due to 2 previous errors
[INFO] [stderr] warning: build failed, waiting for other jobs to finish...
[INFO] [stderr] error: could not compile `kernel-print` (lib test) due to 2 previous errors
[INFO] running `Command { std: "docker" "inspect" "838be40c4c1ef087a57f21c683b33dfab5c2c4cc8c346b78c80960f4d21db648", kill_on_drop: false }`
[INFO] running `Command { std: "docker" "rm" "-f" "838be40c4c1ef087a57f21c683b33dfab5c2c4cc8c346b78c80960f4d21db648", kill_on_drop: false }`
[INFO] [stdout] 838be40c4c1ef087a57f21c683b33dfab5c2c4cc8c346b78c80960f4d21db648
