[INFO] fetching crate kea 0.1.3...
[INFO] checking kea-0.1.3 against nightly-2024-02-05 for check-cfg
[INFO] extracting crate kea 0.1.3 into /workspace/builds/worker-2-tc1/source
[INFO] validating manifest of crates.io crate kea 0.1.3 on toolchain nightly-2024-02-05
[INFO] running `Command { std: CARGO_HOME="/workspace/cargo-home" RUSTUP_HOME="/workspace/rustup-home" "/workspace/cargo-home/bin/cargo" "+nightly-2024-02-05" "metadata" "--manifest-path" "Cargo.toml" "--no-deps", kill_on_drop: false }`
[INFO] started tweaking crates.io crate kea 0.1.3
[INFO] finished tweaking crates.io crate kea 0.1.3
[INFO] tweaked toml for crates.io crate kea 0.1.3 written to /workspace/builds/worker-2-tc1/source/Cargo.toml
[INFO] running `Command { std: CARGO_HOME="/workspace/cargo-home" RUSTUP_HOME="/workspace/rustup-home" "/workspace/cargo-home/bin/cargo" "+nightly-2024-02-05" "generate-lockfile" "--manifest-path" "Cargo.toml", kill_on_drop: false }`
[INFO] [stderr]     Updating crates.io index
[INFO] running `Command { std: CARGO_HOME="/workspace/cargo-home" RUSTUP_HOME="/workspace/rustup-home" "/workspace/cargo-home/bin/cargo" "+nightly-2024-02-05" "fetch" "--manifest-path" "Cargo.toml", kill_on_drop: false }`
[INFO] [stderr]  Downloading crates ...
[INFO] [stderr]   Downloaded aur-client v0.1.3
[INFO] [stderr]   Downloaded libgit2-sys v0.7.11
[INFO] [stderr]   Downloaded git2 v0.8.0
[INFO] [stderr]   Downloaded alpm-rs v0.1.24
[INFO] [stderr]   Downloaded pacman v0.1.3
[INFO] running `Command { std: "docker" "create" "-v" "/var/lib/crater-agent-workspace/builds/worker-2-tc1/target:/opt/rustwide/target:rw,Z" "-v" "/var/lib/crater-agent-workspace/builds/worker-2-tc1/source:/opt/rustwide/workdir:ro,Z" "-v" "/var/lib/crater-agent-workspace/cargo-home:/opt/rustwide/cargo-home:ro,Z" "-v" "/var/lib/crater-agent-workspace/rustup-home:/opt/rustwide/rustup-home:ro,Z" "-e" "SOURCE_DIR=/opt/rustwide/workdir" "-e" "CARGO_TARGET_DIR=/opt/rustwide/target" "-e" "CARGO_HOME=/opt/rustwide/cargo-home" "-e" "RUSTUP_HOME=/opt/rustwide/rustup-home" "-w" "/opt/rustwide/workdir" "-m" "1610612736" "--user" "0:0" "--network" "none" "ghcr.io/rust-lang/crates-build-env/linux@sha256:2788e3201cd34a07e3172128adcd8b3090168a8e3bcc40d7c032b9dda1df7d1c" "/opt/rustwide/cargo-home/bin/cargo" "+nightly-2024-02-05" "metadata" "--no-deps" "--format-version=1", kill_on_drop: false }`
[INFO] [stdout] 97e0fa780f6f30b3e4ffa81cd9e39baefe91d39f78f6fe20cf50c93d9365d3ea
[INFO] running `Command { std: "docker" "start" "-a" "97e0fa780f6f30b3e4ffa81cd9e39baefe91d39f78f6fe20cf50c93d9365d3ea", kill_on_drop: false }`
[INFO] running `Command { std: "docker" "inspect" "97e0fa780f6f30b3e4ffa81cd9e39baefe91d39f78f6fe20cf50c93d9365d3ea", kill_on_drop: false }`
[INFO] running `Command { std: "docker" "rm" "-f" "97e0fa780f6f30b3e4ffa81cd9e39baefe91d39f78f6fe20cf50c93d9365d3ea", kill_on_drop: false }`
[INFO] [stdout] 97e0fa780f6f30b3e4ffa81cd9e39baefe91d39f78f6fe20cf50c93d9365d3ea
[INFO] running `Command { std: "docker" "create" "-v" "/var/lib/crater-agent-workspace/builds/worker-2-tc1/target:/opt/rustwide/target:rw,Z" "-v" "/var/lib/crater-agent-workspace/builds/worker-2-tc1/source:/opt/rustwide/workdir:ro,Z" "-v" "/var/lib/crater-agent-workspace/cargo-home:/opt/rustwide/cargo-home:ro,Z" "-v" "/var/lib/crater-agent-workspace/rustup-home:/opt/rustwide/rustup-home:ro,Z" "-e" "SOURCE_DIR=/opt/rustwide/workdir" "-e" "CARGO_TARGET_DIR=/opt/rustwide/target" "-e" "CARGO_INCREMENTAL=0" "-e" "RUST_BACKTRACE=full" "-e" "RUSTFLAGS=--cap-lints=forbid" "-e" "RUSTDOCFLAGS=--cap-lints=forbid" "-e" "CARGO_HOME=/opt/rustwide/cargo-home" "-e" "RUSTUP_HOME=/opt/rustwide/rustup-home" "-w" "/opt/rustwide/workdir" "-m" "1610612736" "--user" "0:0" "--network" "none" "ghcr.io/rust-lang/crates-build-env/linux@sha256:2788e3201cd34a07e3172128adcd8b3090168a8e3bcc40d7c032b9dda1df7d1c" "/opt/rustwide/cargo-home/bin/cargo" "+nightly-2024-02-05" "check" "--frozen" "--all" "--all-targets" "--message-format=json", kill_on_drop: false }`
[INFO] [stdout] ef162376a83ac8819f86af9d007076ca5423bcef236531ec3cfea3a4e654caad
[INFO] running `Command { std: "docker" "start" "-a" "ef162376a83ac8819f86af9d007076ca5423bcef236531ec3cfea3a4e654caad", kill_on_drop: false }`
[INFO] [stderr]     Checking either v1.9.0
[INFO] [stderr]    Compiling libz-sys v1.1.15
[INFO] [stderr]    Compiling unicase v2.7.0
[INFO] [stderr]     Checking mio v0.6.23
[INFO] [stderr]    Compiling indexmap v1.9.3
[INFO] [stderr]     Checking miniz_oxide v0.7.2
[INFO] [stderr]    Compiling libssh2-sys v0.2.23
[INFO] [stderr]    Compiling curl-sys v0.4.71+curl-8.6.0
[INFO] [stderr]     Checking serde v1.0.196
[INFO] [stderr]     Checking tokio-threadpool v0.1.18
[INFO] [stderr]    Compiling hyper v0.12.36
[INFO] [stderr]     Checking idna v0.5.0
[INFO] [stderr]     Checking try-lock v0.2.5
[INFO] [stderr]     Checking futures-cpupool v0.1.8
[INFO] [stderr]     Checking idna v0.2.3
[INFO] [stderr]    Compiling libgit2-sys v0.7.11
[INFO] [stderr]     Checking want v0.2.0
[INFO] [stderr]     Checking native-tls v0.2.11
[INFO] [stderr]     Checking bytes v0.4.12
[INFO] [stderr]     Checking cookie v0.12.0
[INFO] [stderr]     Checking try_from v0.3.2
[INFO] [stderr]     Checking mime v0.3.17
[INFO] [stderr]     Checking dtoa v0.4.8
[INFO] [stderr]     Checking backtrace v0.3.69
[INFO] [stderr]     Checking flate2 v1.0.28
[INFO] [stderr]     Checking url v2.5.0
[INFO] [stderr]     Checking uuid v0.7.4
[INFO] [stderr]     Checking encoding_rs v0.8.33
[INFO] [stderr]     Checking unicode-width v0.1.11
[INFO] [stderr]    Compiling mime_guess v2.0.4
[INFO] [stderr]     Checking tokio-io v0.1.13
[INFO] [stderr]     Checking http v0.1.21
[INFO] [stderr]     Checking tokio-buf v0.1.1
[INFO] [stderr]     Checking string v0.2.1
[INFO] [stderr]     Checking textwrap v0.11.0
[INFO] [stderr]     Checking atty v0.2.14
[INFO] [stderr]     Checking ansi_term v0.12.1
[INFO] [stderr]     Checking numtoa v0.1.0
[INFO] [stderr]     Checking dirs v1.0.5
[INFO] [stderr]     Checking alpm-rs v0.1.24
[INFO] [stderr]     Checking pacman v0.1.3
[INFO] [stderr]     Checking termion v1.5.6
[INFO] [stderr]     Checking failure v0.1.8
[INFO] [stderr]     Checking clap v2.34.0
[INFO] [stderr]     Checking tokio-reactor v0.1.12
[INFO] [stderr]     Checking publicsuffix v1.5.6
[INFO] [stderr]     Checking tokio-tcp v0.1.4
[INFO] [stderr]     Checking tokio v0.1.22
[INFO] [stderr]     Checking http-body v0.1.0
[INFO] [stderr]     Checking h2 v0.1.26
[INFO] [stderr]     Checking serde_json v1.0.113
[INFO] [stderr]     Checking serde_urlencoded v0.5.5
[INFO] [stderr]     Checking toml v0.4.10
[INFO] [stderr]     Checking cookie_store v0.7.0
[INFO] [stderr]     Checking hyper-tls v0.3.2
[INFO] [stderr]     Checking reqwest v0.9.24
[INFO] [stderr]     Checking git2 v0.8.0
[INFO] [stderr]     Checking aur-client v0.1.3
[INFO] [stderr]     Checking kea v0.1.3 (/opt/rustwide/workdir)
[INFO] [stdout] error[E0432]: unresolved import `alpm_rs::List`
[INFO] [stdout]  --> src/repo/upgrade.rs:2:23
[INFO] [stdout]   |
[INFO] [stdout] 2 | use alpm_rs::{Handle, List};
[INFO] [stdout]   |                       ^^^^
[INFO] [stdout]   |                       |
[INFO] [stdout]   |                       no `List` in the root
[INFO] [stdout]   |                       help: a similar name exists in the module: `list`
[INFO] [stdout] 
[INFO] [stdout] 
[INFO] [stdout] error[E0432]: unresolved import `alpm_rs::List`
[INFO] [stdout]  --> src/repo/upgrade.rs:2:23
[INFO] [stdout]   |
[INFO] [stdout] 2 | use alpm_rs::{Handle, List};
[INFO] [stdout]   |                       ^^^^
[INFO] [stdout]   |                       |
[INFO] [stdout]   |                       no `List` in the root
[INFO] [stdout]   |                       help: a similar name exists in the module: `list`
[INFO] [stdout] 
[INFO] [stdout] 
[INFO] [stdout] warning: trait objects without an explicit `dyn` are deprecated
[INFO] [stdout]   --> src/main.rs:16:44
[INFO] [stdout]    |
[INFO] [stdout] 16 | type Result<T> = std::result::Result<T,Box<Error>>;
[INFO] [stdout]    |                                            ^^^^^
[INFO] [stdout]    |
[INFO] [stdout]    = warning: this is accepted in the current edition (Rust 2018) but is a hard error in Rust 2021!
[INFO] [stdout]    = note: for more information, see <https://doc.rust-lang.org/nightly/edition-guide/rust-2021/warnings-promoted-to-error.html>
[INFO] [stdout]    = note: `#[warn(bare_trait_objects)]` on by default
[INFO] [stdout] help: use `dyn`
[INFO] [stdout]    |
[INFO] [stdout] 16 | type Result<T> = std::result::Result<T,Box<dyn Error>>;
[INFO] [stdout]    |                                            +++
[INFO] [stdout] 
[INFO] [stdout] 
[INFO] [stdout] warning: trait objects without an explicit `dyn` are deprecated
[INFO] [stdout]   --> src/main.rs:16:44
[INFO] [stdout]    |
[INFO] [stdout] 16 | type Result<T> = std::result::Result<T,Box<Error>>;
[INFO] [stdout]    |                                            ^^^^^
[INFO] [stdout]    |
[INFO] [stdout]    = warning: this is accepted in the current edition (Rust 2018) but is a hard error in Rust 2021!
[INFO] [stdout]    = note: for more information, see <https://doc.rust-lang.org/nightly/edition-guide/rust-2021/warnings-promoted-to-error.html>
[INFO] [stdout]    = note: `#[warn(bare_trait_objects)]` on by default
[INFO] [stdout] help: use `dyn`
[INFO] [stdout]    |
[INFO] [stdout] 16 | type Result<T> = std::result::Result<T,Box<dyn Error>>;
[INFO] [stdout]    |                                            +++
[INFO] [stdout] 
[INFO] [stdout] 
[INFO] [stdout] warning: trait objects without an explicit `dyn` are deprecated
[INFO] [stdout]   --> src/utils/terminal.rs:10:77
[INFO] [stdout]    |
[INFO] [stdout] 10 | pub fn package_selection(packages: &PackageInfoList, load_error: Option<Box<std::error::Error>>) -> Vec<i32>  {
[INFO] [stdout]    |                                                                             ^^^^^^^^^^^^^^^^^
[INFO] [stdout]    |
[INFO] [stdout]    = warning: this is accepted in the current edition (Rust 2018) but is a hard error in Rust 2021!
[INFO] [stdout]    = note: for more information, see <https://doc.rust-lang.org/nightly/edition-guide/rust-2021/warnings-promoted-to-error.html>
[INFO] [stdout] help: use `dyn`
[INFO] [stdout]    |
[INFO] [stdout] 10 | pub fn package_selection(packages: &PackageInfoList, load_error: Option<Box<dyn std::error::Error>>) -> Vec<i32>  {
[INFO] [stdout]    |                                                                             +++
[INFO] [stdout] 
[INFO] [stdout] 
[INFO] [stdout] warning: trait objects without an explicit `dyn` are deprecated
[INFO] [stdout]   --> src/utils/terminal.rs:10:77
[INFO] [stdout]    |
[INFO] [stdout] 10 | pub fn package_selection(packages: &PackageInfoList, load_error: Option<Box<std::error::Error>>) -> Vec<i32>  {
[INFO] [stdout]    |                                                                             ^^^^^^^^^^^^^^^^^
[INFO] [stdout]    |
[INFO] [stdout]    = warning: this is accepted in the current edition (Rust 2018) but is a hard error in Rust 2021!
[INFO] [stdout]    = note: for more information, see <https://doc.rust-lang.org/nightly/edition-guide/rust-2021/warnings-promoted-to-error.html>
[INFO] [stdout] help: use `dyn`
[INFO] [stdout]    |
[INFO] [stdout] 10 | pub fn package_selection(packages: &PackageInfoList, load_error: Option<Box<dyn std::error::Error>>) -> Vec<i32>  {
[INFO] [stdout]    |                                                                             +++
[INFO] [stdout] 
[INFO] [stdout] 
[INFO] [stdout] warning: trait objects without an explicit `dyn` are deprecated
[INFO] [stdout]   --> src/utils/conf.rs:63:39
[INFO] [stdout]    |
[INFO] [stdout] 63 |     pub fn load() -> Result<Self, Box<Error>>{
[INFO] [stdout]    |                                       ^^^^^
[INFO] [stdout]    |
[INFO] [stdout]    = warning: this is accepted in the current edition (Rust 2018) but is a hard error in Rust 2021!
[INFO] [stdout]    = note: for more information, see <https://doc.rust-lang.org/nightly/edition-guide/rust-2021/warnings-promoted-to-error.html>
[INFO] [stdout] help: use `dyn`
[INFO] [stdout]    |
[INFO] [stdout] 63 |     pub fn load() -> Result<Self, Box<dyn Error>>{
[INFO] [stdout]    |                                       +++
[INFO] [stdout] 
[INFO] [stdout] 
[INFO] [stdout] warning: trait objects without an explicit `dyn` are deprecated
[INFO] [stdout]   --> src/utils/conf.rs:63:39
[INFO] [stdout]    |
[INFO] [stdout] 63 |     pub fn load() -> Result<Self, Box<Error>>{
[INFO] [stdout]    |                                       ^^^^^
[INFO] [stdout]    |
[INFO] [stdout]    = warning: this is accepted in the current edition (Rust 2018) but is a hard error in Rust 2021!
[INFO] [stdout]    = note: for more information, see <https://doc.rust-lang.org/nightly/edition-guide/rust-2021/warnings-promoted-to-error.html>
[INFO] [stdout] help: use `dyn`
[INFO] [stdout]    |
[INFO] [stdout] 63 |     pub fn load() -> Result<Self, Box<dyn Error>>{
[INFO] [stdout]    |                                       +++
[INFO] [stdout] 
[INFO] [stdout] 
[INFO] [stdout] warning: trait objects without an explicit `dyn` are deprecated
[INFO] [stdout]   --> src/utils/conf.rs:80:42
[INFO] [stdout]    |
[INFO] [stdout] 80 |     pub fn save(&self) -> Result<(), Box<Error>>{
[INFO] [stdout]    |                                          ^^^^^
[INFO] [stdout]    |
[INFO] [stdout]    = warning: this is accepted in the current edition (Rust 2018) but is a hard error in Rust 2021!
[INFO] [stdout]    = note: for more information, see <https://doc.rust-lang.org/nightly/edition-guide/rust-2021/warnings-promoted-to-error.html>
[INFO] [stdout] help: use `dyn`
[INFO] [stdout]    |
[INFO] [stdout] 80 |     pub fn save(&self) -> Result<(), Box<dyn Error>>{
[INFO] [stdout]    |                                          +++
[INFO] [stdout] 
[INFO] [stdout] 
[INFO] [stdout] warning: trait objects without an explicit `dyn` are deprecated
[INFO] [stdout]   --> src/utils/conf.rs:80:42
[INFO] [stdout]    |
[INFO] [stdout] 80 |     pub fn save(&self) -> Result<(), Box<Error>>{
[INFO] [stdout]    |                                          ^^^^^
[INFO] [stdout]    |
[INFO] [stdout]    = warning: this is accepted in the current edition (Rust 2018) but is a hard error in Rust 2021!
[INFO] [stdout]    = note: for more information, see <https://doc.rust-lang.org/nightly/edition-guide/rust-2021/warnings-promoted-to-error.html>
[INFO] [stdout] help: use `dyn`
[INFO] [stdout]    |
[INFO] [stdout] 80 |     pub fn save(&self) -> Result<(), Box<dyn Error>>{
[INFO] [stdout]    |                                          +++
[INFO] [stdout] 
[INFO] [stdout] 
[INFO] [stdout] warning: trait objects without an explicit `dyn` are deprecated
[INFO] [stdout]  --> src/repo/search.rs:7:64
[INFO] [stdout]   |
[INFO] [stdout] 7 | pub fn search_aur(search: &str) -> Result<PackageInfoList, Box<Error>> {
[INFO] [stdout]   |                                                                ^^^^^
[INFO] [stdout]   |
[INFO] [stdout]   = warning: this is accepted in the current edition (Rust 2018) but is a hard error in Rust 2021!
[INFO] [stdout]   = note: for more information, see <https://doc.rust-lang.org/nightly/edition-guide/rust-2021/warnings-promoted-to-error.html>
[INFO] [stdout] help: use `dyn`
[INFO] [stdout]   |
[INFO] [stdout] 7 | pub fn search_aur(search: &str) -> Result<PackageInfoList, Box<dyn Error>> {
[INFO] [stdout]   |                                                                +++
[INFO] [stdout] 
[INFO] [stdout] 
[INFO] [stdout] warning: trait objects without an explicit `dyn` are deprecated
[INFO] [stdout]  --> src/repo/search.rs:7:64
[INFO] [stdout]   |
[INFO] [stdout] 7 | pub fn search_aur(search: &str) -> Result<PackageInfoList, Box<Error>> {
[INFO] [stdout]   |                                                                ^^^^^
[INFO] [stdout]   |
[INFO] [stdout]   = warning: this is accepted in the current edition (Rust 2018) but is a hard error in Rust 2021!
[INFO] [stdout]   = note: for more information, see <https://doc.rust-lang.org/nightly/edition-guide/rust-2021/warnings-promoted-to-error.html>
[INFO] [stdout] help: use `dyn`
[INFO] [stdout]   |
[INFO] [stdout] 7 | pub fn search_aur(search: &str) -> Result<PackageInfoList, Box<dyn Error>> {
[INFO] [stdout]   |                                                                +++
[INFO] [stdout] 
[INFO] [stdout] 
[INFO] [stdout] warning: trait objects without an explicit `dyn` are deprecated
[INFO] [stdout]    --> src/main.rs:119:35
[INFO] [stdout]     |
[INFO] [stdout] 119 |     let mut aur_error: Option<Box<Error>> = None;
[INFO] [stdout]     |                                   ^^^^^
[INFO] [stdout]     |
[INFO] [stdout]     = warning: this is accepted in the current edition (Rust 2018) but is a hard error in Rust 2021!
[INFO] [stdout]     = note: for more information, see <https://doc.rust-lang.org/nightly/edition-guide/rust-2021/warnings-promoted-to-error.html>
[INFO] [stdout] help: use `dyn`
[INFO] [stdout]     |
[INFO] [stdout] 119 |     let mut aur_error: Option<Box<dyn Error>> = None;
[INFO] [stdout]     |                                   +++
[INFO] [stdout] 
[INFO] [stdout] 
[INFO] [stdout] warning: trait objects without an explicit `dyn` are deprecated
[INFO] [stdout]    --> src/main.rs:119:35
[INFO] [stdout]     |
[INFO] [stdout] 119 |     let mut aur_error: Option<Box<Error>> = None;
[INFO] [stdout]     |                                   ^^^^^
[INFO] [stdout]     |
[INFO] [stdout]     = warning: this is accepted in the current edition (Rust 2018) but is a hard error in Rust 2021!
[INFO] [stdout]     = note: for more information, see <https://doc.rust-lang.org/nightly/edition-guide/rust-2021/warnings-promoted-to-error.html>
[INFO] [stdout] help: use `dyn`
[INFO] [stdout]     |
[INFO] [stdout] 119 |     let mut aur_error: Option<Box<dyn Error>> = None;
[INFO] [stdout]     |                                   +++
[INFO] [stdout] 
[INFO] [stdout] 
[INFO] [stdout] error: aborting due to 1 previous error; 6 warnings emitted
[INFO] [stdout] 
[INFO] [stdout] 
[INFO] [stdout] For more information about this error, try `rustc --explain E0432`.
[INFO] [stdout] 
[INFO] [stdout] error: aborting due to 1 previous error; 6 warnings emitted
[INFO] [stdout] 
[INFO] [stdout] 
[INFO] [stdout] For more information about this error, try `rustc --explain E0432`.
[INFO] [stdout] 
[INFO] [stderr] error: could not compile `kea` (bin "kea" test) due to 2 previous errors; 6 warnings emitted
[INFO] [stderr] warning: build failed, waiting for other jobs to finish...
[INFO] [stderr] error: could not compile `kea` (bin "kea") due to 2 previous errors; 6 warnings emitted
[INFO] running `Command { std: "docker" "inspect" "ef162376a83ac8819f86af9d007076ca5423bcef236531ec3cfea3a4e654caad", kill_on_drop: false }`
[INFO] running `Command { std: "docker" "rm" "-f" "ef162376a83ac8819f86af9d007076ca5423bcef236531ec3cfea3a4e654caad", kill_on_drop: false }`
[INFO] [stdout] ef162376a83ac8819f86af9d007076ca5423bcef236531ec3cfea3a4e654caad
[INFO] checking kea-0.1.3 against nightly-2024-02-05+rustflags=-Dunexpected_cfgs+cargoflags=-Zcheck-cfg for check-cfg
[INFO] extracting crate kea 0.1.3 into /workspace/builds/worker-2-tc2/source
[INFO] validating manifest of crates.io crate kea 0.1.3 on toolchain nightly-2024-02-05
[INFO] running `Command { std: CARGO_HOME="/workspace/cargo-home" RUSTUP_HOME="/workspace/rustup-home" "/workspace/cargo-home/bin/cargo" "+nightly-2024-02-05" "metadata" "--manifest-path" "Cargo.toml" "--no-deps", kill_on_drop: false }`
[INFO] started tweaking crates.io crate kea 0.1.3
[INFO] finished tweaking crates.io crate kea 0.1.3
[INFO] tweaked toml for crates.io crate kea 0.1.3 written to /workspace/builds/worker-2-tc2/source/Cargo.toml
[INFO] running `Command { std: CARGO_HOME="/workspace/cargo-home" RUSTUP_HOME="/workspace/rustup-home" "/workspace/cargo-home/bin/cargo" "+nightly-2024-02-05" "generate-lockfile" "--manifest-path" "Cargo.toml", kill_on_drop: false }`
[INFO] [stderr]     Blocking waiting for file lock on package cache
[INFO] [stderr]     Updating crates.io index
[INFO] running `Command { std: CARGO_HOME="/workspace/cargo-home" RUSTUP_HOME="/workspace/rustup-home" "/workspace/cargo-home/bin/cargo" "+nightly-2024-02-05" "fetch" "--manifest-path" "Cargo.toml", kill_on_drop: false }`
[INFO] [stderr]     Blocking waiting for file lock on package cache
[INFO] running `Command { std: "docker" "create" "-v" "/var/lib/crater-agent-workspace/builds/worker-2-tc2/target:/opt/rustwide/target:rw,Z" "-v" "/var/lib/crater-agent-workspace/builds/worker-2-tc2/source:/opt/rustwide/workdir:ro,Z" "-v" "/var/lib/crater-agent-workspace/cargo-home:/opt/rustwide/cargo-home:ro,Z" "-v" "/var/lib/crater-agent-workspace/rustup-home:/opt/rustwide/rustup-home:ro,Z" "-e" "SOURCE_DIR=/opt/rustwide/workdir" "-e" "CARGO_TARGET_DIR=/opt/rustwide/target" "-e" "CARGO_HOME=/opt/rustwide/cargo-home" "-e" "RUSTUP_HOME=/opt/rustwide/rustup-home" "-w" "/opt/rustwide/workdir" "-m" "1610612736" "--user" "0:0" "--network" "none" "ghcr.io/rust-lang/crates-build-env/linux@sha256:2788e3201cd34a07e3172128adcd8b3090168a8e3bcc40d7c032b9dda1df7d1c" "/opt/rustwide/cargo-home/bin/cargo" "+nightly-2024-02-05" "metadata" "--no-deps" "--format-version=1", kill_on_drop: false }`
[INFO] [stdout] 63af2ffac4d99ff7d14f2dbd49e5f261c6be98fa5f14ea299fa7eddd17b052a3
[INFO] running `Command { std: "docker" "start" "-a" "63af2ffac4d99ff7d14f2dbd49e5f261c6be98fa5f14ea299fa7eddd17b052a3", kill_on_drop: false }`
[INFO] running `Command { std: "docker" "inspect" "63af2ffac4d99ff7d14f2dbd49e5f261c6be98fa5f14ea299fa7eddd17b052a3", kill_on_drop: false }`
[INFO] running `Command { std: "docker" "rm" "-f" "63af2ffac4d99ff7d14f2dbd49e5f261c6be98fa5f14ea299fa7eddd17b052a3", kill_on_drop: false }`
[INFO] [stdout] 63af2ffac4d99ff7d14f2dbd49e5f261c6be98fa5f14ea299fa7eddd17b052a3
[INFO] running `Command { std: "docker" "create" "-v" "/var/lib/crater-agent-workspace/builds/worker-2-tc2/target:/opt/rustwide/target:rw,Z" "-v" "/var/lib/crater-agent-workspace/builds/worker-2-tc2/source:/opt/rustwide/workdir:ro,Z" "-v" "/var/lib/crater-agent-workspace/cargo-home:/opt/rustwide/cargo-home:ro,Z" "-v" "/var/lib/crater-agent-workspace/rustup-home:/opt/rustwide/rustup-home:ro,Z" "-e" "SOURCE_DIR=/opt/rustwide/workdir" "-e" "CARGO_TARGET_DIR=/opt/rustwide/target" "-e" "CARGO_INCREMENTAL=0" "-e" "RUST_BACKTRACE=full" "-e" "RUSTFLAGS=--cap-lints=forbid -Dunexpected_cfgs" "-e" "RUSTDOCFLAGS=--cap-lints=forbid" "-e" "CARGO_HOME=/opt/rustwide/cargo-home" "-e" "RUSTUP_HOME=/opt/rustwide/rustup-home" "-w" "/opt/rustwide/workdir" "-m" "1610612736" "--user" "0:0" "--network" "none" "ghcr.io/rust-lang/crates-build-env/linux@sha256:2788e3201cd34a07e3172128adcd8b3090168a8e3bcc40d7c032b9dda1df7d1c" "/opt/rustwide/cargo-home/bin/cargo" "+nightly-2024-02-05" "check" "--frozen" "--all" "--all-targets" "--message-format=json" "-Zcheck-cfg", kill_on_drop: false }`
[INFO] [stdout] d3b32a0e4c21e718d4196f19cc6d487698bb5b50becfaef8dc695d3330397d2b
[INFO] running `Command { std: "docker" "start" "-a" "d3b32a0e4c21e718d4196f19cc6d487698bb5b50becfaef8dc695d3330397d2b", kill_on_drop: false }`
[INFO] [stderr]     Checking either v1.9.0
[INFO] [stderr]    Compiling libz-sys v1.1.15
[INFO] [stderr]    Compiling unicase v2.7.0
[INFO] [stderr]     Checking mio v0.6.23
[INFO] [stderr]    Compiling indexmap v1.9.3
[INFO] [stderr]     Checking miniz_oxide v0.7.2
[INFO] [stderr]    Compiling libssh2-sys v0.2.23
[INFO] [stderr]    Compiling curl-sys v0.4.71+curl-8.6.0
[INFO] [stderr]     Checking serde v1.0.196
[INFO] [stderr]     Checking tokio-threadpool v0.1.18
[INFO] [stderr]    Compiling hyper v0.12.36
[INFO] [stderr]     Checking idna v0.5.0
[INFO] [stderr]     Checking try-lock v0.2.5
[INFO] [stderr]     Checking futures-cpupool v0.1.8
[INFO] [stderr]     Checking idna v0.2.3
[INFO] [stderr]    Compiling libgit2-sys v0.7.11
[INFO] [stderr]     Checking want v0.2.0
[INFO] [stderr]     Checking bytes v0.4.12
[INFO] [stderr]     Checking native-tls v0.2.11
[INFO] [stderr]     Checking cookie v0.12.0
[INFO] [stderr]     Checking try_from v0.3.2
[INFO] [stderr]     Checking mime v0.3.17
[INFO] [stderr]     Checking tokio-io v0.1.13
[INFO] [stderr]     Checking http v0.1.21
[INFO] [stderr]     Checking string v0.2.1
[INFO] [stderr]     Checking tokio-buf v0.1.1
[INFO] [stderr]    Compiling mime_guess v2.0.4
[INFO] [stderr]     Checking backtrace v0.3.69
[INFO] [stderr]     Checking dtoa v0.4.8
[INFO] [stderr]     Checking flate2 v1.0.28
[INFO] [stderr]     Checking uuid v0.7.4
[INFO] [stderr]     Checking encoding_rs v0.8.33
[INFO] [stderr]     Checking unicode-width v0.1.11
[INFO] [stderr]     Checking atty v0.2.14
[INFO] [stderr]     Checking ansi_term v0.12.1
[INFO] [stderr]     Checking textwrap v0.11.0
[INFO] [stderr]     Checking numtoa v0.1.0
[INFO] [stderr]     Checking dirs v1.0.5
[INFO] [stderr]     Checking clap v2.34.0
[INFO] [stderr]     Checking url v2.5.0
[INFO] [stderr]     Checking alpm-rs v0.1.24
[INFO] [stderr]     Checking pacman v0.1.3
[INFO] [stderr]     Checking termion v1.5.6
[INFO] [stderr]     Checking tokio-reactor v0.1.12
[INFO] [stderr]     Checking failure v0.1.8
[INFO] [stderr]     Checking tokio-tcp v0.1.4
[INFO] [stderr]     Checking tokio v0.1.22
[INFO] [stderr]     Checking publicsuffix v1.5.6
[INFO] [stderr]     Checking http-body v0.1.0
[INFO] [stderr]     Checking h2 v0.1.26
[INFO] [stderr]     Checking serde_json v1.0.113
[INFO] [stderr]     Checking serde_urlencoded v0.5.5
[INFO] [stderr]     Checking toml v0.4.10
[INFO] [stderr]     Checking cookie_store v0.7.0
[INFO] [stderr]     Checking hyper-tls v0.3.2
[INFO] [stderr]     Checking reqwest v0.9.24
[INFO] [stderr]     Checking git2 v0.8.0
[INFO] [stderr]     Checking aur-client v0.1.3
[INFO] [stderr]     Checking kea v0.1.3 (/opt/rustwide/workdir)
[INFO] [stdout] error[E0432]: unresolved import `alpm_rs::List`
[INFO] [stdout]  --> src/repo/upgrade.rs:2:23
[INFO] [stdout]   |
[INFO] [stdout] 2 | use alpm_rs::{Handle, List};
[INFO] [stdout]   |                       ^^^^
[INFO] [stdout]   |                       |
[INFO] [stdout]   |                       no `List` in the root
[INFO] [stdout]   |                       help: a similar name exists in the module: `list`
[INFO] [stdout] 
[INFO] [stdout] 
[INFO] [stdout] error[E0432]: unresolved import `alpm_rs::List`
[INFO] [stdout]  --> src/repo/upgrade.rs:2:23
[INFO] [stdout]   |
[INFO] [stdout] 2 | use alpm_rs::{Handle, List};
[INFO] [stdout]   |                       ^^^^
[INFO] [stdout]   |                       |
[INFO] [stdout]   |                       no `List` in the root
[INFO] [stdout]   |                       help: a similar name exists in the module: `list`
[INFO] [stdout] 
[INFO] [stdout] 
[INFO] [stdout] warning: trait objects without an explicit `dyn` are deprecated
[INFO] [stdout]   --> src/main.rs:16:44
[INFO] [stdout]    |
[INFO] [stdout] 16 | type Result<T> = std::result::Result<T,Box<Error>>;
[INFO] [stdout]    |                                            ^^^^^
[INFO] [stdout]    |
[INFO] [stdout]    = warning: this is accepted in the current edition (Rust 2018) but is a hard error in Rust 2021!
[INFO] [stdout]    = note: for more information, see <https://doc.rust-lang.org/nightly/edition-guide/rust-2021/warnings-promoted-to-error.html>
[INFO] [stdout]    = note: `#[warn(bare_trait_objects)]` on by default
[INFO] [stdout] help: use `dyn`
[INFO] [stdout]    |
[INFO] [stdout] 16 | type Result<T> = std::result::Result<T,Box<dyn Error>>;
[INFO] [stdout]    |                                            +++
[INFO] [stdout] 
[INFO] [stdout] 
[INFO] [stdout] warning: trait objects without an explicit `dyn` are deprecated
[INFO] [stdout]   --> src/main.rs:16:44
[INFO] [stdout]    |
[INFO] [stdout] 16 | type Result<T> = std::result::Result<T,Box<Error>>;
[INFO] [stdout]    |                                            ^^^^^
[INFO] [stdout]    |
[INFO] [stdout]    = warning: this is accepted in the current edition (Rust 2018) but is a hard error in Rust 2021!
[INFO] [stdout]    = note: for more information, see <https://doc.rust-lang.org/nightly/edition-guide/rust-2021/warnings-promoted-to-error.html>
[INFO] [stdout]    = note: `#[warn(bare_trait_objects)]` on by default
[INFO] [stdout] help: use `dyn`
[INFO] [stdout]    |
[INFO] [stdout] 16 | type Result<T> = std::result::Result<T,Box<dyn Error>>;
[INFO] [stdout]    |                                            +++
[INFO] [stdout] 
[INFO] [stdout] 
[INFO] [stdout] warning: trait objects without an explicit `dyn` are deprecated
[INFO] [stdout]   --> src/utils/terminal.rs:10:77
[INFO] [stdout]    |
[INFO] [stdout] 10 | pub fn package_selection(packages: &PackageInfoList, load_error: Option<Box<std::error::Error>>) -> Vec<i32>  {
[INFO] [stdout]    |                                                                             ^^^^^^^^^^^^^^^^^
[INFO] [stdout]    |
[INFO] [stdout]    = warning: this is accepted in the current edition (Rust 2018) but is a hard error in Rust 2021!
[INFO] [stdout]    = note: for more information, see <https://doc.rust-lang.org/nightly/edition-guide/rust-2021/warnings-promoted-to-error.html>
[INFO] [stdout] help: use `dyn`
[INFO] [stdout]    |
[INFO] [stdout] 10 | pub fn package_selection(packages: &PackageInfoList, load_error: Option<Box<dyn std::error::Error>>) -> Vec<i32>  {
[INFO] [stdout]    |                                                                             +++
[INFO] [stdout] 
[INFO] [stdout] 
[INFO] [stdout] warning: trait objects without an explicit `dyn` are deprecated
[INFO] [stdout]   --> src/utils/terminal.rs:10:77
[INFO] [stdout]    |
[INFO] [stdout] 10 | pub fn package_selection(packages: &PackageInfoList, load_error: Option<Box<std::error::Error>>) -> Vec<i32>  {
[INFO] [stdout]    |                                                                             ^^^^^^^^^^^^^^^^^
[INFO] [stdout]    |
[INFO] [stdout]    = warning: this is accepted in the current edition (Rust 2018) but is a hard error in Rust 2021!
[INFO] [stdout]    = note: for more information, see <https://doc.rust-lang.org/nightly/edition-guide/rust-2021/warnings-promoted-to-error.html>
[INFO] [stdout] help: use `dyn`
[INFO] [stdout]    |
[INFO] [stdout] 10 | pub fn package_selection(packages: &PackageInfoList, load_error: Option<Box<dyn std::error::Error>>) -> Vec<i32>  {
[INFO] [stdout]    |                                                                             +++
[INFO] [stdout] 
[INFO] [stdout] 
[INFO] [stdout] warning: trait objects without an explicit `dyn` are deprecated
[INFO] [stdout]   --> src/utils/conf.rs:63:39
[INFO] [stdout]    |
[INFO] [stdout] 63 |     pub fn load() -> Result<Self, Box<Error>>{
[INFO] [stdout]    |                                       ^^^^^
[INFO] [stdout]    |
[INFO] [stdout]    = warning: this is accepted in the current edition (Rust 2018) but is a hard error in Rust 2021!
[INFO] [stdout]    = note: for more information, see <https://doc.rust-lang.org/nightly/edition-guide/rust-2021/warnings-promoted-to-error.html>
[INFO] [stdout] help: use `dyn`
[INFO] [stdout]    |
[INFO] [stdout] 63 |     pub fn load() -> Result<Self, Box<dyn Error>>{
[INFO] [stdout]    |                                       +++
[INFO] [stdout] 
[INFO] [stdout] 
[INFO] [stdout] warning: trait objects without an explicit `dyn` are deprecated
[INFO] [stdout]   --> src/utils/conf.rs:63:39
[INFO] [stdout]    |
[INFO] [stdout] 63 |     pub fn load() -> Result<Self, Box<Error>>{
[INFO] [stdout]    |                                       ^^^^^
[INFO] [stdout]    |
[INFO] [stdout]    = warning: this is accepted in the current edition (Rust 2018) but is a hard error in Rust 2021!
[INFO] [stdout]    = note: for more information, see <https://doc.rust-lang.org/nightly/edition-guide/rust-2021/warnings-promoted-to-error.html>
[INFO] [stdout] help: use `dyn`
[INFO] [stdout]    |
[INFO] [stdout] 63 |     pub fn load() -> Result<Self, Box<dyn Error>>{
[INFO] [stdout]    |                                       +++
[INFO] [stdout] 
[INFO] [stdout] 
[INFO] [stdout] warning: trait objects without an explicit `dyn` are deprecated
[INFO] [stdout]   --> src/utils/conf.rs:80:42
[INFO] [stdout]    |
[INFO] [stdout] 80 |     pub fn save(&self) -> Result<(), Box<Error>>{
[INFO] [stdout]    |                                          ^^^^^
[INFO] [stdout]    |
[INFO] [stdout]    = warning: this is accepted in the current edition (Rust 2018) but is a hard error in Rust 2021!
[INFO] [stdout]    = note: for more information, see <https://doc.rust-lang.org/nightly/edition-guide/rust-2021/warnings-promoted-to-error.html>
[INFO] [stdout] help: use `dyn`
[INFO] [stdout]    |
[INFO] [stdout] 80 |     pub fn save(&self) -> Result<(), Box<dyn Error>>{
[INFO] [stdout]    |                                          +++
[INFO] [stdout] 
[INFO] [stdout] 
[INFO] [stdout] warning: trait objects without an explicit `dyn` are deprecated
[INFO] [stdout]   --> src/utils/conf.rs:80:42
[INFO] [stdout]    |
[INFO] [stdout] 80 |     pub fn save(&self) -> Result<(), Box<Error>>{
[INFO] [stdout]    |                                          ^^^^^
[INFO] [stdout]    |
[INFO] [stdout]    = warning: this is accepted in the current edition (Rust 2018) but is a hard error in Rust 2021!
[INFO] [stdout]    = note: for more information, see <https://doc.rust-lang.org/nightly/edition-guide/rust-2021/warnings-promoted-to-error.html>
[INFO] [stdout] help: use `dyn`
[INFO] [stdout]    |
[INFO] [stdout] 80 |     pub fn save(&self) -> Result<(), Box<dyn Error>>{
[INFO] [stdout]    |                                          +++
[INFO] [stdout] 
[INFO] [stdout] 
[INFO] [stdout] warning: trait objects without an explicit `dyn` are deprecated
[INFO] [stdout]  --> src/repo/search.rs:7:64
[INFO] [stdout]   |
[INFO] [stdout] 7 | pub fn search_aur(search: &str) -> Result<PackageInfoList, Box<Error>> {
[INFO] [stdout]   |                                                                ^^^^^
[INFO] [stdout]   |
[INFO] [stdout]   = warning: this is accepted in the current edition (Rust 2018) but is a hard error in Rust 2021!
[INFO] [stdout]   = note: for more information, see <https://doc.rust-lang.org/nightly/edition-guide/rust-2021/warnings-promoted-to-error.html>
[INFO] [stdout] help: use `dyn`
[INFO] [stdout]   |
[INFO] [stdout] 7 | pub fn search_aur(search: &str) -> Result<PackageInfoList, Box<dyn Error>> {
[INFO] [stdout]   |                                                                +++
[INFO] [stdout] 
[INFO] [stdout] 
[INFO] [stdout] warning: trait objects without an explicit `dyn` are deprecated
[INFO] [stdout]  --> src/repo/search.rs:7:64
[INFO] [stdout]   |
[INFO] [stdout] 7 | pub fn search_aur(search: &str) -> Result<PackageInfoList, Box<Error>> {
[INFO] [stdout]   |                                                                ^^^^^
[INFO] [stdout]   |
[INFO] [stdout]   = warning: this is accepted in the current edition (Rust 2018) but is a hard error in Rust 2021!
[INFO] [stdout]   = note: for more information, see <https://doc.rust-lang.org/nightly/edition-guide/rust-2021/warnings-promoted-to-error.html>
[INFO] [stdout] help: use `dyn`
[INFO] [stdout]   |
[INFO] [stdout] 7 | pub fn search_aur(search: &str) -> Result<PackageInfoList, Box<dyn Error>> {
[INFO] [stdout]   |                                                                +++
[INFO] [stdout] 
[INFO] [stdout] 
[INFO] [stdout] warning: trait objects without an explicit `dyn` are deprecated
[INFO] [stdout]    --> src/main.rs:119:35
[INFO] [stdout]     |
[INFO] [stdout] 119 |     let mut aur_error: Option<Box<Error>> = None;
[INFO] [stdout]     |                                   ^^^^^
[INFO] [stdout]     |
[INFO] [stdout]     = warning: this is accepted in the current edition (Rust 2018) but is a hard error in Rust 2021!
[INFO] [stdout]     = note: for more information, see <https://doc.rust-lang.org/nightly/edition-guide/rust-2021/warnings-promoted-to-error.html>
[INFO] [stdout] help: use `dyn`
[INFO] [stdout]     |
[INFO] [stdout] 119 |     let mut aur_error: Option<Box<dyn Error>> = None;
[INFO] [stdout]     |                                   +++
[INFO] [stdout] 
[INFO] [stdout] 
[INFO] [stdout] warning: trait objects without an explicit `dyn` are deprecated
[INFO] [stdout]    --> src/main.rs:119:35
[INFO] [stdout]     |
[INFO] [stdout] 119 |     let mut aur_error: Option<Box<Error>> = None;
[INFO] [stdout]     |                                   ^^^^^
[INFO] [stdout]     |
[INFO] [stdout]     = warning: this is accepted in the current edition (Rust 2018) but is a hard error in Rust 2021!
[INFO] [stdout]     = note: for more information, see <https://doc.rust-lang.org/nightly/edition-guide/rust-2021/warnings-promoted-to-error.html>
[INFO] [stdout] help: use `dyn`
[INFO] [stdout]     |
[INFO] [stdout] 119 |     let mut aur_error: Option<Box<dyn Error>> = None;
[INFO] [stdout]     |                                   +++
[INFO] [stdout] 
[INFO] [stdout] 
[INFO] [stdout] error: aborting due to 1 previous error; 6 warnings emitted
[INFO] [stdout] 
[INFO] [stdout] 
[INFO] [stdout] For more information about this error, try `rustc --explain E0432`.
[INFO] [stdout] 
[INFO] [stdout] error: aborting due to 1 previous error; 6 warnings emitted
[INFO] [stdout] 
[INFO] [stdout] 
[INFO] [stdout] For more information about this error, try `rustc --explain E0432`.
[INFO] [stdout] 
[INFO] [stderr] error: could not compile `kea` (bin "kea") due to 2 previous errors; 6 warnings emitted
[INFO] [stderr] warning: build failed, waiting for other jobs to finish...
[INFO] [stderr] error: could not compile `kea` (bin "kea" test) due to 2 previous errors; 6 warnings emitted
[INFO] running `Command { std: "docker" "inspect" "d3b32a0e4c21e718d4196f19cc6d487698bb5b50becfaef8dc695d3330397d2b", kill_on_drop: false }`
[INFO] running `Command { std: "docker" "rm" "-f" "d3b32a0e4c21e718d4196f19cc6d487698bb5b50becfaef8dc695d3330397d2b", kill_on_drop: false }`
[INFO] [stdout] d3b32a0e4c21e718d4196f19cc6d487698bb5b50becfaef8dc695d3330397d2b
