[INFO] fetching crate kd_interval_tree 0.1.1...
[INFO] checking kd_interval_tree-0.1.1 against nightly-2024-02-05 for check-cfg
[INFO] extracting crate kd_interval_tree 0.1.1 into /workspace/builds/worker-1-tc1/source
[INFO] validating manifest of crates.io crate kd_interval_tree 0.1.1 on toolchain nightly-2024-02-05
[INFO] running `Command { std: CARGO_HOME="/workspace/cargo-home" RUSTUP_HOME="/workspace/rustup-home" "/workspace/cargo-home/bin/cargo" "+nightly-2024-02-05" "metadata" "--manifest-path" "Cargo.toml" "--no-deps", kill_on_drop: false }`
[INFO] started tweaking crates.io crate kd_interval_tree 0.1.1
[INFO] finished tweaking crates.io crate kd_interval_tree 0.1.1
[INFO] tweaked toml for crates.io crate kd_interval_tree 0.1.1 written to /workspace/builds/worker-1-tc1/source/Cargo.toml
[INFO] running `Command { std: CARGO_HOME="/workspace/cargo-home" RUSTUP_HOME="/workspace/rustup-home" "/workspace/cargo-home/bin/cargo" "+nightly-2024-02-05" "generate-lockfile" "--manifest-path" "Cargo.toml", kill_on_drop: false }`
[INFO] [stderr]     Updating crates.io index
[INFO] running `Command { std: CARGO_HOME="/workspace/cargo-home" RUSTUP_HOME="/workspace/rustup-home" "/workspace/cargo-home/bin/cargo" "+nightly-2024-02-05" "fetch" "--manifest-path" "Cargo.toml", kill_on_drop: false }`
[INFO] running `Command { std: "docker" "create" "-v" "/var/lib/crater-agent-workspace/builds/worker-1-tc1/target:/opt/rustwide/target:rw,Z" "-v" "/var/lib/crater-agent-workspace/builds/worker-1-tc1/source:/opt/rustwide/workdir:ro,Z" "-v" "/var/lib/crater-agent-workspace/cargo-home:/opt/rustwide/cargo-home:ro,Z" "-v" "/var/lib/crater-agent-workspace/rustup-home:/opt/rustwide/rustup-home:ro,Z" "-e" "SOURCE_DIR=/opt/rustwide/workdir" "-e" "CARGO_TARGET_DIR=/opt/rustwide/target" "-e" "CARGO_HOME=/opt/rustwide/cargo-home" "-e" "RUSTUP_HOME=/opt/rustwide/rustup-home" "-w" "/opt/rustwide/workdir" "-m" "1610612736" "--user" "0:0" "--network" "none" "ghcr.io/rust-lang/crates-build-env/linux@sha256:2788e3201cd34a07e3172128adcd8b3090168a8e3bcc40d7c032b9dda1df7d1c" "/opt/rustwide/cargo-home/bin/cargo" "+nightly-2024-02-05" "metadata" "--no-deps" "--format-version=1", kill_on_drop: false }`
[INFO] [stdout] 8e6670b06a527d3911b973da6be1a4aaabd5fce9b9e7b94a0ffa0a18d7f61757
[INFO] running `Command { std: "docker" "start" "-a" "8e6670b06a527d3911b973da6be1a4aaabd5fce9b9e7b94a0ffa0a18d7f61757", kill_on_drop: false }`
[INFO] running `Command { std: "docker" "inspect" "8e6670b06a527d3911b973da6be1a4aaabd5fce9b9e7b94a0ffa0a18d7f61757", kill_on_drop: false }`
[INFO] running `Command { std: "docker" "rm" "-f" "8e6670b06a527d3911b973da6be1a4aaabd5fce9b9e7b94a0ffa0a18d7f61757", kill_on_drop: false }`
[INFO] [stdout] 8e6670b06a527d3911b973da6be1a4aaabd5fce9b9e7b94a0ffa0a18d7f61757
[INFO] running `Command { std: "docker" "create" "-v" "/var/lib/crater-agent-workspace/builds/worker-1-tc1/target:/opt/rustwide/target:rw,Z" "-v" "/var/lib/crater-agent-workspace/builds/worker-1-tc1/source:/opt/rustwide/workdir:ro,Z" "-v" "/var/lib/crater-agent-workspace/cargo-home:/opt/rustwide/cargo-home:ro,Z" "-v" "/var/lib/crater-agent-workspace/rustup-home:/opt/rustwide/rustup-home:ro,Z" "-e" "SOURCE_DIR=/opt/rustwide/workdir" "-e" "CARGO_TARGET_DIR=/opt/rustwide/target" "-e" "CARGO_INCREMENTAL=0" "-e" "RUST_BACKTRACE=full" "-e" "RUSTFLAGS=--cap-lints=forbid" "-e" "RUSTDOCFLAGS=--cap-lints=forbid" "-e" "CARGO_HOME=/opt/rustwide/cargo-home" "-e" "RUSTUP_HOME=/opt/rustwide/rustup-home" "-w" "/opt/rustwide/workdir" "-m" "1610612736" "--user" "0:0" "--network" "none" "ghcr.io/rust-lang/crates-build-env/linux@sha256:2788e3201cd34a07e3172128adcd8b3090168a8e3bcc40d7c032b9dda1df7d1c" "/opt/rustwide/cargo-home/bin/cargo" "+nightly-2024-02-05" "check" "--frozen" "--all" "--all-targets" "--message-format=json", kill_on_drop: false }`
[INFO] [stdout] 4b58ecd1c8e0d0a889df93c899e589352b6986176afa11cad68f7b7c937ecbba
[INFO] running `Command { std: "docker" "start" "-a" "4b58ecd1c8e0d0a889df93c899e589352b6986176afa11cad68f7b7c937ecbba", kill_on_drop: false }`
[INFO] [stderr]    Compiling libc v0.2.153
[INFO] [stderr]     Checking either v1.9.0
[INFO] [stderr]     Checking half v2.3.1
[INFO] [stderr]     Checking regex-syntax v0.8.2
[INFO] [stderr]     Checking os_str_bytes v6.6.1
[INFO] [stderr]     Checking ciborium-io v0.2.2
[INFO] [stderr]     Checking serde v1.0.196
[INFO] [stderr]     Checking walkdir v2.4.0
[INFO] [stderr]     Checking plotters v0.3.5
[INFO] [stderr]     Checking itertools v0.10.5
[INFO] [stderr]     Checking rayon v1.8.1
[INFO] [stderr]     Checking clap_lex v0.2.4
[INFO] [stderr]     Checking ciborium-ll v0.2.2
[INFO] [stderr]     Checking clap v3.2.25
[INFO] [stderr]     Checking kd_interval_tree v0.1.1 (/opt/rustwide/workdir)
[INFO] [stderr]     Checking getrandom v0.2.12
[INFO] [stderr]     Checking atty v0.2.14
[INFO] [stderr]     Checking rand_core v0.6.4
[INFO] [stderr]     Checking rand_chacha v0.3.1
[INFO] [stderr]     Checking regex-automata v0.4.5
[INFO] [stderr]     Checking criterion-plot v0.5.0
[INFO] [stderr]     Checking rand v0.8.5
[INFO] [stderr]     Checking regex v1.10.3
[INFO] [stderr]     Checking serde_json v1.0.113
[INFO] [stderr]     Checking ciborium v0.2.2
[INFO] [stderr]     Checking tinytemplate v1.2.1
[INFO] [stderr]     Checking criterion v0.4.0
[INFO] [stdout] error[E0432]: unresolved import `interval_tree`
[INFO] [stdout]  --> benches/interval_tree_bench.rs:3:5
[INFO] [stdout]   |
[INFO] [stdout] 3 | use interval_tree::*;
[INFO] [stdout]   |     ^^^^^^^^^^^^^ use of undeclared crate or module `interval_tree`
[INFO] [stdout]   |
[INFO] [stdout] help: there is a crate or module with a similar name
[INFO] [stdout]   |
[INFO] [stdout] 3 | use kd_interval_tree::*;
[INFO] [stdout]   |     ~~~~~~~~~~~~~~~~
[INFO] [stdout] 
[INFO] [stdout] 
[INFO] [stdout] error[E0432]: unresolved import `interval_tree`
[INFO] [stdout]  --> benches/interval_tree_bench.rs:2:5
[INFO] [stdout]   |
[INFO] [stdout] 2 | use interval_tree::IntervalTreeNode;
[INFO] [stdout]   |     ^^^^^^^^^^^^^ use of undeclared crate or module `interval_tree`
[INFO] [stdout]   |
[INFO] [stdout] help: there is a crate or module with a similar name
[INFO] [stdout]   |
[INFO] [stdout] 2 | use kd_interval_tree::IntervalTreeNode;
[INFO] [stdout]   |     ~~~~~~~~~~~~~~~~
[INFO] [stdout] 
[INFO] [stdout] 
[INFO] [stdout] error[E0405]: cannot find trait `Interval` in this scope
[INFO] [stdout]   --> benches/interval_tree_bench.rs:18:6
[INFO] [stdout]    |
[INFO] [stdout] 18 | impl Interval<2> for Rectangle {
[INFO] [stdout]    |      ^^^^^^^^ not found in this scope
[INFO] [stdout]    |
[INFO] [stdout] help: consider importing this trait
[INFO] [stdout]    |
[INFO] [stdout] 1  + use kd_interval_tree::Interval;
[INFO] [stdout]    |
[INFO] [stdout] 
[INFO] [stdout] 
[INFO] [stdout] error[E0405]: cannot find trait `Point` in this scope
[INFO] [stdout]   --> benches/interval_tree_bench.rs:48:6
[INFO] [stdout]    |
[INFO] [stdout] 48 | impl Point<2> for Point2d {
[INFO] [stdout]    |      ^^^^^ not found in this scope
[INFO] [stdout]    |
[INFO] [stdout] help: consider importing this trait
[INFO] [stdout]    |
[INFO] [stdout] 1  + use kd_interval_tree::Point;
[INFO] [stdout]    |
[INFO] [stdout] 
[INFO] [stdout] 
[INFO] [stdout] error: aborting due to 4 previous errors
[INFO] [stdout] 
[INFO] [stdout] 
[INFO] [stdout] Some errors have detailed explanations: E0405, E0432.
[INFO] [stdout] 
[INFO] [stdout] For more information about an error, try `rustc --explain E0405`.
[INFO] [stdout] 
[INFO] [stderr] error: could not compile `kd_interval_tree` (bench "interval_tree_bench") due to 5 previous errors
[INFO] [stderr] warning: build failed, waiting for other jobs to finish...
[INFO] running `Command { std: "docker" "inspect" "4b58ecd1c8e0d0a889df93c899e589352b6986176afa11cad68f7b7c937ecbba", kill_on_drop: false }`
[INFO] running `Command { std: "docker" "rm" "-f" "4b58ecd1c8e0d0a889df93c899e589352b6986176afa11cad68f7b7c937ecbba", kill_on_drop: false }`
[INFO] [stdout] 4b58ecd1c8e0d0a889df93c899e589352b6986176afa11cad68f7b7c937ecbba
[INFO] checking kd_interval_tree-0.1.1 against nightly-2024-02-05+rustflags=-Dunexpected_cfgs+cargoflags=-Zcheck-cfg for check-cfg
[INFO] extracting crate kd_interval_tree 0.1.1 into /workspace/builds/worker-1-tc2/source
[INFO] validating manifest of crates.io crate kd_interval_tree 0.1.1 on toolchain nightly-2024-02-05
[INFO] running `Command { std: CARGO_HOME="/workspace/cargo-home" RUSTUP_HOME="/workspace/rustup-home" "/workspace/cargo-home/bin/cargo" "+nightly-2024-02-05" "metadata" "--manifest-path" "Cargo.toml" "--no-deps", kill_on_drop: false }`
[INFO] started tweaking crates.io crate kd_interval_tree 0.1.1
[INFO] finished tweaking crates.io crate kd_interval_tree 0.1.1
[INFO] tweaked toml for crates.io crate kd_interval_tree 0.1.1 written to /workspace/builds/worker-1-tc2/source/Cargo.toml
[INFO] running `Command { std: CARGO_HOME="/workspace/cargo-home" RUSTUP_HOME="/workspace/rustup-home" "/workspace/cargo-home/bin/cargo" "+nightly-2024-02-05" "generate-lockfile" "--manifest-path" "Cargo.toml", kill_on_drop: false }`
[INFO] [stderr]     Updating crates.io index
[INFO] running `Command { std: CARGO_HOME="/workspace/cargo-home" RUSTUP_HOME="/workspace/rustup-home" "/workspace/cargo-home/bin/cargo" "+nightly-2024-02-05" "fetch" "--manifest-path" "Cargo.toml", kill_on_drop: false }`
[INFO] running `Command { std: "docker" "create" "-v" "/var/lib/crater-agent-workspace/builds/worker-1-tc2/target:/opt/rustwide/target:rw,Z" "-v" "/var/lib/crater-agent-workspace/builds/worker-1-tc2/source:/opt/rustwide/workdir:ro,Z" "-v" "/var/lib/crater-agent-workspace/cargo-home:/opt/rustwide/cargo-home:ro,Z" "-v" "/var/lib/crater-agent-workspace/rustup-home:/opt/rustwide/rustup-home:ro,Z" "-e" "SOURCE_DIR=/opt/rustwide/workdir" "-e" "CARGO_TARGET_DIR=/opt/rustwide/target" "-e" "CARGO_HOME=/opt/rustwide/cargo-home" "-e" "RUSTUP_HOME=/opt/rustwide/rustup-home" "-w" "/opt/rustwide/workdir" "-m" "1610612736" "--user" "0:0" "--network" "none" "ghcr.io/rust-lang/crates-build-env/linux@sha256:2788e3201cd34a07e3172128adcd8b3090168a8e3bcc40d7c032b9dda1df7d1c" "/opt/rustwide/cargo-home/bin/cargo" "+nightly-2024-02-05" "metadata" "--no-deps" "--format-version=1", kill_on_drop: false }`
[INFO] [stdout] 7990f61fa1d58965d09631f9857a481f5408f9069de1099e87c185c8f8d9e629
[INFO] running `Command { std: "docker" "start" "-a" "7990f61fa1d58965d09631f9857a481f5408f9069de1099e87c185c8f8d9e629", kill_on_drop: false }`
[INFO] running `Command { std: "docker" "inspect" "7990f61fa1d58965d09631f9857a481f5408f9069de1099e87c185c8f8d9e629", kill_on_drop: false }`
[INFO] running `Command { std: "docker" "rm" "-f" "7990f61fa1d58965d09631f9857a481f5408f9069de1099e87c185c8f8d9e629", kill_on_drop: false }`
[INFO] [stdout] 7990f61fa1d58965d09631f9857a481f5408f9069de1099e87c185c8f8d9e629
[INFO] running `Command { std: "docker" "create" "-v" "/var/lib/crater-agent-workspace/builds/worker-1-tc2/target:/opt/rustwide/target:rw,Z" "-v" "/var/lib/crater-agent-workspace/builds/worker-1-tc2/source:/opt/rustwide/workdir:ro,Z" "-v" "/var/lib/crater-agent-workspace/cargo-home:/opt/rustwide/cargo-home:ro,Z" "-v" "/var/lib/crater-agent-workspace/rustup-home:/opt/rustwide/rustup-home:ro,Z" "-e" "SOURCE_DIR=/opt/rustwide/workdir" "-e" "CARGO_TARGET_DIR=/opt/rustwide/target" "-e" "CARGO_INCREMENTAL=0" "-e" "RUST_BACKTRACE=full" "-e" "RUSTFLAGS=--cap-lints=forbid -Dunexpected_cfgs" "-e" "RUSTDOCFLAGS=--cap-lints=forbid" "-e" "CARGO_HOME=/opt/rustwide/cargo-home" "-e" "RUSTUP_HOME=/opt/rustwide/rustup-home" "-w" "/opt/rustwide/workdir" "-m" "1610612736" "--user" "0:0" "--network" "none" "ghcr.io/rust-lang/crates-build-env/linux@sha256:2788e3201cd34a07e3172128adcd8b3090168a8e3bcc40d7c032b9dda1df7d1c" "/opt/rustwide/cargo-home/bin/cargo" "+nightly-2024-02-05" "check" "--frozen" "--all" "--all-targets" "--message-format=json" "-Zcheck-cfg", kill_on_drop: false }`
[INFO] [stdout] b33684ebb6738a0bfa5498029923ce17cd593c6166b855a53c4567dc3e0f611b
[INFO] running `Command { std: "docker" "start" "-a" "b33684ebb6738a0bfa5498029923ce17cd593c6166b855a53c4567dc3e0f611b", kill_on_drop: false }`
[INFO] [stderr]    Compiling libc v0.2.153
[INFO] [stderr]     Checking either v1.9.0
[INFO] [stderr]     Checking half v2.3.1
[INFO] [stderr]     Checking os_str_bytes v6.6.1
[INFO] [stderr]     Checking regex-syntax v0.8.2
[INFO] [stderr]     Checking serde v1.0.196
[INFO] [stderr]     Checking ciborium-io v0.2.2
[INFO] [stderr]     Checking walkdir v2.4.0
[INFO] [stderr]     Checking plotters v0.3.5
[INFO] [stderr]     Checking itertools v0.10.5
[INFO] [stderr]     Checking rayon v1.8.1
[INFO] [stderr]     Checking clap_lex v0.2.4
[INFO] [stderr]     Checking ciborium-ll v0.2.2
[INFO] [stderr]     Checking clap v3.2.25
[INFO] [stderr]     Checking kd_interval_tree v0.1.1 (/opt/rustwide/workdir)
[INFO] [stderr]     Checking getrandom v0.2.12
[INFO] [stderr]     Checking atty v0.2.14
[INFO] [stderr]     Checking rand_core v0.6.4
[INFO] [stderr]     Checking rand_chacha v0.3.1
[INFO] [stderr]     Checking regex-automata v0.4.5
[INFO] [stderr]     Checking rand v0.8.5
[INFO] [stderr]     Checking criterion-plot v0.5.0
[INFO] [stderr]     Checking serde_json v1.0.113
[INFO] [stderr]     Checking ciborium v0.2.2
[INFO] [stderr]     Checking regex v1.10.3
[INFO] [stderr]     Checking tinytemplate v1.2.1
[INFO] [stderr]     Checking criterion v0.4.0
[INFO] [stdout] error[E0432]: unresolved import `interval_tree`
[INFO] [stdout]  --> benches/interval_tree_bench.rs:3:5
[INFO] [stdout]   |
[INFO] [stdout] 3 | use interval_tree::*;
[INFO] [stdout]   |     ^^^^^^^^^^^^^ use of undeclared crate or module `interval_tree`
[INFO] [stdout]   |
[INFO] [stdout] help: there is a crate or module with a similar name
[INFO] [stdout]   |
[INFO] [stdout] 3 | use kd_interval_tree::*;
[INFO] [stdout]   |     ~~~~~~~~~~~~~~~~
[INFO] [stdout] 
[INFO] [stdout] 
[INFO] [stdout] error[E0432]: unresolved import `interval_tree`
[INFO] [stdout]  --> benches/interval_tree_bench.rs:2:5
[INFO] [stdout]   |
[INFO] [stdout] 2 | use interval_tree::IntervalTreeNode;
[INFO] [stdout]   |     ^^^^^^^^^^^^^ use of undeclared crate or module `interval_tree`
[INFO] [stdout]   |
[INFO] [stdout] help: there is a crate or module with a similar name
[INFO] [stdout]   |
[INFO] [stdout] 2 | use kd_interval_tree::IntervalTreeNode;
[INFO] [stdout]   |     ~~~~~~~~~~~~~~~~
[INFO] [stdout] 
[INFO] [stdout] 
[INFO] [stdout] error[E0405]: cannot find trait `Interval` in this scope
[INFO] [stdout]   --> benches/interval_tree_bench.rs:18:6
[INFO] [stdout]    |
[INFO] [stdout] 18 | impl Interval<2> for Rectangle {
[INFO] [stdout]    |      ^^^^^^^^ not found in this scope
[INFO] [stdout]    |
[INFO] [stdout] help: consider importing this trait
[INFO] [stdout]    |
[INFO] [stdout] 1  + use kd_interval_tree::Interval;
[INFO] [stdout]    |
[INFO] [stdout] 
[INFO] [stdout] 
[INFO] [stdout] error[E0405]: cannot find trait `Point` in this scope
[INFO] [stdout]   --> benches/interval_tree_bench.rs:48:6
[INFO] [stdout]    |
[INFO] [stdout] 48 | impl Point<2> for Point2d {
[INFO] [stdout]    |      ^^^^^ not found in this scope
[INFO] [stdout]    |
[INFO] [stdout] help: consider importing this trait
[INFO] [stdout]    |
[INFO] [stdout] 1  + use kd_interval_tree::Point;
[INFO] [stdout]    |
[INFO] [stdout] 
[INFO] [stdout] 
[INFO] [stdout] error: aborting due to 4 previous errors
[INFO] [stdout] 
[INFO] [stdout] 
[INFO] [stdout] Some errors have detailed explanations: E0405, E0432.
[INFO] [stdout] 
[INFO] [stdout] For more information about an error, try `rustc --explain E0405`.
[INFO] [stdout] 
[INFO] [stderr] error: could not compile `kd_interval_tree` (bench "interval_tree_bench") due to 5 previous errors
[INFO] [stderr] warning: build failed, waiting for other jobs to finish...
[INFO] running `Command { std: "docker" "inspect" "b33684ebb6738a0bfa5498029923ce17cd593c6166b855a53c4567dc3e0f611b", kill_on_drop: false }`
[INFO] running `Command { std: "docker" "rm" "-f" "b33684ebb6738a0bfa5498029923ce17cd593c6166b855a53c4567dc3e0f611b", kill_on_drop: false }`
[INFO] [stdout] b33684ebb6738a0bfa5498029923ce17cd593c6166b855a53c4567dc3e0f611b
