[INFO] fetching crate kassaclient 0.1.0...
[INFO] checking kassaclient-0.1.0 against nightly-2024-02-05 for check-cfg
[INFO] extracting crate kassaclient 0.1.0 into /workspace/builds/worker-2-tc1/source
[INFO] validating manifest of crates.io crate kassaclient 0.1.0 on toolchain nightly-2024-02-05
[INFO] running `Command { std: CARGO_HOME="/workspace/cargo-home" RUSTUP_HOME="/workspace/rustup-home" "/workspace/cargo-home/bin/cargo" "+nightly-2024-02-05" "metadata" "--manifest-path" "Cargo.toml" "--no-deps", kill_on_drop: false }`
[INFO] started tweaking crates.io crate kassaclient 0.1.0
[INFO] finished tweaking crates.io crate kassaclient 0.1.0
[INFO] tweaked toml for crates.io crate kassaclient 0.1.0 written to /workspace/builds/worker-2-tc1/source/Cargo.toml
[INFO] running `Command { std: CARGO_HOME="/workspace/cargo-home" RUSTUP_HOME="/workspace/rustup-home" "/workspace/cargo-home/bin/cargo" "+nightly-2024-02-05" "generate-lockfile" "--manifest-path" "Cargo.toml", kill_on_drop: false }`
[INFO] [stderr]     Updating crates.io index
[INFO] running `Command { std: CARGO_HOME="/workspace/cargo-home" RUSTUP_HOME="/workspace/rustup-home" "/workspace/cargo-home/bin/cargo" "+nightly-2024-02-05" "fetch" "--manifest-path" "Cargo.toml", kill_on_drop: false }`
[INFO] [stderr]  Downloading crates ...
[INFO] [stderr]   Downloaded kassatypes v0.1.0
[INFO] [stderr]   Downloaded tokio-tls v0.2.1
[INFO] [stderr]   Downloaded websocket-base v0.26.5
[INFO] [stderr]   Downloaded websocket v0.26.5
[INFO] [stderr]   Downloaded sysinfo v0.17.5
[INFO] [stderr]   Downloaded kassaroutes v0.1.0
[INFO] running `Command { std: "docker" "create" "-v" "/var/lib/crater-agent-workspace/builds/worker-2-tc1/target:/opt/rustwide/target:rw,Z" "-v" "/var/lib/crater-agent-workspace/builds/worker-2-tc1/source:/opt/rustwide/workdir:ro,Z" "-v" "/var/lib/crater-agent-workspace/cargo-home:/opt/rustwide/cargo-home:ro,Z" "-v" "/var/lib/crater-agent-workspace/rustup-home:/opt/rustwide/rustup-home:ro,Z" "-e" "SOURCE_DIR=/opt/rustwide/workdir" "-e" "CARGO_TARGET_DIR=/opt/rustwide/target" "-e" "CARGO_HOME=/opt/rustwide/cargo-home" "-e" "RUSTUP_HOME=/opt/rustwide/rustup-home" "-w" "/opt/rustwide/workdir" "-m" "1610612736" "--user" "0:0" "--network" "none" "ghcr.io/rust-lang/crates-build-env/linux@sha256:2788e3201cd34a07e3172128adcd8b3090168a8e3bcc40d7c032b9dda1df7d1c" "/opt/rustwide/cargo-home/bin/cargo" "+nightly-2024-02-05" "metadata" "--no-deps" "--format-version=1", kill_on_drop: false }`
[INFO] [stdout] fa730604072307fa03d315251e0176b003f19452c0ae9a8a2098212421eec815
[INFO] running `Command { std: "docker" "start" "-a" "fa730604072307fa03d315251e0176b003f19452c0ae9a8a2098212421eec815", kill_on_drop: false }`
[INFO] running `Command { std: "docker" "inspect" "fa730604072307fa03d315251e0176b003f19452c0ae9a8a2098212421eec815", kill_on_drop: false }`
[INFO] running `Command { std: "docker" "rm" "-f" "fa730604072307fa03d315251e0176b003f19452c0ae9a8a2098212421eec815", kill_on_drop: false }`
[INFO] [stdout] fa730604072307fa03d315251e0176b003f19452c0ae9a8a2098212421eec815
[INFO] running `Command { std: "docker" "create" "-v" "/var/lib/crater-agent-workspace/builds/worker-2-tc1/target:/opt/rustwide/target:rw,Z" "-v" "/var/lib/crater-agent-workspace/builds/worker-2-tc1/source:/opt/rustwide/workdir:ro,Z" "-v" "/var/lib/crater-agent-workspace/cargo-home:/opt/rustwide/cargo-home:ro,Z" "-v" "/var/lib/crater-agent-workspace/rustup-home:/opt/rustwide/rustup-home:ro,Z" "-e" "SOURCE_DIR=/opt/rustwide/workdir" "-e" "CARGO_TARGET_DIR=/opt/rustwide/target" "-e" "CARGO_INCREMENTAL=0" "-e" "RUST_BACKTRACE=full" "-e" "RUSTFLAGS=--cap-lints=forbid" "-e" "RUSTDOCFLAGS=--cap-lints=forbid" "-e" "CARGO_HOME=/opt/rustwide/cargo-home" "-e" "RUSTUP_HOME=/opt/rustwide/rustup-home" "-w" "/opt/rustwide/workdir" "-m" "1610612736" "--user" "0:0" "--network" "none" "ghcr.io/rust-lang/crates-build-env/linux@sha256:2788e3201cd34a07e3172128adcd8b3090168a8e3bcc40d7c032b9dda1df7d1c" "/opt/rustwide/cargo-home/bin/cargo" "+nightly-2024-02-05" "check" "--frozen" "--all" "--all-targets" "--message-format=json", kill_on_drop: false }`
[INFO] [stdout] 7d03c6d1fee66d40366bc2002ab723a3ea023b57e3fb62e761463f089599a5e5
[INFO] running `Command { std: "docker" "start" "-a" "7d03c6d1fee66d40366bc2002ab723a3ea023b57e3fb62e761463f089599a5e5", kill_on_drop: false }`
[INFO] [stderr]    Compiling libc v0.2.153
[INFO] [stderr]     Checking futures v0.1.31
[INFO] [stderr]    Compiling maybe-uninit v2.0.0
[INFO] [stderr]    Compiling tokio-macros v2.2.0
[INFO] [stderr]    Compiling parking_lot_core v0.6.3
[INFO] [stderr]    Compiling crossbeam-utils v0.7.2
[INFO] [stderr]    Compiling parking_lot v0.9.0
[INFO] [stderr]     Checking lock_api v0.3.4
[INFO] [stderr]     Checking futures-task v0.3.30
[INFO] [stderr]    Compiling unicase v1.4.2
[INFO] [stderr]     Checking futures-util v0.3.30
[INFO] [stderr]     Checking smallvec v0.6.14
[INFO] [stderr]     Checking block-padding v0.1.5
[INFO] [stderr]     Checking serde v1.0.196
[INFO] [stderr]    Compiling syn v1.0.109
[INFO] [stderr]     Checking block-buffer v0.7.3
[INFO] [stderr]     Checking log v0.3.9
[INFO] [stderr]     Checking fake-simd v0.1.2
[INFO] [stderr]    Compiling doc-comment v0.3.3
[INFO] [stderr]     Checking safemem v0.3.3
[INFO] [stderr]     Checking mime v0.2.6
[INFO] [stderr]     Checking base64 v0.9.3
[INFO] [stderr]     Checking tokio-sync v0.1.8
[INFO] [stderr]     Checking tokio-executor v0.1.10
[INFO] [stderr]     Checking sha-1 v0.8.2
[INFO] [stderr]     Checking base64 v0.10.1
[INFO] [stderr]     Checking either v1.9.0
[INFO] [stderr]    Compiling sysinfo v0.17.5
[INFO] [stderr]     Checking typeable v0.1.2
[INFO] [stderr]     Checking language-tags v0.2.2
[INFO] [stderr]     Checking regex-syntax v0.8.2
[INFO] [stderr]     Checking num_cpus v1.16.0
[INFO] [stderr]     Checking socket2 v0.5.5
[INFO] [stderr]     Checking mio v0.8.10
[INFO] [stderr]     Checking iovec v0.1.4
[INFO] [stderr]     Checking bytes v0.4.12
[INFO] [stderr]     Checking net2 v0.2.39
[INFO] [stderr]     Checking tokio v1.36.0
[INFO] [stderr]     Checking rand_os v0.1.3
[INFO] [stderr]     Checking mio v0.6.23
[INFO] [stderr]    Compiling cc v1.0.83
[INFO] [stderr]     Checking tokio-io v0.1.13
[INFO] [stderr]     Checking rand v0.6.5
[INFO] [stderr]     Checking tokio-codec v0.1.2
[INFO] [stderr]     Checking tokio-reactor v0.1.12
[INFO] [stderr]     Checking time v0.1.45
[INFO] [stderr]     Checking traitobject v0.1.0
[INFO] [stderr]     Checking regex-automata v0.4.5
[INFO] [stderr]     Checking hyper v0.10.16
[INFO] [stderr]     Checking tokio-tcp v0.1.4
[INFO] [stderr]     Checking rayon v1.8.1
[INFO] [stderr]    Compiling async-stream-impl v0.3.5
[INFO] [stderr]     Checking serde_urlencoded v0.7.1
[INFO] [stderr]     Checking serde_json v1.0.113
[INFO] [stderr]    Compiling openssl-sys v0.9.99
[INFO] [stderr]    Compiling serde_repr v0.1.18
[INFO] [stderr]     Checking strum v0.23.0
[INFO] [stderr]     Checking async-stream v0.3.5
[INFO] [stderr]     Checking atty v0.2.14
[INFO] [stderr]     Checking kassaroutes v0.1.0
[INFO] [stderr]     Checking humantime v2.1.0
[INFO] [stderr]    Compiling openssl v0.10.63
[INFO] [stderr]    Compiling native-tls v0.2.11
[INFO] [stderr]     Checking regex v1.10.3
[INFO] [stderr]    Compiling strum_macros v0.23.1
[INFO] [stderr]     Checking env_logger v0.8.4
[INFO] [stderr]     Checking tokio-util v0.7.10
[INFO] [stderr]     Checking tokio-stream v0.1.14
[INFO] [stderr]     Checking tokio-test v0.4.3
[INFO] [stderr]     Checking h2 v0.3.24
[INFO] [stderr]     Checking kassatypes v0.1.0
[INFO] [stderr]     Checking hyper v0.14.28
[INFO] [stderr]     Checking tokio-native-tls v0.3.1
[INFO] [stderr]     Checking tokio-tls v0.2.1
[INFO] [stderr]     Checking websocket-base v0.26.5
[INFO] [stderr]     Checking websocket v0.26.5
[INFO] [stderr]     Checking hyper-tls v0.5.0
[INFO] [stderr]     Checking reqwest v0.11.24
[INFO] [stderr]     Checking kassaclient v0.1.0 (/opt/rustwide/workdir)
[INFO] [stdout] error[E0308]: mismatched types
[INFO] [stdout]    --> src/lib.rs:312:13
[INFO] [stdout]     |
[INFO] [stdout] 312 |             pid,
[INFO] [stdout]     |             ^^^ expected `usize`, found `i32`
[INFO] [stdout]     |
[INFO] [stdout] help: you can convert an `i32` to a `usize` and panic if the converted value doesn't fit
[INFO] [stdout]     |
[INFO] [stdout] 312 |             pid: pid.try_into().unwrap(),
[INFO] [stdout]     |             ++++    ++++++++++++++++++++
[INFO] [stdout] 
[INFO] [stdout] 
[INFO] [stdout] error[E0308]: mismatched types
[INFO] [stdout]    --> src/lib.rs:312:13
[INFO] [stdout]     |
[INFO] [stdout] 312 |             pid,
[INFO] [stdout]     |             ^^^ expected `usize`, found `i32`
[INFO] [stdout]     |
[INFO] [stdout] help: you can convert an `i32` to a `usize` and panic if the converted value doesn't fit
[INFO] [stdout]     |
[INFO] [stdout] 312 |             pid: pid.try_into().unwrap(),
[INFO] [stdout]     |             ++++    ++++++++++++++++++++
[INFO] [stdout] 
[INFO] [stdout] 
[INFO] [stdout] error: aborting due to 1 previous error
[INFO] [stdout] 
[INFO] [stdout] 
[INFO] [stdout] For more information about this error, try `rustc --explain E0308`.
[INFO] [stdout] 
[INFO] [stdout] error: aborting due to 1 previous error
[INFO] [stdout] 
[INFO] [stdout] 
[INFO] [stdout] For more information about this error, try `rustc --explain E0308`.
[INFO] [stdout] 
[INFO] [stderr] error: could not compile `kassaclient` (lib test) due to 2 previous errors
[INFO] [stderr] warning: build failed, waiting for other jobs to finish...
[INFO] [stderr] error: could not compile `kassaclient` (lib) due to 2 previous errors
[INFO] running `Command { std: "docker" "inspect" "7d03c6d1fee66d40366bc2002ab723a3ea023b57e3fb62e761463f089599a5e5", kill_on_drop: false }`
[INFO] running `Command { std: "docker" "rm" "-f" "7d03c6d1fee66d40366bc2002ab723a3ea023b57e3fb62e761463f089599a5e5", kill_on_drop: false }`
[INFO] [stdout] 7d03c6d1fee66d40366bc2002ab723a3ea023b57e3fb62e761463f089599a5e5
[INFO] checking kassaclient-0.1.0 against nightly-2024-02-05+rustflags=-Dunexpected_cfgs+cargoflags=-Zcheck-cfg for check-cfg
[INFO] extracting crate kassaclient 0.1.0 into /workspace/builds/worker-2-tc2/source
[INFO] validating manifest of crates.io crate kassaclient 0.1.0 on toolchain nightly-2024-02-05
[INFO] running `Command { std: CARGO_HOME="/workspace/cargo-home" RUSTUP_HOME="/workspace/rustup-home" "/workspace/cargo-home/bin/cargo" "+nightly-2024-02-05" "metadata" "--manifest-path" "Cargo.toml" "--no-deps", kill_on_drop: false }`
[INFO] started tweaking crates.io crate kassaclient 0.1.0
[INFO] finished tweaking crates.io crate kassaclient 0.1.0
[INFO] tweaked toml for crates.io crate kassaclient 0.1.0 written to /workspace/builds/worker-2-tc2/source/Cargo.toml
[INFO] running `Command { std: CARGO_HOME="/workspace/cargo-home" RUSTUP_HOME="/workspace/rustup-home" "/workspace/cargo-home/bin/cargo" "+nightly-2024-02-05" "generate-lockfile" "--manifest-path" "Cargo.toml", kill_on_drop: false }`
[INFO] [stderr]     Updating crates.io index
[INFO] running `Command { std: CARGO_HOME="/workspace/cargo-home" RUSTUP_HOME="/workspace/rustup-home" "/workspace/cargo-home/bin/cargo" "+nightly-2024-02-05" "fetch" "--manifest-path" "Cargo.toml", kill_on_drop: false }`
[INFO] running `Command { std: "docker" "create" "-v" "/var/lib/crater-agent-workspace/builds/worker-2-tc2/target:/opt/rustwide/target:rw,Z" "-v" "/var/lib/crater-agent-workspace/builds/worker-2-tc2/source:/opt/rustwide/workdir:ro,Z" "-v" "/var/lib/crater-agent-workspace/cargo-home:/opt/rustwide/cargo-home:ro,Z" "-v" "/var/lib/crater-agent-workspace/rustup-home:/opt/rustwide/rustup-home:ro,Z" "-e" "SOURCE_DIR=/opt/rustwide/workdir" "-e" "CARGO_TARGET_DIR=/opt/rustwide/target" "-e" "CARGO_HOME=/opt/rustwide/cargo-home" "-e" "RUSTUP_HOME=/opt/rustwide/rustup-home" "-w" "/opt/rustwide/workdir" "-m" "1610612736" "--user" "0:0" "--network" "none" "ghcr.io/rust-lang/crates-build-env/linux@sha256:2788e3201cd34a07e3172128adcd8b3090168a8e3bcc40d7c032b9dda1df7d1c" "/opt/rustwide/cargo-home/bin/cargo" "+nightly-2024-02-05" "metadata" "--no-deps" "--format-version=1", kill_on_drop: false }`
[INFO] [stdout] 5059c38960ccb65d90ca1a7defcd8424fb57a8482d00d2931a27deca23437184
[INFO] running `Command { std: "docker" "start" "-a" "5059c38960ccb65d90ca1a7defcd8424fb57a8482d00d2931a27deca23437184", kill_on_drop: false }`
[INFO] running `Command { std: "docker" "inspect" "5059c38960ccb65d90ca1a7defcd8424fb57a8482d00d2931a27deca23437184", kill_on_drop: false }`
[INFO] running `Command { std: "docker" "rm" "-f" "5059c38960ccb65d90ca1a7defcd8424fb57a8482d00d2931a27deca23437184", kill_on_drop: false }`
[INFO] [stdout] 5059c38960ccb65d90ca1a7defcd8424fb57a8482d00d2931a27deca23437184
[INFO] running `Command { std: "docker" "create" "-v" "/var/lib/crater-agent-workspace/builds/worker-2-tc2/target:/opt/rustwide/target:rw,Z" "-v" "/var/lib/crater-agent-workspace/builds/worker-2-tc2/source:/opt/rustwide/workdir:ro,Z" "-v" "/var/lib/crater-agent-workspace/cargo-home:/opt/rustwide/cargo-home:ro,Z" "-v" "/var/lib/crater-agent-workspace/rustup-home:/opt/rustwide/rustup-home:ro,Z" "-e" "SOURCE_DIR=/opt/rustwide/workdir" "-e" "CARGO_TARGET_DIR=/opt/rustwide/target" "-e" "CARGO_INCREMENTAL=0" "-e" "RUST_BACKTRACE=full" "-e" "RUSTFLAGS=--cap-lints=forbid -Dunexpected_cfgs" "-e" "RUSTDOCFLAGS=--cap-lints=forbid" "-e" "CARGO_HOME=/opt/rustwide/cargo-home" "-e" "RUSTUP_HOME=/opt/rustwide/rustup-home" "-w" "/opt/rustwide/workdir" "-m" "1610612736" "--user" "0:0" "--network" "none" "ghcr.io/rust-lang/crates-build-env/linux@sha256:2788e3201cd34a07e3172128adcd8b3090168a8e3bcc40d7c032b9dda1df7d1c" "/opt/rustwide/cargo-home/bin/cargo" "+nightly-2024-02-05" "check" "--frozen" "--all" "--all-targets" "--message-format=json" "-Zcheck-cfg", kill_on_drop: false }`
[INFO] [stdout] fb46273bfdb57a11a7cffa090c5923421a9d4211e281b3f5923b6cc70dc1db4c
[INFO] running `Command { std: "docker" "start" "-a" "fb46273bfdb57a11a7cffa090c5923421a9d4211e281b3f5923b6cc70dc1db4c", kill_on_drop: false }`
[INFO] [stderr]    Compiling libc v0.2.153
[INFO] [stderr]    Compiling maybe-uninit v2.0.0
[INFO] [stderr]     Checking futures v0.1.31
[INFO] [stderr]    Compiling tokio-macros v2.2.0
[INFO] [stderr]    Compiling parking_lot_core v0.6.3
[INFO] [stderr]    Compiling crossbeam-utils v0.7.2
[INFO] [stderr]    Compiling parking_lot v0.9.0
[INFO] [stderr]     Checking lock_api v0.3.4
[INFO] [stderr]     Checking futures-task v0.3.30
[INFO] [stderr]    Compiling unicase v1.4.2
[INFO] [stderr]     Checking futures-util v0.3.30
[INFO] [stderr]     Checking block-padding v0.1.5
[INFO] [stderr]     Checking serde v1.0.196
[INFO] [stderr]     Checking smallvec v0.6.14
[INFO] [stderr]    Compiling syn v1.0.109
[INFO] [stderr]     Checking tokio-executor v0.1.10
[INFO] [stderr]     Checking tokio-sync v0.1.8
[INFO] [stderr]     Checking block-buffer v0.7.3
[INFO] [stderr]     Checking log v0.3.9
[INFO] [stderr]     Checking fake-simd v0.1.2
[INFO] [stderr]     Checking safemem v0.3.3
[INFO] [stderr]    Compiling doc-comment v0.3.3
[INFO] [stderr]     Checking sha-1 v0.8.2
[INFO] [stderr]     Checking base64 v0.9.3
[INFO] [stderr]     Checking mime v0.2.6
[INFO] [stderr]     Checking base64 v0.10.1
[INFO] [stderr]    Compiling sysinfo v0.17.5
[INFO] [stderr]     Checking num_cpus v1.16.0
[INFO] [stderr]     Checking socket2 v0.5.5
[INFO] [stderr]     Checking iovec v0.1.4
[INFO] [stderr]     Checking mio v0.8.10
[INFO] [stderr]    Compiling cc v1.0.83
[INFO] [stderr]     Checking bytes v0.4.12
[INFO] [stderr]     Checking net2 v0.2.39
[INFO] [stderr]     Checking rand_os v0.1.3
[INFO] [stderr]     Checking tokio v1.36.0
[INFO] [stderr]     Checking rand v0.6.5
[INFO] [stderr]     Checking tokio-io v0.1.13
[INFO] [stderr]     Checking mio v0.6.23
[INFO] [stderr]     Checking time v0.1.45
[INFO] [stderr]     Checking regex-syntax v0.8.2
[INFO] [stderr]     Checking tokio-codec v0.1.2
[INFO] [stderr]     Checking traitobject v0.1.0
[INFO] [stderr]     Checking typeable v0.1.2
[INFO] [stderr]     Checking either v1.9.0
[INFO] [stderr]     Checking language-tags v0.2.2
[INFO] [stderr]     Checking tokio-reactor v0.1.12
[INFO] [stderr]     Checking serde_json v1.0.113
[INFO] [stderr]     Checking rayon v1.8.1
[INFO] [stderr]     Checking hyper v0.10.16
[INFO] [stderr]     Checking tokio-tcp v0.1.4
[INFO] [stderr]     Checking serde_urlencoded v0.7.1
[INFO] [stderr]    Compiling openssl-sys v0.9.99
[INFO] [stderr]     Checking regex-automata v0.4.5
[INFO] [stderr]    Compiling async-stream-impl v0.3.5
[INFO] [stderr]    Compiling serde_repr v0.1.18
[INFO] [stderr]    Compiling openssl v0.10.63
[INFO] [stderr]    Compiling native-tls v0.2.11
[INFO] [stderr]     Checking strum v0.23.0
[INFO] [stderr]     Checking async-stream v0.3.5
[INFO] [stderr]     Checking atty v0.2.14
[INFO] [stderr]     Checking humantime v2.1.0
[INFO] [stderr]     Checking kassaroutes v0.1.0
[INFO] [stderr]    Compiling strum_macros v0.23.1
[INFO] [stderr]     Checking regex v1.10.3
[INFO] [stderr]     Checking tokio-util v0.7.10
[INFO] [stderr]     Checking tokio-stream v0.1.14
[INFO] [stderr]     Checking env_logger v0.8.4
[INFO] [stderr]     Checking tokio-test v0.4.3
[INFO] [stderr]     Checking h2 v0.3.24
[INFO] [stderr]     Checking kassatypes v0.1.0
[INFO] [stderr]     Checking tokio-native-tls v0.3.1
[INFO] [stderr]     Checking tokio-tls v0.2.1
[INFO] [stderr]     Checking hyper v0.14.28
[INFO] [stderr]     Checking websocket-base v0.26.5
[INFO] [stderr]     Checking websocket v0.26.5
[INFO] [stderr]     Checking hyper-tls v0.5.0
[INFO] [stderr]     Checking reqwest v0.11.24
[INFO] [stderr]     Checking kassaclient v0.1.0 (/opt/rustwide/workdir)
[INFO] [stdout] error[E0308]: mismatched types
[INFO] [stdout]    --> src/lib.rs:312:13
[INFO] [stdout]     |
[INFO] [stdout] 312 |             pid,
[INFO] [stdout]     |             ^^^ expected `usize`, found `i32`
[INFO] [stdout]     |
[INFO] [stdout] help: you can convert an `i32` to a `usize` and panic if the converted value doesn't fit
[INFO] [stdout]     |
[INFO] [stdout] 312 |             pid: pid.try_into().unwrap(),
[INFO] [stdout]     |             ++++    ++++++++++++++++++++
[INFO] [stdout] 
[INFO] [stdout] 
[INFO] [stdout] error[E0308]: mismatched types
[INFO] [stdout]    --> src/lib.rs:312:13
[INFO] [stdout]     |
[INFO] [stdout] 312 |             pid,
[INFO] [stdout]     |             ^^^ expected `usize`, found `i32`
[INFO] [stdout]     |
[INFO] [stdout] help: you can convert an `i32` to a `usize` and panic if the converted value doesn't fit
[INFO] [stdout]     |
[INFO] [stdout] 312 |             pid: pid.try_into().unwrap(),
[INFO] [stdout]     |             ++++    ++++++++++++++++++++
[INFO] [stdout] 
[INFO] [stdout] 
[INFO] [stdout] error: aborting due to 1 previous error
[INFO] [stdout] 
[INFO] [stdout] 
[INFO] [stdout] For more information about this error, try `rustc --explain E0308`.
[INFO] [stdout] 
[INFO] [stdout] error: aborting due to 1 previous error
[INFO] [stdout] 
[INFO] [stdout] 
[INFO] [stdout] For more information about this error, try `rustc --explain E0308`.
[INFO] [stdout] 
[INFO] [stderr] error: could not compile `kassaclient` (lib) due to 2 previous errors
[INFO] [stderr] warning: build failed, waiting for other jobs to finish...
[INFO] [stderr] error: could not compile `kassaclient` (lib test) due to 2 previous errors
[INFO] running `Command { std: "docker" "inspect" "fb46273bfdb57a11a7cffa090c5923421a9d4211e281b3f5923b6cc70dc1db4c", kill_on_drop: false }`
[INFO] running `Command { std: "docker" "rm" "-f" "fb46273bfdb57a11a7cffa090c5923421a9d4211e281b3f5923b6cc70dc1db4c", kill_on_drop: false }`
[INFO] [stdout] fb46273bfdb57a11a7cffa090c5923421a9d4211e281b3f5923b6cc70dc1db4c
