[INFO] fetching crate kalgan 0.9.1...
[INFO] checking kalgan-0.9.1 against nightly-2024-02-05 for check-cfg
[INFO] extracting crate kalgan 0.9.1 into /workspace/builds/worker-7-tc1/source
[INFO] validating manifest of crates.io crate kalgan 0.9.1 on toolchain nightly-2024-02-05
[INFO] running `Command { std: CARGO_HOME="/workspace/cargo-home" RUSTUP_HOME="/workspace/rustup-home" "/workspace/cargo-home/bin/cargo" "+nightly-2024-02-05" "metadata" "--manifest-path" "Cargo.toml" "--no-deps", kill_on_drop: false }`
[INFO] started tweaking crates.io crate kalgan 0.9.1
[INFO] finished tweaking crates.io crate kalgan 0.9.1
[INFO] tweaked toml for crates.io crate kalgan 0.9.1 written to /workspace/builds/worker-7-tc1/source/Cargo.toml
[INFO] running `Command { std: CARGO_HOME="/workspace/cargo-home" RUSTUP_HOME="/workspace/rustup-home" "/workspace/cargo-home/bin/cargo" "+nightly-2024-02-05" "generate-lockfile" "--manifest-path" "Cargo.toml", kill_on_drop: false }`
[INFO] [stderr]     Updating crates.io index
[INFO] running `Command { std: CARGO_HOME="/workspace/cargo-home" RUSTUP_HOME="/workspace/rustup-home" "/workspace/cargo-home/bin/cargo" "+nightly-2024-02-05" "fetch" "--manifest-path" "Cargo.toml", kill_on_drop: false }`
[INFO] [stderr]  Downloading crates ...
[INFO] [stderr]   Downloaded kalgan_config v0.9.1
[INFO] [stderr]   Downloaded kalgan_string v0.9.1
[INFO] [stderr]   Downloaded kalgan_router v0.9.1
[INFO] [stderr]   Downloaded kalgan_cache v0.9.1
[INFO] [stderr]   Downloaded kalgan_i18n v0.9.1
[INFO] [stderr]   Downloaded argon2 v0.3.4
[INFO] [stderr]   Downloaded rustls-webpki v0.100.3
[INFO] [stderr]   Downloaded slice-deque v0.2.4
[INFO] [stderr]   Downloaded chrono-tz v0.8.5
[INFO] [stderr]   Downloaded redis v0.21.7
[INFO] running `Command { std: "docker" "create" "-v" "/var/lib/crater-agent-workspace/builds/worker-7-tc1/target:/opt/rustwide/target:rw,Z" "-v" "/var/lib/crater-agent-workspace/builds/worker-7-tc1/source:/opt/rustwide/workdir:ro,Z" "-v" "/var/lib/crater-agent-workspace/cargo-home:/opt/rustwide/cargo-home:ro,Z" "-v" "/var/lib/crater-agent-workspace/rustup-home:/opt/rustwide/rustup-home:ro,Z" "-e" "SOURCE_DIR=/opt/rustwide/workdir" "-e" "CARGO_TARGET_DIR=/opt/rustwide/target" "-e" "CARGO_HOME=/opt/rustwide/cargo-home" "-e" "RUSTUP_HOME=/opt/rustwide/rustup-home" "-w" "/opt/rustwide/workdir" "-m" "1610612736" "--user" "0:0" "--network" "none" "ghcr.io/rust-lang/crates-build-env/linux@sha256:2788e3201cd34a07e3172128adcd8b3090168a8e3bcc40d7c032b9dda1df7d1c" "/opt/rustwide/cargo-home/bin/cargo" "+nightly-2024-02-05" "metadata" "--no-deps" "--format-version=1", kill_on_drop: false }`
[INFO] [stdout] ea96939b53cd4814e2223ee394af10c9a1e438929a29bdd31d2036d98bece127
[INFO] running `Command { std: "docker" "start" "-a" "ea96939b53cd4814e2223ee394af10c9a1e438929a29bdd31d2036d98bece127", kill_on_drop: false }`
[INFO] running `Command { std: "docker" "inspect" "ea96939b53cd4814e2223ee394af10c9a1e438929a29bdd31d2036d98bece127", kill_on_drop: false }`
[INFO] running `Command { std: "docker" "rm" "-f" "ea96939b53cd4814e2223ee394af10c9a1e438929a29bdd31d2036d98bece127", kill_on_drop: false }`
[INFO] [stdout] ea96939b53cd4814e2223ee394af10c9a1e438929a29bdd31d2036d98bece127
[INFO] running `Command { std: "docker" "create" "-v" "/var/lib/crater-agent-workspace/builds/worker-7-tc1/target:/opt/rustwide/target:rw,Z" "-v" "/var/lib/crater-agent-workspace/builds/worker-7-tc1/source:/opt/rustwide/workdir:ro,Z" "-v" "/var/lib/crater-agent-workspace/cargo-home:/opt/rustwide/cargo-home:ro,Z" "-v" "/var/lib/crater-agent-workspace/rustup-home:/opt/rustwide/rustup-home:ro,Z" "-e" "SOURCE_DIR=/opt/rustwide/workdir" "-e" "CARGO_TARGET_DIR=/opt/rustwide/target" "-e" "CARGO_INCREMENTAL=0" "-e" "RUST_BACKTRACE=full" "-e" "RUSTFLAGS=--cap-lints=forbid" "-e" "RUSTDOCFLAGS=--cap-lints=forbid" "-e" "CARGO_HOME=/opt/rustwide/cargo-home" "-e" "RUSTUP_HOME=/opt/rustwide/rustup-home" "-w" "/opt/rustwide/workdir" "-m" "1610612736" "--user" "0:0" "--network" "none" "ghcr.io/rust-lang/crates-build-env/linux@sha256:2788e3201cd34a07e3172128adcd8b3090168a8e3bcc40d7c032b9dda1df7d1c" "/opt/rustwide/cargo-home/bin/cargo" "+nightly-2024-02-05" "check" "--frozen" "--all" "--all-targets" "--message-format=json", kill_on_drop: false }`
[INFO] [stdout] eb602c0c834ce3834ca93be315d34ba37478bb1c14621475ad7fb3eb2516cd46
[INFO] running `Command { std: "docker" "start" "-a" "eb602c0c834ce3834ca93be315d34ba37478bb1c14621475ad7fb3eb2516cd46", kill_on_drop: false }`
[INFO] [stderr]     Checking linked-hash-map v0.5.6
[INFO] [stderr]    Compiling libc v0.2.153
[INFO] [stderr]    Compiling kalgan v0.9.1 (/opt/rustwide/workdir)
[INFO] [stderr]     Checking kalgan_string v0.9.1
[INFO] [stderr]     Checking aho-corasick v1.1.2
[INFO] [stderr]     Checking urlencoding v2.1.3
[INFO] [stderr]     Checking yaml-rust v0.4.5
[INFO] [stderr]     Checking serde_yaml v0.8.26
[INFO] [stderr]     Checking regex-automata v0.4.5
[INFO] [stderr]     Checking slice-deque v0.2.4
[INFO] [stderr]     Checking kalgan_config v0.9.1
[INFO] [stderr]     Checking buf_redux v0.8.4
[INFO] [stderr]     Checking regex v1.10.3
[INFO] [stderr]     Checking kalgan_router v0.9.1
[INFO] [stdout] error[E0425]: cannot find function `mock_routes` in the crate root
[INFO] [stdout]    --> src/service/url.rs:47:16
[INFO] [stdout]     |
[INFO] [stdout] 47  |         crate::mock_routes();
[INFO] [stdout]     |                ^^^^^^^^^^^ not found in the crate root
[INFO] [stdout]     |
[INFO] [stdout] note: found an item that was configured out
[INFO] [stdout]    --> src/lib.rs:136:8
[INFO] [stdout]     |
[INFO] [stdout] 136 | pub fn mock_routes() {
[INFO] [stdout]     |        ^^^^^^^^^^^
[INFO] [stdout]     = note: the item is gated behind the `test` feature
[INFO] [stdout] 
[INFO] [stdout] 
[INFO] [stdout] warning: unused import: `super::*`
[INFO] [stdout]    --> src/lib.rs:146:9
[INFO] [stdout]     |
[INFO] [stdout] 146 |     use super::*;
[INFO] [stdout]     |         ^^^^^^^^
[INFO] [stdout]     |
[INFO] [stdout]     = note: `#[warn(unused_imports)]` on by default
[INFO] [stdout] 
[INFO] [stdout] 
[INFO] [stdout] error[E0425]: cannot find function `mock_settings` in this scope
[INFO] [stdout]    --> src/lib.rs:148:9
[INFO] [stdout]     |
[INFO] [stdout] 148 |         mock_settings("tests/mock/settings.yaml");
[INFO] [stdout]     |         ^^^^^^^^^^^^^ not found in this scope
[INFO] [stdout] 
[INFO] [stdout] 
[INFO] [stdout] error: aborting due to 2 previous errors; 1 warning emitted
[INFO] [stdout] 
[INFO] [stdout] 
[INFO] [stdout] For more information about this error, try `rustc --explain E0425`.
[INFO] [stdout] 
[INFO] [stderr] error: could not compile `kalgan` (lib test) due to 3 previous errors; 1 warning emitted
[INFO] [stderr] warning: build failed, waiting for other jobs to finish...
[INFO] running `Command { std: "docker" "inspect" "eb602c0c834ce3834ca93be315d34ba37478bb1c14621475ad7fb3eb2516cd46", kill_on_drop: false }`
[INFO] running `Command { std: "docker" "rm" "-f" "eb602c0c834ce3834ca93be315d34ba37478bb1c14621475ad7fb3eb2516cd46", kill_on_drop: false }`
[INFO] [stdout] eb602c0c834ce3834ca93be315d34ba37478bb1c14621475ad7fb3eb2516cd46
[INFO] checking kalgan-0.9.1 against nightly-2024-02-05+rustflags=-Dunexpected_cfgs+cargoflags=-Zcheck-cfg for check-cfg
[INFO] extracting crate kalgan 0.9.1 into /workspace/builds/worker-7-tc2/source
[INFO] validating manifest of crates.io crate kalgan 0.9.1 on toolchain nightly-2024-02-05
[INFO] running `Command { std: CARGO_HOME="/workspace/cargo-home" RUSTUP_HOME="/workspace/rustup-home" "/workspace/cargo-home/bin/cargo" "+nightly-2024-02-05" "metadata" "--manifest-path" "Cargo.toml" "--no-deps", kill_on_drop: false }`
[INFO] started tweaking crates.io crate kalgan 0.9.1
[INFO] finished tweaking crates.io crate kalgan 0.9.1
[INFO] tweaked toml for crates.io crate kalgan 0.9.1 written to /workspace/builds/worker-7-tc2/source/Cargo.toml
[INFO] running `Command { std: CARGO_HOME="/workspace/cargo-home" RUSTUP_HOME="/workspace/rustup-home" "/workspace/cargo-home/bin/cargo" "+nightly-2024-02-05" "generate-lockfile" "--manifest-path" "Cargo.toml", kill_on_drop: false }`
[INFO] [stderr]     Updating crates.io index
[INFO] running `Command { std: CARGO_HOME="/workspace/cargo-home" RUSTUP_HOME="/workspace/rustup-home" "/workspace/cargo-home/bin/cargo" "+nightly-2024-02-05" "fetch" "--manifest-path" "Cargo.toml", kill_on_drop: false }`
[INFO] running `Command { std: "docker" "create" "-v" "/var/lib/crater-agent-workspace/builds/worker-7-tc2/target:/opt/rustwide/target:rw,Z" "-v" "/var/lib/crater-agent-workspace/builds/worker-7-tc2/source:/opt/rustwide/workdir:ro,Z" "-v" "/var/lib/crater-agent-workspace/cargo-home:/opt/rustwide/cargo-home:ro,Z" "-v" "/var/lib/crater-agent-workspace/rustup-home:/opt/rustwide/rustup-home:ro,Z" "-e" "SOURCE_DIR=/opt/rustwide/workdir" "-e" "CARGO_TARGET_DIR=/opt/rustwide/target" "-e" "CARGO_HOME=/opt/rustwide/cargo-home" "-e" "RUSTUP_HOME=/opt/rustwide/rustup-home" "-w" "/opt/rustwide/workdir" "-m" "1610612736" "--user" "0:0" "--network" "none" "ghcr.io/rust-lang/crates-build-env/linux@sha256:2788e3201cd34a07e3172128adcd8b3090168a8e3bcc40d7c032b9dda1df7d1c" "/opt/rustwide/cargo-home/bin/cargo" "+nightly-2024-02-05" "metadata" "--no-deps" "--format-version=1", kill_on_drop: false }`
[INFO] [stdout] 6ee04691c26f43cf2e667fe41e943bb1b9532577dd8ac123ff2c611c49e4e33c
[INFO] running `Command { std: "docker" "start" "-a" "6ee04691c26f43cf2e667fe41e943bb1b9532577dd8ac123ff2c611c49e4e33c", kill_on_drop: false }`
[INFO] running `Command { std: "docker" "inspect" "6ee04691c26f43cf2e667fe41e943bb1b9532577dd8ac123ff2c611c49e4e33c", kill_on_drop: false }`
[INFO] running `Command { std: "docker" "rm" "-f" "6ee04691c26f43cf2e667fe41e943bb1b9532577dd8ac123ff2c611c49e4e33c", kill_on_drop: false }`
[INFO] [stdout] 6ee04691c26f43cf2e667fe41e943bb1b9532577dd8ac123ff2c611c49e4e33c
[INFO] running `Command { std: "docker" "create" "-v" "/var/lib/crater-agent-workspace/builds/worker-7-tc2/target:/opt/rustwide/target:rw,Z" "-v" "/var/lib/crater-agent-workspace/builds/worker-7-tc2/source:/opt/rustwide/workdir:ro,Z" "-v" "/var/lib/crater-agent-workspace/cargo-home:/opt/rustwide/cargo-home:ro,Z" "-v" "/var/lib/crater-agent-workspace/rustup-home:/opt/rustwide/rustup-home:ro,Z" "-e" "SOURCE_DIR=/opt/rustwide/workdir" "-e" "CARGO_TARGET_DIR=/opt/rustwide/target" "-e" "CARGO_INCREMENTAL=0" "-e" "RUST_BACKTRACE=full" "-e" "RUSTFLAGS=--cap-lints=forbid -Dunexpected_cfgs" "-e" "RUSTDOCFLAGS=--cap-lints=forbid" "-e" "CARGO_HOME=/opt/rustwide/cargo-home" "-e" "RUSTUP_HOME=/opt/rustwide/rustup-home" "-w" "/opt/rustwide/workdir" "-m" "1610612736" "--user" "0:0" "--network" "none" "ghcr.io/rust-lang/crates-build-env/linux@sha256:2788e3201cd34a07e3172128adcd8b3090168a8e3bcc40d7c032b9dda1df7d1c" "/opt/rustwide/cargo-home/bin/cargo" "+nightly-2024-02-05" "check" "--frozen" "--all" "--all-targets" "--message-format=json" "-Zcheck-cfg", kill_on_drop: false }`
[INFO] [stdout] 99c3341a5c6da42bd3041ad2826f63606c073bece225e474d146536df5204220
[INFO] running `Command { std: "docker" "start" "-a" "99c3341a5c6da42bd3041ad2826f63606c073bece225e474d146536df5204220", kill_on_drop: false }`
[INFO] [stderr]    Compiling libc v0.2.153
[INFO] [stderr]     Checking linked-hash-map v0.5.6
[INFO] [stderr]    Compiling kalgan v0.9.1 (/opt/rustwide/workdir)
[INFO] [stderr]     Checking kalgan_string v0.9.1
[INFO] [stderr]     Checking aho-corasick v1.1.2
[INFO] [stderr]     Checking urlencoding v2.1.3
[INFO] [stderr]     Checking yaml-rust v0.4.5
[INFO] [stderr]     Checking serde_yaml v0.8.26
[INFO] [stderr]     Checking regex-automata v0.4.5
[INFO] [stderr]     Checking slice-deque v0.2.4
[INFO] [stderr]     Checking kalgan_config v0.9.1
[INFO] [stderr]     Checking buf_redux v0.8.4
[INFO] [stderr]     Checking regex v1.10.3
[INFO] [stderr]     Checking kalgan_router v0.9.1
[INFO] [stdout] error: unexpected `cfg` condition value: `cache`
[INFO] [stdout]   --> src/lib.rs:53:7
[INFO] [stdout]    |
[INFO] [stdout] 53 | #[cfg(feature = "cache")]
[INFO] [stdout]    |       ^^^^^^^^^^^^^^^^^
[INFO] [stdout]    |
[INFO] [stdout]    = note: expected values for `feature` are: `argon2`, `default`, `full`, `kalgan_cache`, `kalgan_i18n`, `lettre`, `mailer`, `rand`, `rand_core`, `services`, `session`, `sqlx`, `tera`, `test`, `tokio`, `uuid`
[INFO] [stdout]    = help: consider adding `cache` as a feature in `Cargo.toml`
[INFO] [stdout]    = note: see <https://doc.rust-lang.org/nightly/cargo/reference/unstable.html#check-cfg> for more information about checking conditional configuration
[INFO] [stdout]    = note: requested on the command line with `-D unexpected-cfgs`
[INFO] [stdout] 
[INFO] [stdout] 
[INFO] [stdout] error[E0425]: cannot find function `mock_routes` in the crate root
[INFO] [stdout]    --> src/service/url.rs:47:16
[INFO] [stdout]     |
[INFO] [stdout] 47  |         crate::mock_routes();
[INFO] [stdout]     |                ^^^^^^^^^^^ not found in the crate root
[INFO] [stdout]     |
[INFO] [stdout] note: found an item that was configured out
[INFO] [stdout]    --> src/lib.rs:136:8
[INFO] [stdout]     |
[INFO] [stdout] 136 | pub fn mock_routes() {
[INFO] [stdout]     |        ^^^^^^^^^^^
[INFO] [stdout]     = note: the item is gated behind the `test` feature
[INFO] [stdout] 
[INFO] [stdout] 
[INFO] [stdout] error: unexpected `cfg` condition value: `cache`
[INFO] [stdout]   --> src/lib.rs:53:7
[INFO] [stdout]    |
[INFO] [stdout] 53 | #[cfg(feature = "cache")]
[INFO] [stdout]    |       ^^^^^^^^^^^^^^^^^
[INFO] [stdout]    |
[INFO] [stdout]    = note: expected values for `feature` are: `argon2`, `default`, `full`, `kalgan_cache`, `kalgan_i18n`, `lettre`, `mailer`, `rand`, `rand_core`, `services`, `session`, `sqlx`, `tera`, `test`, `tokio`, `uuid`
[INFO] [stdout]    = help: consider adding `cache` as a feature in `Cargo.toml`
[INFO] [stdout]    = note: see <https://doc.rust-lang.org/nightly/cargo/reference/unstable.html#check-cfg> for more information about checking conditional configuration
[INFO] [stdout]    = note: requested on the command line with `-D unexpected-cfgs`
[INFO] [stdout] 
[INFO] [stdout] 
[INFO] [stdout] warning: unused import: `super::*`
[INFO] [stdout]    --> src/lib.rs:146:9
[INFO] [stdout]     |
[INFO] [stdout] 146 |     use super::*;
[INFO] [stdout]     |         ^^^^^^^^
[INFO] [stdout]     |
[INFO] [stdout]     = note: `#[warn(unused_imports)]` on by default
[INFO] [stdout] 
[INFO] [stdout] 
[INFO] [stdout] error[E0425]: cannot find function `mock_settings` in this scope
[INFO] [stdout]    --> src/lib.rs:148:9
[INFO] [stdout]     |
[INFO] [stdout] 148 |         mock_settings("tests/mock/settings.yaml");
[INFO] [stdout]     |         ^^^^^^^^^^^^^ not found in this scope
[INFO] [stdout] 
[INFO] [stdout] 
[INFO] [stdout] error: aborting due to 3 previous errors; 1 warning emitted
[INFO] [stdout] 
[INFO] [stdout] 
[INFO] [stdout] For more information about this error, try `rustc --explain E0425`.
[INFO] [stdout] 
[INFO] [stderr] error: could not compile `kalgan` (lib test) due to 4 previous errors; 1 warning emitted
[INFO] [stderr] warning: build failed, waiting for other jobs to finish...
[INFO] [stdout] error: aborting due to 1 previous error
[INFO] [stdout] 
[INFO] [stdout] 
[INFO] [stderr] error: could not compile `kalgan` (lib) due to 2 previous errors
[INFO] running `Command { std: "docker" "inspect" "99c3341a5c6da42bd3041ad2826f63606c073bece225e474d146536df5204220", kill_on_drop: false }`
[INFO] running `Command { std: "docker" "rm" "-f" "99c3341a5c6da42bd3041ad2826f63606c073bece225e474d146536df5204220", kill_on_drop: false }`
[INFO] [stdout] 99c3341a5c6da42bd3041ad2826f63606c073bece225e474d146536df5204220
