[INFO] fetching crate kafkaesque 0.0.15...
[INFO] checking kafkaesque-0.0.15 against nightly-2024-02-05 for check-cfg
[INFO] extracting crate kafkaesque 0.0.15 into /workspace/builds/worker-1-tc1/source
[INFO] validating manifest of crates.io crate kafkaesque 0.0.15 on toolchain nightly-2024-02-05
[INFO] running `Command { std: CARGO_HOME="/workspace/cargo-home" RUSTUP_HOME="/workspace/rustup-home" "/workspace/cargo-home/bin/cargo" "+nightly-2024-02-05" "metadata" "--manifest-path" "Cargo.toml" "--no-deps", kill_on_drop: false }`
[INFO] started tweaking crates.io crate kafkaesque 0.0.15
[INFO] finished tweaking crates.io crate kafkaesque 0.0.15
[INFO] tweaked toml for crates.io crate kafkaesque 0.0.15 written to /workspace/builds/worker-1-tc1/source/Cargo.toml
[INFO] running `Command { std: CARGO_HOME="/workspace/cargo-home" RUSTUP_HOME="/workspace/rustup-home" "/workspace/cargo-home/bin/cargo" "+nightly-2024-02-05" "generate-lockfile" "--manifest-path" "Cargo.toml", kill_on_drop: false }`
[INFO] [stderr]     Updating crates.io index
[INFO] running `Command { std: CARGO_HOME="/workspace/cargo-home" RUSTUP_HOME="/workspace/rustup-home" "/workspace/cargo-home/bin/cargo" "+nightly-2024-02-05" "fetch" "--manifest-path" "Cargo.toml", kill_on_drop: false }`
[INFO] [stderr]  Downloading crates ...
[INFO] [stderr]   Downloaded namewise v2.6.8
[INFO] [stderr]   Downloaded kafkaesque-macros v0.0.15
[INFO] [stderr]   Downloaded namewise-derive v2.6.8
[INFO] [stderr]   Downloaded namewise-common v2.6.8
[INFO] running `Command { std: "docker" "create" "-v" "/var/lib/crater-agent-workspace/builds/worker-1-tc1/target:/opt/rustwide/target:rw,Z" "-v" "/var/lib/crater-agent-workspace/builds/worker-1-tc1/source:/opt/rustwide/workdir:ro,Z" "-v" "/var/lib/crater-agent-workspace/cargo-home:/opt/rustwide/cargo-home:ro,Z" "-v" "/var/lib/crater-agent-workspace/rustup-home:/opt/rustwide/rustup-home:ro,Z" "-e" "SOURCE_DIR=/opt/rustwide/workdir" "-e" "CARGO_TARGET_DIR=/opt/rustwide/target" "-e" "CARGO_HOME=/opt/rustwide/cargo-home" "-e" "RUSTUP_HOME=/opt/rustwide/rustup-home" "-w" "/opt/rustwide/workdir" "-m" "1610612736" "--user" "0:0" "--network" "none" "ghcr.io/rust-lang/crates-build-env/linux@sha256:2788e3201cd34a07e3172128adcd8b3090168a8e3bcc40d7c032b9dda1df7d1c" "/opt/rustwide/cargo-home/bin/cargo" "+nightly-2024-02-05" "metadata" "--no-deps" "--format-version=1", kill_on_drop: false }`
[INFO] [stdout] f282c5464c489bb1ef1adb9ac23e9c1161662c71f3cde1443436fb0855e7cdc3
[INFO] running `Command { std: "docker" "start" "-a" "f282c5464c489bb1ef1adb9ac23e9c1161662c71f3cde1443436fb0855e7cdc3", kill_on_drop: false }`
[INFO] running `Command { std: "docker" "inspect" "f282c5464c489bb1ef1adb9ac23e9c1161662c71f3cde1443436fb0855e7cdc3", kill_on_drop: false }`
[INFO] running `Command { std: "docker" "rm" "-f" "f282c5464c489bb1ef1adb9ac23e9c1161662c71f3cde1443436fb0855e7cdc3", kill_on_drop: false }`
[INFO] [stdout] f282c5464c489bb1ef1adb9ac23e9c1161662c71f3cde1443436fb0855e7cdc3
[INFO] running `Command { std: "docker" "create" "-v" "/var/lib/crater-agent-workspace/builds/worker-1-tc1/target:/opt/rustwide/target:rw,Z" "-v" "/var/lib/crater-agent-workspace/builds/worker-1-tc1/source:/opt/rustwide/workdir:ro,Z" "-v" "/var/lib/crater-agent-workspace/cargo-home:/opt/rustwide/cargo-home:ro,Z" "-v" "/var/lib/crater-agent-workspace/rustup-home:/opt/rustwide/rustup-home:ro,Z" "-e" "SOURCE_DIR=/opt/rustwide/workdir" "-e" "CARGO_TARGET_DIR=/opt/rustwide/target" "-e" "CARGO_INCREMENTAL=0" "-e" "RUST_BACKTRACE=full" "-e" "RUSTFLAGS=--cap-lints=forbid" "-e" "RUSTDOCFLAGS=--cap-lints=forbid" "-e" "CARGO_HOME=/opt/rustwide/cargo-home" "-e" "RUSTUP_HOME=/opt/rustwide/rustup-home" "-w" "/opt/rustwide/workdir" "-m" "1610612736" "--user" "0:0" "--network" "none" "ghcr.io/rust-lang/crates-build-env/linux@sha256:2788e3201cd34a07e3172128adcd8b3090168a8e3bcc40d7c032b9dda1df7d1c" "/opt/rustwide/cargo-home/bin/cargo" "+nightly-2024-02-05" "check" "--frozen" "--all" "--all-targets" "--message-format=json", kill_on_drop: false }`
[INFO] [stdout] 25c73c55573a8e0effe50f37f7586290b31a9839cb39f8438c1e3c8d2a74232a
[INFO] running `Command { std: "docker" "start" "-a" "25c73c55573a8e0effe50f37f7586290b31a9839cb39f8438c1e3c8d2a74232a", kill_on_drop: false }`
[INFO] [stderr]     Checking futures-io v0.3.30
[INFO] [stderr]    Compiling either v1.9.0
[INFO] [stderr]     Checking tracing-core v0.1.32
[INFO] [stderr]     Checking futures-channel v0.3.30
[INFO] [stderr]     Checking regex-syntax v0.6.29
[INFO] [stderr]     Checking regex-syntax v0.8.2
[INFO] [stderr]     Checking overload v0.1.1
[INFO] [stderr]     Checking thread_local v1.1.7
[INFO] [stderr]     Checking sharded-slab v0.1.7
[INFO] [stderr]    Compiling darling_core v0.20.5
[INFO] [stderr]     Checking tokio v1.36.0
[INFO] [stderr]     Checking namewise-common v2.6.8
[INFO] [stderr]     Checking uuid v1.7.0
[INFO] [stderr]     Checking fastrand v1.9.0
[INFO] [stderr]    Compiling kafkaesque-macros v0.0.15
[INFO] [stderr]     Checking nu-ansi-term v0.46.0
[INFO] [stderr]    Compiling itertools v0.12.1
[INFO] [stderr]     Checking futures-util v0.3.30
[INFO] [stderr]     Checking tracing v0.1.40
[INFO] [stderr]     Checking tracing-log v0.2.0
[INFO] [stderr]     Checking regex-automata v0.4.5
[INFO] [stderr]     Checking regex-automata v0.1.10
[INFO] [stderr]    Compiling darling_macro v0.20.5
[INFO] [stderr]     Checking matchers v0.1.0
[INFO] [stderr]    Compiling darling v0.20.5
[INFO] [stderr]     Checking regex v1.10.3
[INFO] [stderr]    Compiling namewise-derive v2.6.8
[INFO] [stdout] error[E0308]: mismatched types
[INFO] [stdout]   --> /opt/rustwide/cargo-home/registry/src/index.crates.io-6f17d22bba15001f/namewise-derive-2.6.8/src/derive_from.rs:8:44
[INFO] [stdout]    |
[INFO] [stdout] 8  |     let params = Params::from_derive_input(&derive_input).expect("Failed to parse inputs");
[INFO] [stdout]    |                  ------------------------- ^^^^^^^^^^^^^ expected `syn::derive::DeriveInput`, found `syn::DeriveInput`
[INFO] [stdout]    |                  |
[INFO] [stdout]    |                  arguments to this function are incorrect
[INFO] [stdout]    |
[INFO] [stdout]    = note: `syn::DeriveInput` and `syn::derive::DeriveInput` have similar names, but are actually distinct types
[INFO] [stdout] note: `syn::DeriveInput` is defined in crate `syn`
[INFO] [stdout]   --> /opt/rustwide/cargo-home/registry/src/index.crates.io-6f17d22bba15001f/syn-1.0.109/src/derive.rs:4:1
[INFO] [stdout]    |
[INFO] [stdout] 4  | / ast_struct! {
[INFO] [stdout] 5  | |     /// Data structure sent to a `proc_macro_derive` macro.
[INFO] [stdout] 6  | |     ///
[INFO] [stdout] 7  | |     /// *This type is available only if Syn is built with the `"derive"` feature.*
[INFO] [stdout] ...  |
[INFO] [stdout] 24 | |     }
[INFO] [stdout] 25 | | }
[INFO] [stdout]    | |_^
[INFO] [stdout] note: `syn::derive::DeriveInput` is defined in crate `syn`
[INFO] [stdout]   --> /opt/rustwide/cargo-home/registry/src/index.crates.io-6f17d22bba15001f/syn-2.0.48/src/derive.rs:4:1
[INFO] [stdout]    |
[INFO] [stdout] 4  | / ast_struct! {
[INFO] [stdout] 5  | |     /// Data structure sent to a `proc_macro_derive` macro.
[INFO] [stdout] 6  | |     #[cfg_attr(doc_cfg, doc(cfg(feature = "derive")))]
[INFO] [stdout] 7  | |     pub struct DeriveInput {
[INFO] [stdout] ...  |
[INFO] [stdout] 13 | |     }
[INFO] [stdout] 14 | | }
[INFO] [stdout]    | |_^
[INFO] [stdout]    = note: perhaps two different versions of crate `syn` are being used?
[INFO] [stdout] note: associated function defined here
[INFO] [stdout]   --> /opt/rustwide/cargo-home/registry/src/index.crates.io-6f17d22bba15001f/darling_core-0.20.5/src/from_derive_input.rs:13:8
[INFO] [stdout]    |
[INFO] [stdout] 13 |     fn from_derive_input(input: &DeriveInput) -> Result<Self>;
[INFO] [stdout]    |        ^^^^^^^^^^^^^^^^^
[INFO] [stdout]    = note: this error originates in the macro `strip_attrs_pub` which comes from the expansion of the macro `ast_struct` (in Nightly builds, run with -Z macro-backtrace for more info)
[INFO] [stdout] 
[INFO] [stdout] 
[INFO] [stdout] error[E0277]: the trait bound `syn::Type: FromMeta` is not satisfied
[INFO] [stdout]   --> /opt/rustwide/cargo-home/registry/src/index.crates.io-6f17d22bba15001f/namewise-derive-2.6.8/src/derive_from.rs:40:12
[INFO] [stdout]    |
[INFO] [stdout] 40 |     types: Vec<Type>,
[INFO] [stdout]    |            ^^^^^^^^^ the trait `FromMeta` is not implemented for `syn::Type`
[INFO] [stdout]    |
[INFO] [stdout]    = help: the following other types implement trait `FromMeta`:
[INFO] [stdout]              bool
[INFO] [stdout]              char
[INFO] [stdout]              isize
[INFO] [stdout]              i8
[INFO] [stdout]              i16
[INFO] [stdout]              i32
[INFO] [stdout]              i64
[INFO] [stdout]              i128
[INFO] [stdout]            and 74 others
[INFO] [stdout] 
[INFO] [stdout] 
[INFO] [stdout] error[E0277]: the trait bound `syn::Variant: FromVariant` is not satisfied
[INFO] [stdout]    --> /opt/rustwide/cargo-home/registry/src/index.crates.io-6f17d22bba15001f/namewise-derive-2.6.8/src/derive_from.rs:31:10
[INFO] [stdout]     |
[INFO] [stdout] 31  | #[derive(FromDeriveInput)]
[INFO] [stdout]     |          ^^^^^^^^^^^^^^^ the trait `FromVariant` is not implemented for `syn::Variant`
[INFO] [stdout]     |
[INFO] [stdout]     = help: the following other types implement trait `FromVariant`:
[INFO] [stdout]               proc_macro2::Ident
[INFO] [stdout]               Ignored
[INFO] [stdout]               SpannedValue<T>
[INFO] [stdout]               WithOriginal<T, syn::data::Variant>
[INFO] [stdout]               syn::data::Variant
[INFO] [stdout]               Vec<syn::attr::Attribute>
[INFO] [stdout]               ()
[INFO] [stdout] note: required by a bound in `darling::ast::Data::<V, F>::try_from`
[INFO] [stdout]    --> /opt/rustwide/cargo-home/registry/src/index.crates.io-6f17d22bba15001f/darling_core-0.20.5/src/ast/data.rs:122:9
[INFO] [stdout]     |
[INFO] [stdout] 122 | impl<V: FromVariant, F: FromField> Data<V, F> {
[INFO] [stdout]     |         ^^^^^^^^^^^ required by this bound in `Data::<V, F>::try_from`
[INFO] [stdout] 123 |     /// Attempt to convert from a `syn::Data` instance.
[INFO] [stdout] 124 |     pub fn try_from(body: &syn::Data) -> Result<Self> {
[INFO] [stdout]     |            -------- required by a bound in this associated function
[INFO] [stdout]     = note: this error originates in the derive macro `FromDeriveInput` (in Nightly builds, run with -Z macro-backtrace for more info)
[INFO] [stdout] 
[INFO] [stdout] 
[INFO] [stdout] error[E0277]: the trait bound `syn::Type: FromMeta` is not satisfied
[INFO] [stdout]   --> /opt/rustwide/cargo-home/registry/src/index.crates.io-6f17d22bba15001f/namewise-derive-2.6.8/src/derive_from.rs:51:13
[INFO] [stdout]    |
[INFO] [stdout] 51 |     mapper: Option<Type>,
[INFO] [stdout]    |             ^^^^^^^^^^^^ the trait `FromMeta` is not implemented for `syn::Type`, which is required by `Option<syn::Type>: FromMeta`
[INFO] [stdout]    |
[INFO] [stdout]    = help: the following other types implement trait `FromMeta`:
[INFO] [stdout]              bool
[INFO] [stdout]              char
[INFO] [stdout]              isize
[INFO] [stdout]              i8
[INFO] [stdout]              i16
[INFO] [stdout]              i32
[INFO] [stdout]              i64
[INFO] [stdout]              i128
[INFO] [stdout]            and 74 others
[INFO] [stdout]    = note: required for `Option<syn::Type>` to implement `FromMeta`
[INFO] [stdout] 
[INFO] [stdout] 
[INFO] [stdout] error[E0308]: mismatched types
[INFO] [stdout]   --> /opt/rustwide/cargo-home/registry/src/index.crates.io-6f17d22bba15001f/namewise-derive-2.6.8/src/derive_into.rs:8:44
[INFO] [stdout]    |
[INFO] [stdout] 8  |     let params = Params::from_derive_input(&derive_input).expect("Failed to parse inputs");
[INFO] [stdout]    |                  ------------------------- ^^^^^^^^^^^^^ expected `syn::derive::DeriveInput`, found `syn::DeriveInput`
[INFO] [stdout]    |                  |
[INFO] [stdout]    |                  arguments to this function are incorrect
[INFO] [stdout]    |
[INFO] [stdout]    = note: `syn::DeriveInput` and `syn::derive::DeriveInput` have similar names, but are actually distinct types
[INFO] [stdout] note: `syn::DeriveInput` is defined in crate `syn`
[INFO] [stdout]   --> /opt/rustwide/cargo-home/registry/src/index.crates.io-6f17d22bba15001f/syn-1.0.109/src/derive.rs:4:1
[INFO] [stdout]    |
[INFO] [stdout] 4  | / ast_struct! {
[INFO] [stdout] 5  | |     /// Data structure sent to a `proc_macro_derive` macro.
[INFO] [stdout] 6  | |     ///
[INFO] [stdout] 7  | |     /// *This type is available only if Syn is built with the `"derive"` feature.*
[INFO] [stdout] ...  |
[INFO] [stdout] 24 | |     }
[INFO] [stdout] 25 | | }
[INFO] [stdout]    | |_^
[INFO] [stdout] note: `syn::derive::DeriveInput` is defined in crate `syn`
[INFO] [stdout]   --> /opt/rustwide/cargo-home/registry/src/index.crates.io-6f17d22bba15001f/syn-2.0.48/src/derive.rs:4:1
[INFO] [stdout]    |
[INFO] [stdout] 4  | / ast_struct! {
[INFO] [stdout] 5  | |     /// Data structure sent to a `proc_macro_derive` macro.
[INFO] [stdout] 6  | |     #[cfg_attr(doc_cfg, doc(cfg(feature = "derive")))]
[INFO] [stdout] 7  | |     pub struct DeriveInput {
[INFO] [stdout] ...  |
[INFO] [stdout] 13 | |     }
[INFO] [stdout] 14 | | }
[INFO] [stdout]    | |_^
[INFO] [stdout]    = note: perhaps two different versions of crate `syn` are being used?
[INFO] [stdout] note: associated function defined here
[INFO] [stdout]   --> /opt/rustwide/cargo-home/registry/src/index.crates.io-6f17d22bba15001f/darling_core-0.20.5/src/from_derive_input.rs:13:8
[INFO] [stdout]    |
[INFO] [stdout] 13 |     fn from_derive_input(input: &DeriveInput) -> Result<Self>;
[INFO] [stdout]    |        ^^^^^^^^^^^^^^^^^
[INFO] [stdout]    = note: this error originates in the macro `strip_attrs_pub` which comes from the expansion of the macro `ast_struct` (in Nightly builds, run with -Z macro-backtrace for more info)
[INFO] [stdout] 
[INFO] [stdout] 
[INFO] [stdout] error[E0277]: the trait bound `syn::Type: FromMeta` is not satisfied
[INFO] [stdout]   --> /opt/rustwide/cargo-home/registry/src/index.crates.io-6f17d22bba15001f/namewise-derive-2.6.8/src/derive_into.rs:37:12
[INFO] [stdout]    |
[INFO] [stdout] 37 |     types: Vec<Type>,
[INFO] [stdout]    |            ^^^^^^^^^ the trait `FromMeta` is not implemented for `syn::Type`
[INFO] [stdout]    |
[INFO] [stdout]    = help: the following other types implement trait `FromMeta`:
[INFO] [stdout]              bool
[INFO] [stdout]              char
[INFO] [stdout]              isize
[INFO] [stdout]              i8
[INFO] [stdout]              i16
[INFO] [stdout]              i32
[INFO] [stdout]              i64
[INFO] [stdout]              i128
[INFO] [stdout]            and 74 others
[INFO] [stdout] 
[INFO] [stdout] 
[INFO] [stdout] error[E0277]: the trait bound `syn::Variant: FromVariant` is not satisfied
[INFO] [stdout]    --> /opt/rustwide/cargo-home/registry/src/index.crates.io-6f17d22bba15001f/namewise-derive-2.6.8/src/derive_into.rs:31:10
[INFO] [stdout]     |
[INFO] [stdout] 31  | #[derive(FromDeriveInput)]
[INFO] [stdout]     |          ^^^^^^^^^^^^^^^ the trait `FromVariant` is not implemented for `syn::Variant`
[INFO] [stdout]     |
[INFO] [stdout]     = help: the following other types implement trait `FromVariant`:
[INFO] [stdout]               proc_macro2::Ident
[INFO] [stdout]               Ignored
[INFO] [stdout]               SpannedValue<T>
[INFO] [stdout]               WithOriginal<T, syn::data::Variant>
[INFO] [stdout]               syn::data::Variant
[INFO] [stdout]               Vec<syn::attr::Attribute>
[INFO] [stdout]               ()
[INFO] [stdout] note: required by a bound in `darling::ast::Data::<V, F>::try_from`
[INFO] [stdout]    --> /opt/rustwide/cargo-home/registry/src/index.crates.io-6f17d22bba15001f/darling_core-0.20.5/src/ast/data.rs:122:9
[INFO] [stdout]     |
[INFO] [stdout] 122 | impl<V: FromVariant, F: FromField> Data<V, F> {
[INFO] [stdout]     |         ^^^^^^^^^^^ required by this bound in `Data::<V, F>::try_from`
[INFO] [stdout] 123 |     /// Attempt to convert from a `syn::Data` instance.
[INFO] [stdout] 124 |     pub fn try_from(body: &syn::Data) -> Result<Self> {
[INFO] [stdout]     |            -------- required by a bound in this associated function
[INFO] [stdout]     = note: this error originates in the derive macro `FromDeriveInput` (in Nightly builds, run with -Z macro-backtrace for more info)
[INFO] [stdout] 
[INFO] [stdout] 
[INFO] [stdout] error[E0277]: the trait bound `syn::Type: FromMeta` is not satisfied
[INFO] [stdout]   --> /opt/rustwide/cargo-home/registry/src/index.crates.io-6f17d22bba15001f/namewise-derive-2.6.8/src/derive_into.rs:48:13
[INFO] [stdout]    |
[INFO] [stdout] 48 |     mapper: Option<Type>,
[INFO] [stdout]    |             ^^^^^^^^^^^^ the trait `FromMeta` is not implemented for `syn::Type`, which is required by `Option<syn::Type>: FromMeta`
[INFO] [stdout]    |
[INFO] [stdout]    = help: the following other types implement trait `FromMeta`:
[INFO] [stdout]              bool
[INFO] [stdout]              char
[INFO] [stdout]              isize
[INFO] [stdout]              i8
[INFO] [stdout]              i16
[INFO] [stdout]              i32
[INFO] [stdout]              i64
[INFO] [stdout]              i128
[INFO] [stdout]            and 74 others
[INFO] [stdout]    = note: required for `Option<syn::Type>` to implement `FromMeta`
[INFO] [stdout] 
[INFO] [stdout] 
[INFO] [stdout] error[E0308]: mismatched types
[INFO] [stdout]   --> /opt/rustwide/cargo-home/registry/src/index.crates.io-6f17d22bba15001f/namewise-derive-2.6.8/src/derive_try_from.rs:8:44
[INFO] [stdout]    |
[INFO] [stdout] 8  |     let params = Params::from_derive_input(&derive_input).expect("Failed to parse inputs");
[INFO] [stdout]    |                  ------------------------- ^^^^^^^^^^^^^ expected `syn::derive::DeriveInput`, found `syn::DeriveInput`
[INFO] [stdout]    |                  |
[INFO] [stdout]    |                  arguments to this function are incorrect
[INFO] [stdout]    |
[INFO] [stdout]    = note: `syn::DeriveInput` and `syn::derive::DeriveInput` have similar names, but are actually distinct types
[INFO] [stdout] note: `syn::DeriveInput` is defined in crate `syn`
[INFO] [stdout]   --> /opt/rustwide/cargo-home/registry/src/index.crates.io-6f17d22bba15001f/syn-1.0.109/src/derive.rs:4:1
[INFO] [stdout]    |
[INFO] [stdout] 4  | / ast_struct! {
[INFO] [stdout] 5  | |     /// Data structure sent to a `proc_macro_derive` macro.
[INFO] [stdout] 6  | |     ///
[INFO] [stdout] 7  | |     /// *This type is available only if Syn is built with the `"derive"` feature.*
[INFO] [stdout] ...  |
[INFO] [stdout] 24 | |     }
[INFO] [stdout] 25 | | }
[INFO] [stdout]    | |_^
[INFO] [stdout] note: `syn::derive::DeriveInput` is defined in crate `syn`
[INFO] [stdout]   --> /opt/rustwide/cargo-home/registry/src/index.crates.io-6f17d22bba15001f/syn-2.0.48/src/derive.rs:4:1
[INFO] [stdout]    |
[INFO] [stdout] 4  | / ast_struct! {
[INFO] [stdout] 5  | |     /// Data structure sent to a `proc_macro_derive` macro.
[INFO] [stdout] 6  | |     #[cfg_attr(doc_cfg, doc(cfg(feature = "derive")))]
[INFO] [stdout] 7  | |     pub struct DeriveInput {
[INFO] [stdout] ...  |
[INFO] [stdout] 13 | |     }
[INFO] [stdout] 14 | | }
[INFO] [stdout]    | |_^
[INFO] [stdout]    = note: perhaps two different versions of crate `syn` are being used?
[INFO] [stdout] note: associated function defined here
[INFO] [stdout]   --> /opt/rustwide/cargo-home/registry/src/index.crates.io-6f17d22bba15001f/darling_core-0.20.5/src/from_derive_input.rs:13:8
[INFO] [stdout]    |
[INFO] [stdout] 13 |     fn from_derive_input(input: &DeriveInput) -> Result<Self>;
[INFO] [stdout]    |        ^^^^^^^^^^^^^^^^^
[INFO] [stdout]    = note: this error originates in the macro `strip_attrs_pub` which comes from the expansion of the macro `ast_struct` (in Nightly builds, run with -Z macro-backtrace for more info)
[INFO] [stdout] 
[INFO] [stdout] 
[INFO] [stdout] error[E0277]: the trait bound `syn::Type: FromMeta` is not satisfied
[INFO] [stdout]   --> /opt/rustwide/cargo-home/registry/src/index.crates.io-6f17d22bba15001f/namewise-derive-2.6.8/src/derive_try_from.rs:37:12
[INFO] [stdout]    |
[INFO] [stdout] 37 |     types: Vec<Type>,
[INFO] [stdout]    |            ^^^^^^^^^ the trait `FromMeta` is not implemented for `syn::Type`
[INFO] [stdout]    |
[INFO] [stdout]    = help: the following other types implement trait `FromMeta`:
[INFO] [stdout]              bool
[INFO] [stdout]              char
[INFO] [stdout]              isize
[INFO] [stdout]              i8
[INFO] [stdout]              i16
[INFO] [stdout]              i32
[INFO] [stdout]              i64
[INFO] [stdout]              i128
[INFO] [stdout]            and 74 others
[INFO] [stdout] 
[INFO] [stdout] 
[INFO] [stderr]     Checking tracing-subscriber v0.3.18
[INFO] [stdout] error[E0277]: the trait bound `syn::Variant: FromVariant` is not satisfied
[INFO] [stdout]    --> /opt/rustwide/cargo-home/registry/src/index.crates.io-6f17d22bba15001f/namewise-derive-2.6.8/src/derive_try_from.rs:31:10
[INFO] [stdout]     |
[INFO] [stdout] 31  | #[derive(FromDeriveInput)]
[INFO] [stdout]     |          ^^^^^^^^^^^^^^^ the trait `FromVariant` is not implemented for `syn::Variant`
[INFO] [stdout]     |
[INFO] [stdout]     = help: the following other types implement trait `FromVariant`:
[INFO] [stdout]               proc_macro2::Ident
[INFO] [stdout]               Ignored
[INFO] [stdout]               SpannedValue<T>
[INFO] [stdout]               WithOriginal<T, syn::data::Variant>
[INFO] [stdout]               syn::data::Variant
[INFO] [stdout]               Vec<syn::attr::Attribute>
[INFO] [stdout]               ()
[INFO] [stdout] note: required by a bound in `darling::ast::Data::<V, F>::try_from`
[INFO] [stdout]    --> /opt/rustwide/cargo-home/registry/src/index.crates.io-6f17d22bba15001f/darling_core-0.20.5/src/ast/data.rs:122:9
[INFO] [stdout]     |
[INFO] [stdout] 122 | impl<V: FromVariant, F: FromField> Data<V, F> {
[INFO] [stdout]     |         ^^^^^^^^^^^ required by this bound in `Data::<V, F>::try_from`
[INFO] [stdout] 123 |     /// Attempt to convert from a `syn::Data` instance.
[INFO] [stdout] 124 |     pub fn try_from(body: &syn::Data) -> Result<Self> {
[INFO] [stdout]     |            -------- required by a bound in this associated function
[INFO] [stdout]     = note: this error originates in the derive macro `FromDeriveInput` (in Nightly builds, run with -Z macro-backtrace for more info)
[INFO] [stdout] 
[INFO] [stdout] 
[INFO] [stdout] error[E0277]: the trait bound `syn::Type: FromMeta` is not satisfied
[INFO] [stdout]   --> /opt/rustwide/cargo-home/registry/src/index.crates.io-6f17d22bba15001f/namewise-derive-2.6.8/src/derive_try_from.rs:53:13
[INFO] [stdout]    |
[INFO] [stdout] 53 |     mapper: Option<Type>,
[INFO] [stdout]    |             ^^^^^^^^^^^^ the trait `FromMeta` is not implemented for `syn::Type`, which is required by `Option<syn::Type>: FromMeta`
[INFO] [stdout]    |
[INFO] [stdout]    = help: the following other types implement trait `FromMeta`:
[INFO] [stdout]              bool
[INFO] [stdout]              char
[INFO] [stdout]              isize
[INFO] [stdout]              i8
[INFO] [stdout]              i16
[INFO] [stdout]              i32
[INFO] [stdout]              i64
[INFO] [stdout]              i128
[INFO] [stdout]            and 74 others
[INFO] [stdout]    = note: required for `Option<syn::Type>` to implement `FromMeta`
[INFO] [stdout] 
[INFO] [stdout] 
[INFO] [stdout] error[E0277]: the trait bound `syn::Expr: FromMeta` is not satisfied
[INFO] [stdout]   --> /opt/rustwide/cargo-home/registry/src/index.crates.io-6f17d22bba15001f/namewise-derive-2.6.8/src/derive_try_from.rs:56:20
[INFO] [stdout]    |
[INFO] [stdout] 56 |     default_value: Option<Expr>,
[INFO] [stdout]    |                    ^^^^^^^^^^^^ the trait `FromMeta` is not implemented for `syn::Expr`, which is required by `Option<syn::Expr>: FromMeta`
[INFO] [stdout]    |
[INFO] [stdout]    = help: the following other types implement trait `FromMeta`:
[INFO] [stdout]              bool
[INFO] [stdout]              char
[INFO] [stdout]              isize
[INFO] [stdout]              i8
[INFO] [stdout]              i16
[INFO] [stdout]              i32
[INFO] [stdout]              i64
[INFO] [stdout]              i128
[INFO] [stdout]            and 74 others
[INFO] [stdout]    = note: required for `Option<syn::Expr>` to implement `FromMeta`
[INFO] [stdout] 
[INFO] [stdout] 
[INFO] [stdout] error: aborting due to 13 previous errors
[INFO] [stdout] 
[INFO] [stdout] 
[INFO] [stdout] Some errors have detailed explanations: E0277, E0308.
[INFO] [stdout] 
[INFO] [stdout] For more information about an error, try `rustc --explain E0277`.
[INFO] [stdout] 
[INFO] [stderr] error: could not compile `namewise-derive` (lib) due to 14 previous errors
[INFO] [stderr] warning: build failed, waiting for other jobs to finish...
[INFO] running `Command { std: "docker" "inspect" "25c73c55573a8e0effe50f37f7586290b31a9839cb39f8438c1e3c8d2a74232a", kill_on_drop: false }`
[INFO] running `Command { std: "docker" "rm" "-f" "25c73c55573a8e0effe50f37f7586290b31a9839cb39f8438c1e3c8d2a74232a", kill_on_drop: false }`
[INFO] [stdout] 25c73c55573a8e0effe50f37f7586290b31a9839cb39f8438c1e3c8d2a74232a
[INFO] checking kafkaesque-0.0.15 against nightly-2024-02-05+rustflags=-Dunexpected_cfgs+cargoflags=-Zcheck-cfg for check-cfg
[INFO] extracting crate kafkaesque 0.0.15 into /workspace/builds/worker-1-tc2/source
[INFO] validating manifest of crates.io crate kafkaesque 0.0.15 on toolchain nightly-2024-02-05
[INFO] running `Command { std: CARGO_HOME="/workspace/cargo-home" RUSTUP_HOME="/workspace/rustup-home" "/workspace/cargo-home/bin/cargo" "+nightly-2024-02-05" "metadata" "--manifest-path" "Cargo.toml" "--no-deps", kill_on_drop: false }`
[INFO] started tweaking crates.io crate kafkaesque 0.0.15
[INFO] finished tweaking crates.io crate kafkaesque 0.0.15
[INFO] tweaked toml for crates.io crate kafkaesque 0.0.15 written to /workspace/builds/worker-1-tc2/source/Cargo.toml
[INFO] running `Command { std: CARGO_HOME="/workspace/cargo-home" RUSTUP_HOME="/workspace/rustup-home" "/workspace/cargo-home/bin/cargo" "+nightly-2024-02-05" "generate-lockfile" "--manifest-path" "Cargo.toml", kill_on_drop: false }`
[INFO] [stderr]     Updating crates.io index
[INFO] running `Command { std: CARGO_HOME="/workspace/cargo-home" RUSTUP_HOME="/workspace/rustup-home" "/workspace/cargo-home/bin/cargo" "+nightly-2024-02-05" "fetch" "--manifest-path" "Cargo.toml", kill_on_drop: false }`
[INFO] running `Command { std: "docker" "create" "-v" "/var/lib/crater-agent-workspace/builds/worker-1-tc2/target:/opt/rustwide/target:rw,Z" "-v" "/var/lib/crater-agent-workspace/builds/worker-1-tc2/source:/opt/rustwide/workdir:ro,Z" "-v" "/var/lib/crater-agent-workspace/cargo-home:/opt/rustwide/cargo-home:ro,Z" "-v" "/var/lib/crater-agent-workspace/rustup-home:/opt/rustwide/rustup-home:ro,Z" "-e" "SOURCE_DIR=/opt/rustwide/workdir" "-e" "CARGO_TARGET_DIR=/opt/rustwide/target" "-e" "CARGO_HOME=/opt/rustwide/cargo-home" "-e" "RUSTUP_HOME=/opt/rustwide/rustup-home" "-w" "/opt/rustwide/workdir" "-m" "1610612736" "--user" "0:0" "--network" "none" "ghcr.io/rust-lang/crates-build-env/linux@sha256:2788e3201cd34a07e3172128adcd8b3090168a8e3bcc40d7c032b9dda1df7d1c" "/opt/rustwide/cargo-home/bin/cargo" "+nightly-2024-02-05" "metadata" "--no-deps" "--format-version=1", kill_on_drop: false }`
[INFO] [stdout] ff0e482efeed8cc7e8531c495cc8f21f885c4b06f023e9059fb3ab2352bc03ad
[INFO] running `Command { std: "docker" "start" "-a" "ff0e482efeed8cc7e8531c495cc8f21f885c4b06f023e9059fb3ab2352bc03ad", kill_on_drop: false }`
[INFO] running `Command { std: "docker" "inspect" "ff0e482efeed8cc7e8531c495cc8f21f885c4b06f023e9059fb3ab2352bc03ad", kill_on_drop: false }`
[INFO] running `Command { std: "docker" "rm" "-f" "ff0e482efeed8cc7e8531c495cc8f21f885c4b06f023e9059fb3ab2352bc03ad", kill_on_drop: false }`
[INFO] [stdout] ff0e482efeed8cc7e8531c495cc8f21f885c4b06f023e9059fb3ab2352bc03ad
[INFO] running `Command { std: "docker" "create" "-v" "/var/lib/crater-agent-workspace/builds/worker-1-tc2/target:/opt/rustwide/target:rw,Z" "-v" "/var/lib/crater-agent-workspace/builds/worker-1-tc2/source:/opt/rustwide/workdir:ro,Z" "-v" "/var/lib/crater-agent-workspace/cargo-home:/opt/rustwide/cargo-home:ro,Z" "-v" "/var/lib/crater-agent-workspace/rustup-home:/opt/rustwide/rustup-home:ro,Z" "-e" "SOURCE_DIR=/opt/rustwide/workdir" "-e" "CARGO_TARGET_DIR=/opt/rustwide/target" "-e" "CARGO_INCREMENTAL=0" "-e" "RUST_BACKTRACE=full" "-e" "RUSTFLAGS=--cap-lints=forbid -Dunexpected_cfgs" "-e" "RUSTDOCFLAGS=--cap-lints=forbid" "-e" "CARGO_HOME=/opt/rustwide/cargo-home" "-e" "RUSTUP_HOME=/opt/rustwide/rustup-home" "-w" "/opt/rustwide/workdir" "-m" "1610612736" "--user" "0:0" "--network" "none" "ghcr.io/rust-lang/crates-build-env/linux@sha256:2788e3201cd34a07e3172128adcd8b3090168a8e3bcc40d7c032b9dda1df7d1c" "/opt/rustwide/cargo-home/bin/cargo" "+nightly-2024-02-05" "check" "--frozen" "--all" "--all-targets" "--message-format=json" "-Zcheck-cfg", kill_on_drop: false }`
[INFO] [stdout] a5ff5f35a71bb42cd5cd839e43717eaa75dd4bf15719a7b8cb7f5d27915c80f4
[INFO] running `Command { std: "docker" "start" "-a" "a5ff5f35a71bb42cd5cd839e43717eaa75dd4bf15719a7b8cb7f5d27915c80f4", kill_on_drop: false }`
[INFO] [stderr]     Checking futures-io v0.3.30
[INFO] [stderr]     Checking futures-channel v0.3.30
[INFO] [stderr]     Checking tracing-core v0.1.32
[INFO] [stderr]    Compiling either v1.9.0
[INFO] [stderr]     Checking regex-syntax v0.6.29
[INFO] [stderr]     Checking regex-syntax v0.8.2
[INFO] [stderr]     Checking overload v0.1.1
[INFO] [stderr]     Checking thread_local v1.1.7
[INFO] [stderr]     Checking sharded-slab v0.1.7
[INFO] [stderr]    Compiling darling_core v0.20.5
[INFO] [stderr]     Checking tokio v1.36.0
[INFO] [stderr]     Checking namewise-common v2.6.8
[INFO] [stderr]     Checking uuid v1.7.0
[INFO] [stderr]     Checking fastrand v1.9.0
[INFO] [stderr]    Compiling kafkaesque-macros v0.0.15
[INFO] [stderr]     Checking nu-ansi-term v0.46.0
[INFO] [stderr]    Compiling itertools v0.12.1
[INFO] [stderr]     Checking futures-util v0.3.30
[INFO] [stderr]     Checking tracing v0.1.40
[INFO] [stderr]     Checking tracing-log v0.2.0
[INFO] [stderr]     Checking regex-automata v0.4.5
[INFO] [stderr]     Checking regex-automata v0.1.10
[INFO] [stderr]    Compiling darling_macro v0.20.5
[INFO] [stderr]     Checking matchers v0.1.0
[INFO] [stderr]    Compiling darling v0.20.5
[INFO] [stderr]    Compiling namewise-derive v2.6.8
[INFO] [stdout] error[E0308]: mismatched types
[INFO] [stdout]   --> /opt/rustwide/cargo-home/registry/src/index.crates.io-6f17d22bba15001f/namewise-derive-2.6.8/src/derive_from.rs:8:44
[INFO] [stdout]    |
[INFO] [stdout] 8  |     let params = Params::from_derive_input(&derive_input).expect("Failed to parse inputs");
[INFO] [stdout]    |                  ------------------------- ^^^^^^^^^^^^^ expected `syn::derive::DeriveInput`, found `syn::DeriveInput`
[INFO] [stdout]    |                  |
[INFO] [stdout]    |                  arguments to this function are incorrect
[INFO] [stdout]    |
[INFO] [stdout]    = note: `syn::DeriveInput` and `syn::derive::DeriveInput` have similar names, but are actually distinct types
[INFO] [stdout] note: `syn::DeriveInput` is defined in crate `syn`
[INFO] [stdout]   --> /opt/rustwide/cargo-home/registry/src/index.crates.io-6f17d22bba15001f/syn-1.0.109/src/derive.rs:4:1
[INFO] [stdout]    |
[INFO] [stdout] 4  | / ast_struct! {
[INFO] [stdout] 5  | |     /// Data structure sent to a `proc_macro_derive` macro.
[INFO] [stdout] 6  | |     ///
[INFO] [stdout] 7  | |     /// *This type is available only if Syn is built with the `"derive"` feature.*
[INFO] [stdout] ...  |
[INFO] [stdout] 24 | |     }
[INFO] [stdout] 25 | | }
[INFO] [stdout]    | |_^
[INFO] [stdout] note: `syn::derive::DeriveInput` is defined in crate `syn`
[INFO] [stdout]   --> /opt/rustwide/cargo-home/registry/src/index.crates.io-6f17d22bba15001f/syn-2.0.48/src/derive.rs:4:1
[INFO] [stdout]    |
[INFO] [stdout] 4  | / ast_struct! {
[INFO] [stdout] 5  | |     /// Data structure sent to a `proc_macro_derive` macro.
[INFO] [stdout] 6  | |     #[cfg_attr(doc_cfg, doc(cfg(feature = "derive")))]
[INFO] [stdout] 7  | |     pub struct DeriveInput {
[INFO] [stdout] ...  |
[INFO] [stdout] 13 | |     }
[INFO] [stdout] 14 | | }
[INFO] [stdout]    | |_^
[INFO] [stdout]    = note: perhaps two different versions of crate `syn` are being used?
[INFO] [stdout] note: associated function defined here
[INFO] [stdout]   --> /opt/rustwide/cargo-home/registry/src/index.crates.io-6f17d22bba15001f/darling_core-0.20.5/src/from_derive_input.rs:13:8
[INFO] [stdout]    |
[INFO] [stdout] 13 |     fn from_derive_input(input: &DeriveInput) -> Result<Self>;
[INFO] [stdout]    |        ^^^^^^^^^^^^^^^^^
[INFO] [stdout]    = note: this error originates in the macro `strip_attrs_pub` which comes from the expansion of the macro `ast_struct` (in Nightly builds, run with -Z macro-backtrace for more info)
[INFO] [stdout] 
[INFO] [stdout] 
[INFO] [stdout] error[E0277]: the trait bound `syn::Type: FromMeta` is not satisfied
[INFO] [stdout]   --> /opt/rustwide/cargo-home/registry/src/index.crates.io-6f17d22bba15001f/namewise-derive-2.6.8/src/derive_from.rs:40:12
[INFO] [stdout]    |
[INFO] [stdout] 40 |     types: Vec<Type>,
[INFO] [stdout]    |            ^^^^^^^^^ the trait `FromMeta` is not implemented for `syn::Type`
[INFO] [stdout]    |
[INFO] [stdout]    = help: the following other types implement trait `FromMeta`:
[INFO] [stdout]              bool
[INFO] [stdout]              char
[INFO] [stdout]              isize
[INFO] [stdout]              i8
[INFO] [stdout]              i16
[INFO] [stdout]              i32
[INFO] [stdout]              i64
[INFO] [stdout]              i128
[INFO] [stdout]            and 74 others
[INFO] [stdout] 
[INFO] [stdout] 
[INFO] [stdout] error[E0277]: the trait bound `syn::Variant: FromVariant` is not satisfied
[INFO] [stdout]    --> /opt/rustwide/cargo-home/registry/src/index.crates.io-6f17d22bba15001f/namewise-derive-2.6.8/src/derive_from.rs:31:10
[INFO] [stdout]     |
[INFO] [stdout] 31  | #[derive(FromDeriveInput)]
[INFO] [stdout]     |          ^^^^^^^^^^^^^^^ the trait `FromVariant` is not implemented for `syn::Variant`
[INFO] [stdout]     |
[INFO] [stdout]     = help: the following other types implement trait `FromVariant`:
[INFO] [stdout]               proc_macro2::Ident
[INFO] [stdout]               Ignored
[INFO] [stdout]               SpannedValue<T>
[INFO] [stdout]               WithOriginal<T, syn::data::Variant>
[INFO] [stdout]               syn::data::Variant
[INFO] [stdout]               Vec<syn::attr::Attribute>
[INFO] [stdout]               ()
[INFO] [stdout] note: required by a bound in `darling::ast::Data::<V, F>::try_from`
[INFO] [stdout]    --> /opt/rustwide/cargo-home/registry/src/index.crates.io-6f17d22bba15001f/darling_core-0.20.5/src/ast/data.rs:122:9
[INFO] [stdout]     |
[INFO] [stdout] 122 | impl<V: FromVariant, F: FromField> Data<V, F> {
[INFO] [stdout]     |         ^^^^^^^^^^^ required by this bound in `Data::<V, F>::try_from`
[INFO] [stdout] 123 |     /// Attempt to convert from a `syn::Data` instance.
[INFO] [stdout] 124 |     pub fn try_from(body: &syn::Data) -> Result<Self> {
[INFO] [stdout]     |            -------- required by a bound in this associated function
[INFO] [stdout]     = note: this error originates in the derive macro `FromDeriveInput` (in Nightly builds, run with -Z macro-backtrace for more info)
[INFO] [stdout] 
[INFO] [stdout] 
[INFO] [stderr]     Checking regex v1.10.3
[INFO] [stdout] error[E0277]: the trait bound `syn::Type: FromMeta` is not satisfied
[INFO] [stdout]   --> /opt/rustwide/cargo-home/registry/src/index.crates.io-6f17d22bba15001f/namewise-derive-2.6.8/src/derive_from.rs:51:13
[INFO] [stdout]    |
[INFO] [stdout] 51 |     mapper: Option<Type>,
[INFO] [stdout]    |             ^^^^^^^^^^^^ the trait `FromMeta` is not implemented for `syn::Type`, which is required by `Option<syn::Type>: FromMeta`
[INFO] [stdout]    |
[INFO] [stdout]    = help: the following other types implement trait `FromMeta`:
[INFO] [stdout]              bool
[INFO] [stdout]              char
[INFO] [stdout]              isize
[INFO] [stdout]              i8
[INFO] [stdout]              i16
[INFO] [stdout]              i32
[INFO] [stdout]              i64
[INFO] [stdout]              i128
[INFO] [stdout]            and 74 others
[INFO] [stdout]    = note: required for `Option<syn::Type>` to implement `FromMeta`
[INFO] [stdout] 
[INFO] [stdout] 
[INFO] [stdout] error[E0308]: mismatched types
[INFO] [stdout]   --> /opt/rustwide/cargo-home/registry/src/index.crates.io-6f17d22bba15001f/namewise-derive-2.6.8/src/derive_into.rs:8:44
[INFO] [stdout]    |
[INFO] [stdout] 8  |     let params = Params::from_derive_input(&derive_input).expect("Failed to parse inputs");
[INFO] [stdout]    |                  ------------------------- ^^^^^^^^^^^^^ expected `syn::derive::DeriveInput`, found `syn::DeriveInput`
[INFO] [stdout]    |                  |
[INFO] [stdout]    |                  arguments to this function are incorrect
[INFO] [stdout]    |
[INFO] [stdout]    = note: `syn::DeriveInput` and `syn::derive::DeriveInput` have similar names, but are actually distinct types
[INFO] [stdout] note: `syn::DeriveInput` is defined in crate `syn`
[INFO] [stdout]   --> /opt/rustwide/cargo-home/registry/src/index.crates.io-6f17d22bba15001f/syn-1.0.109/src/derive.rs:4:1
[INFO] [stdout]    |
[INFO] [stdout] 4  | / ast_struct! {
[INFO] [stdout] 5  | |     /// Data structure sent to a `proc_macro_derive` macro.
[INFO] [stdout] 6  | |     ///
[INFO] [stdout] 7  | |     /// *This type is available only if Syn is built with the `"derive"` feature.*
[INFO] [stdout] ...  |
[INFO] [stdout] 24 | |     }
[INFO] [stdout] 25 | | }
[INFO] [stdout]    | |_^
[INFO] [stdout] note: `syn::derive::DeriveInput` is defined in crate `syn`
[INFO] [stdout]   --> /opt/rustwide/cargo-home/registry/src/index.crates.io-6f17d22bba15001f/syn-2.0.48/src/derive.rs:4:1
[INFO] [stdout]    |
[INFO] [stdout] 4  | / ast_struct! {
[INFO] [stdout] 5  | |     /// Data structure sent to a `proc_macro_derive` macro.
[INFO] [stdout] 6  | |     #[cfg_attr(doc_cfg, doc(cfg(feature = "derive")))]
[INFO] [stdout] 7  | |     pub struct DeriveInput {
[INFO] [stdout] ...  |
[INFO] [stdout] 13 | |     }
[INFO] [stdout] 14 | | }
[INFO] [stdout]    | |_^
[INFO] [stdout]    = note: perhaps two different versions of crate `syn` are being used?
[INFO] [stdout] note: associated function defined here
[INFO] [stdout]   --> /opt/rustwide/cargo-home/registry/src/index.crates.io-6f17d22bba15001f/darling_core-0.20.5/src/from_derive_input.rs:13:8
[INFO] [stdout]    |
[INFO] [stdout] 13 |     fn from_derive_input(input: &DeriveInput) -> Result<Self>;
[INFO] [stdout]    |        ^^^^^^^^^^^^^^^^^
[INFO] [stdout]    = note: this error originates in the macro `strip_attrs_pub` which comes from the expansion of the macro `ast_struct` (in Nightly builds, run with -Z macro-backtrace for more info)
[INFO] [stdout] 
[INFO] [stdout] 
[INFO] [stdout] error[E0277]: the trait bound `syn::Type: FromMeta` is not satisfied
[INFO] [stdout]   --> /opt/rustwide/cargo-home/registry/src/index.crates.io-6f17d22bba15001f/namewise-derive-2.6.8/src/derive_into.rs:37:12
[INFO] [stdout]    |
[INFO] [stdout] 37 |     types: Vec<Type>,
[INFO] [stdout]    |            ^^^^^^^^^ the trait `FromMeta` is not implemented for `syn::Type`
[INFO] [stdout]    |
[INFO] [stdout]    = help: the following other types implement trait `FromMeta`:
[INFO] [stdout]              bool
[INFO] [stdout]              char
[INFO] [stdout]              isize
[INFO] [stdout]              i8
[INFO] [stdout]              i16
[INFO] [stdout]              i32
[INFO] [stdout]              i64
[INFO] [stdout]              i128
[INFO] [stdout]            and 74 others
[INFO] [stdout] 
[INFO] [stdout] 
[INFO] [stdout] error[E0277]: the trait bound `syn::Variant: FromVariant` is not satisfied
[INFO] [stdout]    --> /opt/rustwide/cargo-home/registry/src/index.crates.io-6f17d22bba15001f/namewise-derive-2.6.8/src/derive_into.rs:31:10
[INFO] [stdout]     |
[INFO] [stdout] 31  | #[derive(FromDeriveInput)]
[INFO] [stdout]     |          ^^^^^^^^^^^^^^^ the trait `FromVariant` is not implemented for `syn::Variant`
[INFO] [stdout]     |
[INFO] [stdout]     = help: the following other types implement trait `FromVariant`:
[INFO] [stdout]               proc_macro2::Ident
[INFO] [stdout]               Ignored
[INFO] [stdout]               SpannedValue<T>
[INFO] [stdout]               WithOriginal<T, syn::data::Variant>
[INFO] [stdout]               syn::data::Variant
[INFO] [stdout]               Vec<syn::attr::Attribute>
[INFO] [stdout]               ()
[INFO] [stdout] note: required by a bound in `darling::ast::Data::<V, F>::try_from`
[INFO] [stdout]    --> /opt/rustwide/cargo-home/registry/src/index.crates.io-6f17d22bba15001f/darling_core-0.20.5/src/ast/data.rs:122:9
[INFO] [stdout]     |
[INFO] [stdout] 122 | impl<V: FromVariant, F: FromField> Data<V, F> {
[INFO] [stdout]     |         ^^^^^^^^^^^ required by this bound in `Data::<V, F>::try_from`
[INFO] [stdout] 123 |     /// Attempt to convert from a `syn::Data` instance.
[INFO] [stdout] 124 |     pub fn try_from(body: &syn::Data) -> Result<Self> {
[INFO] [stdout]     |            -------- required by a bound in this associated function
[INFO] [stdout]     = note: this error originates in the derive macro `FromDeriveInput` (in Nightly builds, run with -Z macro-backtrace for more info)
[INFO] [stdout] 
[INFO] [stdout] 
[INFO] [stdout] error[E0277]: the trait bound `syn::Type: FromMeta` is not satisfied
[INFO] [stdout]   --> /opt/rustwide/cargo-home/registry/src/index.crates.io-6f17d22bba15001f/namewise-derive-2.6.8/src/derive_into.rs:48:13
[INFO] [stdout]    |
[INFO] [stdout] 48 |     mapper: Option<Type>,
[INFO] [stdout]    |             ^^^^^^^^^^^^ the trait `FromMeta` is not implemented for `syn::Type`, which is required by `Option<syn::Type>: FromMeta`
[INFO] [stdout]    |
[INFO] [stdout]    = help: the following other types implement trait `FromMeta`:
[INFO] [stdout]              bool
[INFO] [stdout]              char
[INFO] [stdout]              isize
[INFO] [stdout]              i8
[INFO] [stdout]              i16
[INFO] [stdout]              i32
[INFO] [stdout]              i64
[INFO] [stdout]              i128
[INFO] [stdout]            and 74 others
[INFO] [stdout]    = note: required for `Option<syn::Type>` to implement `FromMeta`
[INFO] [stdout] 
[INFO] [stdout] 
[INFO] [stdout] error[E0308]: mismatched types
[INFO] [stdout]   --> /opt/rustwide/cargo-home/registry/src/index.crates.io-6f17d22bba15001f/namewise-derive-2.6.8/src/derive_try_from.rs:8:44
[INFO] [stdout]    |
[INFO] [stdout] 8  |     let params = Params::from_derive_input(&derive_input).expect("Failed to parse inputs");
[INFO] [stdout]    |                  ------------------------- ^^^^^^^^^^^^^ expected `syn::derive::DeriveInput`, found `syn::DeriveInput`
[INFO] [stdout]    |                  |
[INFO] [stdout]    |                  arguments to this function are incorrect
[INFO] [stdout]    |
[INFO] [stdout]    = note: `syn::DeriveInput` and `syn::derive::DeriveInput` have similar names, but are actually distinct types
[INFO] [stdout] note: `syn::DeriveInput` is defined in crate `syn`
[INFO] [stdout]   --> /opt/rustwide/cargo-home/registry/src/index.crates.io-6f17d22bba15001f/syn-1.0.109/src/derive.rs:4:1
[INFO] [stdout]    |
[INFO] [stdout] 4  | / ast_struct! {
[INFO] [stdout] 5  | |     /// Data structure sent to a `proc_macro_derive` macro.
[INFO] [stdout] 6  | |     ///
[INFO] [stdout] 7  | |     /// *This type is available only if Syn is built with the `"derive"` feature.*
[INFO] [stdout] ...  |
[INFO] [stdout] 24 | |     }
[INFO] [stdout] 25 | | }
[INFO] [stdout]    | |_^
[INFO] [stdout] note: `syn::derive::DeriveInput` is defined in crate `syn`
[INFO] [stdout]   --> /opt/rustwide/cargo-home/registry/src/index.crates.io-6f17d22bba15001f/syn-2.0.48/src/derive.rs:4:1
[INFO] [stdout]    |
[INFO] [stdout] 4  | / ast_struct! {
[INFO] [stdout] 5  | |     /// Data structure sent to a `proc_macro_derive` macro.
[INFO] [stdout] 6  | |     #[cfg_attr(doc_cfg, doc(cfg(feature = "derive")))]
[INFO] [stdout] 7  | |     pub struct DeriveInput {
[INFO] [stdout] ...  |
[INFO] [stdout] 13 | |     }
[INFO] [stdout] 14 | | }
[INFO] [stdout]    | |_^
[INFO] [stdout]    = note: perhaps two different versions of crate `syn` are being used?
[INFO] [stdout] note: associated function defined here
[INFO] [stdout]   --> /opt/rustwide/cargo-home/registry/src/index.crates.io-6f17d22bba15001f/darling_core-0.20.5/src/from_derive_input.rs:13:8
[INFO] [stdout]    |
[INFO] [stdout] 13 |     fn from_derive_input(input: &DeriveInput) -> Result<Self>;
[INFO] [stdout]    |        ^^^^^^^^^^^^^^^^^
[INFO] [stdout]    = note: this error originates in the macro `strip_attrs_pub` which comes from the expansion of the macro `ast_struct` (in Nightly builds, run with -Z macro-backtrace for more info)
[INFO] [stdout] 
[INFO] [stdout] 
[INFO] [stdout] error[E0277]: the trait bound `syn::Type: FromMeta` is not satisfied
[INFO] [stdout]   --> /opt/rustwide/cargo-home/registry/src/index.crates.io-6f17d22bba15001f/namewise-derive-2.6.8/src/derive_try_from.rs:37:12
[INFO] [stdout]    |
[INFO] [stdout] 37 |     types: Vec<Type>,
[INFO] [stdout]    |            ^^^^^^^^^ the trait `FromMeta` is not implemented for `syn::Type`
[INFO] [stdout]    |
[INFO] [stdout]    = help: the following other types implement trait `FromMeta`:
[INFO] [stdout]              bool
[INFO] [stdout]              char
[INFO] [stdout]              isize
[INFO] [stdout]              i8
[INFO] [stdout]              i16
[INFO] [stdout]              i32
[INFO] [stdout]              i64
[INFO] [stdout]              i128
[INFO] [stdout]            and 74 others
[INFO] [stdout] 
[INFO] [stdout] 
[INFO] [stdout] error[E0277]: the trait bound `syn::Variant: FromVariant` is not satisfied
[INFO] [stdout]    --> /opt/rustwide/cargo-home/registry/src/index.crates.io-6f17d22bba15001f/namewise-derive-2.6.8/src/derive_try_from.rs:31:10
[INFO] [stdout]     |
[INFO] [stdout] 31  | #[derive(FromDeriveInput)]
[INFO] [stdout]     |          ^^^^^^^^^^^^^^^ the trait `FromVariant` is not implemented for `syn::Variant`
[INFO] [stdout]     |
[INFO] [stdout]     = help: the following other types implement trait `FromVariant`:
[INFO] [stdout]               proc_macro2::Ident
[INFO] [stdout]               Ignored
[INFO] [stdout]               SpannedValue<T>
[INFO] [stdout]               WithOriginal<T, syn::data::Variant>
[INFO] [stdout]               syn::data::Variant
[INFO] [stdout]               Vec<syn::attr::Attribute>
[INFO] [stdout]               ()
[INFO] [stdout] note: required by a bound in `darling::ast::Data::<V, F>::try_from`
[INFO] [stdout]    --> /opt/rustwide/cargo-home/registry/src/index.crates.io-6f17d22bba15001f/darling_core-0.20.5/src/ast/data.rs:122:9
[INFO] [stdout]     |
[INFO] [stdout] 122 | impl<V: FromVariant, F: FromField> Data<V, F> {
[INFO] [stdout]     |         ^^^^^^^^^^^ required by this bound in `Data::<V, F>::try_from`
[INFO] [stdout] 123 |     /// Attempt to convert from a `syn::Data` instance.
[INFO] [stdout] 124 |     pub fn try_from(body: &syn::Data) -> Result<Self> {
[INFO] [stdout]     |            -------- required by a bound in this associated function
[INFO] [stdout]     = note: this error originates in the derive macro `FromDeriveInput` (in Nightly builds, run with -Z macro-backtrace for more info)
[INFO] [stdout] 
[INFO] [stdout] 
[INFO] [stdout] error[E0277]: the trait bound `syn::Type: FromMeta` is not satisfied
[INFO] [stdout]   --> /opt/rustwide/cargo-home/registry/src/index.crates.io-6f17d22bba15001f/namewise-derive-2.6.8/src/derive_try_from.rs:53:13
[INFO] [stdout]    |
[INFO] [stdout] 53 |     mapper: Option<Type>,
[INFO] [stdout]    |             ^^^^^^^^^^^^ the trait `FromMeta` is not implemented for `syn::Type`, which is required by `Option<syn::Type>: FromMeta`
[INFO] [stdout]    |
[INFO] [stdout]    = help: the following other types implement trait `FromMeta`:
[INFO] [stdout]              bool
[INFO] [stdout]              char
[INFO] [stdout]              isize
[INFO] [stdout]              i8
[INFO] [stdout]              i16
[INFO] [stdout]              i32
[INFO] [stdout]              i64
[INFO] [stdout]              i128
[INFO] [stdout]            and 74 others
[INFO] [stdout]    = note: required for `Option<syn::Type>` to implement `FromMeta`
[INFO] [stdout] 
[INFO] [stdout] 
[INFO] [stdout] error[E0277]: the trait bound `syn::Expr: FromMeta` is not satisfied
[INFO] [stdout]   --> /opt/rustwide/cargo-home/registry/src/index.crates.io-6f17d22bba15001f/namewise-derive-2.6.8/src/derive_try_from.rs:56:20
[INFO] [stdout]    |
[INFO] [stdout] 56 |     default_value: Option<Expr>,
[INFO] [stdout]    |                    ^^^^^^^^^^^^ the trait `FromMeta` is not implemented for `syn::Expr`, which is required by `Option<syn::Expr>: FromMeta`
[INFO] [stdout]    |
[INFO] [stdout]    = help: the following other types implement trait `FromMeta`:
[INFO] [stdout]              bool
[INFO] [stdout]              char
[INFO] [stdout]              isize
[INFO] [stdout]              i8
[INFO] [stdout]              i16
[INFO] [stdout]              i32
[INFO] [stdout]              i64
[INFO] [stdout]              i128
[INFO] [stdout]            and 74 others
[INFO] [stdout]    = note: required for `Option<syn::Expr>` to implement `FromMeta`
[INFO] [stdout] 
[INFO] [stdout] 
[INFO] [stdout] error: aborting due to 13 previous errors
[INFO] [stdout] 
[INFO] [stdout] 
[INFO] [stdout] Some errors have detailed explanations: E0277, E0308.
[INFO] [stdout] 
[INFO] [stdout] For more information about an error, try `rustc --explain E0277`.
[INFO] [stdout] 
[INFO] [stderr] error: could not compile `namewise-derive` (lib) due to 14 previous errors
[INFO] [stderr] warning: build failed, waiting for other jobs to finish...
[INFO] running `Command { std: "docker" "inspect" "a5ff5f35a71bb42cd5cd839e43717eaa75dd4bf15719a7b8cb7f5d27915c80f4", kill_on_drop: false }`
[INFO] running `Command { std: "docker" "rm" "-f" "a5ff5f35a71bb42cd5cd839e43717eaa75dd4bf15719a7b8cb7f5d27915c80f4", kill_on_drop: false }`
[INFO] [stdout] a5ff5f35a71bb42cd5cd839e43717eaa75dd4bf15719a7b8cb7f5d27915c80f4
