[INFO] fetching crate kafka-topic-analyzer 0.4.0...
[INFO] checking kafka-topic-analyzer-0.4.0 against nightly-2024-02-05 for check-cfg
[INFO] extracting crate kafka-topic-analyzer 0.4.0 into /workspace/builds/worker-1-tc1/source
[INFO] validating manifest of crates.io crate kafka-topic-analyzer 0.4.0 on toolchain nightly-2024-02-05
[INFO] running `Command { std: CARGO_HOME="/workspace/cargo-home" RUSTUP_HOME="/workspace/rustup-home" "/workspace/cargo-home/bin/cargo" "+nightly-2024-02-05" "metadata" "--manifest-path" "Cargo.toml" "--no-deps", kill_on_drop: false }`
[INFO] started tweaking crates.io crate kafka-topic-analyzer 0.4.0
[INFO] finished tweaking crates.io crate kafka-topic-analyzer 0.4.0
[INFO] tweaked toml for crates.io crate kafka-topic-analyzer 0.4.0 written to /workspace/builds/worker-1-tc1/source/Cargo.toml
[INFO] running `Command { std: CARGO_HOME="/workspace/cargo-home" RUSTUP_HOME="/workspace/rustup-home" "/workspace/cargo-home/bin/cargo" "+nightly-2024-02-05" "generate-lockfile" "--manifest-path" "Cargo.toml", kill_on_drop: false }`
[INFO] [stderr]     Updating crates.io index
[INFO] running `Command { std: CARGO_HOME="/workspace/cargo-home" RUSTUP_HOME="/workspace/rustup-home" "/workspace/cargo-home/bin/cargo" "+nightly-2024-02-05" "fetch" "--manifest-path" "Cargo.toml", kill_on_drop: false }`
[INFO] [stderr]  Downloading crates ...
[INFO] [stderr]   Downloaded textwrap v0.9.0
[INFO] [stderr]   Downloaded bit-vec v0.4.4
[INFO] [stderr]   Downloaded bit-set v0.4.0
[INFO] [stderr]   Downloaded strsim v0.7.0
[INFO] [stderr]   Downloaded ansi_term v0.10.2
[INFO] [stderr]   Downloaded rdkafka v0.15.0
[INFO] [stderr]   Downloaded prettytable-rs v0.6.7
[INFO] [stderr]   Downloaded clap v2.29.4
[INFO] [stderr]   Downloaded csv v0.15.0
[INFO] [stderr]   Downloaded indicatif v0.9.0
[INFO] [stderr]   Downloaded rdkafka-sys v0.11.3-1
[INFO] running `Command { std: "docker" "create" "-v" "/var/lib/crater-agent-workspace/builds/worker-1-tc1/target:/opt/rustwide/target:rw,Z" "-v" "/var/lib/crater-agent-workspace/builds/worker-1-tc1/source:/opt/rustwide/workdir:ro,Z" "-v" "/var/lib/crater-agent-workspace/cargo-home:/opt/rustwide/cargo-home:ro,Z" "-v" "/var/lib/crater-agent-workspace/rustup-home:/opt/rustwide/rustup-home:ro,Z" "-e" "SOURCE_DIR=/opt/rustwide/workdir" "-e" "CARGO_TARGET_DIR=/opt/rustwide/target" "-e" "CARGO_HOME=/opt/rustwide/cargo-home" "-e" "RUSTUP_HOME=/opt/rustwide/rustup-home" "-w" "/opt/rustwide/workdir" "-m" "1610612736" "--user" "0:0" "--network" "none" "ghcr.io/rust-lang/crates-build-env/linux@sha256:2788e3201cd34a07e3172128adcd8b3090168a8e3bcc40d7c032b9dda1df7d1c" "/opt/rustwide/cargo-home/bin/cargo" "+nightly-2024-02-05" "metadata" "--no-deps" "--format-version=1", kill_on_drop: false }`
[INFO] [stdout] 0133c73fbe76730573beb5a12483eda0dd7c6684aa0368bca72cdaf5f370853e
[INFO] running `Command { std: "docker" "start" "-a" "0133c73fbe76730573beb5a12483eda0dd7c6684aa0368bca72cdaf5f370853e", kill_on_drop: false }`
[INFO] running `Command { std: "docker" "inspect" "0133c73fbe76730573beb5a12483eda0dd7c6684aa0368bca72cdaf5f370853e", kill_on_drop: false }`
[INFO] running `Command { std: "docker" "rm" "-f" "0133c73fbe76730573beb5a12483eda0dd7c6684aa0368bca72cdaf5f370853e", kill_on_drop: false }`
[INFO] [stdout] 0133c73fbe76730573beb5a12483eda0dd7c6684aa0368bca72cdaf5f370853e
[INFO] running `Command { std: "docker" "create" "-v" "/var/lib/crater-agent-workspace/builds/worker-1-tc1/target:/opt/rustwide/target:rw,Z" "-v" "/var/lib/crater-agent-workspace/builds/worker-1-tc1/source:/opt/rustwide/workdir:ro,Z" "-v" "/var/lib/crater-agent-workspace/cargo-home:/opt/rustwide/cargo-home:ro,Z" "-v" "/var/lib/crater-agent-workspace/rustup-home:/opt/rustwide/rustup-home:ro,Z" "-e" "SOURCE_DIR=/opt/rustwide/workdir" "-e" "CARGO_TARGET_DIR=/opt/rustwide/target" "-e" "CARGO_INCREMENTAL=0" "-e" "RUST_BACKTRACE=full" "-e" "RUSTFLAGS=--cap-lints=forbid" "-e" "RUSTDOCFLAGS=--cap-lints=forbid" "-e" "CARGO_HOME=/opt/rustwide/cargo-home" "-e" "RUSTUP_HOME=/opt/rustwide/rustup-home" "-w" "/opt/rustwide/workdir" "-m" "1610612736" "--user" "0:0" "--network" "none" "ghcr.io/rust-lang/crates-build-env/linux@sha256:2788e3201cd34a07e3172128adcd8b3090168a8e3bcc40d7c032b9dda1df7d1c" "/opt/rustwide/cargo-home/bin/cargo" "+nightly-2024-02-05" "check" "--frozen" "--all" "--all-targets" "--message-format=json", kill_on_drop: false }`
[INFO] [stdout] 1d47ffeff0a3501ac0bc07cab83303c508fcf9a3f38e373b788b45af92ba0dd4
[INFO] running `Command { std: "docker" "start" "-a" "1d47ffeff0a3501ac0bc07cab83303c508fcf9a3f38e373b788b45af92ba0dd4", kill_on_drop: false }`
[INFO] [stderr]    Compiling libc v0.2.153
[INFO] [stderr]    Compiling regex v0.2.11
[INFO] [stderr]     Checking ucd-util v0.1.10
[INFO] [stderr]     Checking thread_local v0.3.6
[INFO] [stderr]     Checking aho-corasick v0.6.10
[INFO] [stderr]     Checking rustc-serialize v0.3.25
[INFO] [stderr]     Checking utf8-ranges v1.0.5
[INFO] [stderr]     Checking lazy_static v0.2.11
[INFO] [stderr]     Checking log v0.3.9
[INFO] [stderr]     Checking textwrap v0.9.0
[INFO] [stderr]    Compiling syn v2.0.48
[INFO] [stderr]     Checking encode_unicode v0.3.6
[INFO] [stderr]     Checking strsim v0.7.0
[INFO] [stderr]     Checking ansi_term v0.10.2
[INFO] [stderr]     Checking term v0.4.6
[INFO] [stderr]     Checking bit-vec v0.4.4
[INFO] [stderr]     Checking chrono v0.4.33
[INFO] [stderr]     Checking regex-syntax v0.5.6
[INFO] [stderr]     Checking bit-set v0.4.0
[INFO] [stderr]    Compiling cc v1.0.83
[INFO] [stderr]    Compiling num_cpus v0.2.13
[INFO] [stderr]     Checking atty v0.2.14
[INFO] [stderr]     Checking parking_lot_core v0.9.9
[INFO] [stderr]     Checking memchr v1.0.2
[INFO] [stderr]     Checking rand v0.4.6
[INFO] [stderr]     Checking console v0.15.8
[INFO] [stderr]     Checking env_logger v0.5.13
[INFO] [stderr]     Checking clap v2.29.4
[INFO] [stderr]    Compiling rdkafka-sys v0.11.3-1
[INFO] [stderr]     Checking parking_lot v0.12.1
[INFO] [stderr]     Checking csv v0.15.0
[INFO] [stderr]     Checking uuid v0.6.5
[INFO] [stderr]     Checking prettytable-rs v0.6.7
[INFO] [stderr]    Compiling libz-sys v1.1.15
[INFO] [stderr]     Checking indicatif v0.9.0
[INFO] [stderr]    Compiling serde_derive v1.0.196
[INFO] [stderr] error: failed to run custom build command for `rdkafka-sys v0.11.3-1`
[INFO] [stderr] note: To improve backtraces for build dependencies, set the CARGO_PROFILE_DEV_BUILD_OVERRIDE_DEBUG=true environment variable to enable debug information generation.
[INFO] [stderr] 
[INFO] [stderr] Caused by:
[INFO] [stderr]   process didn't exit successfully: `/opt/rustwide/target/debug/build/rdkafka-sys-4b156293d2974a0e/build-script-build` (exit status: 101)
[INFO] [stderr]   --- stdout
[INFO] [stderr]   Configuring librdkafka
[INFO] [stderr]   checking for OS or distribution... ok (Linux)
[INFO] [stderr]   checking for C compiler from CC env... failed
[INFO] [stderr]   checking for gcc (by command)... ok
[INFO] [stderr]   checking for C++ compiler from CXX env... failed
[INFO] [stderr]   checking for C++ compiler (g++)... ok
[INFO] [stderr]   checking executable ld... ok
[INFO] [stderr]   checking executable nm... ok
[INFO] [stderr]   checking executable objdump... ok
[INFO] [stderr]   checking executable strip... ok
[INFO] [stderr]   checking for pkgconfig (by command)... ok
[INFO] [stderr]   checking for install (by command)... ok
[INFO] [stderr]   checking for PIC (by compile)... failed (disable)
[INFO] [stderr]   checking for GNU-compatible linker options... failed
[INFO] [stderr]   checking for OSX linker options... failed
[INFO] [stderr]   checking for GNU linker-script ld flag... failed
[INFO] [stderr]   checking for Solaris linker-script ld flag... failed (ignore)
[INFO] [stderr]   checking for __atomic_32 (by compile)... failed
[INFO] [stderr]   checking for __atomic_32_lib (by compile)... failed
[INFO] [stderr]   checking for __sync_32 (by compile)... failed (disable)
[INFO] [stderr]   checking for __atomic_64 (by compile)... failed
[INFO] [stderr]   checking for __atomic_64_lib (by compile)... failed
[INFO] [stderr]   checking for __sync_64 (by compile)... failed (disable)
[INFO] [stderr]   checking for socket (by compile)... failed
[INFO] [stderr]   checking for socket_nsl (by compile)... failed (fail)
[INFO] [stderr]   parsing version '0x000b01ff'... ok (0.11.1)
[INFO] [stderr]   checking for libpthread (by pkg-config)... failed
[INFO] [stderr]   checking for libpthread (by compile)... failed (fail)
[INFO] [stderr]   checking for zlib (by pkg-config)... ok
[INFO] [stderr]   checking for zlib (by compile)... ok (cached)
[INFO] [stderr]   checking for libcrypto (by pkg-config)... ok
[INFO] [stderr]   checking for libcrypto (by compile)... ok (cached)
[INFO] [stderr]   checking for crc32chw (by compile)... failed (disable)
[INFO] [stderr]   checking for regex (by compile)... failed (disable)
[INFO] [stderr]   checking for librt (by pkg-config)... failed
[INFO] [stderr]   checking for librt (by compile)... failed
[INFO] [stderr]   checking for strndup (by compile)... failed (disable)
[INFO] [stderr]   checking for strerror_r (by compile)... failed (disable)
[INFO] [stderr]   checking for libdl (by pkg-config)... failed
[INFO] [stderr]   checking for libdl (by compile)... failed (disable)
[INFO] [stderr]   checking for pthread_setname_gnu (by compile)... failed (disable)
[INFO] [stderr]   checking for nm (by env NM)... ok (cached)
[INFO] [stderr] 
[INFO] [stderr] 
[INFO] [stderr] 
[INFO] [stderr] 
[INFO] [stderr]   --- stderr
[INFO] [stderr]   Building and linking librdkafka statically
[INFO] [stderr]   Running command: "./configure --disable-sasl --disable-ssl --disable-lz4 --enable-static" in dir: librdkafka
[INFO] [stderr]   mklove/modules/configure.base: line 609: config.log: Read-only file system
[INFO] [stderr]   mklove/modules/configure.base: line 609: config.log: Read-only file system
[INFO] [stderr]   mklove/modules/configure.base: line 609: config.log: Read-only file system
[INFO] [stderr]   mklove/modules/configure.base: line 609: config.log: Read-only file system
[INFO] [stderr]   mklove/modules/configure.base: line 609: config.log: Read-only file system
[INFO] [stderr]   mklove/modules/configure.base: line 609: config.log: Read-only file system
[INFO] [stderr]   mklove/modules/configure.base: line 609: config.log: Read-only file system
[INFO] [stderr]   mklove/modules/configure.base: line 609: config.log: Read-only file system
[INFO] [stderr]   mklove/modules/configure.base: line 609: config.log: Read-only file system
[INFO] [stderr]   mklove/modules/configure.base: line 609: config.log: Read-only file system
[INFO] [stderr]   mklove/modules/configure.base: line 609: config.log: Read-only file system
[INFO] [stderr]   mklove/modules/configure.base: line 609: config.log: Read-only file system
[INFO] [stderr]   mklove/modules/configure.base: line 609: config.log: Read-only file system
[INFO] [stderr]   ./configure: line 186: config.log: Read-only file system
[INFO] [stderr]   ./configure: line 187: config.log: Read-only file system
[INFO] [stderr]   mklove/modules/configure.base: line 609: config.log: Read-only file system
[INFO] [stderr]   mklove/modules/configure.base: line 609: config.log: Read-only file system
[INFO] [stderr]   mklove/modules/configure.base: line 609: config.log: Read-only file system
[INFO] [stderr]   mklove/modules/configure.base: line 609: config.log: Read-only file system
[INFO] [stderr]   mktemp: failed to create file via template '_mkltmpXXXXXX': Read-only file system
[INFO] [stderr]   mv: cannot stat '': No such file or directory
[INFO] [stderr]   mklove/modules/configure.base: line 951: .c: Read-only file system
[INFO] [stderr]   mklove/modules/configure.base: line 954: .c: Read-only file system
[INFO] [stderr]   mklove/modules/configure.base: line 609: config.log: Read-only file system
[INFO] [stderr]   mklove/modules/configure.base: line 609: config.log: Read-only file system
[INFO] [stderr]   mklove/modules/configure.base: line 609: config.log: Read-only file system
[INFO] [stderr]   mktemp: failed to create file via template '_mkltmpXXXXXX': Read-only file system
[INFO] [stderr]   mv: cannot stat '': No such file or directory
[INFO] [stderr]   mklove/modules/configure.base: line 951: .c: Read-only file system
[INFO] [stderr]   mklove/modules/configure.base: line 954: .c: Read-only file system
[INFO] [stderr]   mklove/modules/configure.base: line 609: config.log: Read-only file system
[INFO] [stderr]   mklove/modules/configure.base: line 609: config.log: Read-only file system
[INFO] [stderr]   mklove/modules/configure.base: line 609: config.log: Read-only file system
[INFO] [stderr]   mktemp: failed to create file via template '_mkltmpXXXXXX': Read-only file system
[INFO] [stderr]   mv: cannot stat '': No such file or directory
[INFO] [stderr]   mklove/modules/configure.base: line 951: .c: Read-only file system
[INFO] [stderr]   mklove/modules/configure.base: line 954: .c: Read-only file system
[INFO] [stderr]   mklove/modules/configure.base: line 609: config.log: Read-only file system
[INFO] [stderr]   mklove/modules/configure.base: line 609: config.log: Read-only file system
[INFO] [stderr]   mklove/modules/configure.base: line 609: config.log: Read-only file system
[INFO] [stderr]   mktemp: failed to create file via template '_mkltmpXXXXXX': Read-only file system
[INFO] [stderr]   mklove/modules/configure.base: line 691: $ldsfile: ambiguous redirect
[INFO] [stderr]   mktemp: failed to create file via template '_mkltmpXXXXXX': Read-only file system
[INFO] [stderr]   mv: cannot stat '': No such file or directory
[INFO] [stderr]   mklove/modules/configure.base: line 951: .c: Read-only file system
[INFO] [stderr]   mklove/modules/configure.base: line 954: .c: Read-only file system
[INFO] [stderr]   mklove/modules/configure.base: line 609: config.log: Read-only file system
[INFO] [stderr]   mklove/modules/configure.base: line 609: config.log: Read-only file system
[INFO] [stderr]   mklove/modules/configure.base: line 609: config.log: Read-only file system
[INFO] [stderr]   mktemp: failed to create file via template '_mkltmpXXXXXX': Read-only file system
[INFO] [stderr]   mv: cannot stat '': No such file or directory
[INFO] [stderr]   mklove/modules/configure.base: line 951: .c: Read-only file system
[INFO] [stderr]   mklove/modules/configure.base: line 954: .c: Read-only file system
[INFO] [stderr]   mklove/modules/configure.base: line 609: config.log: Read-only file system
[INFO] [stderr]   mklove/modules/configure.base: line 609: config.log: Read-only file system
[INFO] [stderr]   mklove/modules/configure.base: line 609: config.log: Read-only file system
[INFO] [stderr]   mktemp: failed to create file via template '_mkltmpXXXXXX': Read-only file system
[INFO] [stderr]   mv: cannot stat '': No such file or directory
[INFO] [stderr]   mklove/modules/configure.base: line 951: .c: Read-only file system
[INFO] [stderr]   mklove/modules/configure.base: line 954: .c: Read-only file system
[INFO] [stderr]   mklove/modules/configure.base: line 609: config.log: Read-only file system
[INFO] [stderr]   mklove/modules/configure.base: line 609: config.log: Read-only file system
[INFO] [stderr]   mklove/modules/configure.base: line 609: config.log: Read-only file system
[INFO] [stderr]   mktemp: failed to create file via template '_mkltmpXXXXXX': Read-only file system
[INFO] [stderr]   mv: cannot stat '': No such file or directory
[INFO] [stderr]   mklove/modules/configure.base: line 951: .c: Read-only file system
[INFO] [stderr]   mklove/modules/configure.base: line 954: .c: Read-only file system
[INFO] [stderr]   mklove/modules/configure.base: line 609: config.log: Read-only file system
[INFO] [stderr]   mklove/modules/configure.base: line 609: config.log: Read-only file system
[INFO] [stderr]   mklove/modules/configure.base: line 609: config.log: Read-only file system
[INFO] [stderr]   mktemp: failed to create file via template '_mkltmpXXXXXX': Read-only file system
[INFO] [stderr]   mv: cannot stat '': No such file or directory
[INFO] [stderr]   mklove/modules/configure.base: line 951: .c: Read-only file system
[INFO] [stderr]   mklove/modules/configure.base: line 954: .c: Read-only file system
[INFO] [stderr]   mklove/modules/configure.base: line 609: config.log: Read-only file system
[INFO] [stderr]   mklove/modules/configure.base: line 609: config.log: Read-only file system
[INFO] [stderr]   mklove/modules/configure.base: line 609: config.log: Read-only file system
[INFO] [stderr]   mktemp: failed to create file via template '_mkltmpXXXXXX': Read-only file system
[INFO] [stderr]   mv: cannot stat '': No such file or directory
[INFO] [stderr]   mklove/modules/configure.base: line 951: .c: Read-only file system
[INFO] [stderr]   mklove/modules/configure.base: line 954: .c: Read-only file system
[INFO] [stderr]   mklove/modules/configure.base: line 609: config.log: Read-only file system
[INFO] [stderr]   mklove/modules/configure.base: line 609: config.log: Read-only file system
[INFO] [stderr]   mklove/modules/configure.base: line 609: config.log: Read-only file system
[INFO] [stderr]   mktemp: failed to create file via template '_mkltmpXXXXXX': Read-only file system
[INFO] [stderr]   mv: cannot stat '': No such file or directory
[INFO] [stderr]   mklove/modules/configure.base: line 951: .c: Read-only file system
[INFO] [stderr]   mklove/modules/configure.base: line 954: .c: Read-only file system
[INFO] [stderr]   mklove/modules/configure.base: line 609: config.log: Read-only file system
[INFO] [stderr]   mklove/modules/configure.base: line 609: config.log: Read-only file system
[INFO] [stderr]   mklove/modules/configure.base: line 609: config.log: Read-only file system
[INFO] [stderr]   mktemp: failed to create file via template '_mkltmpXXXXXX': Read-only file system
[INFO] [stderr]   mv: cannot stat '': No such file or directory
[INFO] [stderr]   mklove/modules/configure.base: line 951: .c: Read-only file system
[INFO] [stderr]   mklove/modules/configure.base: line 954: .c: Read-only file system
[INFO] [stderr]   mklove/modules/configure.base: line 609: config.log: Read-only file system
[INFO] [stderr]   mklove/modules/configure.base: line 609: config.log: Read-only file system
[INFO] [stderr]   mklove/modules/configure.base: line 609: config.log: Read-only file system
[INFO] [stderr]   mktemp: failed to create file via template '_mkltmpXXXXXX': Read-only file system
[INFO] [stderr]   mv: cannot stat '': No such file or directory
[INFO] [stderr]   mklove/modules/configure.base: line 951: .c: Read-only file system
[INFO] [stderr]   mklove/modules/configure.base: line 954: .c: Read-only file system
[INFO] [stderr]   mklove/modules/configure.base: line 609: config.log: Read-only file system
[INFO] [stderr]   mklove/modules/configure.base: line 609: config.log: Read-only file system
[INFO] [stderr]   mklove/modules/configure.base: line 609: config.log: Read-only file system
[INFO] [stderr]   mktemp: failed to create file via template '_mkltmpXXXXXX': Read-only file system
[INFO] [stderr]   mv: cannot stat '': No such file or directory
[INFO] [stderr]   mklove/modules/configure.base: line 951: .c: Read-only file system
[INFO] [stderr]   mklove/modules/configure.base: line 954: .c: Read-only file system
[INFO] [stderr]   mklove/modules/configure.base: line 609: config.log: Read-only file system
[INFO] [stderr]   mklove/modules/configure.base: line 609: config.log: Read-only file system
[INFO] [stderr]   mklove/modules/configure.base: line 609: config.log: Read-only file system
[INFO] [stderr]   mklove/modules/configure.base: line 609: config.log: Read-only file system
[INFO] [stderr]   mklove/modules/configure.base: line 609: config.log: Read-only file system
[INFO] [stderr]   mklove/modules/configure.base: line 609: config.log: Read-only file system
[INFO] [stderr]   mktemp: failed to create file via template '_mkltmpXXXXXX': Read-only file system
[INFO] [stderr]   mv: cannot stat '': No such file or directory
[INFO] [stderr]   mklove/modules/configure.base: line 951: .c: Read-only file system
[INFO] [stderr]   mklove/modules/configure.base: line 954: .c: Read-only file system
[INFO] [stderr]   mklove/modules/configure.base: line 609: config.log: Read-only file system
[INFO] [stderr]   mklove/modules/configure.base: line 609: config.log: Read-only file system
[INFO] [stderr]   mklove/modules/configure.base: line 609: config.log: Read-only file system
[INFO] [stderr]   mklove/modules/configure.base: line 609: config.log: Read-only file system
[INFO] [stderr]   mklove/modules/configure.base: line 609: config.log: Read-only file system
[INFO] [stderr]   mktemp: failed to create file via template '_mkltmpXXXXXX': Read-only file system
[INFO] [stderr]   mv: cannot stat '': No such file or directory
[INFO] [stderr]   mklove/modules/configure.base: line 951: .c: Read-only file system
[INFO] [stderr]   mklove/modules/configure.base: line 954: .c: Read-only file system
[INFO] [stderr]   mklove/modules/configure.base: line 609: config.log: Read-only file system
[INFO] [stderr]   mklove/modules/configure.base: line 609: config.log: Read-only file system
[INFO] [stderr]   mklove/modules/configure.base: line 609: config.log: Read-only file system
[INFO] [stderr]   mktemp: failed to create file via template '_mkltmpXXXXXX': Read-only file system
[INFO] [stderr]   mv: cannot stat '': No such file or directory
[INFO] [stderr]   mklove/modules/configure.base: line 951: .c: Read-only file system
[INFO] [stderr]   mklove/modules/configure.base: line 954: .c: Read-only file system
[INFO] [stderr]   mklove/modules/configure.base: line 609: config.log: Read-only file system
[INFO] [stderr]   mklove/modules/configure.base: line 609: config.log: Read-only file system
[INFO] [stderr]   mklove/modules/configure.base: line 609: config.log: Read-only file system
[INFO] [stderr]   mklove/modules/configure.base: line 609: config.log: Read-only file system
[INFO] [stderr]   mklove/modules/configure.base: line 609: config.log: Read-only file system
[INFO] [stderr]   mklove/modules/configure.base: line 609: config.log: Read-only file system
[INFO] [stderr]   mktemp: failed to create file via template '_mkltmpXXXXXX': Read-only file system
[INFO] [stderr]   mv: cannot stat '': No such file or directory
[INFO] [stderr]   mklove/modules/configure.base: line 951: .c: Read-only file system
[INFO] [stderr]   mklove/modules/configure.base: line 954: .c: Read-only file system
[INFO] [stderr]   mklove/modules/configure.base: line 609: config.log: Read-only file system
[INFO] [stderr]   mklove/modules/configure.base: line 609: config.log: Read-only file system
[INFO] [stderr]   mklove/modules/configure.base: line 609: config.log: Read-only file system
[INFO] [stderr]   mktemp: failed to create file via template '_mkltmpXXXXXX': Read-only file system
[INFO] [stderr]   mv: cannot stat '': No such file or directory
[INFO] [stderr]   mklove/modules/configure.base: line 951: .c: Read-only file system
[INFO] [stderr]   mklove/modules/configure.base: line 954: .c: Read-only file system
[INFO] [stderr]   mklove/modules/configure.base: line 609: config.log: Read-only file system
[INFO] [stderr]   mklove/modules/configure.base: line 609: config.log: Read-only file system
[INFO] [stderr]   mklove/modules/configure.base: line 609: config.log: Read-only file system
[INFO] [stderr]   mktemp: failed to create file via template '_mkltmpXXXXXX': Read-only file system
[INFO] [stderr]   mv: cannot stat '': No such file or directory
[INFO] [stderr]   mklove/modules/configure.base: line 951: .c: Read-only file system
[INFO] [stderr]   mklove/modules/configure.base: line 954: .c: Read-only file system
[INFO] [stderr]   mklove/modules/configure.base: line 609: config.log: Read-only file system
[INFO] [stderr]   mklove/modules/configure.base: line 609: config.log: Read-only file system
[INFO] [stderr]   mklove/modules/configure.base: line 609: config.log: Read-only file system
[INFO] [stderr]   mklove/modules/configure.base: line 609: config.log: Read-only file system
[INFO] [stderr]   mklove/modules/configure.base: line 609: config.log: Read-only file system
[INFO] [stderr]   mklove/modules/configure.base: line 609: config.log: Read-only file system
[INFO] [stderr]   mktemp: failed to create file via template '_mkltmpXXXXXX': Read-only file system
[INFO] [stderr]   mv: cannot stat '': No such file or directory
[INFO] [stderr]   mklove/modules/configure.base: line 951: .c: Read-only file system
[INFO] [stderr]   mklove/modules/configure.base: line 954: .c: Read-only file system
[INFO] [stderr]   mklove/modules/configure.base: line 609: config.log: Read-only file system
[INFO] [stderr]   mklove/modules/configure.base: line 609: config.log: Read-only file system
[INFO] [stderr]   mklove/modules/configure.base: line 609: config.log: Read-only file system
[INFO] [stderr]   mktemp: failed to create file via template '_mkltmpXXXXXX': Read-only file system
[INFO] [stderr]   mv: cannot stat '': No such file or directory
[INFO] [stderr]   mklove/modules/configure.base: line 951: .c: Read-only file system
[INFO] [stderr]   mklove/modules/configure.base: line 954: .c: Read-only file system
[INFO] [stderr]   mklove/modules/configure.base: line 609: config.log: Read-only file system
[INFO] [stderr]   mklove/modules/configure.base: line 609: config.log: Read-only file system
[INFO] [stderr]   mklove/modules/configure.base: line 609: config.log: Read-only file system
[INFO] [stderr]   ###########################################################
[INFO] [stderr]   mklove/modules/configure.base: line 618: config.log: Read-only file system
[INFO] [stderr]   ###                  Configure failed                   ###
[INFO] [stderr]   mklove/modules/configure.base: line 618: config.log: Read-only file system
[INFO] [stderr]   ###########################################################
[INFO] [stderr]   mklove/modules/configure.base: line 618: config.log: Read-only file system
[INFO] [stderr]   ### Accumulated failures:                               ###
[INFO] [stderr]   mklove/modules/configure.base: line 618: config.log: Read-only file system
[INFO] [stderr]   ###########################################################
[INFO] [stderr]   mklove/modules/configure.base: line 618: config.log: Read-only file system
[INFO] [stderr]    socket_nsl () 
[INFO] [stderr]   mklove/modules/configure.base: line 618: config.log: Read-only file system
[INFO] [stderr]       module: socket
[INFO] [stderr]   mklove/modules/configure.base: line 626: config.log: Read-only file system
[INFO] [stderr]       action: fail
[INFO] [stderr]   mklove/modules/configure.base: line 626: config.log: Read-only file system
[INFO] [stderr]       reason:
[INFO] [stderr]   compile check failed:
[INFO] [stderr]   CC: CC
[INFO] [stderr]   flags: 
[INFO] [stderr]   gcc  -g -O2 -Wall -Wsign-compare -Wfloat-equal -Wpointer-arith -Wcast-align -Wall -Werror .c -o .c.o -lsocket -lnsl  :
[INFO] [stderr]   /usr/bin/ld: cannot open output file .c.o: Read-only file system
[INFO] [stderr]   collect2: error: ld returned 1 exit status
[INFO] [stderr]   source: 
[INFO] [stderr]   #include <sys/types.h>
[INFO] [stderr]   #include <sys/socket.h>
[INFO] [stderr]   #include <unistd.h>
[INFO] [stderr]   void foo (void) {
[INFO] [stderr]      int s = socket(0, 0, 0);
[INFO] [stderr]      close(s);
[INFO] [stderr]   }
[INFO] [stderr] 
[INFO] [stderr]   mklove/modules/configure.base: line 626: config.log: Read-only file system
[INFO] [stderr]    libpthread () 
[INFO] [stderr]   mklove/modules/configure.base: line 618: config.log: Read-only file system
[INFO] [stderr]       module: librdkafka
[INFO] [stderr]   mklove/modules/configure.base: line 626: config.log: Read-only file system
[INFO] [stderr]       action: fail
[INFO] [stderr]   mklove/modules/configure.base: line 626: config.log: Read-only file system
[INFO] [stderr]       reason:
[INFO] [stderr]   compile check failed:
[INFO] [stderr]   CC: CC
[INFO] [stderr]   flags: -lpthread
[INFO] [stderr]   gcc  -g -O2 -Wall -Wsign-compare -Wfloat-equal -Wpointer-arith -Wcast-align -Wall -Werror .c -o .c.o   -lpthread:
[INFO] [stderr]   /usr/bin/ld: cannot open output file .c.o: Read-only file system
[INFO] [stderr]   collect2: error: ld returned 1 exit status
[INFO] [stderr]   source: #include <pthread.h>
[INFO] [stderr] 
[INFO] [stderr]   mklove/modules/configure.base: line 626: config.log: Read-only file system
[INFO] [stderr]   thread 'main' panicked at /opt/rustwide/cargo-home/registry/src/index.crates.io-6f17d22bba15001f/rdkafka-sys-0.11.3-1/build.rs:23:35:
[INFO] [stderr]   Command failed with error code 1
[INFO] [stderr]   stack backtrace:
[INFO] [stderr]      0:     0x55a311672ca6 - std::backtrace_rs::backtrace::libunwind::trace::heebc7766b165eb2a
[INFO] [stderr]                                  at /rustc/268dbbbc4b3fd71c5f360a4d0728295252430b5b/library/std/src/../../backtrace/src/backtrace/libunwind.rs:104:5
[INFO] [stderr]      1:     0x55a311672ca6 - std::backtrace_rs::backtrace::trace_unsynchronized::ha677020d8fc0296d
[INFO] [stderr]                                  at /rustc/268dbbbc4b3fd71c5f360a4d0728295252430b5b/library/std/src/../../backtrace/src/backtrace/mod.rs:66:5
[INFO] [stderr]      2:     0x55a311672ca6 - std::sys_common::backtrace::_print_fmt::hcaff2fd86a1aeaa3
[INFO] [stderr]                                  at /rustc/268dbbbc4b3fd71c5f360a4d0728295252430b5b/library/std/src/sys_common/backtrace.rs:68:5
[INFO] [stderr]      3:     0x55a311672ca6 - <std::sys_common::backtrace::_print::DisplayBacktrace as core::fmt::Display>::fmt::hc2446d8aa0059188
[INFO] [stderr]                                  at /rustc/268dbbbc4b3fd71c5f360a4d0728295252430b5b/library/std/src/sys_common/backtrace.rs:44:22
[INFO] [stderr]      4:     0x55a3116959c0 - core::fmt::rt::Argument::fmt::h2fbb6454da37999b
[INFO] [stderr]                                  at /rustc/268dbbbc4b3fd71c5f360a4d0728295252430b5b/library/core/src/fmt/rt.rs:142:9
[INFO] [stderr]      5:     0x55a3116959c0 - core::fmt::write::had96bdeda7d49d3a
[INFO] [stderr]                                  at /rustc/268dbbbc4b3fd71c5f360a4d0728295252430b5b/library/core/src/fmt/mod.rs:1120:17
[INFO] [stderr]      6:     0x55a31167042f - std::io::Write::write_fmt::h30b1f36eea05b391
[INFO] [stderr]                                  at /rustc/268dbbbc4b3fd71c5f360a4d0728295252430b5b/library/std/src/io/mod.rs:1849:15
[INFO] [stderr]      7:     0x55a311672a84 - std::sys_common::backtrace::_print::hc333bb91ae972137
[INFO] [stderr]                                  at /rustc/268dbbbc4b3fd71c5f360a4d0728295252430b5b/library/std/src/sys_common/backtrace.rs:47:5
[INFO] [stderr]      8:     0x55a311672a84 - std::sys_common::backtrace::print::h18fd3c71a95a3169
[INFO] [stderr]                                  at /rustc/268dbbbc4b3fd71c5f360a4d0728295252430b5b/library/std/src/sys_common/backtrace.rs:34:9
[INFO] [stderr]      9:     0x55a311674177 - std::panicking::default_hook::{{closure}}::ha3473f9bcb4e9a37
[INFO] [stderr]     10:     0x55a311673ed9 - std::panicking::default_hook::h23d9d43185db6584
[INFO] [stderr]                                  at /rustc/268dbbbc4b3fd71c5f360a4d0728295252430b5b/library/std/src/panicking.rs:292:9
[INFO] [stderr]     11:     0x55a311674608 - std::panicking::rust_panic_with_hook::h94aceaa7df3a6edd
[INFO] [stderr]                                  at /rustc/268dbbbc4b3fd71c5f360a4d0728295252430b5b/library/std/src/panicking.rs:781:13
[INFO] [stderr]     12:     0x55a3116744e2 - std::panicking::begin_panic_handler::{{closure}}::h9905d45d1d82fc42
[INFO] [stderr]                                  at /rustc/268dbbbc4b3fd71c5f360a4d0728295252430b5b/library/std/src/panicking.rs:659:13
[INFO] [stderr]     13:     0x55a3116731a6 - std::sys_common::backtrace::__rust_end_short_backtrace::hb02085545dc143b9
[INFO] [stderr]                                  at /rustc/268dbbbc4b3fd71c5f360a4d0728295252430b5b/library/std/src/sys_common/backtrace.rs:171:18
[INFO] [stderr]     14:     0x55a311674234 - rust_begin_unwind
[INFO] [stderr]                                  at /rustc/268dbbbc4b3fd71c5f360a4d0728295252430b5b/library/std/src/panicking.rs:647:5
[INFO] [stderr]     15:     0x55a311628245 - core::panicking::panic_fmt::h6dca3983f8a9f4d0
[INFO] [stderr]                                  at /rustc/268dbbbc4b3fd71c5f360a4d0728295252430b5b/library/core/src/panicking.rs:72:14
[INFO] [stderr]     16:     0x55a31162a208 - build_script_build::run_command_or_fail::h51f0b22da5cc6124
[INFO] [stderr]     17:     0x55a31162af6f - build_script_build::build_librdkafka::haff46c15bf76281e
[INFO] [stderr]     18:     0x55a31162a5cc - build_script_build::main::hcc6d924a3cce0534
[INFO] [stderr]     19:     0x55a311629423 - core::ops::function::FnOnce::call_once::hae53e94437f62cdf
[INFO] [stderr]     20:     0x55a311628b36 - std::sys_common::backtrace::__rust_begin_short_backtrace::h4b56caf5e4b2e131
[INFO] [stderr]     21:     0x55a311628ba9 - std::rt::lang_start::{{closure}}::h33180fbc23e9fbaa
[INFO] [stderr]     22:     0x55a31166cbd1 - core::ops::function::impls::<impl core::ops::function::FnOnce<A> for &F>::call_once::h298d8ff12ebcec8c
[INFO] [stderr]                                  at /rustc/268dbbbc4b3fd71c5f360a4d0728295252430b5b/library/core/src/ops/function.rs:284:13
[INFO] [stderr]     23:     0x55a31166cbd1 - std::panicking::try::do_call::hbd0ffb05da5bd343
[INFO] [stderr]                                  at /rustc/268dbbbc4b3fd71c5f360a4d0728295252430b5b/library/std/src/panicking.rs:554:40
[INFO] [stderr]     24:     0x55a31166cbd1 - std::panicking::try::h11c9a152defd5d2a
[INFO] [stderr]                                  at /rustc/268dbbbc4b3fd71c5f360a4d0728295252430b5b/library/std/src/panicking.rs:518:19
[INFO] [stderr]     25:     0x55a31166cbd1 - std::panic::catch_unwind::h0d6db2fa902b4d64
[INFO] [stderr]                                  at /rustc/268dbbbc4b3fd71c5f360a4d0728295252430b5b/library/std/src/panic.rs:142:14
[INFO] [stderr]     26:     0x55a31166cbd1 - std::rt::lang_start_internal::{{closure}}::hdcc09b4aad7ef821
[INFO] [stderr]                                  at /rustc/268dbbbc4b3fd71c5f360a4d0728295252430b5b/library/std/src/rt.rs:148:48
[INFO] [stderr]     27:     0x55a31166cbd1 - std::panicking::try::do_call::h3ffd2f162d60900f
[INFO] [stderr]                                  at /rustc/268dbbbc4b3fd71c5f360a4d0728295252430b5b/library/std/src/panicking.rs:554:40
[INFO] [stderr]     28:     0x55a31166cbd1 - std::panicking::try::heeba82b9c3e190fb
[INFO] [stderr]                                  at /rustc/268dbbbc4b3fd71c5f360a4d0728295252430b5b/library/std/src/panicking.rs:518:19
[INFO] [stderr]     29:     0x55a31166cbd1 - std::panic::catch_unwind::hdaab8f1c188f387f
[INFO] [stderr]                                  at /rustc/268dbbbc4b3fd71c5f360a4d0728295252430b5b/library/std/src/panic.rs:142:14
[INFO] [stderr]     30:     0x55a31166cbd1 - std::rt::lang_start_internal::h9989e088c48b7903
[INFO] [stderr]                                  at /rustc/268dbbbc4b3fd71c5f360a4d0728295252430b5b/library/std/src/rt.rs:148:20
[INFO] [stderr]     31:     0x55a311628b87 - std::rt::lang_start::h20caaebed66452f3
[INFO] [stderr]     32:     0x55a31162b275 - main
[INFO] [stderr]     33:     0x7f2f81973d90 - <unknown>
[INFO] [stderr]     34:     0x7f2f81973e40 - __libc_start_main
[INFO] [stderr]     35:     0x55a311628a65 - _start
[INFO] [stderr]     36:                0x0 - <unknown>
[INFO] [stderr] warning: build failed, waiting for other jobs to finish...
[INFO] running `Command { std: "docker" "inspect" "1d47ffeff0a3501ac0bc07cab83303c508fcf9a3f38e373b788b45af92ba0dd4", kill_on_drop: false }`
[INFO] running `Command { std: "docker" "rm" "-f" "1d47ffeff0a3501ac0bc07cab83303c508fcf9a3f38e373b788b45af92ba0dd4", kill_on_drop: false }`
[INFO] [stdout] 1d47ffeff0a3501ac0bc07cab83303c508fcf9a3f38e373b788b45af92ba0dd4
