[INFO] fetching crate k-bucket 0.1.0...
[INFO] checking k-bucket-0.1.0 against nightly-2024-02-05 for check-cfg
[INFO] extracting crate k-bucket 0.1.0 into /workspace/builds/worker-7-tc1/source
[INFO] validating manifest of crates.io crate k-bucket 0.1.0 on toolchain nightly-2024-02-05
[INFO] running `Command { std: CARGO_HOME="/workspace/cargo-home" RUSTUP_HOME="/workspace/rustup-home" "/workspace/cargo-home/bin/cargo" "+nightly-2024-02-05" "metadata" "--manifest-path" "Cargo.toml" "--no-deps", kill_on_drop: false }`
[INFO] started tweaking crates.io crate k-bucket 0.1.0
[INFO] finished tweaking crates.io crate k-bucket 0.1.0
[INFO] tweaked toml for crates.io crate k-bucket 0.1.0 written to /workspace/builds/worker-7-tc1/source/Cargo.toml
[INFO] running `Command { std: CARGO_HOME="/workspace/cargo-home" RUSTUP_HOME="/workspace/rustup-home" "/workspace/cargo-home/bin/cargo" "+nightly-2024-02-05" "generate-lockfile" "--manifest-path" "Cargo.toml", kill_on_drop: false }`
[INFO] [stderr]     Updating crates.io index
[INFO] running `Command { std: CARGO_HOME="/workspace/cargo-home" RUSTUP_HOME="/workspace/rustup-home" "/workspace/cargo-home/bin/cargo" "+nightly-2024-02-05" "fetch" "--manifest-path" "Cargo.toml", kill_on_drop: false }`
[INFO] running `Command { std: "docker" "create" "-v" "/var/lib/crater-agent-workspace/builds/worker-7-tc1/target:/opt/rustwide/target:rw,Z" "-v" "/var/lib/crater-agent-workspace/builds/worker-7-tc1/source:/opt/rustwide/workdir:ro,Z" "-v" "/var/lib/crater-agent-workspace/cargo-home:/opt/rustwide/cargo-home:ro,Z" "-v" "/var/lib/crater-agent-workspace/rustup-home:/opt/rustwide/rustup-home:ro,Z" "-e" "SOURCE_DIR=/opt/rustwide/workdir" "-e" "CARGO_TARGET_DIR=/opt/rustwide/target" "-e" "CARGO_HOME=/opt/rustwide/cargo-home" "-e" "RUSTUP_HOME=/opt/rustwide/rustup-home" "-w" "/opt/rustwide/workdir" "-m" "1610612736" "--user" "0:0" "--network" "none" "ghcr.io/rust-lang/crates-build-env/linux@sha256:2788e3201cd34a07e3172128adcd8b3090168a8e3bcc40d7c032b9dda1df7d1c" "/opt/rustwide/cargo-home/bin/cargo" "+nightly-2024-02-05" "metadata" "--no-deps" "--format-version=1", kill_on_drop: false }`
[INFO] [stdout] a1f335f3d24a7e9303ce519ab5dd0ac044fb974070109d1ba3c23f1d538cf42e
[INFO] running `Command { std: "docker" "start" "-a" "a1f335f3d24a7e9303ce519ab5dd0ac044fb974070109d1ba3c23f1d538cf42e", kill_on_drop: false }`
[INFO] running `Command { std: "docker" "inspect" "a1f335f3d24a7e9303ce519ab5dd0ac044fb974070109d1ba3c23f1d538cf42e", kill_on_drop: false }`
[INFO] running `Command { std: "docker" "rm" "-f" "a1f335f3d24a7e9303ce519ab5dd0ac044fb974070109d1ba3c23f1d538cf42e", kill_on_drop: false }`
[INFO] [stdout] a1f335f3d24a7e9303ce519ab5dd0ac044fb974070109d1ba3c23f1d538cf42e
[INFO] running `Command { std: "docker" "create" "-v" "/var/lib/crater-agent-workspace/builds/worker-7-tc1/target:/opt/rustwide/target:rw,Z" "-v" "/var/lib/crater-agent-workspace/builds/worker-7-tc1/source:/opt/rustwide/workdir:ro,Z" "-v" "/var/lib/crater-agent-workspace/cargo-home:/opt/rustwide/cargo-home:ro,Z" "-v" "/var/lib/crater-agent-workspace/rustup-home:/opt/rustwide/rustup-home:ro,Z" "-e" "SOURCE_DIR=/opt/rustwide/workdir" "-e" "CARGO_TARGET_DIR=/opt/rustwide/target" "-e" "CARGO_INCREMENTAL=0" "-e" "RUST_BACKTRACE=full" "-e" "RUSTFLAGS=--cap-lints=forbid" "-e" "RUSTDOCFLAGS=--cap-lints=forbid" "-e" "CARGO_HOME=/opt/rustwide/cargo-home" "-e" "RUSTUP_HOME=/opt/rustwide/rustup-home" "-w" "/opt/rustwide/workdir" "-m" "1610612736" "--user" "0:0" "--network" "none" "ghcr.io/rust-lang/crates-build-env/linux@sha256:2788e3201cd34a07e3172128adcd8b3090168a8e3bcc40d7c032b9dda1df7d1c" "/opt/rustwide/cargo-home/bin/cargo" "+nightly-2024-02-05" "check" "--frozen" "--all" "--all-targets" "--message-format=json", kill_on_drop: false }`
[INFO] [stdout] beda56ad2247fc335faec0e66af2866cb0d02299d97c7b6b513df4c0c2cd0734
[INFO] running `Command { std: "docker" "start" "-a" "beda56ad2247fc335faec0e66af2866cb0d02299d97c7b6b513df4c0c2cd0734", kill_on_drop: false }`
[INFO] [stderr] warning: k-bucket v0.1.0 (/opt/rustwide/workdir) ignoring invalid dependency `clippy` which is missing a lib target
[INFO] [stderr]     Checking k-bucket v0.1.0 (/opt/rustwide/workdir)
[INFO] [stdout] error[E0557]: feature has been removed
[INFO] [stdout]  --> src/lib.rs:5:27
[INFO] [stdout]   |
[INFO] [stdout] 5 | #![cfg_attr(test, feature(plugin))]
[INFO] [stdout]   |                           ^^^^^^ feature has been removed
[INFO] [stdout]   |
[INFO] [stdout]   = note: plugins are no longer supported
[INFO] [stdout] 
[INFO] [stdout] 
[INFO] [stdout] error: cannot find attribute `plugin` in this scope
[INFO] [stdout]  --> src/lib.rs:6:19
[INFO] [stdout]   |
[INFO] [stdout] 6 | #![cfg_attr(test, plugin(clippy))]
[INFO] [stdout]   |                   ^^^^^^
[INFO] [stdout] 
[INFO] [stdout] 
[INFO] [stdout] error: aborting due to 2 previous errors
[INFO] [stdout] 
[INFO] [stdout] 
[INFO] [stdout] For more information about this error, try `rustc --explain E0557`.
[INFO] [stdout] 
[INFO] [stderr] error: could not compile `k-bucket` (lib test) due to 3 previous errors
[INFO] [stderr] warning: build failed, waiting for other jobs to finish...
[INFO] [stdout] error[E0432]: unresolved import `k_bucket::Contact`
[INFO] [stdout]  --> tests/add.rs:3:16
[INFO] [stdout]   |
[INFO] [stdout] 3 | use k_bucket::{Contact, KBucket};
[INFO] [stdout]   |                ^^^^^^^ no `Contact` in the root
[INFO] [stdout] 
[INFO] [stdout] 
[INFO] [stdout] warning: unused import: `KBucket`
[INFO] [stdout]  --> tests/add.rs:3:25
[INFO] [stdout]   |
[INFO] [stdout] 3 | use k_bucket::{Contact, KBucket};
[INFO] [stdout]   |                         ^^^^^^^
[INFO] [stdout]   |
[INFO] [stdout]   = note: `#[warn(unused_imports)]` on by default
[INFO] [stdout] 
[INFO] [stdout] 
[INFO] [stdout] error: aborting due to 1 previous error; 1 warning emitted
[INFO] [stdout] 
[INFO] [stdout] 
[INFO] [stdout] For more information about this error, try `rustc --explain E0432`.
[INFO] [stdout] 
[INFO] [stderr] error: could not compile `k-bucket` (test "add") due to 2 previous errors; 1 warning emitted
[INFO] running `Command { std: "docker" "inspect" "beda56ad2247fc335faec0e66af2866cb0d02299d97c7b6b513df4c0c2cd0734", kill_on_drop: false }`
[INFO] running `Command { std: "docker" "rm" "-f" "beda56ad2247fc335faec0e66af2866cb0d02299d97c7b6b513df4c0c2cd0734", kill_on_drop: false }`
[INFO] [stdout] beda56ad2247fc335faec0e66af2866cb0d02299d97c7b6b513df4c0c2cd0734
[INFO] checking k-bucket-0.1.0 against nightly-2024-02-05+rustflags=-Dunexpected_cfgs+cargoflags=-Zcheck-cfg for check-cfg
[INFO] extracting crate k-bucket 0.1.0 into /workspace/builds/worker-7-tc2/source
[INFO] validating manifest of crates.io crate k-bucket 0.1.0 on toolchain nightly-2024-02-05
[INFO] running `Command { std: CARGO_HOME="/workspace/cargo-home" RUSTUP_HOME="/workspace/rustup-home" "/workspace/cargo-home/bin/cargo" "+nightly-2024-02-05" "metadata" "--manifest-path" "Cargo.toml" "--no-deps", kill_on_drop: false }`
[INFO] started tweaking crates.io crate k-bucket 0.1.0
[INFO] finished tweaking crates.io crate k-bucket 0.1.0
[INFO] tweaked toml for crates.io crate k-bucket 0.1.0 written to /workspace/builds/worker-7-tc2/source/Cargo.toml
[INFO] running `Command { std: CARGO_HOME="/workspace/cargo-home" RUSTUP_HOME="/workspace/rustup-home" "/workspace/cargo-home/bin/cargo" "+nightly-2024-02-05" "generate-lockfile" "--manifest-path" "Cargo.toml", kill_on_drop: false }`
[INFO] [stderr]     Updating crates.io index
[INFO] running `Command { std: CARGO_HOME="/workspace/cargo-home" RUSTUP_HOME="/workspace/rustup-home" "/workspace/cargo-home/bin/cargo" "+nightly-2024-02-05" "fetch" "--manifest-path" "Cargo.toml", kill_on_drop: false }`
[INFO] running `Command { std: "docker" "create" "-v" "/var/lib/crater-agent-workspace/builds/worker-7-tc2/target:/opt/rustwide/target:rw,Z" "-v" "/var/lib/crater-agent-workspace/builds/worker-7-tc2/source:/opt/rustwide/workdir:ro,Z" "-v" "/var/lib/crater-agent-workspace/cargo-home:/opt/rustwide/cargo-home:ro,Z" "-v" "/var/lib/crater-agent-workspace/rustup-home:/opt/rustwide/rustup-home:ro,Z" "-e" "SOURCE_DIR=/opt/rustwide/workdir" "-e" "CARGO_TARGET_DIR=/opt/rustwide/target" "-e" "CARGO_HOME=/opt/rustwide/cargo-home" "-e" "RUSTUP_HOME=/opt/rustwide/rustup-home" "-w" "/opt/rustwide/workdir" "-m" "1610612736" "--user" "0:0" "--network" "none" "ghcr.io/rust-lang/crates-build-env/linux@sha256:2788e3201cd34a07e3172128adcd8b3090168a8e3bcc40d7c032b9dda1df7d1c" "/opt/rustwide/cargo-home/bin/cargo" "+nightly-2024-02-05" "metadata" "--no-deps" "--format-version=1", kill_on_drop: false }`
[INFO] [stdout] 2621df1da3a89b6ba038e69c71585632907f81f545b2b6b604870e4dab69a4ce
[INFO] running `Command { std: "docker" "start" "-a" "2621df1da3a89b6ba038e69c71585632907f81f545b2b6b604870e4dab69a4ce", kill_on_drop: false }`
[INFO] running `Command { std: "docker" "inspect" "2621df1da3a89b6ba038e69c71585632907f81f545b2b6b604870e4dab69a4ce", kill_on_drop: false }`
[INFO] running `Command { std: "docker" "rm" "-f" "2621df1da3a89b6ba038e69c71585632907f81f545b2b6b604870e4dab69a4ce", kill_on_drop: false }`
[INFO] [stdout] 2621df1da3a89b6ba038e69c71585632907f81f545b2b6b604870e4dab69a4ce
[INFO] running `Command { std: "docker" "create" "-v" "/var/lib/crater-agent-workspace/builds/worker-7-tc2/target:/opt/rustwide/target:rw,Z" "-v" "/var/lib/crater-agent-workspace/builds/worker-7-tc2/source:/opt/rustwide/workdir:ro,Z" "-v" "/var/lib/crater-agent-workspace/cargo-home:/opt/rustwide/cargo-home:ro,Z" "-v" "/var/lib/crater-agent-workspace/rustup-home:/opt/rustwide/rustup-home:ro,Z" "-e" "SOURCE_DIR=/opt/rustwide/workdir" "-e" "CARGO_TARGET_DIR=/opt/rustwide/target" "-e" "CARGO_INCREMENTAL=0" "-e" "RUST_BACKTRACE=full" "-e" "RUSTFLAGS=--cap-lints=forbid -Dunexpected_cfgs" "-e" "RUSTDOCFLAGS=--cap-lints=forbid" "-e" "CARGO_HOME=/opt/rustwide/cargo-home" "-e" "RUSTUP_HOME=/opt/rustwide/rustup-home" "-w" "/opt/rustwide/workdir" "-m" "1610612736" "--user" "0:0" "--network" "none" "ghcr.io/rust-lang/crates-build-env/linux@sha256:2788e3201cd34a07e3172128adcd8b3090168a8e3bcc40d7c032b9dda1df7d1c" "/opt/rustwide/cargo-home/bin/cargo" "+nightly-2024-02-05" "check" "--frozen" "--all" "--all-targets" "--message-format=json" "-Zcheck-cfg", kill_on_drop: false }`
[INFO] [stdout] 843efd119c1ec8db38f11438824318bffbd6b6c92013b15d0f4262b882a508cd
[INFO] running `Command { std: "docker" "start" "-a" "843efd119c1ec8db38f11438824318bffbd6b6c92013b15d0f4262b882a508cd", kill_on_drop: false }`
[INFO] [stderr] warning: k-bucket v0.1.0 (/opt/rustwide/workdir) ignoring invalid dependency `clippy` which is missing a lib target
[INFO] [stderr]     Checking k-bucket v0.1.0 (/opt/rustwide/workdir)
[INFO] [stdout] error[E0557]: feature has been removed
[INFO] [stdout]  --> src/lib.rs:5:27
[INFO] [stdout]   |
[INFO] [stdout] 5 | #![cfg_attr(test, feature(plugin))]
[INFO] [stdout]   |                           ^^^^^^ feature has been removed
[INFO] [stdout]   |
[INFO] [stdout]   = note: plugins are no longer supported
[INFO] [stdout] 
[INFO] [stdout] 
[INFO] [stdout] error: unexpected `cfg` condition value: `nightly`
[INFO] [stdout]  --> src/lib.rs:1:13
[INFO] [stdout]   |
[INFO] [stdout] 1 | #![cfg_attr(feature = "nightly", deny(missing_docs))]
[INFO] [stdout]   |             ^^^^^^^^^^^^^^^^^^^ help: remove the condition
[INFO] [stdout]   |
[INFO] [stdout]   = note: no expected values for `feature`
[INFO] [stdout]   = help: consider adding `nightly` as a feature in `Cargo.toml`
[INFO] [stdout]   = note: see <https://doc.rust-lang.org/nightly/cargo/reference/unstable.html#check-cfg> for more information about checking conditional configuration
[INFO] [stdout]   = note: requested on the command line with `-D unexpected-cfgs`
[INFO] [stdout] 
[INFO] [stdout] 
[INFO] [stdout] error: unexpected `cfg` condition value: `nightly`
[INFO] [stdout]  --> src/lib.rs:2:13
[INFO] [stdout]   |
[INFO] [stdout] 2 | #![cfg_attr(feature = "nightly", feature(external_doc))]
[INFO] [stdout]   |             ^^^^^^^^^^^^^^^^^^^ help: remove the condition
[INFO] [stdout]   |
[INFO] [stdout]   = note: no expected values for `feature`
[INFO] [stdout]   = help: consider adding `nightly` as a feature in `Cargo.toml`
[INFO] [stdout]   = note: see <https://doc.rust-lang.org/nightly/cargo/reference/unstable.html#check-cfg> for more information about checking conditional configuration
[INFO] [stdout] 
[INFO] [stdout] 
[INFO] [stdout] error: unexpected `cfg` condition value: `nightly`
[INFO] [stdout]  --> src/lib.rs:3:13
[INFO] [stdout]   |
[INFO] [stdout] 3 | #![cfg_attr(feature = "nightly", doc(include = "../README.md"))]
[INFO] [stdout]   |             ^^^^^^^^^^^^^^^^^^^ help: remove the condition
[INFO] [stdout]   |
[INFO] [stdout]   = note: no expected values for `feature`
[INFO] [stdout]   = help: consider adding `nightly` as a feature in `Cargo.toml`
[INFO] [stdout]   = note: see <https://doc.rust-lang.org/nightly/cargo/reference/unstable.html#check-cfg> for more information about checking conditional configuration
[INFO] [stdout] 
[INFO] [stdout] 
[INFO] [stdout] error: aborting due to 3 previous errors
[INFO] [stdout] 
[INFO] [stdout] 
[INFO] [stderr] error: could not compile `k-bucket` (lib) due to 4 previous errors
[INFO] [stderr] warning: build failed, waiting for other jobs to finish...
[INFO] [stdout] error: cannot find attribute `plugin` in this scope
[INFO] [stdout]  --> src/lib.rs:6:19
[INFO] [stdout]   |
[INFO] [stdout] 6 | #![cfg_attr(test, plugin(clippy))]
[INFO] [stdout]   |                   ^^^^^^
[INFO] [stdout] 
[INFO] [stdout] 
[INFO] [stdout] error: unexpected `cfg` condition value: `nightly`
[INFO] [stdout]  --> src/lib.rs:1:13
[INFO] [stdout]   |
[INFO] [stdout] 1 | #![cfg_attr(feature = "nightly", deny(missing_docs))]
[INFO] [stdout]   |             ^^^^^^^^^^^^^^^^^^^ help: remove the condition
[INFO] [stdout]   |
[INFO] [stdout]   = note: no expected values for `feature`
[INFO] [stdout]   = help: consider adding `nightly` as a feature in `Cargo.toml`
[INFO] [stdout]   = note: see <https://doc.rust-lang.org/nightly/cargo/reference/unstable.html#check-cfg> for more information about checking conditional configuration
[INFO] [stdout]   = note: requested on the command line with `-D unexpected-cfgs`
[INFO] [stdout] 
[INFO] [stdout] 
[INFO] [stdout] error: unexpected `cfg` condition value: `nightly`
[INFO] [stdout]  --> src/lib.rs:2:13
[INFO] [stdout]   |
[INFO] [stdout] 2 | #![cfg_attr(feature = "nightly", feature(external_doc))]
[INFO] [stdout]   |             ^^^^^^^^^^^^^^^^^^^ help: remove the condition
[INFO] [stdout]   |
[INFO] [stdout]   = note: no expected values for `feature`
[INFO] [stdout]   = help: consider adding `nightly` as a feature in `Cargo.toml`
[INFO] [stdout]   = note: see <https://doc.rust-lang.org/nightly/cargo/reference/unstable.html#check-cfg> for more information about checking conditional configuration
[INFO] [stdout] 
[INFO] [stdout] 
[INFO] [stdout] error: unexpected `cfg` condition value: `nightly`
[INFO] [stdout]  --> src/lib.rs:3:13
[INFO] [stdout]   |
[INFO] [stdout] 3 | #![cfg_attr(feature = "nightly", doc(include = "../README.md"))]
[INFO] [stdout]   |             ^^^^^^^^^^^^^^^^^^^ help: remove the condition
[INFO] [stdout]   |
[INFO] [stdout]   = note: no expected values for `feature`
[INFO] [stdout]   = help: consider adding `nightly` as a feature in `Cargo.toml`
[INFO] [stdout]   = note: see <https://doc.rust-lang.org/nightly/cargo/reference/unstable.html#check-cfg> for more information about checking conditional configuration
[INFO] [stdout] 
[INFO] [stdout] 
[INFO] [stdout] error: aborting due to 5 previous errors
[INFO] [stdout] 
[INFO] [stdout] 
[INFO] [stdout] For more information about this error, try `rustc --explain E0557`.
[INFO] [stdout] 
[INFO] [stderr] error: could not compile `k-bucket` (lib test) due to 6 previous errors
[INFO] running `Command { std: "docker" "inspect" "843efd119c1ec8db38f11438824318bffbd6b6c92013b15d0f4262b882a508cd", kill_on_drop: false }`
[INFO] running `Command { std: "docker" "rm" "-f" "843efd119c1ec8db38f11438824318bffbd6b6c92013b15d0f4262b882a508cd", kill_on_drop: false }`
[INFO] [stdout] 843efd119c1ec8db38f11438824318bffbd6b6c92013b15d0f4262b882a508cd
