[INFO] fetching crate junomint-prices 1.0.16...
[INFO] checking junomint-prices-1.0.16 against nightly-2024-02-05 for check-cfg
[INFO] extracting crate junomint-prices 1.0.16 into /workspace/builds/worker-0-tc1/source
[INFO] validating manifest of crates.io crate junomint-prices 1.0.16 on toolchain nightly-2024-02-05
[INFO] running `Command { std: CARGO_HOME="/workspace/cargo-home" RUSTUP_HOME="/workspace/rustup-home" "/workspace/cargo-home/bin/cargo" "+nightly-2024-02-05" "metadata" "--manifest-path" "Cargo.toml" "--no-deps", kill_on_drop: false }`
[INFO] removed /workspace/builds/worker-0-tc1/source/.cargo/config
[INFO] started tweaking crates.io crate junomint-prices 1.0.16
[INFO] finished tweaking crates.io crate junomint-prices 1.0.16
[INFO] tweaked toml for crates.io crate junomint-prices 1.0.16 written to /workspace/builds/worker-0-tc1/source/Cargo.toml
[INFO] crate crates.io crate junomint-prices 1.0.16 already has a lockfile, it will not be regenerated
[INFO] running `Command { std: CARGO_HOME="/workspace/cargo-home" RUSTUP_HOME="/workspace/rustup-home" "/workspace/cargo-home/bin/cargo" "+nightly-2024-02-05" "fetch" "--manifest-path" "Cargo.toml", kill_on_drop: false }`
[INFO] [stderr]     Updating crates.io index
[INFO] [stderr]  Downloading crates ...
[INFO] [stderr]   Downloaded cw20 v0.10.3
[INFO] [stderr]   Downloaded cw-storage-plus v0.10.3
[INFO] [stderr]   Downloaded cw2 v0.11.1
[INFO] [stderr]   Downloaded cosmwasm-derive v1.0.0-beta5
[INFO] [stderr]   Downloaded cw2 v0.10.3
[INFO] [stderr]   Downloaded cw-storage-plus v0.12.1
[INFO] [stderr]   Downloaded cw2 v0.12.1
[INFO] [stderr]   Downloaded integer-cbrt v0.1.2
[INFO] [stderr]   Downloaded cosmwasm-crypto v1.0.0-beta5
[INFO] [stderr]   Downloaded cw0 v0.10.3
[INFO] [stderr]   Downloaded cw-storage-plus v0.11.1
[INFO] [stderr]   Downloaded cw20-base v0.10.3
[INFO] [stderr]   Downloaded cosmwasm-std v1.0.0-beta5
[INFO] [stderr]   Downloaded wasmswap v1.0.0-beta
[INFO] [stderr]   Downloaded rust_decimal v1.22.0
[INFO] [stderr]   Downloaded cosmwasm-schema v1.0.0-beta5
[INFO] [stderr]   Downloaded cosmwasm-storage v1.0.0-beta5
[INFO] running `Command { std: "docker" "create" "-v" "/var/lib/crater-agent-workspace/builds/worker-0-tc1/target:/opt/rustwide/target:rw,Z" "-v" "/var/lib/crater-agent-workspace/builds/worker-0-tc1/source:/opt/rustwide/workdir:ro,Z" "-v" "/var/lib/crater-agent-workspace/cargo-home:/opt/rustwide/cargo-home:ro,Z" "-v" "/var/lib/crater-agent-workspace/rustup-home:/opt/rustwide/rustup-home:ro,Z" "-e" "SOURCE_DIR=/opt/rustwide/workdir" "-e" "CARGO_TARGET_DIR=/opt/rustwide/target" "-e" "CARGO_HOME=/opt/rustwide/cargo-home" "-e" "RUSTUP_HOME=/opt/rustwide/rustup-home" "-w" "/opt/rustwide/workdir" "-m" "1610612736" "--user" "0:0" "--network" "none" "ghcr.io/rust-lang/crates-build-env/linux@sha256:2788e3201cd34a07e3172128adcd8b3090168a8e3bcc40d7c032b9dda1df7d1c" "/opt/rustwide/cargo-home/bin/cargo" "+nightly-2024-02-05" "metadata" "--no-deps" "--format-version=1", kill_on_drop: false }`
[INFO] [stdout] 00e9c6857fc47f3289e40adf8d7a5a822a9f5bc525120e78808803ac65b82c7e
[INFO] running `Command { std: "docker" "start" "-a" "00e9c6857fc47f3289e40adf8d7a5a822a9f5bc525120e78808803ac65b82c7e", kill_on_drop: false }`
[INFO] running `Command { std: "docker" "inspect" "00e9c6857fc47f3289e40adf8d7a5a822a9f5bc525120e78808803ac65b82c7e", kill_on_drop: false }`
[INFO] running `Command { std: "docker" "rm" "-f" "00e9c6857fc47f3289e40adf8d7a5a822a9f5bc525120e78808803ac65b82c7e", kill_on_drop: false }`
[INFO] [stdout] 00e9c6857fc47f3289e40adf8d7a5a822a9f5bc525120e78808803ac65b82c7e
[INFO] running `Command { std: "docker" "create" "-v" "/var/lib/crater-agent-workspace/builds/worker-0-tc1/target:/opt/rustwide/target:rw,Z" "-v" "/var/lib/crater-agent-workspace/builds/worker-0-tc1/source:/opt/rustwide/workdir:ro,Z" "-v" "/var/lib/crater-agent-workspace/cargo-home:/opt/rustwide/cargo-home:ro,Z" "-v" "/var/lib/crater-agent-workspace/rustup-home:/opt/rustwide/rustup-home:ro,Z" "-e" "SOURCE_DIR=/opt/rustwide/workdir" "-e" "CARGO_TARGET_DIR=/opt/rustwide/target" "-e" "CARGO_INCREMENTAL=0" "-e" "RUST_BACKTRACE=full" "-e" "RUSTFLAGS=--cap-lints=forbid" "-e" "RUSTDOCFLAGS=--cap-lints=forbid" "-e" "CARGO_HOME=/opt/rustwide/cargo-home" "-e" "RUSTUP_HOME=/opt/rustwide/rustup-home" "-w" "/opt/rustwide/workdir" "-m" "1610612736" "--user" "0:0" "--network" "none" "ghcr.io/rust-lang/crates-build-env/linux@sha256:2788e3201cd34a07e3172128adcd8b3090168a8e3bcc40d7c032b9dda1df7d1c" "/opt/rustwide/cargo-home/bin/cargo" "+nightly-2024-02-05" "check" "--frozen" "--all" "--all-targets" "--message-format=json", kill_on_drop: false }`
[INFO] [stdout] c31225bb4914611ecd23f5a7851063214e7eb6a8a320924f2f9145f9615ca64b
[INFO] running `Command { std: "docker" "start" "-a" "c31225bb4914611ecd23f5a7851063214e7eb6a8a320924f2f9145f9615ca64b", kill_on_drop: false }`
[INFO] [stderr]    Compiling proc-macro2 v1.0.36
[INFO] [stderr]    Compiling libc v0.2.119
[INFO] [stderr]    Compiling syn v1.0.86
[INFO] [stderr]     Checking subtle v2.4.1
[INFO] [stderr]    Compiling generic-array v0.14.5
[INFO] [stderr]    Compiling serde_derive v1.0.136
[INFO] [stderr]    Compiling serde v1.0.136
[INFO] [stderr]     Checking zeroize v1.4.3
[INFO] [stderr]     Checking const-oid v0.6.2
[INFO] [stderr]    Compiling serde_json v1.0.79
[INFO] [stderr]     Checking der v0.4.5
[INFO] [stderr]     Checking byteorder v1.4.3
[INFO] [stderr]     Checking ryu v1.0.9
[INFO] [stderr]     Checking itoa v1.0.1
[INFO] [stderr]    Compiling schemars v0.8.8
[INFO] [stderr]    Compiling crunchy v0.2.2
[INFO] [stderr]     Checking dyn-clone v1.0.4
[INFO] [stderr]    Compiling num-traits v0.2.14
[INFO] [stderr]    Compiling rust_decimal v1.22.0
[INFO] [stderr]     Checking digest v0.9.0
[INFO] [stderr]     Checking spki v0.4.1
[INFO] [stderr]     Checking block-buffer v0.9.0
[INFO] [stderr]     Checking crypto-mac v0.11.1
[INFO] [stderr]     Checking pkcs8 v0.7.6
[INFO] [stderr]     Checking hmac v0.11.0
[INFO] [stderr]     Checking sha2 v0.9.9
[INFO] [stderr]     Checking arrayvec v0.7.2
[INFO] [stderr]     Checking uint v0.9.1
[INFO] [stderr]    Compiling quote v1.0.15
[INFO] [stderr]     Checking getrandom v0.2.5
[INFO] [stderr]     Checking getrandom v0.1.16
[INFO] [stderr]     Checking rand_core v0.5.1
[INFO] [stderr]     Checking rand_core v0.6.3
[INFO] [stderr]     Checking curve25519-dalek v3.2.0
[INFO] [stderr]     Checking ff v0.10.1
[INFO] [stderr]     Checking crypto-bigint v0.2.11
[INFO] [stderr]     Checking signature v1.3.2
[INFO] [stderr]     Checking group v0.10.0
[INFO] [stderr]     Checking integer-cbrt v0.1.2
[INFO] [stderr]     Checking integer-sqrt v0.1.5
[INFO] [stderr]     Checking elliptic-curve v0.10.6
[INFO] [stderr]     Checking ecdsa v0.12.4
[INFO] [stderr]     Checking k256 v0.9.6
[INFO] [stderr]    Compiling serde_derive_internals v0.25.0
[INFO] [stderr]    Compiling thiserror-impl v1.0.30
[INFO] [stderr]    Compiling schemars_derive v0.8.8
[INFO] [stderr]    Compiling cosmwasm-derive v1.0.0-beta5
[INFO] [stderr]     Checking thiserror v1.0.30
[INFO] [stderr]     Checking ed25519-zebra v2.2.0
[INFO] [stderr]     Checking serde-json-wasm v0.3.2
[INFO] [stderr]     Checking cosmwasm-crypto v1.0.0-beta5
[INFO] [stderr]     Checking cosmwasm-std v1.0.0-beta5
[INFO] [stderr]     Checking cosmwasm-schema v1.0.0-beta5
[INFO] [stderr]     Checking cw0 v0.10.3
[INFO] [stderr]     Checking cw-storage-plus v0.10.3
[INFO] [stderr]     Checking cw-storage-plus v0.11.1
[INFO] [stderr]     Checking cw-storage-plus v0.12.1
[INFO] [stderr]     Checking cosmwasm-storage v1.0.0-beta5
[INFO] [stderr]     Checking cw20 v0.10.3
[INFO] [stderr]     Checking cw2 v0.10.3
[INFO] [stderr]     Checking cw2 v0.12.1
[INFO] [stderr]     Checking cw2 v0.11.1
[INFO] [stderr]     Checking cw20-base v0.10.3
[INFO] [stderr]     Checking wasmswap v1.0.0-beta
[INFO] [stderr]     Checking junomint-prices v1.0.16 (/opt/rustwide/workdir)
[INFO] [stdout] error[E0433]: failed to resolve: use of undeclared crate or module `cw20_instantiator`
[INFO] [stdout]  --> examples/schema.rs:8:5
[INFO] [stdout]   |
[INFO] [stdout] 8 | use cw20_instantiator::query::{QueryMsg, SwapDetailsResponse};
[INFO] [stdout]   |     ^^^^^^^^^^^^^^^^^ use of undeclared crate or module `cw20_instantiator`
[INFO] [stdout] 
[INFO] [stdout] 
[INFO] [stdout] error[E0433]: failed to resolve: use of undeclared crate or module `cw20_instantiator`
[INFO] [stdout]  --> examples/schema.rs:9:5
[INFO] [stdout]   |
[INFO] [stdout] 9 | use cw20_instantiator::msg::{ExecuteMsg};
[INFO] [stdout]   |     ^^^^^^^^^^^^^^^^^ use of undeclared crate or module `cw20_instantiator`
[INFO] [stdout] 
[INFO] [stdout] 
[INFO] [stdout] error: aborting due to 2 previous errors
[INFO] [stdout] 
[INFO] [stdout] 
[INFO] [stdout] For more information about this error, try `rustc --explain E0433`.
[INFO] [stdout] 
[INFO] [stderr] error: could not compile `junomint-prices` (example "schema") due to 3 previous errors
[INFO] running `Command { std: "docker" "inspect" "c31225bb4914611ecd23f5a7851063214e7eb6a8a320924f2f9145f9615ca64b", kill_on_drop: false }`
[INFO] running `Command { std: "docker" "rm" "-f" "c31225bb4914611ecd23f5a7851063214e7eb6a8a320924f2f9145f9615ca64b", kill_on_drop: false }`
[INFO] [stdout] c31225bb4914611ecd23f5a7851063214e7eb6a8a320924f2f9145f9615ca64b
[INFO] checking junomint-prices-1.0.16 against nightly-2024-02-05+rustflags=-Dunexpected_cfgs+cargoflags=-Zcheck-cfg for check-cfg
[INFO] extracting crate junomint-prices 1.0.16 into /workspace/builds/worker-0-tc2/source
[INFO] validating manifest of crates.io crate junomint-prices 1.0.16 on toolchain nightly-2024-02-05
[INFO] running `Command { std: CARGO_HOME="/workspace/cargo-home" RUSTUP_HOME="/workspace/rustup-home" "/workspace/cargo-home/bin/cargo" "+nightly-2024-02-05" "metadata" "--manifest-path" "Cargo.toml" "--no-deps", kill_on_drop: false }`
[INFO] removed /workspace/builds/worker-0-tc2/source/.cargo/config
[INFO] started tweaking crates.io crate junomint-prices 1.0.16
[INFO] finished tweaking crates.io crate junomint-prices 1.0.16
[INFO] tweaked toml for crates.io crate junomint-prices 1.0.16 written to /workspace/builds/worker-0-tc2/source/Cargo.toml
[INFO] crate crates.io crate junomint-prices 1.0.16 already has a lockfile, it will not be regenerated
[INFO] running `Command { std: CARGO_HOME="/workspace/cargo-home" RUSTUP_HOME="/workspace/rustup-home" "/workspace/cargo-home/bin/cargo" "+nightly-2024-02-05" "fetch" "--manifest-path" "Cargo.toml", kill_on_drop: false }`
[INFO] running `Command { std: "docker" "create" "-v" "/var/lib/crater-agent-workspace/builds/worker-0-tc2/target:/opt/rustwide/target:rw,Z" "-v" "/var/lib/crater-agent-workspace/builds/worker-0-tc2/source:/opt/rustwide/workdir:ro,Z" "-v" "/var/lib/crater-agent-workspace/cargo-home:/opt/rustwide/cargo-home:ro,Z" "-v" "/var/lib/crater-agent-workspace/rustup-home:/opt/rustwide/rustup-home:ro,Z" "-e" "SOURCE_DIR=/opt/rustwide/workdir" "-e" "CARGO_TARGET_DIR=/opt/rustwide/target" "-e" "CARGO_HOME=/opt/rustwide/cargo-home" "-e" "RUSTUP_HOME=/opt/rustwide/rustup-home" "-w" "/opt/rustwide/workdir" "-m" "1610612736" "--user" "0:0" "--network" "none" "ghcr.io/rust-lang/crates-build-env/linux@sha256:2788e3201cd34a07e3172128adcd8b3090168a8e3bcc40d7c032b9dda1df7d1c" "/opt/rustwide/cargo-home/bin/cargo" "+nightly-2024-02-05" "metadata" "--no-deps" "--format-version=1", kill_on_drop: false }`
[INFO] [stdout] 169d18c7f2427b726e27d76e3ee65e5f36e4a810160bb981c94fe18ee6638de3
[INFO] running `Command { std: "docker" "start" "-a" "169d18c7f2427b726e27d76e3ee65e5f36e4a810160bb981c94fe18ee6638de3", kill_on_drop: false }`
[INFO] running `Command { std: "docker" "inspect" "169d18c7f2427b726e27d76e3ee65e5f36e4a810160bb981c94fe18ee6638de3", kill_on_drop: false }`
[INFO] running `Command { std: "docker" "rm" "-f" "169d18c7f2427b726e27d76e3ee65e5f36e4a810160bb981c94fe18ee6638de3", kill_on_drop: false }`
[INFO] [stdout] 169d18c7f2427b726e27d76e3ee65e5f36e4a810160bb981c94fe18ee6638de3
[INFO] running `Command { std: "docker" "create" "-v" "/var/lib/crater-agent-workspace/builds/worker-0-tc2/target:/opt/rustwide/target:rw,Z" "-v" "/var/lib/crater-agent-workspace/builds/worker-0-tc2/source:/opt/rustwide/workdir:ro,Z" "-v" "/var/lib/crater-agent-workspace/cargo-home:/opt/rustwide/cargo-home:ro,Z" "-v" "/var/lib/crater-agent-workspace/rustup-home:/opt/rustwide/rustup-home:ro,Z" "-e" "SOURCE_DIR=/opt/rustwide/workdir" "-e" "CARGO_TARGET_DIR=/opt/rustwide/target" "-e" "CARGO_INCREMENTAL=0" "-e" "RUST_BACKTRACE=full" "-e" "RUSTFLAGS=--cap-lints=forbid -Dunexpected_cfgs" "-e" "RUSTDOCFLAGS=--cap-lints=forbid" "-e" "CARGO_HOME=/opt/rustwide/cargo-home" "-e" "RUSTUP_HOME=/opt/rustwide/rustup-home" "-w" "/opt/rustwide/workdir" "-m" "1610612736" "--user" "0:0" "--network" "none" "ghcr.io/rust-lang/crates-build-env/linux@sha256:2788e3201cd34a07e3172128adcd8b3090168a8e3bcc40d7c032b9dda1df7d1c" "/opt/rustwide/cargo-home/bin/cargo" "+nightly-2024-02-05" "check" "--frozen" "--all" "--all-targets" "--message-format=json" "-Zcheck-cfg", kill_on_drop: false }`
[INFO] [stdout] a36bc516e51bf4c35e0a2533abacef3e320143b8decde60d0d17e7fec521fa9e
[INFO] running `Command { std: "docker" "start" "-a" "a36bc516e51bf4c35e0a2533abacef3e320143b8decde60d0d17e7fec521fa9e", kill_on_drop: false }`
[INFO] [stderr]    Compiling proc-macro2 v1.0.36
[INFO] [stderr]    Compiling syn v1.0.86
[INFO] [stderr]    Compiling libc v0.2.119
[INFO] [stderr]    Compiling generic-array v0.14.5
[INFO] [stderr]     Checking subtle v2.4.1
[INFO] [stderr]    Compiling serde_derive v1.0.136
[INFO] [stderr]    Compiling serde v1.0.136
[INFO] [stderr]     Checking const-oid v0.6.2
[INFO] [stderr]     Checking zeroize v1.4.3
[INFO] [stderr]     Checking der v0.4.5
[INFO] [stderr]    Compiling serde_json v1.0.79
[INFO] [stderr]     Checking byteorder v1.4.3
[INFO] [stderr]     Checking ryu v1.0.9
[INFO] [stderr]    Compiling crunchy v0.2.2
[INFO] [stderr]    Compiling schemars v0.8.8
[INFO] [stderr]     Checking itoa v1.0.1
[INFO] [stderr]     Checking dyn-clone v1.0.4
[INFO] [stderr]    Compiling num-traits v0.2.14
[INFO] [stderr]     Checking spki v0.4.1
[INFO] [stderr]     Checking digest v0.9.0
[INFO] [stderr]     Checking crypto-mac v0.11.1
[INFO] [stderr]     Checking pkcs8 v0.7.6
[INFO] [stderr]     Checking block-buffer v0.9.0
[INFO] [stderr]    Compiling rust_decimal v1.22.0
[INFO] [stderr]     Checking hmac v0.11.0
[INFO] [stderr]     Checking uint v0.9.1
[INFO] [stderr]     Checking arrayvec v0.7.2
[INFO] [stderr]     Checking sha2 v0.9.9
[INFO] [stderr]    Compiling quote v1.0.15
[INFO] [stderr]     Checking getrandom v0.2.5
[INFO] [stderr]     Checking getrandom v0.1.16
[INFO] [stderr]     Checking rand_core v0.6.3
[INFO] [stderr]     Checking rand_core v0.5.1
[INFO] [stderr]     Checking curve25519-dalek v3.2.0
[INFO] [stderr]     Checking ff v0.10.1
[INFO] [stderr]     Checking crypto-bigint v0.2.11
[INFO] [stderr]     Checking signature v1.3.2
[INFO] [stderr]     Checking group v0.10.0
[INFO] [stderr]     Checking integer-cbrt v0.1.2
[INFO] [stderr]     Checking integer-sqrt v0.1.5
[INFO] [stderr]     Checking elliptic-curve v0.10.6
[INFO] [stderr]     Checking ecdsa v0.12.4
[INFO] [stderr]     Checking k256 v0.9.6
[INFO] [stderr]    Compiling serde_derive_internals v0.25.0
[INFO] [stderr]    Compiling thiserror-impl v1.0.30
[INFO] [stderr]    Compiling schemars_derive v0.8.8
[INFO] [stderr]    Compiling cosmwasm-derive v1.0.0-beta5
[INFO] [stderr]     Checking thiserror v1.0.30
[INFO] [stderr]     Checking ed25519-zebra v2.2.0
[INFO] [stderr]     Checking serde-json-wasm v0.3.2
[INFO] [stderr]     Checking cosmwasm-crypto v1.0.0-beta5
[INFO] [stderr]     Checking cosmwasm-std v1.0.0-beta5
[INFO] [stderr]     Checking cosmwasm-schema v1.0.0-beta5
[INFO] [stderr]     Checking cw-storage-plus v0.10.3
[INFO] [stderr]     Checking cw0 v0.10.3
[INFO] [stderr]     Checking cw-storage-plus v0.11.1
[INFO] [stderr]     Checking cosmwasm-storage v1.0.0-beta5
[INFO] [stderr]     Checking cw-storage-plus v0.12.1
[INFO] [stderr]     Checking cw20 v0.10.3
[INFO] [stderr]     Checking cw2 v0.10.3
[INFO] [stderr]     Checking cw2 v0.11.1
[INFO] [stderr]     Checking cw2 v0.12.1
[INFO] [stderr]     Checking cw20-base v0.10.3
[INFO] [stderr]     Checking wasmswap v1.0.0-beta
[INFO] [stderr]     Checking junomint-prices v1.0.16 (/opt/rustwide/workdir)
[INFO] [stdout] error[E0433]: failed to resolve: use of undeclared crate or module `cw20_instantiator`
[INFO] [stdout]  --> examples/schema.rs:8:5
[INFO] [stdout]   |
[INFO] [stdout] 8 | use cw20_instantiator::query::{QueryMsg, SwapDetailsResponse};
[INFO] [stdout]   |     ^^^^^^^^^^^^^^^^^ use of undeclared crate or module `cw20_instantiator`
[INFO] [stdout] 
[INFO] [stdout] 
[INFO] [stdout] error[E0433]: failed to resolve: use of undeclared crate or module `cw20_instantiator`
[INFO] [stdout]  --> examples/schema.rs:9:5
[INFO] [stdout]   |
[INFO] [stdout] 9 | use cw20_instantiator::msg::{ExecuteMsg};
[INFO] [stdout]   |     ^^^^^^^^^^^^^^^^^ use of undeclared crate or module `cw20_instantiator`
[INFO] [stdout] 
[INFO] [stdout] 
[INFO] [stdout] error: aborting due to 2 previous errors
[INFO] [stdout] 
[INFO] [stdout] 
[INFO] [stdout] For more information about this error, try `rustc --explain E0433`.
[INFO] [stdout] 
[INFO] [stderr] error: could not compile `junomint-prices` (example "schema") due to 3 previous errors
[INFO] running `Command { std: "docker" "inspect" "a36bc516e51bf4c35e0a2533abacef3e320143b8decde60d0d17e7fec521fa9e", kill_on_drop: false }`
[INFO] running `Command { std: "docker" "rm" "-f" "a36bc516e51bf4c35e0a2533abacef3e320143b8decde60d0d17e7fec521fa9e", kill_on_drop: false }`
[INFO] [stdout] a36bc516e51bf4c35e0a2533abacef3e320143b8decde60d0d17e7fec521fa9e
