[INFO] fetching crate jumprope 1.1.2...
[INFO] checking jumprope-1.1.2 against nightly-2024-02-05 for check-cfg
[INFO] extracting crate jumprope 1.1.2 into /workspace/builds/worker-7-tc1/source
[INFO] validating manifest of crates.io crate jumprope 1.1.2 on toolchain nightly-2024-02-05
[INFO] running `Command { std: CARGO_HOME="/workspace/cargo-home" RUSTUP_HOME="/workspace/rustup-home" "/workspace/cargo-home/bin/cargo" "+nightly-2024-02-05" "metadata" "--manifest-path" "Cargo.toml" "--no-deps", kill_on_drop: false }`
[INFO] started tweaking crates.io crate jumprope 1.1.2
[INFO] finished tweaking crates.io crate jumprope 1.1.2
[INFO] tweaked toml for crates.io crate jumprope 1.1.2 written to /workspace/builds/worker-7-tc1/source/Cargo.toml
[INFO] running `Command { std: CARGO_HOME="/workspace/cargo-home" RUSTUP_HOME="/workspace/rustup-home" "/workspace/cargo-home/bin/cargo" "+nightly-2024-02-05" "generate-lockfile" "--manifest-path" "Cargo.toml", kill_on_drop: false }`
[INFO] [stderr]     Updating crates.io index
[INFO] running `Command { std: CARGO_HOME="/workspace/cargo-home" RUSTUP_HOME="/workspace/rustup-home" "/workspace/cargo-home/bin/cargo" "+nightly-2024-02-05" "fetch" "--manifest-path" "Cargo.toml", kill_on_drop: false }`
[INFO] running `Command { std: "docker" "create" "-v" "/var/lib/crater-agent-workspace/builds/worker-7-tc1/target:/opt/rustwide/target:rw,Z" "-v" "/var/lib/crater-agent-workspace/builds/worker-7-tc1/source:/opt/rustwide/workdir:ro,Z" "-v" "/var/lib/crater-agent-workspace/cargo-home:/opt/rustwide/cargo-home:ro,Z" "-v" "/var/lib/crater-agent-workspace/rustup-home:/opt/rustwide/rustup-home:ro,Z" "-e" "SOURCE_DIR=/opt/rustwide/workdir" "-e" "CARGO_TARGET_DIR=/opt/rustwide/target" "-e" "CARGO_HOME=/opt/rustwide/cargo-home" "-e" "RUSTUP_HOME=/opt/rustwide/rustup-home" "-w" "/opt/rustwide/workdir" "-m" "1610612736" "--user" "0:0" "--network" "none" "ghcr.io/rust-lang/crates-build-env/linux@sha256:2788e3201cd34a07e3172128adcd8b3090168a8e3bcc40d7c032b9dda1df7d1c" "/opt/rustwide/cargo-home/bin/cargo" "+nightly-2024-02-05" "metadata" "--no-deps" "--format-version=1", kill_on_drop: false }`
[INFO] [stdout] ff83acef874e6078e6e5849f64bdd59616f3c065433a7836abe29e3097e583e4
[INFO] running `Command { std: "docker" "start" "-a" "ff83acef874e6078e6e5849f64bdd59616f3c065433a7836abe29e3097e583e4", kill_on_drop: false }`
[INFO] running `Command { std: "docker" "inspect" "ff83acef874e6078e6e5849f64bdd59616f3c065433a7836abe29e3097e583e4", kill_on_drop: false }`
[INFO] running `Command { std: "docker" "rm" "-f" "ff83acef874e6078e6e5849f64bdd59616f3c065433a7836abe29e3097e583e4", kill_on_drop: false }`
[INFO] [stdout] ff83acef874e6078e6e5849f64bdd59616f3c065433a7836abe29e3097e583e4
[INFO] running `Command { std: "docker" "create" "-v" "/var/lib/crater-agent-workspace/builds/worker-7-tc1/target:/opt/rustwide/target:rw,Z" "-v" "/var/lib/crater-agent-workspace/builds/worker-7-tc1/source:/opt/rustwide/workdir:ro,Z" "-v" "/var/lib/crater-agent-workspace/cargo-home:/opt/rustwide/cargo-home:ro,Z" "-v" "/var/lib/crater-agent-workspace/rustup-home:/opt/rustwide/rustup-home:ro,Z" "-e" "SOURCE_DIR=/opt/rustwide/workdir" "-e" "CARGO_TARGET_DIR=/opt/rustwide/target" "-e" "CARGO_INCREMENTAL=0" "-e" "RUST_BACKTRACE=full" "-e" "RUSTFLAGS=--cap-lints=forbid" "-e" "RUSTDOCFLAGS=--cap-lints=forbid" "-e" "CARGO_HOME=/opt/rustwide/cargo-home" "-e" "RUSTUP_HOME=/opt/rustwide/rustup-home" "-w" "/opt/rustwide/workdir" "-m" "1610612736" "--user" "0:0" "--network" "none" "ghcr.io/rust-lang/crates-build-env/linux@sha256:2788e3201cd34a07e3172128adcd8b3090168a8e3bcc40d7c032b9dda1df7d1c" "/opt/rustwide/cargo-home/bin/cargo" "+nightly-2024-02-05" "check" "--frozen" "--all" "--all-targets" "--message-format=json", kill_on_drop: false }`
[INFO] [stdout] 9646a34facd479711e2bc0ee92dbabdf9940c90091338edea06d66ab19c65a9d
[INFO] running `Command { std: "docker" "start" "-a" "9646a34facd479711e2bc0ee92dbabdf9940c90091338edea06d66ab19c65a9d", kill_on_drop: false }`
[INFO] [stderr] warning: profile package spec `jumprope-wasm` in profile `release` did not match any packages
[INFO] [stderr]    Compiling num-traits v0.2.17
[INFO] [stderr]     Checking half v2.3.1
[INFO] [stderr]     Checking ciborium-io v0.2.2
[INFO] [stderr]     Checking plotters-backend v0.3.5
[INFO] [stderr]     Checking regex-syntax v0.8.2
[INFO] [stderr]     Checking cast v0.3.0
[INFO] [stderr]     Checking getrandom v0.2.12
[INFO] [stderr]     Checking atty v0.2.14
[INFO] [stderr]     Checking oorandom v11.1.3
[INFO] [stderr]     Checking str_indices v0.4.3
[INFO] [stderr]     Checking clap v3.2.25
[INFO] [stderr]     Checking anes v0.1.6
[INFO] [stderr]     Checking serde v1.0.196
[INFO] [stderr]     Checking rand_core v0.6.4
[INFO] [stderr]     Checking criterion-plot v0.5.0
[INFO] [stderr]     Checking plotters-svg v0.3.5
[INFO] [stderr]     Checking ciborium-ll v0.2.2
[INFO] [stderr]     Checking rand_chacha v0.3.1
[INFO] [stderr]     Checking rand v0.8.5
[INFO] [stderr]     Checking regex-automata v0.4.5
[INFO] [stderr]     Checking jumprope v1.1.2 (/opt/rustwide/workdir)
[INFO] [stderr]     Checking plotters v0.3.5
[INFO] [stderr]     Checking regex v1.10.3
[INFO] [stderr]     Checking serde_json v1.0.113
[INFO] [stderr]     Checking ciborium v0.2.2
[INFO] [stderr]     Checking tinytemplate v1.2.1
[INFO] [stderr]     Checking criterion v0.4.0
[INFO] [stdout] error[E0432]: unresolved import `crdt_testdata`
[INFO] [stdout]  --> benches/benches.rs:2:5
[INFO] [stdout]   |
[INFO] [stdout] 2 | use crdt_testdata::*;
[INFO] [stdout]   |     ^^^^^^^^^^^^^ use of undeclared crate or module `crdt_testdata`
[INFO] [stdout] 
[INFO] [stdout] 
[INFO] [stdout] error[E0412]: cannot find type `TestData` in this scope
[INFO] [stdout]   --> benches/benches.rs:17:25
[INFO] [stdout]    |
[INFO] [stdout] 17 | fn collapse(test_data: &TestData) -> Vec<Op> {
[INFO] [stdout]    |                         ^^^^^^^^ not found in this scope
[INFO] [stdout] 
[INFO] [stdout] 
[INFO] [stdout] error[E0531]: cannot find tuple struct or tuple variant `TestPatch` in this scope
[INFO] [stdout]   --> benches/benches.rs:49:13
[INFO] [stdout]    |
[INFO] [stdout] 49 |         for TestPatch(pos, del_span, ins_content) in &txn.patches {
[INFO] [stdout]    |             ^^^^^^^^^ not found in this scope
[INFO] [stdout] 
[INFO] [stdout] 
[INFO] [stdout] error[E0412]: cannot find type `TestData` in this scope
[INFO] [stdout]   --> benches/benches.rs:61:32
[INFO] [stdout]    |
[INFO] [stdout] 61 | fn testing_data(name: &str) -> TestData {
[INFO] [stdout]    |                                ^^^^^^^^ not found in this scope
[INFO] [stdout] 
[INFO] [stdout] 
[INFO] [stdout] error[E0531]: cannot find tuple struct or tuple variant `TestPatch` in this scope
[INFO] [stdout]   --> benches/benches.rs:86:25
[INFO] [stdout]    |
[INFO] [stdout] 86 |                     for TestPatch(pos, del_span, ins_content) in &txn.patches {
[INFO] [stdout]    |                         ^^^^^^^^^ not found in this scope
[INFO] [stdout] 
[INFO] [stdout] 
[INFO] [stdout] error[E0425]: cannot find function `load_testing_data` in this scope
[INFO] [stdout]   --> benches/benches.rs:63:5
[INFO] [stdout]    |
[INFO] [stdout] 63 |     load_testing_data(&filename)
[INFO] [stdout]    |     ^^^^^^^^^^^^^^^^^ not found in this scope
[INFO] [stdout] 
[INFO] [stdout] 
[INFO] [stdout] error: aborting due to 6 previous errors
[INFO] [stdout] 
[INFO] [stdout] 
[INFO] [stdout] Some errors have detailed explanations: E0412, E0425, E0432, E0531.
[INFO] [stdout] 
[INFO] [stdout] For more information about an error, try `rustc --explain E0412`.
[INFO] [stdout] 
[INFO] [stderr] error: could not compile `jumprope` (bench "benches") due to 7 previous errors
[INFO] [stderr] warning: build failed, waiting for other jobs to finish...
[INFO] running `Command { std: "docker" "inspect" "9646a34facd479711e2bc0ee92dbabdf9940c90091338edea06d66ab19c65a9d", kill_on_drop: false }`
[INFO] running `Command { std: "docker" "rm" "-f" "9646a34facd479711e2bc0ee92dbabdf9940c90091338edea06d66ab19c65a9d", kill_on_drop: false }`
[INFO] [stdout] 9646a34facd479711e2bc0ee92dbabdf9940c90091338edea06d66ab19c65a9d
