[INFO] fetching crate json_to_table 0.6.0...
[INFO] checking json_to_table-0.6.0 against nightly-2024-02-05 for check-cfg
[INFO] extracting crate json_to_table 0.6.0 into /workspace/builds/worker-2-tc1/source
[INFO] validating manifest of crates.io crate json_to_table 0.6.0 on toolchain nightly-2024-02-05
[INFO] running `Command { std: CARGO_HOME="/workspace/cargo-home" RUSTUP_HOME="/workspace/rustup-home" "/workspace/cargo-home/bin/cargo" "+nightly-2024-02-05" "metadata" "--manifest-path" "Cargo.toml" "--no-deps", kill_on_drop: false }`
[INFO] started tweaking crates.io crate json_to_table 0.6.0
[INFO] finished tweaking crates.io crate json_to_table 0.6.0
[INFO] tweaked toml for crates.io crate json_to_table 0.6.0 written to /workspace/builds/worker-2-tc1/source/Cargo.toml
[INFO] crate crates.io crate json_to_table 0.6.0 already has a lockfile, it will not be regenerated
[INFO] running `Command { std: CARGO_HOME="/workspace/cargo-home" RUSTUP_HOME="/workspace/rustup-home" "/workspace/cargo-home/bin/cargo" "+nightly-2024-02-05" "fetch" "--manifest-path" "Cargo.toml", kill_on_drop: false }`
[INFO] [stderr]  Downloading crates ...
[INFO] [stderr]   Downloaded ansitok v0.2.0
[INFO] [stderr]   Downloaded papergrid v0.9.0
[INFO] [stderr]   Downloaded ansi-str v0.7.2
[INFO] [stderr]   Downloaded tabled v0.12.0
[INFO] running `Command { std: "docker" "create" "-v" "/var/lib/crater-agent-workspace/builds/worker-2-tc1/target:/opt/rustwide/target:rw,Z" "-v" "/var/lib/crater-agent-workspace/builds/worker-2-tc1/source:/opt/rustwide/workdir:ro,Z" "-v" "/var/lib/crater-agent-workspace/cargo-home:/opt/rustwide/cargo-home:ro,Z" "-v" "/var/lib/crater-agent-workspace/rustup-home:/opt/rustwide/rustup-home:ro,Z" "-e" "SOURCE_DIR=/opt/rustwide/workdir" "-e" "CARGO_TARGET_DIR=/opt/rustwide/target" "-e" "CARGO_HOME=/opt/rustwide/cargo-home" "-e" "RUSTUP_HOME=/opt/rustwide/rustup-home" "-w" "/opt/rustwide/workdir" "-m" "1610612736" "--user" "0:0" "--network" "none" "ghcr.io/rust-lang/crates-build-env/linux@sha256:2788e3201cd34a07e3172128adcd8b3090168a8e3bcc40d7c032b9dda1df7d1c" "/opt/rustwide/cargo-home/bin/cargo" "+nightly-2024-02-05" "metadata" "--no-deps" "--format-version=1", kill_on_drop: false }`
[INFO] [stdout] 918461550d2ae11848dea4a3d1ef110281799dfa20d2f713fb5b3b42d7a785f6
[INFO] running `Command { std: "docker" "start" "-a" "918461550d2ae11848dea4a3d1ef110281799dfa20d2f713fb5b3b42d7a785f6", kill_on_drop: false }`
[INFO] running `Command { std: "docker" "inspect" "918461550d2ae11848dea4a3d1ef110281799dfa20d2f713fb5b3b42d7a785f6", kill_on_drop: false }`
[INFO] running `Command { std: "docker" "rm" "-f" "918461550d2ae11848dea4a3d1ef110281799dfa20d2f713fb5b3b42d7a785f6", kill_on_drop: false }`
[INFO] [stdout] 918461550d2ae11848dea4a3d1ef110281799dfa20d2f713fb5b3b42d7a785f6
[INFO] running `Command { std: "docker" "create" "-v" "/var/lib/crater-agent-workspace/builds/worker-2-tc1/target:/opt/rustwide/target:rw,Z" "-v" "/var/lib/crater-agent-workspace/builds/worker-2-tc1/source:/opt/rustwide/workdir:ro,Z" "-v" "/var/lib/crater-agent-workspace/cargo-home:/opt/rustwide/cargo-home:ro,Z" "-v" "/var/lib/crater-agent-workspace/rustup-home:/opt/rustwide/rustup-home:ro,Z" "-e" "SOURCE_DIR=/opt/rustwide/workdir" "-e" "CARGO_TARGET_DIR=/opt/rustwide/target" "-e" "CARGO_INCREMENTAL=0" "-e" "RUST_BACKTRACE=full" "-e" "RUSTFLAGS=--cap-lints=forbid" "-e" "RUSTDOCFLAGS=--cap-lints=forbid" "-e" "CARGO_HOME=/opt/rustwide/cargo-home" "-e" "RUSTUP_HOME=/opt/rustwide/rustup-home" "-w" "/opt/rustwide/workdir" "-m" "1610612736" "--user" "0:0" "--network" "none" "ghcr.io/rust-lang/crates-build-env/linux@sha256:2788e3201cd34a07e3172128adcd8b3090168a8e3bcc40d7c032b9dda1df7d1c" "/opt/rustwide/cargo-home/bin/cargo" "+nightly-2024-02-05" "check" "--frozen" "--all" "--all-targets" "--message-format=json", kill_on_drop: false }`
[INFO] [stdout] a4178223770d09851a9d05aadb35020b21375c393fc6cf77c7f31252ba2f5ca1
[INFO] running `Command { std: "docker" "start" "-a" "a4178223770d09851a9d05aadb35020b21375c393fc6cf77c7f31252ba2f5ca1", kill_on_drop: false }`
[INFO] [stderr]    Compiling serde v1.0.160
[INFO] [stderr]    Compiling serde_json v1.0.95
[INFO] [stderr]     Checking bytecount v0.6.3
[INFO] [stderr]     Checking unicode-width v0.1.10
[INFO] [stderr]     Checking itoa v1.0.6
[INFO] [stderr]     Checking ryu v1.0.13
[INFO] [stderr]     Checking papergrid v0.9.0
[INFO] [stderr]     Checking tabled v0.12.0
[INFO] [stderr]     Checking json_to_table v0.6.0 (/opt/rustwide/workdir)
[INFO] [stdout] error[E0432]: unresolved import `testing_table`
[INFO] [stdout]  --> tests/test_table.rs:6:5
[INFO] [stdout]   |
[INFO] [stdout] 6 | use testing_table::test_table;
[INFO] [stdout]   |     ^^^^^^^^^^^^^ use of undeclared crate or module `testing_table`
[INFO] [stdout] 
[INFO] [stdout] 
[INFO] [stdout] warning: unused imports: `Orientation`, `json_to_table`
[INFO] [stdout]  --> tests/test_table.rs:1:21
[INFO] [stdout]   |
[INFO] [stdout] 1 | use json_to_table::{json_to_table, Orientation};
[INFO] [stdout]   |                     ^^^^^^^^^^^^^  ^^^^^^^^^^^
[INFO] [stdout]   |
[INFO] [stdout]   = note: `#[warn(unused_imports)]` on by default
[INFO] [stdout] 
[INFO] [stdout] 
[INFO] [stdout] warning: unused import: `serde_json::json`
[INFO] [stdout]  --> tests/test_table.rs:3:5
[INFO] [stdout]   |
[INFO] [stdout] 3 | use serde_json::json;
[INFO] [stdout]   |     ^^^^^^^^^^^^^^^^
[INFO] [stdout] 
[INFO] [stdout] 
[INFO] [stdout] warning: unused import: `tabled::settings::Style`
[INFO] [stdout]  --> tests/test_table.rs:4:5
[INFO] [stdout]   |
[INFO] [stdout] 4 | use tabled::settings::Style;
[INFO] [stdout]   |     ^^^^^^^^^^^^^^^^^^^^^^^
[INFO] [stdout] 
[INFO] [stdout] 
[INFO] [stdout] error[E0432]: unresolved import `testing_table`
[INFO] [stdout]  --> tests/test_types.rs:6:5
[INFO] [stdout]   |
[INFO] [stdout] 6 | use testing_table::test_table;
[INFO] [stdout]   |     ^^^^^^^^^^^^^ use of undeclared crate or module `testing_table`
[INFO] [stdout] 
[INFO] [stdout] 
[INFO] [stdout] error: aborting due to 1 previous error; 3 warnings emitted
[INFO] [stdout] 
[INFO] [stdout] 
[INFO] [stdout] error[E0432]: unresolved import `testing_table`
[INFO] [stdout]  --> tests/test_orientation_modes.rs:6:5
[INFO] [stdout]   |
[INFO] [stdout] 6 | use testing_table::test_table;
[INFO] [stdout]   |     ^^^^^^^^^^^^^ use of undeclared crate or module `testing_table`
[INFO] [stdout] 
[INFO] [stdout] 
[INFO] [stdout] For more information about this error, try `rustc --explain E0432`.
[INFO] [stdout] 
[INFO] [stdout] warning: unused imports: `Orientation`, `json_to_table`
[INFO] [stdout]  --> tests/test_orientation_modes.rs:1:21
[INFO] [stdout]   |
[INFO] [stdout] 1 | use json_to_table::{json_to_table, Orientation};
[INFO] [stdout]   |                     ^^^^^^^^^^^^^  ^^^^^^^^^^^
[INFO] [stdout]   |
[INFO] [stdout]   = note: `#[warn(unused_imports)]` on by default
[INFO] [stdout] 
[INFO] [stdout] 
[INFO] [stdout] warning: unused import: `serde_json::json`
[INFO] [stdout]  --> tests/test_orientation_modes.rs:3:5
[INFO] [stdout]   |
[INFO] [stdout] 3 | use serde_json::json;
[INFO] [stdout]   |     ^^^^^^^^^^^^^^^^
[INFO] [stdout] 
[INFO] [stdout] 
[INFO] [stdout] warning: unused import: `tabled::settings::Style`
[INFO] [stdout]  --> tests/test_orientation_modes.rs:4:5
[INFO] [stdout]   |
[INFO] [stdout] 4 | use tabled::settings::Style;
[INFO] [stdout]   |     ^^^^^^^^^^^^^^^^^^^^^^^
[INFO] [stdout] 
[INFO] [stdout] 
[INFO] [stdout] warning: unused import: `json_to_table::json_to_table`
[INFO] [stdout]  --> tests/test_types.rs:1:5
[INFO] [stdout]   |
[INFO] [stdout] 1 | use json_to_table::json_to_table;
[INFO] [stdout]   |     ^^^^^^^^^^^^^^^^^^^^^^^^^^^^
[INFO] [stdout]   |
[INFO] [stdout]   = note: `#[warn(unused_imports)]` on by default
[INFO] [stdout] 
[INFO] [stdout] 
[INFO] [stdout] warning: unused import: `serde_json::json`
[INFO] [stdout]  --> tests/test_types.rs:3:5
[INFO] [stdout]   |
[INFO] [stdout] 3 | use serde_json::json;
[INFO] [stdout]   |     ^^^^^^^^^^^^^^^^
[INFO] [stdout] 
[INFO] [stdout] 
[INFO] [stdout] warning: unused import: `tabled::settings::Style`
[INFO] [stdout]  --> tests/test_types.rs:4:5
[INFO] [stdout]   |
[INFO] [stdout] 4 | use tabled::settings::Style;
[INFO] [stdout]   |     ^^^^^^^^^^^^^^^^^^^^^^^
[INFO] [stdout] 
[INFO] [stdout] 
[INFO] [stdout] error: aborting due to 1 previous error; 3 warnings emitted
[INFO] [stdout] 
[INFO] [stdout] 
[INFO] [stdout] For more information about this error, try `rustc --explain E0432`.
[INFO] [stdout] 
[INFO] [stdout] error: aborting due to 1 previous error; 3 warnings emitted
[INFO] [stdout] 
[INFO] [stdout] 
[INFO] [stdout] For more information about this error, try `rustc --explain E0432`.
[INFO] [stdout] 
[INFO] [stderr] error: could not compile `json_to_table` (test "test_table") due to 2 previous errors; 3 warnings emitted
[INFO] [stderr] warning: build failed, waiting for other jobs to finish...
[INFO] [stderr] error: could not compile `json_to_table` (test "test_types") due to 2 previous errors; 3 warnings emitted
[INFO] [stderr] error: could not compile `json_to_table` (test "test_orientation_modes") due to 2 previous errors; 3 warnings emitted
[INFO] running `Command { std: "docker" "inspect" "a4178223770d09851a9d05aadb35020b21375c393fc6cf77c7f31252ba2f5ca1", kill_on_drop: false }`
[INFO] running `Command { std: "docker" "rm" "-f" "a4178223770d09851a9d05aadb35020b21375c393fc6cf77c7f31252ba2f5ca1", kill_on_drop: false }`
[INFO] [stdout] a4178223770d09851a9d05aadb35020b21375c393fc6cf77c7f31252ba2f5ca1
[INFO] checking json_to_table-0.6.0 against nightly-2024-02-05+rustflags=-Dunexpected_cfgs+cargoflags=-Zcheck-cfg for check-cfg
[INFO] extracting crate json_to_table 0.6.0 into /workspace/builds/worker-2-tc2/source
[INFO] validating manifest of crates.io crate json_to_table 0.6.0 on toolchain nightly-2024-02-05
[INFO] running `Command { std: CARGO_HOME="/workspace/cargo-home" RUSTUP_HOME="/workspace/rustup-home" "/workspace/cargo-home/bin/cargo" "+nightly-2024-02-05" "metadata" "--manifest-path" "Cargo.toml" "--no-deps", kill_on_drop: false }`
[INFO] started tweaking crates.io crate json_to_table 0.6.0
[INFO] finished tweaking crates.io crate json_to_table 0.6.0
[INFO] tweaked toml for crates.io crate json_to_table 0.6.0 written to /workspace/builds/worker-2-tc2/source/Cargo.toml
[INFO] crate crates.io crate json_to_table 0.6.0 already has a lockfile, it will not be regenerated
[INFO] running `Command { std: CARGO_HOME="/workspace/cargo-home" RUSTUP_HOME="/workspace/rustup-home" "/workspace/cargo-home/bin/cargo" "+nightly-2024-02-05" "fetch" "--manifest-path" "Cargo.toml", kill_on_drop: false }`
[INFO] running `Command { std: "docker" "create" "-v" "/var/lib/crater-agent-workspace/builds/worker-2-tc2/target:/opt/rustwide/target:rw,Z" "-v" "/var/lib/crater-agent-workspace/builds/worker-2-tc2/source:/opt/rustwide/workdir:ro,Z" "-v" "/var/lib/crater-agent-workspace/cargo-home:/opt/rustwide/cargo-home:ro,Z" "-v" "/var/lib/crater-agent-workspace/rustup-home:/opt/rustwide/rustup-home:ro,Z" "-e" "SOURCE_DIR=/opt/rustwide/workdir" "-e" "CARGO_TARGET_DIR=/opt/rustwide/target" "-e" "CARGO_HOME=/opt/rustwide/cargo-home" "-e" "RUSTUP_HOME=/opt/rustwide/rustup-home" "-w" "/opt/rustwide/workdir" "-m" "1610612736" "--user" "0:0" "--network" "none" "ghcr.io/rust-lang/crates-build-env/linux@sha256:2788e3201cd34a07e3172128adcd8b3090168a8e3bcc40d7c032b9dda1df7d1c" "/opt/rustwide/cargo-home/bin/cargo" "+nightly-2024-02-05" "metadata" "--no-deps" "--format-version=1", kill_on_drop: false }`
[INFO] [stdout] d373367b617f076148fc002222a731b63ff400255af658260d1da5f1cbedf339
[INFO] running `Command { std: "docker" "start" "-a" "d373367b617f076148fc002222a731b63ff400255af658260d1da5f1cbedf339", kill_on_drop: false }`
[INFO] running `Command { std: "docker" "inspect" "d373367b617f076148fc002222a731b63ff400255af658260d1da5f1cbedf339", kill_on_drop: false }`
[INFO] running `Command { std: "docker" "rm" "-f" "d373367b617f076148fc002222a731b63ff400255af658260d1da5f1cbedf339", kill_on_drop: false }`
[INFO] [stdout] d373367b617f076148fc002222a731b63ff400255af658260d1da5f1cbedf339
[INFO] running `Command { std: "docker" "create" "-v" "/var/lib/crater-agent-workspace/builds/worker-2-tc2/target:/opt/rustwide/target:rw,Z" "-v" "/var/lib/crater-agent-workspace/builds/worker-2-tc2/source:/opt/rustwide/workdir:ro,Z" "-v" "/var/lib/crater-agent-workspace/cargo-home:/opt/rustwide/cargo-home:ro,Z" "-v" "/var/lib/crater-agent-workspace/rustup-home:/opt/rustwide/rustup-home:ro,Z" "-e" "SOURCE_DIR=/opt/rustwide/workdir" "-e" "CARGO_TARGET_DIR=/opt/rustwide/target" "-e" "CARGO_INCREMENTAL=0" "-e" "RUST_BACKTRACE=full" "-e" "RUSTFLAGS=--cap-lints=forbid -Dunexpected_cfgs" "-e" "RUSTDOCFLAGS=--cap-lints=forbid" "-e" "CARGO_HOME=/opt/rustwide/cargo-home" "-e" "RUSTUP_HOME=/opt/rustwide/rustup-home" "-w" "/opt/rustwide/workdir" "-m" "1610612736" "--user" "0:0" "--network" "none" "ghcr.io/rust-lang/crates-build-env/linux@sha256:2788e3201cd34a07e3172128adcd8b3090168a8e3bcc40d7c032b9dda1df7d1c" "/opt/rustwide/cargo-home/bin/cargo" "+nightly-2024-02-05" "check" "--frozen" "--all" "--all-targets" "--message-format=json" "-Zcheck-cfg", kill_on_drop: false }`
[INFO] [stdout] 7640bf60beda32229cc8184f219281e1e3cd7d1e6f70af4e76175ec80aac9398
[INFO] running `Command { std: "docker" "start" "-a" "7640bf60beda32229cc8184f219281e1e3cd7d1e6f70af4e76175ec80aac9398", kill_on_drop: false }`
[INFO] [stderr]    Compiling serde v1.0.160
[INFO] [stderr]     Checking bytecount v0.6.3
[INFO] [stderr]     Checking unicode-width v0.1.10
[INFO] [stderr]    Compiling serde_json v1.0.95
[INFO] [stderr]     Checking itoa v1.0.6
[INFO] [stderr]     Checking ryu v1.0.13
[INFO] [stderr]     Checking papergrid v0.9.0
[INFO] [stderr]     Checking tabled v0.12.0
[INFO] [stderr]     Checking json_to_table v0.6.0 (/opt/rustwide/workdir)
[INFO] [stdout] error[E0432]: unresolved import `testing_table`
[INFO] [stdout]  --> tests/test_table.rs:6:5
[INFO] [stdout]   |
[INFO] [stdout] 6 | use testing_table::test_table;
[INFO] [stdout]   |     ^^^^^^^^^^^^^ use of undeclared crate or module `testing_table`
[INFO] [stdout] 
[INFO] [stdout] 
[INFO] [stdout] error[E0432]: unresolved import `testing_table`
[INFO] [stdout]  --> tests/test_types.rs:6:5
[INFO] [stdout]   |
[INFO] [stdout] 6 | use testing_table::test_table;
[INFO] [stdout]   |     ^^^^^^^^^^^^^ use of undeclared crate or module `testing_table`
[INFO] [stdout] 
[INFO] [stdout] 
[INFO] [stdout] warning: unused imports: `Orientation`, `json_to_table`
[INFO] [stdout]  --> tests/test_table.rs:1:21
[INFO] [stdout]   |
[INFO] [stdout] 1 | use json_to_table::{json_to_table, Orientation};
[INFO] [stdout]   |                     ^^^^^^^^^^^^^  ^^^^^^^^^^^
[INFO] [stdout]   |
[INFO] [stdout]   = note: `#[warn(unused_imports)]` on by default
[INFO] [stdout] 
[INFO] [stdout] 
[INFO] [stdout] warning: unused import: `serde_json::json`
[INFO] [stdout]  --> tests/test_table.rs:3:5
[INFO] [stdout]   |
[INFO] [stdout] 3 | use serde_json::json;
[INFO] [stdout]   |     ^^^^^^^^^^^^^^^^
[INFO] [stdout] 
[INFO] [stdout] 
[INFO] [stdout] warning: unused import: `tabled::settings::Style`
[INFO] [stdout]  --> tests/test_table.rs:4:5
[INFO] [stdout]   |
[INFO] [stdout] 4 | use tabled::settings::Style;
[INFO] [stdout]   |     ^^^^^^^^^^^^^^^^^^^^^^^
[INFO] [stdout] 
[INFO] [stdout] 
[INFO] [stdout] warning: unused import: `json_to_table::json_to_table`
[INFO] [stdout]  --> tests/test_types.rs:1:5
[INFO] [stdout]   |
[INFO] [stdout] 1 | use json_to_table::json_to_table;
[INFO] [stdout]   |     ^^^^^^^^^^^^^^^^^^^^^^^^^^^^
[INFO] [stdout]   |
[INFO] [stdout]   = note: `#[warn(unused_imports)]` on by default
[INFO] [stdout] 
[INFO] [stdout] 
[INFO] [stdout] warning: unused import: `serde_json::json`
[INFO] [stdout]  --> tests/test_types.rs:3:5
[INFO] [stdout]   |
[INFO] [stdout] 3 | use serde_json::json;
[INFO] [stdout]   |     ^^^^^^^^^^^^^^^^
[INFO] [stdout] 
[INFO] [stdout] 
[INFO] [stdout] warning: unused import: `tabled::settings::Style`
[INFO] [stdout]  --> tests/test_types.rs:4:5
[INFO] [stdout]   |
[INFO] [stdout] 4 | use tabled::settings::Style;
[INFO] [stdout]   |     ^^^^^^^^^^^^^^^^^^^^^^^
[INFO] [stdout] 
[INFO] [stdout] 
[INFO] [stdout] error[E0432]: unresolved import `testing_table`
[INFO] [stdout]  --> tests/test_orientation_modes.rs:6:5
[INFO] [stdout]   |
[INFO] [stdout] 6 | use testing_table::test_table;
[INFO] [stdout]   |     ^^^^^^^^^^^^^ use of undeclared crate or module `testing_table`
[INFO] [stdout] 
[INFO] [stdout] 
[INFO] [stdout] warning: unused imports: `Orientation`, `json_to_table`
[INFO] [stdout]  --> tests/test_orientation_modes.rs:1:21
[INFO] [stdout]   |
[INFO] [stdout] 1 | use json_to_table::{json_to_table, Orientation};
[INFO] [stdout]   |                     ^^^^^^^^^^^^^  ^^^^^^^^^^^
[INFO] [stdout]   |
[INFO] [stdout]   = note: `#[warn(unused_imports)]` on by default
[INFO] [stdout] 
[INFO] [stdout] 
[INFO] [stdout] warning: unused import: `serde_json::json`
[INFO] [stdout]  --> tests/test_orientation_modes.rs:3:5
[INFO] [stdout]   |
[INFO] [stdout] 3 | use serde_json::json;
[INFO] [stdout]   |     ^^^^^^^^^^^^^^^^
[INFO] [stdout] 
[INFO] [stdout] 
[INFO] [stdout] warning: unused import: `tabled::settings::Style`
[INFO] [stdout]  --> tests/test_orientation_modes.rs:4:5
[INFO] [stdout]   |
[INFO] [stdout] 4 | use tabled::settings::Style;
[INFO] [stdout]   |     ^^^^^^^^^^^^^^^^^^^^^^^
[INFO] [stdout] 
[INFO] [stdout] 
[INFO] [stdout] error: aborting due to 1 previous error; 3 warnings emitted
[INFO] [stdout] 
[INFO] [stdout] 
[INFO] [stdout] For more information about this error, try `rustc --explain E0432`.
[INFO] [stdout] 
[INFO] [stdout] error: aborting due to 1 previous error; 3 warnings emitted
[INFO] [stdout] 
[INFO] [stdout] 
[INFO] [stdout] For more information about this error, try `rustc --explain E0432`.
[INFO] [stdout] 
[INFO] [stdout] error: aborting due to 1 previous error; 3 warnings emitted
[INFO] [stdout] 
[INFO] [stdout] 
[INFO] [stdout] For more information about this error, try `rustc --explain E0432`.
[INFO] [stdout] 
[INFO] [stderr] error: could not compile `json_to_table` (test "test_types") due to 2 previous errors; 3 warnings emitted
[INFO] [stderr] warning: build failed, waiting for other jobs to finish...
[INFO] [stdout] error[E0432]: unresolved import `testing_table`
[INFO] [stdout]  --> tests/test_config.rs:5:5
[INFO] [stdout]   |
[INFO] [stdout] 5 | use testing_table::test_table;
[INFO] [stdout]   |     ^^^^^^^^^^^^^ use of undeclared crate or module `testing_table`
[INFO] [stdout] 
[INFO] [stdout] 
[INFO] [stderr] error: could not compile `json_to_table` (test "test_orientation_modes") due to 2 previous errors; 3 warnings emitted
[INFO] [stderr] error: could not compile `json_to_table` (test "test_table") due to 2 previous errors; 3 warnings emitted
[INFO] [stdout] warning: unused import: `json_to_table::json_to_table`
[INFO] [stdout]  --> tests/test_config.rs:1:5
[INFO] [stdout]   |
[INFO] [stdout] 1 | use json_to_table::json_to_table;
[INFO] [stdout]   |     ^^^^^^^^^^^^^^^^^^^^^^^^^^^^
[INFO] [stdout]   |
[INFO] [stdout]   = note: `#[warn(unused_imports)]` on by default
[INFO] [stdout] 
[INFO] [stdout] 
[INFO] [stdout] warning: unused import: `serde_json::json`
[INFO] [stdout]  --> tests/test_config.rs:2:5
[INFO] [stdout]   |
[INFO] [stdout] 2 | use serde_json::json;
[INFO] [stdout]   |     ^^^^^^^^^^^^^^^^
[INFO] [stdout] 
[INFO] [stdout] 
[INFO] [stdout] warning: unused imports: `Alignment`, `Padding`, `Style`
[INFO] [stdout]  --> tests/test_config.rs:3:24
[INFO] [stdout]   |
[INFO] [stdout] 3 | use tabled::settings::{Alignment, Padding, Style};
[INFO] [stdout]   |                        ^^^^^^^^^  ^^^^^^^  ^^^^^
[INFO] [stdout] 
[INFO] [stdout] 
[INFO] [stdout] error: aborting due to 1 previous error; 3 warnings emitted
[INFO] [stdout] 
[INFO] [stdout] 
[INFO] [stdout] For more information about this error, try `rustc --explain E0432`.
[INFO] [stdout] 
[INFO] [stderr] error: could not compile `json_to_table` (test "test_config") due to 2 previous errors; 3 warnings emitted
[INFO] running `Command { std: "docker" "inspect" "7640bf60beda32229cc8184f219281e1e3cd7d1e6f70af4e76175ec80aac9398", kill_on_drop: false }`
[INFO] running `Command { std: "docker" "rm" "-f" "7640bf60beda32229cc8184f219281e1e3cd7d1e6f70af4e76175ec80aac9398", kill_on_drop: false }`
[INFO] [stdout] 7640bf60beda32229cc8184f219281e1e3cd7d1e6f70af4e76175ec80aac9398
