[INFO] fetching crate json-ld-cli 0.14.1...
[INFO] checking json-ld-cli-0.14.1 against nightly-2024-02-05 for check-cfg
[INFO] extracting crate json-ld-cli 0.14.1 into /workspace/builds/worker-6-tc1/source
[INFO] validating manifest of crates.io crate json-ld-cli 0.14.1 on toolchain nightly-2024-02-05
[INFO] running `Command { std: CARGO_HOME="/workspace/cargo-home" RUSTUP_HOME="/workspace/rustup-home" "/workspace/cargo-home/bin/cargo" "+nightly-2024-02-05" "metadata" "--manifest-path" "Cargo.toml" "--no-deps", kill_on_drop: false }`
[INFO] started tweaking crates.io crate json-ld-cli 0.14.1
[INFO] finished tweaking crates.io crate json-ld-cli 0.14.1
[INFO] tweaked toml for crates.io crate json-ld-cli 0.14.1 written to /workspace/builds/worker-6-tc1/source/Cargo.toml
[INFO] crate crates.io crate json-ld-cli 0.14.1 already has a lockfile, it will not be regenerated
[INFO] running `Command { std: CARGO_HOME="/workspace/cargo-home" RUSTUP_HOME="/workspace/rustup-home" "/workspace/cargo-home/bin/cargo" "+nightly-2024-02-05" "fetch" "--manifest-path" "Cargo.toml", kill_on_drop: false }`
[INFO] [stderr]     Updating crates.io index
[INFO] [stderr]     Blocking waiting for file lock on package cache
[INFO] [stderr]  Downloading crates ...
[INFO] [stderr]   Downloaded decoded-char v0.1.1
[INFO] [stderr]   Downloaded mown v0.2.2
[INFO] [stderr]   Downloaded pct-str v1.2.0
[INFO] [stderr]   Downloaded pretty_dtoa v0.3.0
[INFO] [stderr]   Downloaded static-iref v2.0.0
[INFO] [stderr]   Downloaded contextual v0.1.6
[INFO] [stderr]   Downloaded utf8-decode v1.0.1
[INFO] [stderr]   Downloaded locspan-derive v0.6.0
[INFO] [stderr]   Downloaded permutohedron v0.2.4
[INFO] [stderr]   Downloaded iref v2.2.3
[INFO] [stderr]   Downloaded ryu-js v0.2.2
[INFO] [stderr]   Downloaded ryu_floating_decimal v0.1.0
[INFO] [stderr]   Downloaded rustix v0.37.14
[INFO] [stderr]   Downloaded linux-raw-sys v0.3.4
[INFO] [stderr]   Downloaded locspan v0.7.13
[INFO] [stderr]   Downloaded langtag v0.3.2
[INFO] [stderr]   Downloaded smallstr v0.3.0
[INFO] [stderr]   Downloaded json-ld-compaction v0.14.1
[INFO] [stderr]   Downloaded json-number v0.4.5
[INFO] [stderr]   Downloaded json-ld v0.14.1
[INFO] [stderr]   Downloaded rdf-types v0.14.7
[INFO] [stderr]   Downloaded json-ld-syntax v0.14.1
[INFO] [stderr]   Downloaded json-ld-context-processing v0.14.1
[INFO] [stderr]   Downloaded json-ld-expansion v0.14.1
[INFO] [stderr]   Downloaded json-syntax v0.9.1
[INFO] [stderr]   Downloaded json-ld-core v0.14.1
[INFO] running `Command { std: "docker" "create" "-v" "/var/lib/crater-agent-workspace/builds/worker-6-tc1/target:/opt/rustwide/target:rw,Z" "-v" "/var/lib/crater-agent-workspace/builds/worker-6-tc1/source:/opt/rustwide/workdir:ro,Z" "-v" "/var/lib/crater-agent-workspace/cargo-home:/opt/rustwide/cargo-home:ro,Z" "-v" "/var/lib/crater-agent-workspace/rustup-home:/opt/rustwide/rustup-home:ro,Z" "-e" "SOURCE_DIR=/opt/rustwide/workdir" "-e" "CARGO_TARGET_DIR=/opt/rustwide/target" "-e" "CARGO_HOME=/opt/rustwide/cargo-home" "-e" "RUSTUP_HOME=/opt/rustwide/rustup-home" "-w" "/opt/rustwide/workdir" "-m" "1610612736" "--user" "0:0" "--network" "none" "ghcr.io/rust-lang/crates-build-env/linux@sha256:2788e3201cd34a07e3172128adcd8b3090168a8e3bcc40d7c032b9dda1df7d1c" "/opt/rustwide/cargo-home/bin/cargo" "+nightly-2024-02-05" "metadata" "--no-deps" "--format-version=1", kill_on_drop: false }`
[INFO] [stdout] 92909f9dc25084adef28fcd881078a3915af92a1f814fbdde9a7af8c7fbf8612
[INFO] running `Command { std: "docker" "start" "-a" "92909f9dc25084adef28fcd881078a3915af92a1f814fbdde9a7af8c7fbf8612", kill_on_drop: false }`
[INFO] running `Command { std: "docker" "inspect" "92909f9dc25084adef28fcd881078a3915af92a1f814fbdde9a7af8c7fbf8612", kill_on_drop: false }`
[INFO] running `Command { std: "docker" "rm" "-f" "92909f9dc25084adef28fcd881078a3915af92a1f814fbdde9a7af8c7fbf8612", kill_on_drop: false }`
[INFO] [stdout] 92909f9dc25084adef28fcd881078a3915af92a1f814fbdde9a7af8c7fbf8612
[INFO] running `Command { std: "docker" "create" "-v" "/var/lib/crater-agent-workspace/builds/worker-6-tc1/target:/opt/rustwide/target:rw,Z" "-v" "/var/lib/crater-agent-workspace/builds/worker-6-tc1/source:/opt/rustwide/workdir:ro,Z" "-v" "/var/lib/crater-agent-workspace/cargo-home:/opt/rustwide/cargo-home:ro,Z" "-v" "/var/lib/crater-agent-workspace/rustup-home:/opt/rustwide/rustup-home:ro,Z" "-e" "SOURCE_DIR=/opt/rustwide/workdir" "-e" "CARGO_TARGET_DIR=/opt/rustwide/target" "-e" "CARGO_INCREMENTAL=0" "-e" "RUST_BACKTRACE=full" "-e" "RUSTFLAGS=--cap-lints=forbid" "-e" "RUSTDOCFLAGS=--cap-lints=forbid" "-e" "CARGO_HOME=/opt/rustwide/cargo-home" "-e" "RUSTUP_HOME=/opt/rustwide/rustup-home" "-w" "/opt/rustwide/workdir" "-m" "1610612736" "--user" "0:0" "--network" "none" "ghcr.io/rust-lang/crates-build-env/linux@sha256:2788e3201cd34a07e3172128adcd8b3090168a8e3bcc40d7c032b9dda1df7d1c" "/opt/rustwide/cargo-home/bin/cargo" "+nightly-2024-02-05" "check" "--frozen" "--all" "--all-targets" "--message-format=json", kill_on_drop: false }`
[INFO] [stdout] 15a9d86431724f0a6f8f7f6cc9157e0947466b66435165682b71038750af55ad
[INFO] running `Command { std: "docker" "start" "-a" "15a9d86431724f0a6f8f7f6cc9157e0947466b66435165682b71038750af55ad", kill_on_drop: false }`
[INFO] [stderr]    Compiling proc-macro2 v1.0.56
[INFO] [stderr]    Compiling libc v0.2.142
[INFO] [stderr]     Checking once_cell v1.17.1
[INFO] [stderr]    Compiling openssl-sys v0.9.87
[INFO] [stderr]     Checking lexical-util v0.8.5
[INFO] [stderr]    Compiling tokio v1.27.0
[INFO] [stderr]    Compiling ahash v0.8.3
[INFO] [stderr]    Compiling openssl v0.10.52
[INFO] [stderr]     Checking utf8-decode v1.0.1
[INFO] [stderr]     Checking percent-encoding v2.2.0
[INFO] [stderr]     Checking contextual v0.1.6
[INFO] [stderr]    Compiling thiserror v1.0.40
[INFO] [stderr]    Compiling serde v1.0.160
[INFO] [stderr]     Checking http-body v0.4.5
[INFO] [stderr]     Checking unicode-normalization v0.1.22
[INFO] [stderr]     Checking want v0.3.0
[INFO] [stderr]     Checking pct-str v1.2.0
[INFO] [stderr]    Compiling ryu_floating_decimal v0.1.0
[INFO] [stderr]     Checking form_urlencoded v1.1.0
[INFO] [stderr]     Checking tracing-core v0.1.30
[INFO] [stderr]     Checking ryu-js v0.2.2
[INFO] [stderr]     Checking unicode-bidi v0.3.13
[INFO] [stderr]     Checking iref v2.2.3
[INFO] [stderr]     Checking smallstr v0.3.0
[INFO] [stderr]     Checking ryu v1.0.13
[INFO] [stderr]     Checking langtag v0.3.2
[INFO] [stderr]     Checking decoded-char v0.1.1
[INFO] [stderr]    Compiling smallvec v1.10.0
[INFO] [stdout] error[E0422]: cannot find struct, variant or union type `LineColumn` in crate `proc_macro`
[INFO] [stdout]    --> /opt/rustwide/cargo-home/registry/src/index.crates.io-6f17d22bba15001f/proc-macro2-1.0.56/src/wrapper.rs:475:33
[INFO] [stdout]     |
[INFO] [stdout] 475 |                 let proc_macro::LineColumn { line, column } = s.start();
[INFO] [stdout]     |                                 ^^^^^^^^^^ not found in `proc_macro`
[INFO] [stdout]     |
[INFO] [stdout] help: consider importing this struct through its public re-export
[INFO] [stdout]     |
[INFO] [stdout] 1   + use crate::LineColumn;
[INFO] [stdout]     |
[INFO] [stdout] help: if you import `LineColumn`, refer to it directly
[INFO] [stdout]     |
[INFO] [stdout] 475 -                 let proc_macro::LineColumn { line, column } = s.start();
[INFO] [stdout] 475 +                 let LineColumn { line, column } = s.start();
[INFO] [stdout]     |
[INFO] [stdout] 
[INFO] [stdout] 
[INFO] [stdout] error[E0422]: cannot find struct, variant or union type `LineColumn` in crate `proc_macro`
[INFO] [stdout]    --> /opt/rustwide/cargo-home/registry/src/index.crates.io-6f17d22bba15001f/proc-macro2-1.0.56/src/wrapper.rs:489:33
[INFO] [stdout]     |
[INFO] [stdout] 489 |                 let proc_macro::LineColumn { line, column } = s.end();
[INFO] [stdout]     |                                 ^^^^^^^^^^ not found in `proc_macro`
[INFO] [stdout]     |
[INFO] [stdout] help: consider importing this struct through its public re-export
[INFO] [stdout]     |
[INFO] [stdout] 1   + use crate::LineColumn;
[INFO] [stdout]     |
[INFO] [stdout] help: if you import `LineColumn`, refer to it directly
[INFO] [stdout]     |
[INFO] [stdout] 489 -                 let proc_macro::LineColumn { line, column } = s.end();
[INFO] [stdout] 489 +                 let LineColumn { line, column } = s.end();
[INFO] [stdout]     |
[INFO] [stdout] 
[INFO] [stdout] 
[INFO] [stderr]     Checking encoding_rs v0.8.32
[INFO] [stderr]     Checking hashbrown v0.13.2
[INFO] [stdout] error[E0635]: unknown feature `proc_macro_span_shrink`
[INFO] [stdout]   --> /opt/rustwide/cargo-home/registry/src/index.crates.io-6f17d22bba15001f/proc-macro2-1.0.56/src/lib.rs:92:30
[INFO] [stdout]    |
[INFO] [stdout] 92 |     feature(proc_macro_span, proc_macro_span_shrink)
[INFO] [stdout]    |                              ^^^^^^^^^^^^^^^^^^^^^^
[INFO] [stdout] 
[INFO] [stdout] 
[INFO] [stderr]     Checking ipnet v2.7.2
[INFO] [stderr]     Checking tracing v0.1.37
[INFO] [stderr]     Checking base64 v0.21.0
[INFO] [stderr]    Compiling num-traits v0.2.15
[INFO] [stderr]     Checking idna v0.3.0
[INFO] [stderr]     Checking pretty_dtoa v0.3.0
[INFO] [stdout] error: aborting due to 3 previous errors
[INFO] [stdout] 
[INFO] [stdout] 
[INFO] [stdout] Some errors have detailed explanations: E0422, E0635.
[INFO] [stdout] 
[INFO] [stdout] For more information about an error, try `rustc --explain E0422`.
[INFO] [stdout] 
[INFO] [stderr] error: could not compile `proc-macro2` (lib) due to 4 previous errors
[INFO] [stderr] warning: build failed, waiting for other jobs to finish...
[INFO] running `Command { std: "docker" "inspect" "15a9d86431724f0a6f8f7f6cc9157e0947466b66435165682b71038750af55ad", kill_on_drop: false }`
[INFO] running `Command { std: "docker" "rm" "-f" "15a9d86431724f0a6f8f7f6cc9157e0947466b66435165682b71038750af55ad", kill_on_drop: false }`
[INFO] [stdout] 15a9d86431724f0a6f8f7f6cc9157e0947466b66435165682b71038750af55ad
