[INFO] fetching crate jrsonnet-gcmodule-derive 0.3.6...
[INFO] checking jrsonnet-gcmodule-derive-0.3.6 against nightly-2024-02-05 for check-cfg
[INFO] extracting crate jrsonnet-gcmodule-derive 0.3.6 into /workspace/builds/worker-7-tc1/source
[INFO] validating manifest of crates.io crate jrsonnet-gcmodule-derive 0.3.6 on toolchain nightly-2024-02-05
[INFO] running `Command { std: CARGO_HOME="/workspace/cargo-home" RUSTUP_HOME="/workspace/rustup-home" "/workspace/cargo-home/bin/cargo" "+nightly-2024-02-05" "metadata" "--manifest-path" "Cargo.toml" "--no-deps", kill_on_drop: false }`
[INFO] started tweaking crates.io crate jrsonnet-gcmodule-derive 0.3.6
[INFO] finished tweaking crates.io crate jrsonnet-gcmodule-derive 0.3.6
[INFO] tweaked toml for crates.io crate jrsonnet-gcmodule-derive 0.3.6 written to /workspace/builds/worker-7-tc1/source/Cargo.toml
[INFO] running `Command { std: CARGO_HOME="/workspace/cargo-home" RUSTUP_HOME="/workspace/rustup-home" "/workspace/cargo-home/bin/cargo" "+nightly-2024-02-05" "generate-lockfile" "--manifest-path" "Cargo.toml", kill_on_drop: false }`
[INFO] [stderr]     Updating crates.io index
[INFO] running `Command { std: CARGO_HOME="/workspace/cargo-home" RUSTUP_HOME="/workspace/rustup-home" "/workspace/cargo-home/bin/cargo" "+nightly-2024-02-05" "fetch" "--manifest-path" "Cargo.toml", kill_on_drop: false }`
[INFO] running `Command { std: "docker" "create" "-v" "/var/lib/crater-agent-workspace/builds/worker-7-tc1/target:/opt/rustwide/target:rw,Z" "-v" "/var/lib/crater-agent-workspace/builds/worker-7-tc1/source:/opt/rustwide/workdir:ro,Z" "-v" "/var/lib/crater-agent-workspace/cargo-home:/opt/rustwide/cargo-home:ro,Z" "-v" "/var/lib/crater-agent-workspace/rustup-home:/opt/rustwide/rustup-home:ro,Z" "-e" "SOURCE_DIR=/opt/rustwide/workdir" "-e" "CARGO_TARGET_DIR=/opt/rustwide/target" "-e" "CARGO_HOME=/opt/rustwide/cargo-home" "-e" "RUSTUP_HOME=/opt/rustwide/rustup-home" "-w" "/opt/rustwide/workdir" "-m" "1610612736" "--user" "0:0" "--network" "none" "ghcr.io/rust-lang/crates-build-env/linux@sha256:2788e3201cd34a07e3172128adcd8b3090168a8e3bcc40d7c032b9dda1df7d1c" "/opt/rustwide/cargo-home/bin/cargo" "+nightly-2024-02-05" "metadata" "--no-deps" "--format-version=1", kill_on_drop: false }`
[INFO] [stdout] c065e4c459eceac0ac130436e2f4666acf17e94b5f0645630a5deabfb4855a1a
[INFO] running `Command { std: "docker" "start" "-a" "c065e4c459eceac0ac130436e2f4666acf17e94b5f0645630a5deabfb4855a1a", kill_on_drop: false }`
[INFO] running `Command { std: "docker" "inspect" "c065e4c459eceac0ac130436e2f4666acf17e94b5f0645630a5deabfb4855a1a", kill_on_drop: false }`
[INFO] running `Command { std: "docker" "rm" "-f" "c065e4c459eceac0ac130436e2f4666acf17e94b5f0645630a5deabfb4855a1a", kill_on_drop: false }`
[INFO] [stdout] c065e4c459eceac0ac130436e2f4666acf17e94b5f0645630a5deabfb4855a1a
[INFO] running `Command { std: "docker" "create" "-v" "/var/lib/crater-agent-workspace/builds/worker-7-tc1/target:/opt/rustwide/target:rw,Z" "-v" "/var/lib/crater-agent-workspace/builds/worker-7-tc1/source:/opt/rustwide/workdir:ro,Z" "-v" "/var/lib/crater-agent-workspace/cargo-home:/opt/rustwide/cargo-home:ro,Z" "-v" "/var/lib/crater-agent-workspace/rustup-home:/opt/rustwide/rustup-home:ro,Z" "-e" "SOURCE_DIR=/opt/rustwide/workdir" "-e" "CARGO_TARGET_DIR=/opt/rustwide/target" "-e" "CARGO_INCREMENTAL=0" "-e" "RUST_BACKTRACE=full" "-e" "RUSTFLAGS=--cap-lints=forbid" "-e" "RUSTDOCFLAGS=--cap-lints=forbid" "-e" "CARGO_HOME=/opt/rustwide/cargo-home" "-e" "RUSTUP_HOME=/opt/rustwide/rustup-home" "-w" "/opt/rustwide/workdir" "-m" "1610612736" "--user" "0:0" "--network" "none" "ghcr.io/rust-lang/crates-build-env/linux@sha256:2788e3201cd34a07e3172128adcd8b3090168a8e3bcc40d7c032b9dda1df7d1c" "/opt/rustwide/cargo-home/bin/cargo" "+nightly-2024-02-05" "check" "--frozen" "--all" "--all-targets" "--message-format=json", kill_on_drop: false }`
[INFO] [stdout] 0562cc99bb8c6c7429d77f7283c7bdee0e79a6a179a5365db877bee7e4a757a8
[INFO] running `Command { std: "docker" "start" "-a" "0562cc99bb8c6c7429d77f7283c7bdee0e79a6a179a5365db877bee7e4a757a8", kill_on_drop: false }`
[INFO] [stderr]    Compiling proc-macro2 v1.0.78
[INFO] [stderr]    Compiling syn v1.0.109
[INFO] [stderr]     Checking unicode-ident v1.0.12
[INFO] [stderr]     Checking quote v1.0.35
[INFO] [stderr]     Checking jrsonnet-gcmodule-derive v0.3.6 (/opt/rustwide/workdir)
[INFO] [stdout] error[E0432]: unresolved import `jrsonnet_gcmodule`
[INFO] [stdout]  --> tests/trace.rs:1:5
[INFO] [stdout]   |
[INFO] [stdout] 1 | use jrsonnet_gcmodule::{Cc, Trace, Tracer};
[INFO] [stdout]   |     ^^^^^^^^^^^^^^^^^ use of undeclared crate or module `jrsonnet_gcmodule`
[INFO] [stdout] 
[INFO] [stdout] 
[INFO] [stdout] error[E0433]: failed to resolve: could not find `jrsonnet_gcmodule` in the list of imported crates
[INFO] [stdout]  --> tests/trace.rs:8:14
[INFO] [stdout]   |
[INFO] [stdout] 8 |     #[derive(DeriveTrace)]
[INFO] [stdout]   |              ^^^^^^^^^^^ could not find `jrsonnet_gcmodule` in the list of imported crates
[INFO] [stdout]   |
[INFO] [stdout]   = note: this error originates in the derive macro `DeriveTrace` (in Nightly builds, run with -Z macro-backtrace for more info)
[INFO] [stdout] 
[INFO] [stdout] 
[INFO] [stdout] error[E0433]: failed to resolve: could not find `jrsonnet_gcmodule` in the list of imported crates
[INFO] [stdout]   --> tests/trace.rs:11:14
[INFO] [stdout]    |
[INFO] [stdout] 11 |     #[derive(DeriveTrace)]
[INFO] [stdout]    |              ^^^^^^^^^^^ could not find `jrsonnet_gcmodule` in the list of imported crates
[INFO] [stdout]    |
[INFO] [stdout]    = note: this error originates in the derive macro `DeriveTrace` (in Nightly builds, run with -Z macro-backtrace for more info)
[INFO] [stdout] 
[INFO] [stdout] 
[INFO] [stdout] error[E0433]: failed to resolve: could not find `jrsonnet_gcmodule` in the list of imported crates
[INFO] [stdout]   --> tests/trace.rs:14:14
[INFO] [stdout]    |
[INFO] [stdout] 14 |     #[derive(DeriveTrace)]
[INFO] [stdout]    |              ^^^^^^^^^^^ could not find `jrsonnet_gcmodule` in the list of imported crates
[INFO] [stdout]    |
[INFO] [stdout]    = note: this error originates in the derive macro `DeriveTrace` (in Nightly builds, run with -Z macro-backtrace for more info)
[INFO] [stdout] 
[INFO] [stdout] 
[INFO] [stdout] error[E0433]: failed to resolve: could not find `jrsonnet_gcmodule` in the list of imported crates
[INFO] [stdout]   --> tests/trace.rs:22:14
[INFO] [stdout]    |
[INFO] [stdout] 22 |     #[derive(DeriveTrace)]
[INFO] [stdout]    |              ^^^^^^^^^^^ could not find `jrsonnet_gcmodule` in the list of imported crates
[INFO] [stdout]    |
[INFO] [stdout]    = note: this error originates in the derive macro `DeriveTrace` (in Nightly builds, run with -Z macro-backtrace for more info)
[INFO] [stdout] 
[INFO] [stdout] 
[INFO] [stdout] error[E0433]: failed to resolve: could not find `jrsonnet_gcmodule` in the list of imported crates
[INFO] [stdout]   --> tests/trace.rs:30:14
[INFO] [stdout]    |
[INFO] [stdout] 30 |     #[derive(DeriveTrace)]
[INFO] [stdout]    |              ^^^^^^^^^^^ could not find `jrsonnet_gcmodule` in the list of imported crates
[INFO] [stdout]    |
[INFO] [stdout]    = note: this error originates in the derive macro `DeriveTrace` (in Nightly builds, run with -Z macro-backtrace for more info)
[INFO] [stdout] 
[INFO] [stdout] 
[INFO] [stdout] error[E0433]: failed to resolve: could not find `jrsonnet_gcmodule` in the list of imported crates
[INFO] [stdout]   --> tests/trace.rs:40:14
[INFO] [stdout]    |
[INFO] [stdout] 40 |     #[derive(DeriveTrace)]
[INFO] [stdout]    |              ^^^^^^^^^^^ could not find `jrsonnet_gcmodule` in the list of imported crates
[INFO] [stdout]    |
[INFO] [stdout]    = note: this error originates in the derive macro `DeriveTrace` (in Nightly builds, run with -Z macro-backtrace for more info)
[INFO] [stdout] 
[INFO] [stdout] 
[INFO] [stdout] error[E0433]: failed to resolve: could not find `jrsonnet_gcmodule` in the list of imported crates
[INFO] [stdout]   --> tests/trace.rs:47:14
[INFO] [stdout]    |
[INFO] [stdout] 47 |     #[derive(DeriveTrace)]
[INFO] [stdout]    |              ^^^^^^^^^^^ could not find `jrsonnet_gcmodule` in the list of imported crates
[INFO] [stdout]    |
[INFO] [stdout]    = note: this error originates in the derive macro `DeriveTrace` (in Nightly builds, run with -Z macro-backtrace for more info)
[INFO] [stdout] 
[INFO] [stdout] 
[INFO] [stdout] error[E0433]: failed to resolve: could not find `jrsonnet_gcmodule` in the list of imported crates
[INFO] [stdout]   --> tests/trace.rs:57:14
[INFO] [stdout]    |
[INFO] [stdout] 57 |     #[derive(DeriveTrace)]
[INFO] [stdout]    |              ^^^^^^^^^^^ could not find `jrsonnet_gcmodule` in the list of imported crates
[INFO] [stdout]    |
[INFO] [stdout]    = note: this error originates in the derive macro `DeriveTrace` (in Nightly builds, run with -Z macro-backtrace for more info)
[INFO] [stdout] 
[INFO] [stdout] 
[INFO] [stdout] error[E0433]: failed to resolve: could not find `jrsonnet_gcmodule` in the list of imported crates
[INFO] [stdout]   --> tests/trace.rs:68:14
[INFO] [stdout]    |
[INFO] [stdout] 68 |     #[derive(DeriveTrace)]
[INFO] [stdout]    |              ^^^^^^^^^^^ could not find `jrsonnet_gcmodule` in the list of imported crates
[INFO] [stdout]    |
[INFO] [stdout]    = note: this error originates in the derive macro `DeriveTrace` (in Nightly builds, run with -Z macro-backtrace for more info)
[INFO] [stdout] 
[INFO] [stdout] 
[INFO] [stdout] error[E0433]: failed to resolve: could not find `jrsonnet_gcmodule` in the list of imported crates
[INFO] [stdout]   --> tests/trace.rs:76:14
[INFO] [stdout]    |
[INFO] [stdout] 76 |     #[derive(DeriveTrace)]
[INFO] [stdout]    |              ^^^^^^^^^^^ could not find `jrsonnet_gcmodule` in the list of imported crates
[INFO] [stdout]    |
[INFO] [stdout]    = note: this error originates in the derive macro `DeriveTrace` (in Nightly builds, run with -Z macro-backtrace for more info)
[INFO] [stdout] 
[INFO] [stdout] 
[INFO] [stdout] error[E0433]: failed to resolve: could not find `jrsonnet_gcmodule` in the list of imported crates
[INFO] [stdout]   --> tests/trace.rs:83:14
[INFO] [stdout]    |
[INFO] [stdout] 83 |     #[derive(DeriveTrace)]
[INFO] [stdout]    |              ^^^^^^^^^^^ could not find `jrsonnet_gcmodule` in the list of imported crates
[INFO] [stdout]    |
[INFO] [stdout]    = note: this error originates in the derive macro `DeriveTrace` (in Nightly builds, run with -Z macro-backtrace for more info)
[INFO] [stdout] 
[INFO] [stdout] 
[INFO] [stdout] error[E0433]: failed to resolve: could not find `jrsonnet_gcmodule` in the list of imported crates
[INFO] [stdout]   --> tests/trace.rs:94:14
[INFO] [stdout]    |
[INFO] [stdout] 94 |     #[derive(DeriveTrace)]
[INFO] [stdout]    |              ^^^^^^^^^^^ could not find `jrsonnet_gcmodule` in the list of imported crates
[INFO] [stdout]    |
[INFO] [stdout]    = note: this error originates in the derive macro `DeriveTrace` (in Nightly builds, run with -Z macro-backtrace for more info)
[INFO] [stdout] 
[INFO] [stdout] 
[INFO] [stdout] error[E0433]: failed to resolve: could not find `jrsonnet_gcmodule` in the list of imported crates
[INFO] [stdout]    --> tests/trace.rs:102:14
[INFO] [stdout]     |
[INFO] [stdout] 102 |     #[derive(DeriveTrace)]
[INFO] [stdout]     |              ^^^^^^^^^^^ could not find `jrsonnet_gcmodule` in the list of imported crates
[INFO] [stdout]     |
[INFO] [stdout]     = note: this error originates in the derive macro `DeriveTrace` (in Nightly builds, run with -Z macro-backtrace for more info)
[INFO] [stdout] 
[INFO] [stdout] 
[INFO] [stdout] error[E0433]: failed to resolve: could not find `jrsonnet_gcmodule` in the list of imported crates
[INFO] [stdout]    --> tests/trace.rs:109:14
[INFO] [stdout]     |
[INFO] [stdout] 109 |     #[derive(DeriveTrace)]
[INFO] [stdout]     |              ^^^^^^^^^^^ could not find `jrsonnet_gcmodule` in the list of imported crates
[INFO] [stdout]     |
[INFO] [stdout]     = note: this error originates in the derive macro `DeriveTrace` (in Nightly builds, run with -Z macro-backtrace for more info)
[INFO] [stdout] 
[INFO] [stdout] 
[INFO] [stdout] error[E0433]: failed to resolve: could not find `jrsonnet_gcmodule` in the list of imported crates
[INFO] [stdout]    --> tests/trace.rs:119:14
[INFO] [stdout]     |
[INFO] [stdout] 119 |     #[derive(DeriveTrace)]
[INFO] [stdout]     |              ^^^^^^^^^^^ could not find `jrsonnet_gcmodule` in the list of imported crates
[INFO] [stdout]     |
[INFO] [stdout]     = note: this error originates in the derive macro `DeriveTrace` (in Nightly builds, run with -Z macro-backtrace for more info)
[INFO] [stdout] 
[INFO] [stdout] 
[INFO] [stdout] error[E0433]: failed to resolve: could not find `jrsonnet_gcmodule` in the list of imported crates
[INFO] [stdout]    --> tests/trace.rs:123:14
[INFO] [stdout]     |
[INFO] [stdout] 123 |     #[derive(DeriveTrace)]
[INFO] [stdout]     |              ^^^^^^^^^^^ could not find `jrsonnet_gcmodule` in the list of imported crates
[INFO] [stdout]     |
[INFO] [stdout]     = note: this error originates in the derive macro `DeriveTrace` (in Nightly builds, run with -Z macro-backtrace for more info)
[INFO] [stdout] 
[INFO] [stdout] 
[INFO] [stdout] error[E0433]: failed to resolve: could not find `jrsonnet_gcmodule` in the list of imported crates
[INFO] [stdout]    --> tests/trace.rs:130:14
[INFO] [stdout]     |
[INFO] [stdout] 130 |     #[derive(DeriveTrace, Default)]
[INFO] [stdout]     |              ^^^^^^^^^^^ could not find `jrsonnet_gcmodule` in the list of imported crates
[INFO] [stdout]     |
[INFO] [stdout]     = note: this error originates in the derive macro `DeriveTrace` (in Nightly builds, run with -Z macro-backtrace for more info)
[INFO] [stdout] 
[INFO] [stdout] 
[INFO] [stdout] error[E0433]: failed to resolve: could not find `jrsonnet_gcmodule` in the list of imported crates
[INFO] [stdout]    --> tests/trace.rs:149:14
[INFO] [stdout]     |
[INFO] [stdout] 149 |     #[derive(DeriveTrace)]
[INFO] [stdout]     |              ^^^^^^^^^^^ could not find `jrsonnet_gcmodule` in the list of imported crates
[INFO] [stdout]     |
[INFO] [stdout]     = note: this error originates in the derive macro `DeriveTrace` (in Nightly builds, run with -Z macro-backtrace for more info)
[INFO] [stdout] 
[INFO] [stdout] 
[INFO] [stdout] error[E0433]: failed to resolve: use of undeclared crate or module `jrsonnet_gcmodule`
[INFO] [stdout]    --> tests/trace.rs:140:16
[INFO] [stdout]     |
[INFO] [stdout] 140 |     assert_eq!(jrsonnet_gcmodule::collect_thread_cycles(), 3);
[INFO] [stdout]     |                ^^^^^^^^^^^^^^^^^ use of undeclared crate or module `jrsonnet_gcmodule`
[INFO] [stdout] 
[INFO] [stdout] 
[INFO] [stdout] error: aborting due to 20 previous errors
[INFO] [stdout] 
[INFO] [stdout] 
[INFO] [stdout] Some errors have detailed explanations: E0432, E0433.
[INFO] [stdout] 
[INFO] [stdout] For more information about an error, try `rustc --explain E0432`.
[INFO] [stdout] 
[INFO] [stderr] error: could not compile `jrsonnet-gcmodule-derive` (test "trace") due to 21 previous errors
[INFO] running `Command { std: "docker" "inspect" "0562cc99bb8c6c7429d77f7283c7bdee0e79a6a179a5365db877bee7e4a757a8", kill_on_drop: false }`
[INFO] running `Command { std: "docker" "rm" "-f" "0562cc99bb8c6c7429d77f7283c7bdee0e79a6a179a5365db877bee7e4a757a8", kill_on_drop: false }`
[INFO] [stdout] 0562cc99bb8c6c7429d77f7283c7bdee0e79a6a179a5365db877bee7e4a757a8
[INFO] checking jrsonnet-gcmodule-derive-0.3.6 against nightly-2024-02-05+rustflags=-Dunexpected_cfgs+cargoflags=-Zcheck-cfg for check-cfg
[INFO] extracting crate jrsonnet-gcmodule-derive 0.3.6 into /workspace/builds/worker-7-tc2/source
[INFO] validating manifest of crates.io crate jrsonnet-gcmodule-derive 0.3.6 on toolchain nightly-2024-02-05
[INFO] running `Command { std: CARGO_HOME="/workspace/cargo-home" RUSTUP_HOME="/workspace/rustup-home" "/workspace/cargo-home/bin/cargo" "+nightly-2024-02-05" "metadata" "--manifest-path" "Cargo.toml" "--no-deps", kill_on_drop: false }`
[INFO] started tweaking crates.io crate jrsonnet-gcmodule-derive 0.3.6
[INFO] finished tweaking crates.io crate jrsonnet-gcmodule-derive 0.3.6
[INFO] tweaked toml for crates.io crate jrsonnet-gcmodule-derive 0.3.6 written to /workspace/builds/worker-7-tc2/source/Cargo.toml
[INFO] running `Command { std: CARGO_HOME="/workspace/cargo-home" RUSTUP_HOME="/workspace/rustup-home" "/workspace/cargo-home/bin/cargo" "+nightly-2024-02-05" "generate-lockfile" "--manifest-path" "Cargo.toml", kill_on_drop: false }`
[INFO] [stderr]     Updating crates.io index
[INFO] running `Command { std: CARGO_HOME="/workspace/cargo-home" RUSTUP_HOME="/workspace/rustup-home" "/workspace/cargo-home/bin/cargo" "+nightly-2024-02-05" "fetch" "--manifest-path" "Cargo.toml", kill_on_drop: false }`
[INFO] running `Command { std: "docker" "create" "-v" "/var/lib/crater-agent-workspace/builds/worker-7-tc2/target:/opt/rustwide/target:rw,Z" "-v" "/var/lib/crater-agent-workspace/builds/worker-7-tc2/source:/opt/rustwide/workdir:ro,Z" "-v" "/var/lib/crater-agent-workspace/cargo-home:/opt/rustwide/cargo-home:ro,Z" "-v" "/var/lib/crater-agent-workspace/rustup-home:/opt/rustwide/rustup-home:ro,Z" "-e" "SOURCE_DIR=/opt/rustwide/workdir" "-e" "CARGO_TARGET_DIR=/opt/rustwide/target" "-e" "CARGO_HOME=/opt/rustwide/cargo-home" "-e" "RUSTUP_HOME=/opt/rustwide/rustup-home" "-w" "/opt/rustwide/workdir" "-m" "1610612736" "--user" "0:0" "--network" "none" "ghcr.io/rust-lang/crates-build-env/linux@sha256:2788e3201cd34a07e3172128adcd8b3090168a8e3bcc40d7c032b9dda1df7d1c" "/opt/rustwide/cargo-home/bin/cargo" "+nightly-2024-02-05" "metadata" "--no-deps" "--format-version=1", kill_on_drop: false }`
[INFO] [stdout] 86743b384931a8e19e93ed0211edc25d5f07ccffb3d45b9b1c26eb6ef342f23b
[INFO] running `Command { std: "docker" "start" "-a" "86743b384931a8e19e93ed0211edc25d5f07ccffb3d45b9b1c26eb6ef342f23b", kill_on_drop: false }`
[INFO] running `Command { std: "docker" "inspect" "86743b384931a8e19e93ed0211edc25d5f07ccffb3d45b9b1c26eb6ef342f23b", kill_on_drop: false }`
[INFO] running `Command { std: "docker" "rm" "-f" "86743b384931a8e19e93ed0211edc25d5f07ccffb3d45b9b1c26eb6ef342f23b", kill_on_drop: false }`
[INFO] [stdout] 86743b384931a8e19e93ed0211edc25d5f07ccffb3d45b9b1c26eb6ef342f23b
[INFO] running `Command { std: "docker" "create" "-v" "/var/lib/crater-agent-workspace/builds/worker-7-tc2/target:/opt/rustwide/target:rw,Z" "-v" "/var/lib/crater-agent-workspace/builds/worker-7-tc2/source:/opt/rustwide/workdir:ro,Z" "-v" "/var/lib/crater-agent-workspace/cargo-home:/opt/rustwide/cargo-home:ro,Z" "-v" "/var/lib/crater-agent-workspace/rustup-home:/opt/rustwide/rustup-home:ro,Z" "-e" "SOURCE_DIR=/opt/rustwide/workdir" "-e" "CARGO_TARGET_DIR=/opt/rustwide/target" "-e" "CARGO_INCREMENTAL=0" "-e" "RUST_BACKTRACE=full" "-e" "RUSTFLAGS=--cap-lints=forbid -Dunexpected_cfgs" "-e" "RUSTDOCFLAGS=--cap-lints=forbid" "-e" "CARGO_HOME=/opt/rustwide/cargo-home" "-e" "RUSTUP_HOME=/opt/rustwide/rustup-home" "-w" "/opt/rustwide/workdir" "-m" "1610612736" "--user" "0:0" "--network" "none" "ghcr.io/rust-lang/crates-build-env/linux@sha256:2788e3201cd34a07e3172128adcd8b3090168a8e3bcc40d7c032b9dda1df7d1c" "/opt/rustwide/cargo-home/bin/cargo" "+nightly-2024-02-05" "check" "--frozen" "--all" "--all-targets" "--message-format=json" "-Zcheck-cfg", kill_on_drop: false }`
[INFO] [stdout] 5ba5995a2a843dcca30b6c654601cab4e3a98b856695445a5bfc7dd8bd080f68
[INFO] running `Command { std: "docker" "start" "-a" "5ba5995a2a843dcca30b6c654601cab4e3a98b856695445a5bfc7dd8bd080f68", kill_on_drop: false }`
[INFO] [stderr]    Compiling proc-macro2 v1.0.78
[INFO] [stderr]    Compiling syn v1.0.109
[INFO] [stderr]     Checking unicode-ident v1.0.12
[INFO] [stderr]     Checking quote v1.0.35
[INFO] [stderr]     Checking jrsonnet-gcmodule-derive v0.3.6 (/opt/rustwide/workdir)
[INFO] [stdout] error[E0432]: unresolved import `jrsonnet_gcmodule`
[INFO] [stdout]  --> tests/trace.rs:1:5
[INFO] [stdout]   |
[INFO] [stdout] 1 | use jrsonnet_gcmodule::{Cc, Trace, Tracer};
[INFO] [stdout]   |     ^^^^^^^^^^^^^^^^^ use of undeclared crate or module `jrsonnet_gcmodule`
[INFO] [stdout] 
[INFO] [stdout] 
[INFO] [stdout] error[E0433]: failed to resolve: could not find `jrsonnet_gcmodule` in the list of imported crates
[INFO] [stdout]  --> tests/trace.rs:8:14
[INFO] [stdout]   |
[INFO] [stdout] 8 |     #[derive(DeriveTrace)]
[INFO] [stdout]   |              ^^^^^^^^^^^ could not find `jrsonnet_gcmodule` in the list of imported crates
[INFO] [stdout]   |
[INFO] [stdout]   = note: this error originates in the derive macro `DeriveTrace` (in Nightly builds, run with -Z macro-backtrace for more info)
[INFO] [stdout] 
[INFO] [stdout] 
[INFO] [stdout] error[E0433]: failed to resolve: could not find `jrsonnet_gcmodule` in the list of imported crates
[INFO] [stdout]   --> tests/trace.rs:11:14
[INFO] [stdout]    |
[INFO] [stdout] 11 |     #[derive(DeriveTrace)]
[INFO] [stdout]    |              ^^^^^^^^^^^ could not find `jrsonnet_gcmodule` in the list of imported crates
[INFO] [stdout]    |
[INFO] [stdout]    = note: this error originates in the derive macro `DeriveTrace` (in Nightly builds, run with -Z macro-backtrace for more info)
[INFO] [stdout] 
[INFO] [stdout] 
[INFO] [stdout] error[E0433]: failed to resolve: could not find `jrsonnet_gcmodule` in the list of imported crates
[INFO] [stdout]   --> tests/trace.rs:14:14
[INFO] [stdout]    |
[INFO] [stdout] 14 |     #[derive(DeriveTrace)]
[INFO] [stdout]    |              ^^^^^^^^^^^ could not find `jrsonnet_gcmodule` in the list of imported crates
[INFO] [stdout]    |
[INFO] [stdout]    = note: this error originates in the derive macro `DeriveTrace` (in Nightly builds, run with -Z macro-backtrace for more info)
[INFO] [stdout] 
[INFO] [stdout] 
[INFO] [stdout] error[E0433]: failed to resolve: could not find `jrsonnet_gcmodule` in the list of imported crates
[INFO] [stdout]   --> tests/trace.rs:22:14
[INFO] [stdout]    |
[INFO] [stdout] 22 |     #[derive(DeriveTrace)]
[INFO] [stdout]    |              ^^^^^^^^^^^ could not find `jrsonnet_gcmodule` in the list of imported crates
[INFO] [stdout]    |
[INFO] [stdout]    = note: this error originates in the derive macro `DeriveTrace` (in Nightly builds, run with -Z macro-backtrace for more info)
[INFO] [stdout] 
[INFO] [stdout] 
[INFO] [stdout] error[E0433]: failed to resolve: could not find `jrsonnet_gcmodule` in the list of imported crates
[INFO] [stdout]   --> tests/trace.rs:30:14
[INFO] [stdout]    |
[INFO] [stdout] 30 |     #[derive(DeriveTrace)]
[INFO] [stdout]    |              ^^^^^^^^^^^ could not find `jrsonnet_gcmodule` in the list of imported crates
[INFO] [stdout]    |
[INFO] [stdout]    = note: this error originates in the derive macro `DeriveTrace` (in Nightly builds, run with -Z macro-backtrace for more info)
[INFO] [stdout] 
[INFO] [stdout] 
[INFO] [stdout] error[E0433]: failed to resolve: could not find `jrsonnet_gcmodule` in the list of imported crates
[INFO] [stdout]   --> tests/trace.rs:40:14
[INFO] [stdout]    |
[INFO] [stdout] 40 |     #[derive(DeriveTrace)]
[INFO] [stdout]    |              ^^^^^^^^^^^ could not find `jrsonnet_gcmodule` in the list of imported crates
[INFO] [stdout]    |
[INFO] [stdout]    = note: this error originates in the derive macro `DeriveTrace` (in Nightly builds, run with -Z macro-backtrace for more info)
[INFO] [stdout] 
[INFO] [stdout] 
[INFO] [stdout] error[E0433]: failed to resolve: could not find `jrsonnet_gcmodule` in the list of imported crates
[INFO] [stdout]   --> tests/trace.rs:47:14
[INFO] [stdout]    |
[INFO] [stdout] 47 |     #[derive(DeriveTrace)]
[INFO] [stdout]    |              ^^^^^^^^^^^ could not find `jrsonnet_gcmodule` in the list of imported crates
[INFO] [stdout]    |
[INFO] [stdout]    = note: this error originates in the derive macro `DeriveTrace` (in Nightly builds, run with -Z macro-backtrace for more info)
[INFO] [stdout] 
[INFO] [stdout] 
[INFO] [stdout] error[E0433]: failed to resolve: could not find `jrsonnet_gcmodule` in the list of imported crates
[INFO] [stdout]   --> tests/trace.rs:57:14
[INFO] [stdout]    |
[INFO] [stdout] 57 |     #[derive(DeriveTrace)]
[INFO] [stdout]    |              ^^^^^^^^^^^ could not find `jrsonnet_gcmodule` in the list of imported crates
[INFO] [stdout]    |
[INFO] [stdout]    = note: this error originates in the derive macro `DeriveTrace` (in Nightly builds, run with -Z macro-backtrace for more info)
[INFO] [stdout] 
[INFO] [stdout] 
[INFO] [stdout] error[E0433]: failed to resolve: could not find `jrsonnet_gcmodule` in the list of imported crates
[INFO] [stdout]   --> tests/trace.rs:68:14
[INFO] [stdout]    |
[INFO] [stdout] 68 |     #[derive(DeriveTrace)]
[INFO] [stdout]    |              ^^^^^^^^^^^ could not find `jrsonnet_gcmodule` in the list of imported crates
[INFO] [stdout]    |
[INFO] [stdout]    = note: this error originates in the derive macro `DeriveTrace` (in Nightly builds, run with -Z macro-backtrace for more info)
[INFO] [stdout] 
[INFO] [stdout] 
[INFO] [stdout] error[E0433]: failed to resolve: could not find `jrsonnet_gcmodule` in the list of imported crates
[INFO] [stdout]   --> tests/trace.rs:76:14
[INFO] [stdout]    |
[INFO] [stdout] 76 |     #[derive(DeriveTrace)]
[INFO] [stdout]    |              ^^^^^^^^^^^ could not find `jrsonnet_gcmodule` in the list of imported crates
[INFO] [stdout]    |
[INFO] [stdout]    = note: this error originates in the derive macro `DeriveTrace` (in Nightly builds, run with -Z macro-backtrace for more info)
[INFO] [stdout] 
[INFO] [stdout] 
[INFO] [stdout] error[E0433]: failed to resolve: could not find `jrsonnet_gcmodule` in the list of imported crates
[INFO] [stdout]   --> tests/trace.rs:83:14
[INFO] [stdout]    |
[INFO] [stdout] 83 |     #[derive(DeriveTrace)]
[INFO] [stdout]    |              ^^^^^^^^^^^ could not find `jrsonnet_gcmodule` in the list of imported crates
[INFO] [stdout]    |
[INFO] [stdout]    = note: this error originates in the derive macro `DeriveTrace` (in Nightly builds, run with -Z macro-backtrace for more info)
[INFO] [stdout] 
[INFO] [stdout] 
[INFO] [stdout] error[E0433]: failed to resolve: could not find `jrsonnet_gcmodule` in the list of imported crates
[INFO] [stdout]   --> tests/trace.rs:94:14
[INFO] [stdout]    |
[INFO] [stdout] 94 |     #[derive(DeriveTrace)]
[INFO] [stdout]    |              ^^^^^^^^^^^ could not find `jrsonnet_gcmodule` in the list of imported crates
[INFO] [stdout]    |
[INFO] [stdout]    = note: this error originates in the derive macro `DeriveTrace` (in Nightly builds, run with -Z macro-backtrace for more info)
[INFO] [stdout] 
[INFO] [stdout] 
[INFO] [stdout] error[E0433]: failed to resolve: could not find `jrsonnet_gcmodule` in the list of imported crates
[INFO] [stdout]    --> tests/trace.rs:102:14
[INFO] [stdout]     |
[INFO] [stdout] 102 |     #[derive(DeriveTrace)]
[INFO] [stdout]     |              ^^^^^^^^^^^ could not find `jrsonnet_gcmodule` in the list of imported crates
[INFO] [stdout]     |
[INFO] [stdout]     = note: this error originates in the derive macro `DeriveTrace` (in Nightly builds, run with -Z macro-backtrace for more info)
[INFO] [stdout] 
[INFO] [stdout] 
[INFO] [stdout] error[E0433]: failed to resolve: could not find `jrsonnet_gcmodule` in the list of imported crates
[INFO] [stdout]    --> tests/trace.rs:109:14
[INFO] [stdout]     |
[INFO] [stdout] 109 |     #[derive(DeriveTrace)]
[INFO] [stdout]     |              ^^^^^^^^^^^ could not find `jrsonnet_gcmodule` in the list of imported crates
[INFO] [stdout]     |
[INFO] [stdout]     = note: this error originates in the derive macro `DeriveTrace` (in Nightly builds, run with -Z macro-backtrace for more info)
[INFO] [stdout] 
[INFO] [stdout] 
[INFO] [stdout] error[E0433]: failed to resolve: could not find `jrsonnet_gcmodule` in the list of imported crates
[INFO] [stdout]    --> tests/trace.rs:119:14
[INFO] [stdout]     |
[INFO] [stdout] 119 |     #[derive(DeriveTrace)]
[INFO] [stdout]     |              ^^^^^^^^^^^ could not find `jrsonnet_gcmodule` in the list of imported crates
[INFO] [stdout]     |
[INFO] [stdout]     = note: this error originates in the derive macro `DeriveTrace` (in Nightly builds, run with -Z macro-backtrace for more info)
[INFO] [stdout] 
[INFO] [stdout] 
[INFO] [stdout] error[E0433]: failed to resolve: could not find `jrsonnet_gcmodule` in the list of imported crates
[INFO] [stdout]    --> tests/trace.rs:123:14
[INFO] [stdout]     |
[INFO] [stdout] 123 |     #[derive(DeriveTrace)]
[INFO] [stdout]     |              ^^^^^^^^^^^ could not find `jrsonnet_gcmodule` in the list of imported crates
[INFO] [stdout]     |
[INFO] [stdout]     = note: this error originates in the derive macro `DeriveTrace` (in Nightly builds, run with -Z macro-backtrace for more info)
[INFO] [stdout] 
[INFO] [stdout] 
[INFO] [stdout] error[E0433]: failed to resolve: could not find `jrsonnet_gcmodule` in the list of imported crates
[INFO] [stdout]    --> tests/trace.rs:130:14
[INFO] [stdout]     |
[INFO] [stdout] 130 |     #[derive(DeriveTrace, Default)]
[INFO] [stdout]     |              ^^^^^^^^^^^ could not find `jrsonnet_gcmodule` in the list of imported crates
[INFO] [stdout]     |
[INFO] [stdout]     = note: this error originates in the derive macro `DeriveTrace` (in Nightly builds, run with -Z macro-backtrace for more info)
[INFO] [stdout] 
[INFO] [stdout] 
[INFO] [stdout] error[E0433]: failed to resolve: could not find `jrsonnet_gcmodule` in the list of imported crates
[INFO] [stdout]    --> tests/trace.rs:149:14
[INFO] [stdout]     |
[INFO] [stdout] 149 |     #[derive(DeriveTrace)]
[INFO] [stdout]     |              ^^^^^^^^^^^ could not find `jrsonnet_gcmodule` in the list of imported crates
[INFO] [stdout]     |
[INFO] [stdout]     = note: this error originates in the derive macro `DeriveTrace` (in Nightly builds, run with -Z macro-backtrace for more info)
[INFO] [stdout] 
[INFO] [stdout] 
[INFO] [stdout] error[E0433]: failed to resolve: use of undeclared crate or module `jrsonnet_gcmodule`
[INFO] [stdout]    --> tests/trace.rs:140:16
[INFO] [stdout]     |
[INFO] [stdout] 140 |     assert_eq!(jrsonnet_gcmodule::collect_thread_cycles(), 3);
[INFO] [stdout]     |                ^^^^^^^^^^^^^^^^^ use of undeclared crate or module `jrsonnet_gcmodule`
[INFO] [stdout] 
[INFO] [stdout] 
[INFO] [stdout] error: aborting due to 20 previous errors
[INFO] [stdout] 
[INFO] [stdout] 
[INFO] [stdout] Some errors have detailed explanations: E0432, E0433.
[INFO] [stdout] 
[INFO] [stdout] For more information about an error, try `rustc --explain E0432`.
[INFO] [stdout] 
[INFO] [stderr] error: could not compile `jrsonnet-gcmodule-derive` (test "trace") due to 21 previous errors
[INFO] running `Command { std: "docker" "inspect" "5ba5995a2a843dcca30b6c654601cab4e3a98b856695445a5bfc7dd8bd080f68", kill_on_drop: false }`
[INFO] running `Command { std: "docker" "rm" "-f" "5ba5995a2a843dcca30b6c654601cab4e3a98b856695445a5bfc7dd8bd080f68", kill_on_drop: false }`
[INFO] [stdout] 5ba5995a2a843dcca30b6c654601cab4e3a98b856695445a5bfc7dd8bd080f68
