[INFO] fetching crate jpar 0.1.0...
[INFO] checking jpar-0.1.0 against nightly-2024-02-05 for check-cfg
[INFO] extracting crate jpar 0.1.0 into /workspace/builds/worker-5-tc1/source
[INFO] validating manifest of crates.io crate jpar 0.1.0 on toolchain nightly-2024-02-05
[INFO] running `Command { std: CARGO_HOME="/workspace/cargo-home" RUSTUP_HOME="/workspace/rustup-home" "/workspace/cargo-home/bin/cargo" "+nightly-2024-02-05" "metadata" "--manifest-path" "Cargo.toml" "--no-deps", kill_on_drop: false }`
[INFO] started tweaking crates.io crate jpar 0.1.0
[INFO] removed 0 missing tests
[INFO] finished tweaking crates.io crate jpar 0.1.0
[INFO] tweaked toml for crates.io crate jpar 0.1.0 written to /workspace/builds/worker-5-tc1/source/Cargo.toml
[INFO] running `Command { std: CARGO_HOME="/workspace/cargo-home" RUSTUP_HOME="/workspace/rustup-home" "/workspace/cargo-home/bin/cargo" "+nightly-2024-02-05" "generate-lockfile" "--manifest-path" "Cargo.toml", kill_on_drop: false }`
[INFO] [stderr]     Updating crates.io index
[INFO] running `Command { std: CARGO_HOME="/workspace/cargo-home" RUSTUP_HOME="/workspace/rustup-home" "/workspace/cargo-home/bin/cargo" "+nightly-2024-02-05" "fetch" "--manifest-path" "Cargo.toml", kill_on_drop: false }`
[INFO] running `Command { std: "docker" "create" "-v" "/var/lib/crater-agent-workspace/builds/worker-5-tc1/target:/opt/rustwide/target:rw,Z" "-v" "/var/lib/crater-agent-workspace/builds/worker-5-tc1/source:/opt/rustwide/workdir:ro,Z" "-v" "/var/lib/crater-agent-workspace/cargo-home:/opt/rustwide/cargo-home:ro,Z" "-v" "/var/lib/crater-agent-workspace/rustup-home:/opt/rustwide/rustup-home:ro,Z" "-e" "SOURCE_DIR=/opt/rustwide/workdir" "-e" "CARGO_TARGET_DIR=/opt/rustwide/target" "-e" "CARGO_HOME=/opt/rustwide/cargo-home" "-e" "RUSTUP_HOME=/opt/rustwide/rustup-home" "-w" "/opt/rustwide/workdir" "-m" "1610612736" "--user" "0:0" "--network" "none" "ghcr.io/rust-lang/crates-build-env/linux@sha256:2788e3201cd34a07e3172128adcd8b3090168a8e3bcc40d7c032b9dda1df7d1c" "/opt/rustwide/cargo-home/bin/cargo" "+nightly-2024-02-05" "metadata" "--no-deps" "--format-version=1", kill_on_drop: false }`
[INFO] [stdout] 0c04dfe9f123a7cf28100623b5ddbc12c561b2f3e019cdf578c874b0522e6a67
[INFO] running `Command { std: "docker" "start" "-a" "0c04dfe9f123a7cf28100623b5ddbc12c561b2f3e019cdf578c874b0522e6a67", kill_on_drop: false }`
[INFO] running `Command { std: "docker" "inspect" "0c04dfe9f123a7cf28100623b5ddbc12c561b2f3e019cdf578c874b0522e6a67", kill_on_drop: false }`
[INFO] running `Command { std: "docker" "rm" "-f" "0c04dfe9f123a7cf28100623b5ddbc12c561b2f3e019cdf578c874b0522e6a67", kill_on_drop: false }`
[INFO] [stdout] 0c04dfe9f123a7cf28100623b5ddbc12c561b2f3e019cdf578c874b0522e6a67
[INFO] running `Command { std: "docker" "create" "-v" "/var/lib/crater-agent-workspace/builds/worker-5-tc1/target:/opt/rustwide/target:rw,Z" "-v" "/var/lib/crater-agent-workspace/builds/worker-5-tc1/source:/opt/rustwide/workdir:ro,Z" "-v" "/var/lib/crater-agent-workspace/cargo-home:/opt/rustwide/cargo-home:ro,Z" "-v" "/var/lib/crater-agent-workspace/rustup-home:/opt/rustwide/rustup-home:ro,Z" "-e" "SOURCE_DIR=/opt/rustwide/workdir" "-e" "CARGO_TARGET_DIR=/opt/rustwide/target" "-e" "CARGO_INCREMENTAL=0" "-e" "RUST_BACKTRACE=full" "-e" "RUSTFLAGS=--cap-lints=forbid" "-e" "RUSTDOCFLAGS=--cap-lints=forbid" "-e" "CARGO_HOME=/opt/rustwide/cargo-home" "-e" "RUSTUP_HOME=/opt/rustwide/rustup-home" "-w" "/opt/rustwide/workdir" "-m" "1610612736" "--user" "0:0" "--network" "none" "ghcr.io/rust-lang/crates-build-env/linux@sha256:2788e3201cd34a07e3172128adcd8b3090168a8e3bcc40d7c032b9dda1df7d1c" "/opt/rustwide/cargo-home/bin/cargo" "+nightly-2024-02-05" "check" "--frozen" "--all" "--all-targets" "--message-format=json", kill_on_drop: false }`
[INFO] [stdout] a3690e8662d0bb2eaed754456bda299acb9c241a0801805f6c159a21122b3927
[INFO] running `Command { std: "docker" "start" "-a" "a3690e8662d0bb2eaed754456bda299acb9c241a0801805f6c159a21122b3927", kill_on_drop: false }`
[INFO] [stderr]     Checking either v1.9.0
[INFO] [stderr]     Checking regex-syntax v0.8.2
[INFO] [stderr]     Checking unicode-width v0.1.11
[INFO] [stderr]     Checking plotters-backend v0.3.5
[INFO] [stderr]     Checking half v1.8.2
[INFO] [stderr]    Compiling num-traits v0.2.17
[INFO] [stderr]     Checking csv-core v0.1.11
[INFO] [stderr]     Checking cast v0.3.0
[INFO] [stderr]     Checking oorandom v11.1.3
[INFO] [stderr]     Checking bytecount v0.6.7
[INFO] [stderr]     Checking serde_json v1.0.113
[INFO] [stderr]     Checking atty v0.2.14
[INFO] [stderr]     Checking textwrap v0.11.0
[INFO] [stderr]     Checking jpar v0.1.0 (/opt/rustwide/workdir)
[INFO] [stderr]     Checking itertools v0.10.5
[INFO] [stderr]     Checking rayon v1.8.1
[INFO] [stderr]     Checking clap v2.34.0
[INFO] [stderr]     Checking plotters-svg v0.3.5
[INFO] [stderr]     Checking csv v1.3.0
[INFO] [stderr]     Checking serde_cbor v0.11.2
[INFO] [stderr]     Checking tinytemplate v1.2.1
[INFO] [stderr]     Checking regex-automata v0.4.5
[INFO] [stderr]     Checking criterion-plot v0.4.5
[INFO] [stderr]     Checking plotters v0.3.5
[INFO] [stderr]     Checking regex v1.10.3
[INFO] [stderr]     Checking criterion v0.3.6
[INFO] [stdout] error[E0432]: unresolved import `jpar::sequence::repeat_separated`
[INFO] [stdout]   --> benches/json.rs:15:60
[INFO] [stdout]    |
[INFO] [stdout] 15 | use jpar::sequence::{delimited, preceded, repeat_and_fold, repeat_separated, separated_tuple};
[INFO] [stdout]    |                                                            ^^^^^^^^^^^^^^^^ no `repeat_separated` in `parsers::sequence`
[INFO] [stdout] 
[INFO] [stdout] 
[INFO] [stdout] error[E0432]: unresolved import `jpar::sequence::repeat_separated`
[INFO] [stdout]   --> tests/json.rs:10:60
[INFO] [stdout]    |
[INFO] [stdout] 10 | use jpar::sequence::{delimited, preceded, repeat_and_fold, repeat_separated, separated_tuple};
[INFO] [stdout]    |                                                            ^^^^^^^^^^^^^^^^ no `repeat_separated` in `parsers::sequence`
[INFO] [stdout] 
[INFO] [stdout] 
[INFO] [stdout] error: aborting due to 1 previous error
[INFO] [stdout] 
[INFO] [stdout] 
[INFO] [stdout] For more information about this error, try `rustc --explain E0432`.
[INFO] [stdout] 
[INFO] [stdout] error: aborting due to 1 previous error
[INFO] [stdout] 
[INFO] [stdout] 
[INFO] [stdout] For more information about this error, try `rustc --explain E0432`.
[INFO] [stdout] 
[INFO] [stderr] error: could not compile `jpar` (test "json") due to 2 previous errors
[INFO] [stderr] warning: build failed, waiting for other jobs to finish...
[INFO] [stderr] error: could not compile `jpar` (bench "json") due to 2 previous errors
[INFO] running `Command { std: "docker" "inspect" "a3690e8662d0bb2eaed754456bda299acb9c241a0801805f6c159a21122b3927", kill_on_drop: false }`
[INFO] running `Command { std: "docker" "rm" "-f" "a3690e8662d0bb2eaed754456bda299acb9c241a0801805f6c159a21122b3927", kill_on_drop: false }`
[INFO] [stdout] a3690e8662d0bb2eaed754456bda299acb9c241a0801805f6c159a21122b3927
[INFO] checking jpar-0.1.0 against nightly-2024-02-05+rustflags=-Dunexpected_cfgs+cargoflags=-Zcheck-cfg for check-cfg
[INFO] extracting crate jpar 0.1.0 into /workspace/builds/worker-5-tc2/source
[INFO] validating manifest of crates.io crate jpar 0.1.0 on toolchain nightly-2024-02-05
[INFO] running `Command { std: CARGO_HOME="/workspace/cargo-home" RUSTUP_HOME="/workspace/rustup-home" "/workspace/cargo-home/bin/cargo" "+nightly-2024-02-05" "metadata" "--manifest-path" "Cargo.toml" "--no-deps", kill_on_drop: false }`
[INFO] started tweaking crates.io crate jpar 0.1.0
[INFO] removed 0 missing tests
[INFO] finished tweaking crates.io crate jpar 0.1.0
[INFO] tweaked toml for crates.io crate jpar 0.1.0 written to /workspace/builds/worker-5-tc2/source/Cargo.toml
[INFO] running `Command { std: CARGO_HOME="/workspace/cargo-home" RUSTUP_HOME="/workspace/rustup-home" "/workspace/cargo-home/bin/cargo" "+nightly-2024-02-05" "generate-lockfile" "--manifest-path" "Cargo.toml", kill_on_drop: false }`
[INFO] [stderr]     Updating crates.io index
[INFO] running `Command { std: CARGO_HOME="/workspace/cargo-home" RUSTUP_HOME="/workspace/rustup-home" "/workspace/cargo-home/bin/cargo" "+nightly-2024-02-05" "fetch" "--manifest-path" "Cargo.toml", kill_on_drop: false }`
[INFO] running `Command { std: "docker" "create" "-v" "/var/lib/crater-agent-workspace/builds/worker-5-tc2/target:/opt/rustwide/target:rw,Z" "-v" "/var/lib/crater-agent-workspace/builds/worker-5-tc2/source:/opt/rustwide/workdir:ro,Z" "-v" "/var/lib/crater-agent-workspace/cargo-home:/opt/rustwide/cargo-home:ro,Z" "-v" "/var/lib/crater-agent-workspace/rustup-home:/opt/rustwide/rustup-home:ro,Z" "-e" "SOURCE_DIR=/opt/rustwide/workdir" "-e" "CARGO_TARGET_DIR=/opt/rustwide/target" "-e" "CARGO_HOME=/opt/rustwide/cargo-home" "-e" "RUSTUP_HOME=/opt/rustwide/rustup-home" "-w" "/opt/rustwide/workdir" "-m" "1610612736" "--user" "0:0" "--network" "none" "ghcr.io/rust-lang/crates-build-env/linux@sha256:2788e3201cd34a07e3172128adcd8b3090168a8e3bcc40d7c032b9dda1df7d1c" "/opt/rustwide/cargo-home/bin/cargo" "+nightly-2024-02-05" "metadata" "--no-deps" "--format-version=1", kill_on_drop: false }`
[INFO] [stdout] fdba76267534a8f2fce0094a47372962e9c2bb91ef3e123dde35650785921b0b
[INFO] running `Command { std: "docker" "start" "-a" "fdba76267534a8f2fce0094a47372962e9c2bb91ef3e123dde35650785921b0b", kill_on_drop: false }`
[INFO] running `Command { std: "docker" "inspect" "fdba76267534a8f2fce0094a47372962e9c2bb91ef3e123dde35650785921b0b", kill_on_drop: false }`
[INFO] running `Command { std: "docker" "rm" "-f" "fdba76267534a8f2fce0094a47372962e9c2bb91ef3e123dde35650785921b0b", kill_on_drop: false }`
[INFO] [stdout] fdba76267534a8f2fce0094a47372962e9c2bb91ef3e123dde35650785921b0b
[INFO] running `Command { std: "docker" "create" "-v" "/var/lib/crater-agent-workspace/builds/worker-5-tc2/target:/opt/rustwide/target:rw,Z" "-v" "/var/lib/crater-agent-workspace/builds/worker-5-tc2/source:/opt/rustwide/workdir:ro,Z" "-v" "/var/lib/crater-agent-workspace/cargo-home:/opt/rustwide/cargo-home:ro,Z" "-v" "/var/lib/crater-agent-workspace/rustup-home:/opt/rustwide/rustup-home:ro,Z" "-e" "SOURCE_DIR=/opt/rustwide/workdir" "-e" "CARGO_TARGET_DIR=/opt/rustwide/target" "-e" "CARGO_INCREMENTAL=0" "-e" "RUST_BACKTRACE=full" "-e" "RUSTFLAGS=--cap-lints=forbid -Dunexpected_cfgs" "-e" "RUSTDOCFLAGS=--cap-lints=forbid" "-e" "CARGO_HOME=/opt/rustwide/cargo-home" "-e" "RUSTUP_HOME=/opt/rustwide/rustup-home" "-w" "/opt/rustwide/workdir" "-m" "1610612736" "--user" "0:0" "--network" "none" "ghcr.io/rust-lang/crates-build-env/linux@sha256:2788e3201cd34a07e3172128adcd8b3090168a8e3bcc40d7c032b9dda1df7d1c" "/opt/rustwide/cargo-home/bin/cargo" "+nightly-2024-02-05" "check" "--frozen" "--all" "--all-targets" "--message-format=json" "-Zcheck-cfg", kill_on_drop: false }`
[INFO] [stdout] 7af4c668061861050a19b39bfb67abd987ecb8e35261c95f4e488818ef6a9dc5
[INFO] running `Command { std: "docker" "start" "-a" "7af4c668061861050a19b39bfb67abd987ecb8e35261c95f4e488818ef6a9dc5", kill_on_drop: false }`
[INFO] [stderr]     Checking either v1.9.0
[INFO] [stderr]     Checking unicode-width v0.1.11
[INFO] [stderr]     Checking plotters-backend v0.3.5
[INFO] [stderr]     Checking regex-syntax v0.8.2
[INFO] [stderr]     Checking cast v0.3.0
[INFO] [stderr]    Compiling num-traits v0.2.17
[INFO] [stderr]     Checking csv-core v0.1.11
[INFO] [stderr]     Checking half v1.8.2
[INFO] [stderr]     Checking serde_json v1.0.113
[INFO] [stderr]     Checking bytecount v0.6.7
[INFO] [stderr]     Checking oorandom v11.1.3
[INFO] [stderr]     Checking atty v0.2.14
[INFO] [stderr]     Checking jpar v0.1.0 (/opt/rustwide/workdir)
[INFO] [stderr]     Checking textwrap v0.11.0
[INFO] [stderr]     Checking itertools v0.10.5
[INFO] [stderr]     Checking rayon v1.8.1
[INFO] [stderr]     Checking csv v1.3.0
[INFO] [stderr]     Checking plotters-svg v0.3.5
[INFO] [stderr]     Checking clap v2.34.0
[INFO] [stderr]     Checking serde_cbor v0.11.2
[INFO] [stderr]     Checking tinytemplate v1.2.1
[INFO] [stderr]     Checking regex-automata v0.4.5
[INFO] [stderr]     Checking criterion-plot v0.4.5
[INFO] [stderr]     Checking plotters v0.3.5
[INFO] [stderr]     Checking regex v1.10.3
[INFO] [stderr]     Checking criterion v0.3.6
[INFO] [stdout] error[E0432]: unresolved import `jpar::sequence::repeat_separated`
[INFO] [stdout]   --> benches/json.rs:15:60
[INFO] [stdout]    |
[INFO] [stdout] 15 | use jpar::sequence::{delimited, preceded, repeat_and_fold, repeat_separated, separated_tuple};
[INFO] [stdout]    |                                                            ^^^^^^^^^^^^^^^^ no `repeat_separated` in `parsers::sequence`
[INFO] [stdout] 
[INFO] [stdout] 
[INFO] [stdout] error[E0432]: unresolved import `jpar::sequence::repeat_separated`
[INFO] [stdout]   --> tests/json.rs:10:60
[INFO] [stdout]    |
[INFO] [stdout] 10 | use jpar::sequence::{delimited, preceded, repeat_and_fold, repeat_separated, separated_tuple};
[INFO] [stdout]    |                                                            ^^^^^^^^^^^^^^^^ no `repeat_separated` in `parsers::sequence`
[INFO] [stdout] 
[INFO] [stdout] 
[INFO] [stdout] error: aborting due to 1 previous error
[INFO] [stdout] 
[INFO] [stdout] 
[INFO] [stdout] For more information about this error, try `rustc --explain E0432`.
[INFO] [stdout] 
[INFO] [stdout] error: aborting due to 1 previous error
[INFO] [stdout] 
[INFO] [stdout] 
[INFO] [stdout] For more information about this error, try `rustc --explain E0432`.
[INFO] [stdout] 
[INFO] [stderr] error: could not compile `jpar` (test "json") due to 2 previous errors
[INFO] [stderr] warning: build failed, waiting for other jobs to finish...
[INFO] [stderr] error: could not compile `jpar` (bench "json") due to 2 previous errors
[INFO] running `Command { std: "docker" "inspect" "7af4c668061861050a19b39bfb67abd987ecb8e35261c95f4e488818ef6a9dc5", kill_on_drop: false }`
[INFO] running `Command { std: "docker" "rm" "-f" "7af4c668061861050a19b39bfb67abd987ecb8e35261c95f4e488818ef6a9dc5", kill_on_drop: false }`
[INFO] [stdout] 7af4c668061861050a19b39bfb67abd987ecb8e35261c95f4e488818ef6a9dc5
