[INFO] fetching crate jni-utils 0.1.1...
[INFO] checking jni-utils-0.1.1 against nightly-2024-02-05 for check-cfg
[INFO] extracting crate jni-utils 0.1.1 into /workspace/builds/worker-4-tc1/source
[INFO] validating manifest of crates.io crate jni-utils 0.1.1 on toolchain nightly-2024-02-05
[INFO] running `Command { std: CARGO_HOME="/workspace/cargo-home" RUSTUP_HOME="/workspace/rustup-home" "/workspace/cargo-home/bin/cargo" "+nightly-2024-02-05" "metadata" "--manifest-path" "Cargo.toml" "--no-deps", kill_on_drop: false }`
[INFO] started tweaking crates.io crate jni-utils 0.1.1
[INFO] finished tweaking crates.io crate jni-utils 0.1.1
[INFO] tweaked toml for crates.io crate jni-utils 0.1.1 written to /workspace/builds/worker-4-tc1/source/Cargo.toml
[INFO] running `Command { std: CARGO_HOME="/workspace/cargo-home" RUSTUP_HOME="/workspace/rustup-home" "/workspace/cargo-home/bin/cargo" "+nightly-2024-02-05" "generate-lockfile" "--manifest-path" "Cargo.toml", kill_on_drop: false }`
[INFO] [stderr]     Updating crates.io index
[INFO] running `Command { std: CARGO_HOME="/workspace/cargo-home" RUSTUP_HOME="/workspace/rustup-home" "/workspace/cargo-home/bin/cargo" "+nightly-2024-02-05" "fetch" "--manifest-path" "Cargo.toml", kill_on_drop: false }`
[INFO] running `Command { std: "docker" "create" "-v" "/var/lib/crater-agent-workspace/builds/worker-4-tc1/target:/opt/rustwide/target:rw,Z" "-v" "/var/lib/crater-agent-workspace/builds/worker-4-tc1/source:/opt/rustwide/workdir:ro,Z" "-v" "/var/lib/crater-agent-workspace/cargo-home:/opt/rustwide/cargo-home:ro,Z" "-v" "/var/lib/crater-agent-workspace/rustup-home:/opt/rustwide/rustup-home:ro,Z" "-e" "SOURCE_DIR=/opt/rustwide/workdir" "-e" "CARGO_TARGET_DIR=/opt/rustwide/target" "-e" "CARGO_HOME=/opt/rustwide/cargo-home" "-e" "RUSTUP_HOME=/opt/rustwide/rustup-home" "-w" "/opt/rustwide/workdir" "-m" "1610612736" "--user" "0:0" "--network" "none" "ghcr.io/rust-lang/crates-build-env/linux@sha256:2788e3201cd34a07e3172128adcd8b3090168a8e3bcc40d7c032b9dda1df7d1c" "/opt/rustwide/cargo-home/bin/cargo" "+nightly-2024-02-05" "metadata" "--no-deps" "--format-version=1", kill_on_drop: false }`
[INFO] [stdout] 6390cc16f05ad41baff7aac5025a6da5f802e1bb2a230b7e422c8ecb8d13d828
[INFO] running `Command { std: "docker" "start" "-a" "6390cc16f05ad41baff7aac5025a6da5f802e1bb2a230b7e422c8ecb8d13d828", kill_on_drop: false }`
[INFO] running `Command { std: "docker" "inspect" "6390cc16f05ad41baff7aac5025a6da5f802e1bb2a230b7e422c8ecb8d13d828", kill_on_drop: false }`
[INFO] running `Command { std: "docker" "rm" "-f" "6390cc16f05ad41baff7aac5025a6da5f802e1bb2a230b7e422c8ecb8d13d828", kill_on_drop: false }`
[INFO] [stdout] 6390cc16f05ad41baff7aac5025a6da5f802e1bb2a230b7e422c8ecb8d13d828
[INFO] running `Command { std: "docker" "create" "-v" "/var/lib/crater-agent-workspace/builds/worker-4-tc1/target:/opt/rustwide/target:rw,Z" "-v" "/var/lib/crater-agent-workspace/builds/worker-4-tc1/source:/opt/rustwide/workdir:ro,Z" "-v" "/var/lib/crater-agent-workspace/cargo-home:/opt/rustwide/cargo-home:ro,Z" "-v" "/var/lib/crater-agent-workspace/rustup-home:/opt/rustwide/rustup-home:ro,Z" "-e" "SOURCE_DIR=/opt/rustwide/workdir" "-e" "CARGO_TARGET_DIR=/opt/rustwide/target" "-e" "CARGO_INCREMENTAL=0" "-e" "RUST_BACKTRACE=full" "-e" "RUSTFLAGS=--cap-lints=forbid" "-e" "RUSTDOCFLAGS=--cap-lints=forbid" "-e" "CARGO_HOME=/opt/rustwide/cargo-home" "-e" "RUSTUP_HOME=/opt/rustwide/rustup-home" "-w" "/opt/rustwide/workdir" "-m" "1610612736" "--user" "0:0" "--network" "none" "ghcr.io/rust-lang/crates-build-env/linux@sha256:2788e3201cd34a07e3172128adcd8b3090168a8e3bcc40d7c032b9dda1df7d1c" "/opt/rustwide/cargo-home/bin/cargo" "+nightly-2024-02-05" "check" "--frozen" "--all" "--all-targets" "--message-format=json", kill_on_drop: false }`
[INFO] [stdout] a9af8153f46c05c801d1b03c0ad25160c7502ad356d86ce8379f3fe5ebd5fa26
[INFO] running `Command { std: "docker" "start" "-a" "a9af8153f46c05c801d1b03c0ad25160c7502ad356d86ce8379f3fe5ebd5fa26", kill_on_drop: false }`
[INFO] [stderr]     Checking futures-sink v0.3.30
[INFO] [stderr]    Compiling same-file v1.0.6
[INFO] [stderr]     Checking futures-core v0.3.30
[INFO] [stderr]     Checking hashbrown v0.14.3
[INFO] [stderr]     Checking combine v4.6.6
[INFO] [stderr]     Checking cesu8 v1.1.0
[INFO] [stderr]    Compiling jni-utils v0.1.1 (/opt/rustwide/workdir)
[INFO] [stderr]     Checking jni-sys v0.3.0
[INFO] [stderr]     Checking uuid v1.7.0
[INFO] [stderr]    Compiling syn v2.0.48
[INFO] [stderr]     Checking parking_lot_core v0.9.9
[INFO] [stderr]    Compiling walkdir v2.4.0
[INFO] [stderr]     Checking futures-channel v0.3.30
[INFO] [stderr]    Compiling jni v0.19.0
[INFO] [stderr]     Checking dashmap v5.5.3
[INFO] [stderr]    Compiling futures-macro v0.3.30
[INFO] [stderr]    Compiling thiserror-impl v1.0.56
[INFO] [stderr]     Checking futures-util v0.3.30
[INFO] [stderr]     Checking thiserror v1.0.56
[INFO] [stderr]     Checking futures-executor v0.3.30
[INFO] [stderr]     Checking futures v0.3.30
[INFO] [stdout] error[E0432]: unresolved import `jni::InitArgsBuilder`
[INFO] [stdout]    --> rust/lib.rs:136:17
[INFO] [stdout]     |
[INFO] [stdout] 136 |             use jni::InitArgsBuilder;
[INFO] [stdout]     |                 ^^^^^^^^^^^^^^^^^^^^ no `InitArgsBuilder` in the root
[INFO] [stdout] 
[INFO] [stdout] 
[INFO] [stdout] error[E0599]: no function or associated item named `new` found for struct `JavaVM` in the current scope
[INFO] [stdout]    --> rust/lib.rs:153:31
[INFO] [stdout]     |
[INFO] [stdout] 153 |             let jvm = JavaVM::new(jvm_args).unwrap();
[INFO] [stdout]     |                               ^^^ function or associated item not found in `JavaVM`
[INFO] [stdout]     |
[INFO] [stdout] note: if you're trying to build a new `JavaVM`, consider using `JavaVM::from_raw` which returns `Result<JavaVM, jni::errors::Error>`
[INFO] [stdout]    --> /opt/rustwide/cargo-home/registry/src/index.crates.io-6f17d22bba15001f/jni-0.19.0/src/wrapper/java_vm/vm.rs:174:5
[INFO] [stdout]     |
[INFO] [stdout] 174 |     pub unsafe fn from_raw(ptr: *mut sys::JavaVM) -> Result<Self> {
[INFO] [stdout]     |     ^^^^^^^^^^^^^^^^^^^^^^^^^^^^^^^^^^^^^^^^^^^^^^^^^^^^^^^^^^^^^
[INFO] [stdout] 
[INFO] [stdout] 
[INFO] [stdout] error: aborting due to 2 previous errors
[INFO] [stdout] 
[INFO] [stdout] 
[INFO] [stdout] Some errors have detailed explanations: E0432, E0599.
[INFO] [stdout] 
[INFO] [stdout] For more information about an error, try `rustc --explain E0432`.
[INFO] [stdout] 
[INFO] [stderr] error: could not compile `jni-utils` (lib test) due to 3 previous errors
[INFO] running `Command { std: "docker" "inspect" "a9af8153f46c05c801d1b03c0ad25160c7502ad356d86ce8379f3fe5ebd5fa26", kill_on_drop: false }`
[INFO] running `Command { std: "docker" "rm" "-f" "a9af8153f46c05c801d1b03c0ad25160c7502ad356d86ce8379f3fe5ebd5fa26", kill_on_drop: false }`
[INFO] [stdout] a9af8153f46c05c801d1b03c0ad25160c7502ad356d86ce8379f3fe5ebd5fa26
[INFO] checking jni-utils-0.1.1 against nightly-2024-02-05+rustflags=-Dunexpected_cfgs+cargoflags=-Zcheck-cfg for check-cfg
[INFO] extracting crate jni-utils 0.1.1 into /workspace/builds/worker-4-tc2/source
[INFO] validating manifest of crates.io crate jni-utils 0.1.1 on toolchain nightly-2024-02-05
[INFO] running `Command { std: CARGO_HOME="/workspace/cargo-home" RUSTUP_HOME="/workspace/rustup-home" "/workspace/cargo-home/bin/cargo" "+nightly-2024-02-05" "metadata" "--manifest-path" "Cargo.toml" "--no-deps", kill_on_drop: false }`
[INFO] started tweaking crates.io crate jni-utils 0.1.1
[INFO] finished tweaking crates.io crate jni-utils 0.1.1
[INFO] tweaked toml for crates.io crate jni-utils 0.1.1 written to /workspace/builds/worker-4-tc2/source/Cargo.toml
[INFO] running `Command { std: CARGO_HOME="/workspace/cargo-home" RUSTUP_HOME="/workspace/rustup-home" "/workspace/cargo-home/bin/cargo" "+nightly-2024-02-05" "generate-lockfile" "--manifest-path" "Cargo.toml", kill_on_drop: false }`
[INFO] [stderr]     Updating crates.io index
[INFO] running `Command { std: CARGO_HOME="/workspace/cargo-home" RUSTUP_HOME="/workspace/rustup-home" "/workspace/cargo-home/bin/cargo" "+nightly-2024-02-05" "fetch" "--manifest-path" "Cargo.toml", kill_on_drop: false }`
[INFO] running `Command { std: "docker" "create" "-v" "/var/lib/crater-agent-workspace/builds/worker-4-tc2/target:/opt/rustwide/target:rw,Z" "-v" "/var/lib/crater-agent-workspace/builds/worker-4-tc2/source:/opt/rustwide/workdir:ro,Z" "-v" "/var/lib/crater-agent-workspace/cargo-home:/opt/rustwide/cargo-home:ro,Z" "-v" "/var/lib/crater-agent-workspace/rustup-home:/opt/rustwide/rustup-home:ro,Z" "-e" "SOURCE_DIR=/opt/rustwide/workdir" "-e" "CARGO_TARGET_DIR=/opt/rustwide/target" "-e" "CARGO_HOME=/opt/rustwide/cargo-home" "-e" "RUSTUP_HOME=/opt/rustwide/rustup-home" "-w" "/opt/rustwide/workdir" "-m" "1610612736" "--user" "0:0" "--network" "none" "ghcr.io/rust-lang/crates-build-env/linux@sha256:2788e3201cd34a07e3172128adcd8b3090168a8e3bcc40d7c032b9dda1df7d1c" "/opt/rustwide/cargo-home/bin/cargo" "+nightly-2024-02-05" "metadata" "--no-deps" "--format-version=1", kill_on_drop: false }`
[INFO] [stdout] ce158ee8f2c4d12462f2389f738291e503685977489d7c303fc97c28dc8a5713
[INFO] running `Command { std: "docker" "start" "-a" "ce158ee8f2c4d12462f2389f738291e503685977489d7c303fc97c28dc8a5713", kill_on_drop: false }`
[INFO] running `Command { std: "docker" "inspect" "ce158ee8f2c4d12462f2389f738291e503685977489d7c303fc97c28dc8a5713", kill_on_drop: false }`
[INFO] running `Command { std: "docker" "rm" "-f" "ce158ee8f2c4d12462f2389f738291e503685977489d7c303fc97c28dc8a5713", kill_on_drop: false }`
[INFO] [stdout] ce158ee8f2c4d12462f2389f738291e503685977489d7c303fc97c28dc8a5713
[INFO] running `Command { std: "docker" "create" "-v" "/var/lib/crater-agent-workspace/builds/worker-4-tc2/target:/opt/rustwide/target:rw,Z" "-v" "/var/lib/crater-agent-workspace/builds/worker-4-tc2/source:/opt/rustwide/workdir:ro,Z" "-v" "/var/lib/crater-agent-workspace/cargo-home:/opt/rustwide/cargo-home:ro,Z" "-v" "/var/lib/crater-agent-workspace/rustup-home:/opt/rustwide/rustup-home:ro,Z" "-e" "SOURCE_DIR=/opt/rustwide/workdir" "-e" "CARGO_TARGET_DIR=/opt/rustwide/target" "-e" "CARGO_INCREMENTAL=0" "-e" "RUST_BACKTRACE=full" "-e" "RUSTFLAGS=--cap-lints=forbid -Dunexpected_cfgs" "-e" "RUSTDOCFLAGS=--cap-lints=forbid" "-e" "CARGO_HOME=/opt/rustwide/cargo-home" "-e" "RUSTUP_HOME=/opt/rustwide/rustup-home" "-w" "/opt/rustwide/workdir" "-m" "1610612736" "--user" "0:0" "--network" "none" "ghcr.io/rust-lang/crates-build-env/linux@sha256:2788e3201cd34a07e3172128adcd8b3090168a8e3bcc40d7c032b9dda1df7d1c" "/opt/rustwide/cargo-home/bin/cargo" "+nightly-2024-02-05" "check" "--frozen" "--all" "--all-targets" "--message-format=json" "-Zcheck-cfg", kill_on_drop: false }`
[INFO] [stdout] 1b2e61e7ffac97a9ccd5f754c65f7d754bd0321978825e0da806004b01ae7c06
[INFO] running `Command { std: "docker" "start" "-a" "1b2e61e7ffac97a9ccd5f754c65f7d754bd0321978825e0da806004b01ae7c06", kill_on_drop: false }`
[INFO] [stderr]    Compiling same-file v1.0.6
[INFO] [stderr]     Checking futures-sink v0.3.30
[INFO] [stderr]     Checking futures-core v0.3.30
[INFO] [stderr]     Checking combine v4.6.6
[INFO] [stderr]    Compiling jni-utils v0.1.1 (/opt/rustwide/workdir)
[INFO] [stderr]     Checking hashbrown v0.14.3
[INFO] [stderr]     Checking cesu8 v1.1.0
[INFO] [stderr]    Compiling syn v2.0.48
[INFO] [stderr]     Checking jni-sys v0.3.0
[INFO] [stderr]     Checking uuid v1.7.0
[INFO] [stderr]     Checking parking_lot_core v0.9.9
[INFO] [stderr]    Compiling walkdir v2.4.0
[INFO] [stderr]     Checking futures-channel v0.3.30
[INFO] [stderr]    Compiling jni v0.19.0
[INFO] [stderr]     Checking dashmap v5.5.3
[INFO] [stderr]    Compiling futures-macro v0.3.30
[INFO] [stderr]    Compiling thiserror-impl v1.0.56
[INFO] [stderr]     Checking futures-util v0.3.30
[INFO] [stderr]     Checking thiserror v1.0.56
[INFO] [stderr]     Checking futures-executor v0.3.30
[INFO] [stderr]     Checking futures v0.3.30
[INFO] [stdout] error[E0432]: unresolved import `jni::InitArgsBuilder`
[INFO] [stdout]    --> rust/lib.rs:136:17
[INFO] [stdout]     |
[INFO] [stdout] 136 |             use jni::InitArgsBuilder;
[INFO] [stdout]     |                 ^^^^^^^^^^^^^^^^^^^^ no `InitArgsBuilder` in the root
[INFO] [stdout] 
[INFO] [stdout] 
[INFO] [stdout] error[E0599]: no function or associated item named `new` found for struct `JavaVM` in the current scope
[INFO] [stdout]    --> rust/lib.rs:153:31
[INFO] [stdout]     |
[INFO] [stdout] 153 |             let jvm = JavaVM::new(jvm_args).unwrap();
[INFO] [stdout]     |                               ^^^ function or associated item not found in `JavaVM`
[INFO] [stdout]     |
[INFO] [stdout] note: if you're trying to build a new `JavaVM`, consider using `JavaVM::from_raw` which returns `Result<JavaVM, jni::errors::Error>`
[INFO] [stdout]    --> /opt/rustwide/cargo-home/registry/src/index.crates.io-6f17d22bba15001f/jni-0.19.0/src/wrapper/java_vm/vm.rs:174:5
[INFO] [stdout]     |
[INFO] [stdout] 174 |     pub unsafe fn from_raw(ptr: *mut sys::JavaVM) -> Result<Self> {
[INFO] [stdout]     |     ^^^^^^^^^^^^^^^^^^^^^^^^^^^^^^^^^^^^^^^^^^^^^^^^^^^^^^^^^^^^^
[INFO] [stdout] 
[INFO] [stdout] 
[INFO] [stdout] error: aborting due to 2 previous errors
[INFO] [stdout] 
[INFO] [stdout] 
[INFO] [stdout] Some errors have detailed explanations: E0432, E0599.
[INFO] [stdout] 
[INFO] [stdout] For more information about an error, try `rustc --explain E0432`.
[INFO] [stdout] 
[INFO] [stderr] error: could not compile `jni-utils` (lib test) due to 3 previous errors
[INFO] running `Command { std: "docker" "inspect" "1b2e61e7ffac97a9ccd5f754c65f7d754bd0321978825e0da806004b01ae7c06", kill_on_drop: false }`
[INFO] running `Command { std: "docker" "rm" "-f" "1b2e61e7ffac97a9ccd5f754c65f7d754bd0321978825e0da806004b01ae7c06", kill_on_drop: false }`
[INFO] [stdout] 1b2e61e7ffac97a9ccd5f754c65f7d754bd0321978825e0da806004b01ae7c06
