[INFO] fetching crate izihawa-tantivy-sstable 0.2.0...
[INFO] checking izihawa-tantivy-sstable-0.2.0 against nightly-2024-02-05 for check-cfg
[INFO] extracting crate izihawa-tantivy-sstable 0.2.0 into /workspace/builds/worker-2-tc1/source
[INFO] validating manifest of crates.io crate izihawa-tantivy-sstable 0.2.0 on toolchain nightly-2024-02-05
[INFO] running `Command { std: CARGO_HOME="/workspace/cargo-home" RUSTUP_HOME="/workspace/rustup-home" "/workspace/cargo-home/bin/cargo" "+nightly-2024-02-05" "metadata" "--manifest-path" "Cargo.toml" "--no-deps", kill_on_drop: false }`
[INFO] started tweaking crates.io crate izihawa-tantivy-sstable 0.2.0
[INFO] finished tweaking crates.io crate izihawa-tantivy-sstable 0.2.0
[INFO] tweaked toml for crates.io crate izihawa-tantivy-sstable 0.2.0 written to /workspace/builds/worker-2-tc1/source/Cargo.toml
[INFO] running `Command { std: CARGO_HOME="/workspace/cargo-home" RUSTUP_HOME="/workspace/rustup-home" "/workspace/cargo-home/bin/cargo" "+nightly-2024-02-05" "generate-lockfile" "--manifest-path" "Cargo.toml", kill_on_drop: false }`
[INFO] [stderr]     Updating crates.io index
[INFO] running `Command { std: CARGO_HOME="/workspace/cargo-home" RUSTUP_HOME="/workspace/rustup-home" "/workspace/cargo-home/bin/cargo" "+nightly-2024-02-05" "fetch" "--manifest-path" "Cargo.toml", kill_on_drop: false }`
[INFO] [stderr]  Downloading crates ...
[INFO] [stderr]   Downloaded izihawa-tantivy-common v0.6.1
[INFO] [stderr]   Downloaded names v0.14.0
[INFO] [stderr]   Downloaded izihawa-ownedbytes v0.6.0
[INFO] [stderr]   Downloaded izihawa-fst v0.4.0
[INFO] running `Command { std: "docker" "create" "-v" "/var/lib/crater-agent-workspace/builds/worker-2-tc1/target:/opt/rustwide/target:rw,Z" "-v" "/var/lib/crater-agent-workspace/builds/worker-2-tc1/source:/opt/rustwide/workdir:ro,Z" "-v" "/var/lib/crater-agent-workspace/cargo-home:/opt/rustwide/cargo-home:ro,Z" "-v" "/var/lib/crater-agent-workspace/rustup-home:/opt/rustwide/rustup-home:ro,Z" "-e" "SOURCE_DIR=/opt/rustwide/workdir" "-e" "CARGO_TARGET_DIR=/opt/rustwide/target" "-e" "CARGO_HOME=/opt/rustwide/cargo-home" "-e" "RUSTUP_HOME=/opt/rustwide/rustup-home" "-w" "/opt/rustwide/workdir" "-m" "1610612736" "--user" "0:0" "--network" "none" "ghcr.io/rust-lang/crates-build-env/linux@sha256:2788e3201cd34a07e3172128adcd8b3090168a8e3bcc40d7c032b9dda1df7d1c" "/opt/rustwide/cargo-home/bin/cargo" "+nightly-2024-02-05" "metadata" "--no-deps" "--format-version=1", kill_on_drop: false }`
[INFO] [stdout] 7a184dc760f2ce6b91f48593c723b2cbee4f3448f142d1f9de015f88620e290c
[INFO] running `Command { std: "docker" "start" "-a" "7a184dc760f2ce6b91f48593c723b2cbee4f3448f142d1f9de015f88620e290c", kill_on_drop: false }`
[INFO] running `Command { std: "docker" "inspect" "7a184dc760f2ce6b91f48593c723b2cbee4f3448f142d1f9de015f88620e290c", kill_on_drop: false }`
[INFO] running `Command { std: "docker" "rm" "-f" "7a184dc760f2ce6b91f48593c723b2cbee4f3448f142d1f9de015f88620e290c", kill_on_drop: false }`
[INFO] [stdout] 7a184dc760f2ce6b91f48593c723b2cbee4f3448f142d1f9de015f88620e290c
[INFO] running `Command { std: "docker" "create" "-v" "/var/lib/crater-agent-workspace/builds/worker-2-tc1/target:/opt/rustwide/target:rw,Z" "-v" "/var/lib/crater-agent-workspace/builds/worker-2-tc1/source:/opt/rustwide/workdir:ro,Z" "-v" "/var/lib/crater-agent-workspace/cargo-home:/opt/rustwide/cargo-home:ro,Z" "-v" "/var/lib/crater-agent-workspace/rustup-home:/opt/rustwide/rustup-home:ro,Z" "-e" "SOURCE_DIR=/opt/rustwide/workdir" "-e" "CARGO_TARGET_DIR=/opt/rustwide/target" "-e" "CARGO_INCREMENTAL=0" "-e" "RUST_BACKTRACE=full" "-e" "RUSTFLAGS=--cap-lints=forbid" "-e" "RUSTDOCFLAGS=--cap-lints=forbid" "-e" "CARGO_HOME=/opt/rustwide/cargo-home" "-e" "RUSTUP_HOME=/opt/rustwide/rustup-home" "-w" "/opt/rustwide/workdir" "-m" "1610612736" "--user" "0:0" "--network" "none" "ghcr.io/rust-lang/crates-build-env/linux@sha256:2788e3201cd34a07e3172128adcd8b3090168a8e3bcc40d7c032b9dda1df7d1c" "/opt/rustwide/cargo-home/bin/cargo" "+nightly-2024-02-05" "check" "--frozen" "--all" "--all-targets" "--message-format=json", kill_on_drop: false }`
[INFO] [stdout] 11f850555c1c157f0e8040949a8ff6de09f67e2aafa6e0ece3d6d32a71fe1bc3
[INFO] running `Command { std: "docker" "start" "-a" "11f850555c1c157f0e8040949a8ff6de09f67e2aafa6e0ece3d6d32a71fe1bc3", kill_on_drop: false }`
[INFO] [stderr]    Compiling serde v1.0.196
[INFO] [stderr]    Compiling rustix v0.38.31
[INFO] [stderr]    Compiling jobserver v0.1.27
[INFO] [stderr]    Compiling libm v0.2.8
[INFO] [stderr]    Compiling syn v1.0.109
[INFO] [stderr]    Compiling syn v2.0.48
[INFO] [stderr]    Compiling num-traits v0.2.17
[INFO] [stderr]    Compiling zstd-safe v7.0.0
[INFO] [stderr]    Compiling cc v1.0.83
[INFO] [stderr]     Checking powerfmt v0.2.0
[INFO] [stderr]     Checking either v1.9.0
[INFO] [stderr]     Checking half v2.3.1
[INFO] [stderr]     Checking time-core v0.1.2
[INFO] [stderr]     Checking ciborium-io v0.2.2
[INFO] [stderr]     Checking num-conv v0.1.0
[INFO] [stderr]     Checking plotters-backend v0.3.5
[INFO] [stderr]     Checking os_str_bytes v6.6.1
[INFO] [stderr]     Checking clap_builder v4.4.18
[INFO] [stderr]     Checking plotters-svg v0.3.5
[INFO] [stderr]     Checking clap_lex v0.2.4
[INFO] [stderr]     Checking izihawa-ownedbytes v0.6.0
[INFO] [stderr]     Checking ciborium-ll v0.2.2
[INFO] [stderr]     Checking itertools v0.10.5
[INFO] [stderr]     Checking regex-automata v0.4.5
[INFO] [stderr]     Checking wait-timeout v0.2.0
[INFO] [stderr]     Checking atty v0.2.14
[INFO] [stderr]     Checking quick-error v1.2.3
[INFO] [stderr]    Compiling zstd-sys v2.0.9+zstd.1.5.5
[INFO] [stderr]     Checking utf8-ranges v1.0.5
[INFO] [stderr]    Compiling names v0.14.0
[INFO] [stderr]     Checking textwrap v0.16.0
[INFO] [stderr]     Checking cast v0.3.0
[INFO] [stderr]     Checking bit-vec v0.6.3
[INFO] [stderr]     Checking izihawa-fst v0.4.0
[INFO] [stderr]     Checking clap v4.4.18
[INFO] [stderr]     Checking criterion-plot v0.5.0
[INFO] [stderr]     Checking plotters v0.3.5
[INFO] [stderr]     Checking bit-set v0.5.3
[INFO] [stderr]     Checking tempfile v3.10.0
[INFO] [stderr]     Checking is-terminal v0.4.10
[INFO] [stderr]     Checking rayon v1.8.1
[INFO] [stderr]     Checking rand_xorshift v0.3.0
[INFO] [stderr]     Checking rusty-fork v0.3.0
[INFO] [stderr]     Checking regex v1.10.3
[INFO] [stderr]     Checking unarray v0.1.4
[INFO] [stderr]     Checking anes v0.1.6
[INFO] [stderr]     Checking oorandom v11.1.3
[INFO] [stderr]    Compiling proc-macro-error v1.0.4
[INFO] [stderr]     Checking proptest v1.4.0
[INFO] [stderr]    Compiling serde_derive v1.0.196
[INFO] [stderr]    Compiling clap_derive v3.2.25
[INFO] [stderr]    Compiling async-trait v0.1.77
[INFO] [stderr]     Checking clap v3.2.25
[INFO] [stderr]     Checking zstd v0.13.0
[INFO] [stderr]     Checking deranged v0.3.11
[INFO] [stderr]     Checking serde_json v1.0.113
[INFO] [stderr]     Checking ciborium v0.2.2
[INFO] [stderr]     Checking tinytemplate v1.2.1
[INFO] [stderr]     Checking time v0.3.34
[INFO] [stderr]     Checking criterion v0.5.1
[INFO] [stderr]     Checking izihawa-tantivy-common v0.6.1
[INFO] [stderr]     Checking izihawa-tantivy-sstable v0.2.0 (/opt/rustwide/workdir)
[INFO] [stdout] error[E0053]: method `len` has an incompatible type for trait
[INFO] [stdout]    --> src/dictionary.rs:464:26
[INFO] [stdout]     |
[INFO] [stdout] 464 |         fn len(&self) -> usize {
[INFO] [stdout]     |                          ^^^^^
[INFO] [stdout]     |                          |
[INFO] [stdout]     |                          expected `u64`, found `usize`
[INFO] [stdout]     |                          help: change the output type to match the trait: `u64`
[INFO] [stdout]     |
[INFO] [stdout]     = note: expected signature `fn(&PermissionedHandle) -> u64`
[INFO] [stdout]                found signature `fn(&PermissionedHandle) -> usize`
[INFO] [stdout] 
[INFO] [stdout] 
[INFO] [stdout] error: aborting due to 1 previous error
[INFO] [stdout] 
[INFO] [stdout] 
[INFO] [stdout] For more information about this error, try `rustc --explain E0053`.
[INFO] [stdout] 
[INFO] [stderr] error: could not compile `izihawa-tantivy-sstable` (lib test) due to 2 previous errors
[INFO] [stderr] warning: build failed, waiting for other jobs to finish...
[INFO] [stdout] error[E0432]: unresolved import `tantivy_sstable`
[INFO] [stdout]  --> benches/stream_bench.rs:8:23
[INFO] [stdout]   |
[INFO] [stdout] 8 | use tantivy_sstable::{self, Dictionary, MonotonicU64SSTable};
[INFO] [stdout]   |                       ^^^^ no external crate `tantivy_sstable`
[INFO] [stdout] 
[INFO] [stdout] 
[INFO] [stdout] error: aborting due to 1 previous error
[INFO] [stdout] 
[INFO] [stdout] 
[INFO] [stdout] For more information about this error, try `rustc --explain E0432`.
[INFO] [stdout] 
[INFO] [stderr] error: could not compile `izihawa-tantivy-sstable` (bench "stream_bench") due to 2 previous errors
[INFO] running `Command { std: "docker" "inspect" "11f850555c1c157f0e8040949a8ff6de09f67e2aafa6e0ece3d6d32a71fe1bc3", kill_on_drop: false }`
[INFO] running `Command { std: "docker" "rm" "-f" "11f850555c1c157f0e8040949a8ff6de09f67e2aafa6e0ece3d6d32a71fe1bc3", kill_on_drop: false }`
[INFO] [stdout] 11f850555c1c157f0e8040949a8ff6de09f67e2aafa6e0ece3d6d32a71fe1bc3
[INFO] checking izihawa-tantivy-sstable-0.2.0 against nightly-2024-02-05+rustflags=-Dunexpected_cfgs+cargoflags=-Zcheck-cfg for check-cfg
[INFO] extracting crate izihawa-tantivy-sstable 0.2.0 into /workspace/builds/worker-2-tc2/source
[INFO] validating manifest of crates.io crate izihawa-tantivy-sstable 0.2.0 on toolchain nightly-2024-02-05
[INFO] running `Command { std: CARGO_HOME="/workspace/cargo-home" RUSTUP_HOME="/workspace/rustup-home" "/workspace/cargo-home/bin/cargo" "+nightly-2024-02-05" "metadata" "--manifest-path" "Cargo.toml" "--no-deps", kill_on_drop: false }`
[INFO] started tweaking crates.io crate izihawa-tantivy-sstable 0.2.0
[INFO] finished tweaking crates.io crate izihawa-tantivy-sstable 0.2.0
[INFO] tweaked toml for crates.io crate izihawa-tantivy-sstable 0.2.0 written to /workspace/builds/worker-2-tc2/source/Cargo.toml
[INFO] running `Command { std: CARGO_HOME="/workspace/cargo-home" RUSTUP_HOME="/workspace/rustup-home" "/workspace/cargo-home/bin/cargo" "+nightly-2024-02-05" "generate-lockfile" "--manifest-path" "Cargo.toml", kill_on_drop: false }`
[INFO] [stderr]     Updating crates.io index
[INFO] running `Command { std: CARGO_HOME="/workspace/cargo-home" RUSTUP_HOME="/workspace/rustup-home" "/workspace/cargo-home/bin/cargo" "+nightly-2024-02-05" "fetch" "--manifest-path" "Cargo.toml", kill_on_drop: false }`
[INFO] running `Command { std: "docker" "create" "-v" "/var/lib/crater-agent-workspace/builds/worker-2-tc2/target:/opt/rustwide/target:rw,Z" "-v" "/var/lib/crater-agent-workspace/builds/worker-2-tc2/source:/opt/rustwide/workdir:ro,Z" "-v" "/var/lib/crater-agent-workspace/cargo-home:/opt/rustwide/cargo-home:ro,Z" "-v" "/var/lib/crater-agent-workspace/rustup-home:/opt/rustwide/rustup-home:ro,Z" "-e" "SOURCE_DIR=/opt/rustwide/workdir" "-e" "CARGO_TARGET_DIR=/opt/rustwide/target" "-e" "CARGO_HOME=/opt/rustwide/cargo-home" "-e" "RUSTUP_HOME=/opt/rustwide/rustup-home" "-w" "/opt/rustwide/workdir" "-m" "1610612736" "--user" "0:0" "--network" "none" "ghcr.io/rust-lang/crates-build-env/linux@sha256:2788e3201cd34a07e3172128adcd8b3090168a8e3bcc40d7c032b9dda1df7d1c" "/opt/rustwide/cargo-home/bin/cargo" "+nightly-2024-02-05" "metadata" "--no-deps" "--format-version=1", kill_on_drop: false }`
[INFO] [stdout] 18c00b03c94163c1de5458d1935561c277401eef4a892d67abd69e17ea4c7cc0
[INFO] running `Command { std: "docker" "start" "-a" "18c00b03c94163c1de5458d1935561c277401eef4a892d67abd69e17ea4c7cc0", kill_on_drop: false }`
[INFO] running `Command { std: "docker" "inspect" "18c00b03c94163c1de5458d1935561c277401eef4a892d67abd69e17ea4c7cc0", kill_on_drop: false }`
[INFO] running `Command { std: "docker" "rm" "-f" "18c00b03c94163c1de5458d1935561c277401eef4a892d67abd69e17ea4c7cc0", kill_on_drop: false }`
[INFO] [stdout] 18c00b03c94163c1de5458d1935561c277401eef4a892d67abd69e17ea4c7cc0
[INFO] running `Command { std: "docker" "create" "-v" "/var/lib/crater-agent-workspace/builds/worker-2-tc2/target:/opt/rustwide/target:rw,Z" "-v" "/var/lib/crater-agent-workspace/builds/worker-2-tc2/source:/opt/rustwide/workdir:ro,Z" "-v" "/var/lib/crater-agent-workspace/cargo-home:/opt/rustwide/cargo-home:ro,Z" "-v" "/var/lib/crater-agent-workspace/rustup-home:/opt/rustwide/rustup-home:ro,Z" "-e" "SOURCE_DIR=/opt/rustwide/workdir" "-e" "CARGO_TARGET_DIR=/opt/rustwide/target" "-e" "CARGO_INCREMENTAL=0" "-e" "RUST_BACKTRACE=full" "-e" "RUSTFLAGS=--cap-lints=forbid -Dunexpected_cfgs" "-e" "RUSTDOCFLAGS=--cap-lints=forbid" "-e" "CARGO_HOME=/opt/rustwide/cargo-home" "-e" "RUSTUP_HOME=/opt/rustwide/rustup-home" "-w" "/opt/rustwide/workdir" "-m" "1610612736" "--user" "0:0" "--network" "none" "ghcr.io/rust-lang/crates-build-env/linux@sha256:2788e3201cd34a07e3172128adcd8b3090168a8e3bcc40d7c032b9dda1df7d1c" "/opt/rustwide/cargo-home/bin/cargo" "+nightly-2024-02-05" "check" "--frozen" "--all" "--all-targets" "--message-format=json" "-Zcheck-cfg", kill_on_drop: false }`
[INFO] [stdout] f23780e6ac09e6c022c31da52e1f77ffdb689f75e31985ad5c5bed2132f72a92
[INFO] running `Command { std: "docker" "start" "-a" "f23780e6ac09e6c022c31da52e1f77ffdb689f75e31985ad5c5bed2132f72a92", kill_on_drop: false }`
[INFO] [stderr]    Compiling serde v1.0.196
[INFO] [stderr]    Compiling rustix v0.38.31
[INFO] [stderr]    Compiling jobserver v0.1.27
[INFO] [stderr]    Compiling libm v0.2.8
[INFO] [stderr]    Compiling syn v1.0.109
[INFO] [stderr]    Compiling syn v2.0.48
[INFO] [stderr]    Compiling num-traits v0.2.17
[INFO] [stderr]    Compiling zstd-safe v7.0.0
[INFO] [stderr]    Compiling cc v1.0.83
[INFO] [stderr]     Checking powerfmt v0.2.0
[INFO] [stderr]     Checking either v1.9.0
[INFO] [stderr]     Checking half v2.3.1
[INFO] [stderr]     Checking os_str_bytes v6.6.1
[INFO] [stderr]     Checking plotters-backend v0.3.5
[INFO] [stderr]     Checking time-core v0.1.2
[INFO] [stderr]     Checking num-conv v0.1.0
[INFO] [stderr]     Checking ciborium-io v0.2.2
[INFO] [stderr]     Checking plotters-svg v0.3.5
[INFO] [stderr]     Checking ciborium-ll v0.2.2
[INFO] [stderr]     Checking clap_lex v0.2.4
[INFO] [stderr]     Checking clap_builder v4.4.18
[INFO] [stderr]     Checking izihawa-ownedbytes v0.6.0
[INFO] [stderr]     Checking itertools v0.10.5
[INFO] [stderr]     Checking regex-automata v0.4.5
[INFO] [stderr]     Checking atty v0.2.14
[INFO] [stderr]     Checking wait-timeout v0.2.0
[INFO] [stderr]     Checking cast v0.3.0
[INFO] [stderr]    Compiling zstd-sys v2.0.9+zstd.1.5.5
[INFO] [stderr]     Checking bit-vec v0.6.3
[INFO] [stderr]     Checking textwrap v0.16.0
[INFO] [stderr]     Checking utf8-ranges v1.0.5
[INFO] [stderr]    Compiling names v0.14.0
[INFO] [stderr]     Checking quick-error v1.2.3
[INFO] [stderr]     Checking izihawa-fst v0.4.0
[INFO] [stderr]     Checking criterion-plot v0.5.0
[INFO] [stderr]     Checking regex v1.10.3
[INFO] [stderr]     Checking tempfile v3.10.0
[INFO] [stderr]     Checking clap v4.4.18
[INFO] [stderr]     Checking is-terminal v0.4.10
[INFO] [stderr]     Checking bit-set v0.5.3
[INFO] [stderr]     Checking plotters v0.3.5
[INFO] [stderr]     Checking rayon v1.8.1
[INFO] [stderr]     Checking rusty-fork v0.3.0
[INFO] [stderr]     Checking rand_xorshift v0.3.0
[INFO] [stderr]     Checking anes v0.1.6
[INFO] [stderr]     Checking unarray v0.1.4
[INFO] [stderr]    Compiling proc-macro-error v1.0.4
[INFO] [stderr]     Checking oorandom v11.1.3
[INFO] [stderr]     Checking proptest v1.4.0
[INFO] [stderr]    Compiling serde_derive v1.0.196
[INFO] [stderr]    Compiling async-trait v0.1.77
[INFO] [stderr]    Compiling clap_derive v3.2.25
[INFO] [stderr]     Checking clap v3.2.25
[INFO] [stderr]     Checking zstd v0.13.0
[INFO] [stderr]     Checking deranged v0.3.11
[INFO] [stderr]     Checking serde_json v1.0.113
[INFO] [stderr]     Checking ciborium v0.2.2
[INFO] [stderr]     Checking tinytemplate v1.2.1
[INFO] [stderr]     Checking time v0.3.34
[INFO] [stderr]     Checking criterion v0.5.1
[INFO] [stderr]     Checking izihawa-tantivy-common v0.6.1
[INFO] [stderr]     Checking izihawa-tantivy-sstable v0.2.0 (/opt/rustwide/workdir)
[INFO] [stdout] error[E0053]: method `len` has an incompatible type for trait
[INFO] [stdout]    --> src/dictionary.rs:464:26
[INFO] [stdout]     |
[INFO] [stdout] 464 |         fn len(&self) -> usize {
[INFO] [stdout]     |                          ^^^^^
[INFO] [stdout]     |                          |
[INFO] [stdout]     |                          expected `u64`, found `usize`
[INFO] [stdout]     |                          help: change the output type to match the trait: `u64`
[INFO] [stdout]     |
[INFO] [stdout]     = note: expected signature `fn(&PermissionedHandle) -> u64`
[INFO] [stdout]                found signature `fn(&PermissionedHandle) -> usize`
[INFO] [stdout] 
[INFO] [stdout] 
[INFO] [stdout] error: aborting due to 1 previous error
[INFO] [stdout] 
[INFO] [stdout] 
[INFO] [stdout] For more information about this error, try `rustc --explain E0053`.
[INFO] [stdout] 
[INFO] [stderr] error: could not compile `izihawa-tantivy-sstable` (lib test) due to 2 previous errors
[INFO] [stderr] warning: build failed, waiting for other jobs to finish...
[INFO] [stdout] error[E0432]: unresolved import `tantivy_sstable`
[INFO] [stdout]  --> benches/stream_bench.rs:8:23
[INFO] [stdout]   |
[INFO] [stdout] 8 | use tantivy_sstable::{self, Dictionary, MonotonicU64SSTable};
[INFO] [stdout]   |                       ^^^^ no external crate `tantivy_sstable`
[INFO] [stdout] 
[INFO] [stdout] 
[INFO] [stdout] error: aborting due to 1 previous error
[INFO] [stdout] 
[INFO] [stdout] 
[INFO] [stdout] For more information about this error, try `rustc --explain E0432`.
[INFO] [stdout] 
[INFO] [stderr] error: could not compile `izihawa-tantivy-sstable` (bench "stream_bench") due to 2 previous errors
[INFO] running `Command { std: "docker" "inspect" "f23780e6ac09e6c022c31da52e1f77ffdb689f75e31985ad5c5bed2132f72a92", kill_on_drop: false }`
[INFO] running `Command { std: "docker" "rm" "-f" "f23780e6ac09e6c022c31da52e1f77ffdb689f75e31985ad5c5bed2132f72a92", kill_on_drop: false }`
[INFO] [stdout] f23780e6ac09e6c022c31da52e1f77ffdb689f75e31985ad5c5bed2132f72a92
