[INFO] fetching crate izihawa-tantivy-columnar 0.2.0...
[INFO] checking izihawa-tantivy-columnar-0.2.0 against nightly-2024-02-05 for check-cfg
[INFO] extracting crate izihawa-tantivy-columnar 0.2.0 into /workspace/builds/worker-6-tc1/source
[INFO] validating manifest of crates.io crate izihawa-tantivy-columnar 0.2.0 on toolchain nightly-2024-02-05
[INFO] running `Command { std: CARGO_HOME="/workspace/cargo-home" RUSTUP_HOME="/workspace/rustup-home" "/workspace/cargo-home/bin/cargo" "+nightly-2024-02-05" "metadata" "--manifest-path" "Cargo.toml" "--no-deps", kill_on_drop: false }`
[INFO] started tweaking crates.io crate izihawa-tantivy-columnar 0.2.0
[INFO] finished tweaking crates.io crate izihawa-tantivy-columnar 0.2.0
[INFO] tweaked toml for crates.io crate izihawa-tantivy-columnar 0.2.0 written to /workspace/builds/worker-6-tc1/source/Cargo.toml
[INFO] running `Command { std: CARGO_HOME="/workspace/cargo-home" RUSTUP_HOME="/workspace/rustup-home" "/workspace/cargo-home/bin/cargo" "+nightly-2024-02-05" "generate-lockfile" "--manifest-path" "Cargo.toml", kill_on_drop: false }`
[INFO] [stderr]     Updating crates.io index
[INFO] running `Command { std: CARGO_HOME="/workspace/cargo-home" RUSTUP_HOME="/workspace/rustup-home" "/workspace/cargo-home/bin/cargo" "+nightly-2024-02-05" "fetch" "--manifest-path" "Cargo.toml", kill_on_drop: false }`
[INFO] [stderr]  Downloading crates ...
[INFO] [stderr]   Downloaded murmurhash32 v0.3.0
[INFO] [stderr]   Downloaded izihawa-ownedbytes v0.6.0
[INFO] [stderr]   Downloaded izihawa-tantivy-bitpacker v0.5.0
[INFO] [stderr]   Downloaded tantivy-fst v0.5.0
[INFO] [stderr]   Downloaded izihawa-tantivy-common v0.6.1
[INFO] [stderr]   Downloaded izihawa-tantivy-stacker v0.2.1
[INFO] [stderr]   Downloaded izihawa-tantivy-sstable v0.2.1
[INFO] running `Command { std: "docker" "create" "-v" "/var/lib/crater-agent-workspace/builds/worker-6-tc1/target:/opt/rustwide/target:rw,Z" "-v" "/var/lib/crater-agent-workspace/builds/worker-6-tc1/source:/opt/rustwide/workdir:ro,Z" "-v" "/var/lib/crater-agent-workspace/cargo-home:/opt/rustwide/cargo-home:ro,Z" "-v" "/var/lib/crater-agent-workspace/rustup-home:/opt/rustwide/rustup-home:ro,Z" "-e" "SOURCE_DIR=/opt/rustwide/workdir" "-e" "CARGO_TARGET_DIR=/opt/rustwide/target" "-e" "CARGO_HOME=/opt/rustwide/cargo-home" "-e" "RUSTUP_HOME=/opt/rustwide/rustup-home" "-w" "/opt/rustwide/workdir" "-m" "1610612736" "--user" "0:0" "--network" "none" "ghcr.io/rust-lang/crates-build-env/linux@sha256:2788e3201cd34a07e3172128adcd8b3090168a8e3bcc40d7c032b9dda1df7d1c" "/opt/rustwide/cargo-home/bin/cargo" "+nightly-2024-02-05" "metadata" "--no-deps" "--format-version=1", kill_on_drop: false }`
[INFO] [stdout] f02a3b9cbabe8cc3a81e9074704cb960e83de6df75025c23d5d4e837eaf203ae
[INFO] running `Command { std: "docker" "start" "-a" "f02a3b9cbabe8cc3a81e9074704cb960e83de6df75025c23d5d4e837eaf203ae", kill_on_drop: false }`
[INFO] running `Command { std: "docker" "inspect" "f02a3b9cbabe8cc3a81e9074704cb960e83de6df75025c23d5d4e837eaf203ae", kill_on_drop: false }`
[INFO] running `Command { std: "docker" "rm" "-f" "f02a3b9cbabe8cc3a81e9074704cb960e83de6df75025c23d5d4e837eaf203ae", kill_on_drop: false }`
[INFO] [stdout] f02a3b9cbabe8cc3a81e9074704cb960e83de6df75025c23d5d4e837eaf203ae
[INFO] running `Command { std: "docker" "create" "-v" "/var/lib/crater-agent-workspace/builds/worker-6-tc1/target:/opt/rustwide/target:rw,Z" "-v" "/var/lib/crater-agent-workspace/builds/worker-6-tc1/source:/opt/rustwide/workdir:ro,Z" "-v" "/var/lib/crater-agent-workspace/cargo-home:/opt/rustwide/cargo-home:ro,Z" "-v" "/var/lib/crater-agent-workspace/rustup-home:/opt/rustwide/rustup-home:ro,Z" "-e" "SOURCE_DIR=/opt/rustwide/workdir" "-e" "CARGO_TARGET_DIR=/opt/rustwide/target" "-e" "CARGO_INCREMENTAL=0" "-e" "RUST_BACKTRACE=full" "-e" "RUSTFLAGS=--cap-lints=forbid" "-e" "RUSTDOCFLAGS=--cap-lints=forbid" "-e" "CARGO_HOME=/opt/rustwide/cargo-home" "-e" "RUSTUP_HOME=/opt/rustwide/rustup-home" "-w" "/opt/rustwide/workdir" "-m" "1610612736" "--user" "0:0" "--network" "none" "ghcr.io/rust-lang/crates-build-env/linux@sha256:2788e3201cd34a07e3172128adcd8b3090168a8e3bcc40d7c032b9dda1df7d1c" "/opt/rustwide/cargo-home/bin/cargo" "+nightly-2024-02-05" "check" "--frozen" "--all" "--all-targets" "--message-format=json", kill_on_drop: false }`
[INFO] [stdout] 96feb76dd1ea34aa62179e039658ccc943b737c501f0c3b8c9ec1fd7fd151372
[INFO] running `Command { std: "docker" "start" "-a" "96feb76dd1ea34aa62179e039658ccc943b737c501f0c3b8c9ec1fd7fd151372", kill_on_drop: false }`
[INFO] [stderr]    Compiling zstd-safe v7.0.0
[INFO] [stderr]    Compiling libc v0.2.153
[INFO] [stderr]    Compiling crunchy v0.2.2
[INFO] [stderr]     Checking izihawa-ownedbytes v0.6.0
[INFO] [stderr]     Checking utf8-ranges v1.0.5
[INFO] [stderr]     Checking murmurhash32 v0.3.0
[INFO] [stderr]     Checking itertools v0.11.0
[INFO] [stderr]     Checking fastdivide v0.4.0
[INFO] [stderr]    Compiling syn v2.0.48
[INFO] [stderr]     Checking more-asserts v0.3.1
[INFO] [stderr]     Checking rand v0.8.5
[INFO] [stderr]     Checking bitpacking v0.8.4
[INFO] [stderr]     Checking tantivy-fst v0.5.0
[INFO] [stderr]    Compiling jobserver v0.1.27
[INFO] [stderr]     Checking proptest v1.4.0
[INFO] [stderr]    Compiling cc v1.0.83
[INFO] [stderr]    Compiling zstd-sys v2.0.9+zstd.1.5.5
[INFO] [stderr]     Checking izihawa-tantivy-bitpacker v0.5.0
[INFO] [stderr]    Compiling serde_derive v1.0.196
[INFO] [stderr]    Compiling async-trait v0.1.77
[INFO] [stderr]     Checking serde v1.0.196
[INFO] [stderr]     Checking zstd v0.13.0
[INFO] [stderr]     Checking deranged v0.3.11
[INFO] [stderr]     Checking time v0.3.34
[INFO] [stderr]     Checking izihawa-tantivy-common v0.6.1
[INFO] [stderr]     Checking izihawa-tantivy-stacker v0.2.1
[INFO] [stderr]     Checking izihawa-tantivy-sstable v0.2.1
[INFO] [stderr]     Checking izihawa-tantivy-columnar v0.2.0 (/opt/rustwide/workdir)
[INFO] [stdout] error[E0308]: mismatched types
[INFO] [stdout]    --> src/columnar/writer/mod.rs:341:19
[INFO] [stdout]     |
[INFO] [stdout] 341 |             .map(|(column_name, addr, _)| {
[INFO] [stdout]     |                   ^^^^^^^^^^^^^^^^^^^^^^
[INFO] [stdout]     |                   |
[INFO] [stdout]     |                   expected a tuple with 2 elements, found one with 3 elements
[INFO] [stdout]     |                   expected due to this
[INFO] [stdout]     |
[INFO] [stdout]     = note: expected tuple `(&[u8], Addr)`
[INFO] [stdout]                found tuple `(_, _, _)`
[INFO] [stdout] 
[INFO] [stdout] 
[INFO] [stdout] error[E0308]: mismatched types
[INFO] [stdout]    --> src/columnar/writer/mod.rs:351:23
[INFO] [stdout]     |
[INFO] [stdout] 351 |                 .map(|(term, addr, _)| (term, ColumnType::Bytes, addr)),
[INFO] [stdout]     |                       ^^^^^^^^^^^^^^^
[INFO] [stdout]     |                       |
[INFO] [stdout]     |                       expected a tuple with 2 elements, found one with 3 elements
[INFO] [stdout]     |                       expected due to this
[INFO] [stdout]     |
[INFO] [stdout]     = note: expected tuple `(&[u8], Addr)`
[INFO] [stdout]                found tuple `(_, _, _)`
[INFO] [stdout] 
[INFO] [stdout] 
[INFO] [stdout] error[E0308]: mismatched types
[INFO] [stdout]    --> src/columnar/writer/mod.rs:356:23
[INFO] [stdout]     |
[INFO] [stdout] 356 |                 .map(|(column_name, addr, _)| (column_name, ColumnType::Str, addr)),
[INFO] [stdout]     |                       ^^^^^^^^^^^^^^^^^^^^^^
[INFO] [stdout]     |                       |
[INFO] [stdout]     |                       expected a tuple with 2 elements, found one with 3 elements
[INFO] [stdout]     |                       expected due to this
[INFO] [stdout]     |
[INFO] [stdout]     = note: expected tuple `(&[u8], Addr)`
[INFO] [stdout]                found tuple `(_, _, _)`
[INFO] [stdout] 
[INFO] [stdout] 
[INFO] [stdout] error[E0308]: mismatched types
[INFO] [stdout]    --> src/columnar/writer/mod.rs:361:23
[INFO] [stdout]     |
[INFO] [stdout] 361 |                 .map(|(column_name, addr, _)| (column_name, ColumnType::Bool, addr)),
[INFO] [stdout]     |                       ^^^^^^^^^^^^^^^^^^^^^^
[INFO] [stdout]     |                       |
[INFO] [stdout]     |                       expected a tuple with 2 elements, found one with 3 elements
[INFO] [stdout]     |                       expected due to this
[INFO] [stdout]     |
[INFO] [stdout]     = note: expected tuple `(&[u8], Addr)`
[INFO] [stdout]                found tuple `(_, _, _)`
[INFO] [stdout] 
[INFO] [stdout] 
[INFO] [stdout] error[E0308]: mismatched types
[INFO] [stdout]    --> src/columnar/writer/mod.rs:366:23
[INFO] [stdout]     |
[INFO] [stdout] 366 |                 .map(|(column_name, addr, _)| (column_name, ColumnType::IpAddr, addr)),
[INFO] [stdout]     |                       ^^^^^^^^^^^^^^^^^^^^^^
[INFO] [stdout]     |                       |
[INFO] [stdout]     |                       expected a tuple with 2 elements, found one with 3 elements
[INFO] [stdout]     |                       expected due to this
[INFO] [stdout]     |
[INFO] [stdout]     = note: expected tuple `(&[u8], Addr)`
[INFO] [stdout]                found tuple `(_, _, _)`
[INFO] [stdout] 
[INFO] [stdout] 
[INFO] [stdout] error[E0308]: mismatched types
[INFO] [stdout]    --> src/columnar/writer/mod.rs:371:23
[INFO] [stdout]     |
[INFO] [stdout] 371 |                 .map(|(column_name, addr, _)| (column_name, ColumnType::DateTime, addr)),
[INFO] [stdout]     |                       ^^^^^^^^^^^^^^^^^^^^^^
[INFO] [stdout]     |                       |
[INFO] [stdout]     |                       expected a tuple with 2 elements, found one with 3 elements
[INFO] [stdout]     |                       expected due to this
[INFO] [stdout]     |
[INFO] [stdout]     = note: expected tuple `(&[u8], Addr)`
[INFO] [stdout]                found tuple `(_, _, _)`
[INFO] [stdout] 
[INFO] [stdout] 
[INFO] [stdout] error: aborting due to 6 previous errors
[INFO] [stdout] 
[INFO] [stdout] 
[INFO] [stdout] For more information about this error, try `rustc --explain E0308`.
[INFO] [stdout] 
[INFO] [stderr] error: could not compile `izihawa-tantivy-columnar` (lib) due to 7 previous errors
[INFO] [stderr] warning: build failed, waiting for other jobs to finish...
[INFO] [stdout] error[E0308]: mismatched types
[INFO] [stdout]    --> src/columnar/writer/mod.rs:341:19
[INFO] [stdout]     |
[INFO] [stdout] 341 |             .map(|(column_name, addr, _)| {
[INFO] [stdout]     |                   ^^^^^^^^^^^^^^^^^^^^^^
[INFO] [stdout]     |                   |
[INFO] [stdout]     |                   expected a tuple with 2 elements, found one with 3 elements
[INFO] [stdout]     |                   expected due to this
[INFO] [stdout]     |
[INFO] [stdout]     = note: expected tuple `(&[u8], Addr)`
[INFO] [stdout]                found tuple `(_, _, _)`
[INFO] [stdout] 
[INFO] [stdout] 
[INFO] [stdout] error[E0308]: mismatched types
[INFO] [stdout]    --> src/columnar/writer/mod.rs:351:23
[INFO] [stdout]     |
[INFO] [stdout] 351 |                 .map(|(term, addr, _)| (term, ColumnType::Bytes, addr)),
[INFO] [stdout]     |                       ^^^^^^^^^^^^^^^
[INFO] [stdout]     |                       |
[INFO] [stdout]     |                       expected a tuple with 2 elements, found one with 3 elements
[INFO] [stdout]     |                       expected due to this
[INFO] [stdout]     |
[INFO] [stdout]     = note: expected tuple `(&[u8], Addr)`
[INFO] [stdout]                found tuple `(_, _, _)`
[INFO] [stdout] 
[INFO] [stdout] 
[INFO] [stdout] error[E0308]: mismatched types
[INFO] [stdout]    --> src/columnar/writer/mod.rs:356:23
[INFO] [stdout]     |
[INFO] [stdout] 356 |                 .map(|(column_name, addr, _)| (column_name, ColumnType::Str, addr)),
[INFO] [stdout]     |                       ^^^^^^^^^^^^^^^^^^^^^^
[INFO] [stdout]     |                       |
[INFO] [stdout]     |                       expected a tuple with 2 elements, found one with 3 elements
[INFO] [stdout]     |                       expected due to this
[INFO] [stdout]     |
[INFO] [stdout]     = note: expected tuple `(&[u8], Addr)`
[INFO] [stdout]                found tuple `(_, _, _)`
[INFO] [stdout] 
[INFO] [stdout] 
[INFO] [stdout] error[E0308]: mismatched types
[INFO] [stdout]    --> src/columnar/writer/mod.rs:361:23
[INFO] [stdout]     |
[INFO] [stdout] 361 |                 .map(|(column_name, addr, _)| (column_name, ColumnType::Bool, addr)),
[INFO] [stdout]     |                       ^^^^^^^^^^^^^^^^^^^^^^
[INFO] [stdout]     |                       |
[INFO] [stdout]     |                       expected a tuple with 2 elements, found one with 3 elements
[INFO] [stdout]     |                       expected due to this
[INFO] [stdout]     |
[INFO] [stdout]     = note: expected tuple `(&[u8], Addr)`
[INFO] [stdout]                found tuple `(_, _, _)`
[INFO] [stdout] 
[INFO] [stdout] 
[INFO] [stdout] error[E0308]: mismatched types
[INFO] [stdout]    --> src/columnar/writer/mod.rs:366:23
[INFO] [stdout]     |
[INFO] [stdout] 366 |                 .map(|(column_name, addr, _)| (column_name, ColumnType::IpAddr, addr)),
[INFO] [stdout]     |                       ^^^^^^^^^^^^^^^^^^^^^^
[INFO] [stdout]     |                       |
[INFO] [stdout]     |                       expected a tuple with 2 elements, found one with 3 elements
[INFO] [stdout]     |                       expected due to this
[INFO] [stdout]     |
[INFO] [stdout]     = note: expected tuple `(&[u8], Addr)`
[INFO] [stdout]                found tuple `(_, _, _)`
[INFO] [stdout] 
[INFO] [stdout] 
[INFO] [stdout] error[E0308]: mismatched types
[INFO] [stdout]    --> src/columnar/writer/mod.rs:371:23
[INFO] [stdout]     |
[INFO] [stdout] 371 |                 .map(|(column_name, addr, _)| (column_name, ColumnType::DateTime, addr)),
[INFO] [stdout]     |                       ^^^^^^^^^^^^^^^^^^^^^^
[INFO] [stdout]     |                       |
[INFO] [stdout]     |                       expected a tuple with 2 elements, found one with 3 elements
[INFO] [stdout]     |                       expected due to this
[INFO] [stdout]     |
[INFO] [stdout]     = note: expected tuple `(&[u8], Addr)`
[INFO] [stdout]                found tuple `(_, _, _)`
[INFO] [stdout] 
[INFO] [stdout] 
[INFO] [stdout] error: aborting due to 6 previous errors
[INFO] [stdout] 
[INFO] [stdout] 
[INFO] [stdout] For more information about this error, try `rustc --explain E0308`.
[INFO] [stdout] 
[INFO] [stderr] error: could not compile `izihawa-tantivy-columnar` (lib test) due to 7 previous errors
[INFO] running `Command { std: "docker" "inspect" "96feb76dd1ea34aa62179e039658ccc943b737c501f0c3b8c9ec1fd7fd151372", kill_on_drop: false }`
[INFO] running `Command { std: "docker" "rm" "-f" "96feb76dd1ea34aa62179e039658ccc943b737c501f0c3b8c9ec1fd7fd151372", kill_on_drop: false }`
[INFO] [stdout] 96feb76dd1ea34aa62179e039658ccc943b737c501f0c3b8c9ec1fd7fd151372
[INFO] checking izihawa-tantivy-columnar-0.2.0 against nightly-2024-02-05+rustflags=-Dunexpected_cfgs+cargoflags=-Zcheck-cfg for check-cfg
[INFO] extracting crate izihawa-tantivy-columnar 0.2.0 into /workspace/builds/worker-6-tc2/source
[INFO] validating manifest of crates.io crate izihawa-tantivy-columnar 0.2.0 on toolchain nightly-2024-02-05
[INFO] running `Command { std: CARGO_HOME="/workspace/cargo-home" RUSTUP_HOME="/workspace/rustup-home" "/workspace/cargo-home/bin/cargo" "+nightly-2024-02-05" "metadata" "--manifest-path" "Cargo.toml" "--no-deps", kill_on_drop: false }`
[INFO] started tweaking crates.io crate izihawa-tantivy-columnar 0.2.0
[INFO] finished tweaking crates.io crate izihawa-tantivy-columnar 0.2.0
[INFO] tweaked toml for crates.io crate izihawa-tantivy-columnar 0.2.0 written to /workspace/builds/worker-6-tc2/source/Cargo.toml
[INFO] running `Command { std: CARGO_HOME="/workspace/cargo-home" RUSTUP_HOME="/workspace/rustup-home" "/workspace/cargo-home/bin/cargo" "+nightly-2024-02-05" "generate-lockfile" "--manifest-path" "Cargo.toml", kill_on_drop: false }`
[INFO] [stderr]     Updating crates.io index
[INFO] running `Command { std: CARGO_HOME="/workspace/cargo-home" RUSTUP_HOME="/workspace/rustup-home" "/workspace/cargo-home/bin/cargo" "+nightly-2024-02-05" "fetch" "--manifest-path" "Cargo.toml", kill_on_drop: false }`
[INFO] running `Command { std: "docker" "create" "-v" "/var/lib/crater-agent-workspace/builds/worker-6-tc2/target:/opt/rustwide/target:rw,Z" "-v" "/var/lib/crater-agent-workspace/builds/worker-6-tc2/source:/opt/rustwide/workdir:ro,Z" "-v" "/var/lib/crater-agent-workspace/cargo-home:/opt/rustwide/cargo-home:ro,Z" "-v" "/var/lib/crater-agent-workspace/rustup-home:/opt/rustwide/rustup-home:ro,Z" "-e" "SOURCE_DIR=/opt/rustwide/workdir" "-e" "CARGO_TARGET_DIR=/opt/rustwide/target" "-e" "CARGO_HOME=/opt/rustwide/cargo-home" "-e" "RUSTUP_HOME=/opt/rustwide/rustup-home" "-w" "/opt/rustwide/workdir" "-m" "1610612736" "--user" "0:0" "--network" "none" "ghcr.io/rust-lang/crates-build-env/linux@sha256:2788e3201cd34a07e3172128adcd8b3090168a8e3bcc40d7c032b9dda1df7d1c" "/opt/rustwide/cargo-home/bin/cargo" "+nightly-2024-02-05" "metadata" "--no-deps" "--format-version=1", kill_on_drop: false }`
[INFO] [stdout] 13f083e59fc3f1ebeaef62c4071e5092015730548fcee10c9f9a65605f13456c
[INFO] running `Command { std: "docker" "start" "-a" "13f083e59fc3f1ebeaef62c4071e5092015730548fcee10c9f9a65605f13456c", kill_on_drop: false }`
[INFO] running `Command { std: "docker" "inspect" "13f083e59fc3f1ebeaef62c4071e5092015730548fcee10c9f9a65605f13456c", kill_on_drop: false }`
[INFO] running `Command { std: "docker" "rm" "-f" "13f083e59fc3f1ebeaef62c4071e5092015730548fcee10c9f9a65605f13456c", kill_on_drop: false }`
[INFO] [stdout] 13f083e59fc3f1ebeaef62c4071e5092015730548fcee10c9f9a65605f13456c
[INFO] running `Command { std: "docker" "create" "-v" "/var/lib/crater-agent-workspace/builds/worker-6-tc2/target:/opt/rustwide/target:rw,Z" "-v" "/var/lib/crater-agent-workspace/builds/worker-6-tc2/source:/opt/rustwide/workdir:ro,Z" "-v" "/var/lib/crater-agent-workspace/cargo-home:/opt/rustwide/cargo-home:ro,Z" "-v" "/var/lib/crater-agent-workspace/rustup-home:/opt/rustwide/rustup-home:ro,Z" "-e" "SOURCE_DIR=/opt/rustwide/workdir" "-e" "CARGO_TARGET_DIR=/opt/rustwide/target" "-e" "CARGO_INCREMENTAL=0" "-e" "RUST_BACKTRACE=full" "-e" "RUSTFLAGS=--cap-lints=forbid -Dunexpected_cfgs" "-e" "RUSTDOCFLAGS=--cap-lints=forbid" "-e" "CARGO_HOME=/opt/rustwide/cargo-home" "-e" "RUSTUP_HOME=/opt/rustwide/rustup-home" "-w" "/opt/rustwide/workdir" "-m" "1610612736" "--user" "0:0" "--network" "none" "ghcr.io/rust-lang/crates-build-env/linux@sha256:2788e3201cd34a07e3172128adcd8b3090168a8e3bcc40d7c032b9dda1df7d1c" "/opt/rustwide/cargo-home/bin/cargo" "+nightly-2024-02-05" "check" "--frozen" "--all" "--all-targets" "--message-format=json" "-Zcheck-cfg", kill_on_drop: false }`
[INFO] [stdout] 604519c31bf4e53236a76edfab0ff091c6f4dee3ad49b0189dc7ba1595b7ee2b
[INFO] running `Command { std: "docker" "start" "-a" "604519c31bf4e53236a76edfab0ff091c6f4dee3ad49b0189dc7ba1595b7ee2b", kill_on_drop: false }`
[INFO] [stderr]    Compiling zstd-safe v7.0.0
[INFO] [stderr]    Compiling libc v0.2.153
[INFO] [stderr]    Compiling crunchy v0.2.2
[INFO] [stderr]     Checking izihawa-ownedbytes v0.6.0
[INFO] [stderr]     Checking utf8-ranges v1.0.5
[INFO] [stderr]     Checking murmurhash32 v0.3.0
[INFO] [stderr]     Checking itertools v0.11.0
[INFO] [stderr]     Checking fastdivide v0.4.0
[INFO] [stderr]    Compiling syn v2.0.48
[INFO] [stderr]     Checking more-asserts v0.3.1
[INFO] [stderr]     Checking rand v0.8.5
[INFO] [stderr]     Checking bitpacking v0.8.4
[INFO] [stderr]     Checking tantivy-fst v0.5.0
[INFO] [stderr]    Compiling jobserver v0.1.27
[INFO] [stderr]     Checking proptest v1.4.0
[INFO] [stderr]    Compiling cc v1.0.83
[INFO] [stderr]    Compiling zstd-sys v2.0.9+zstd.1.5.5
[INFO] [stderr]     Checking izihawa-tantivy-bitpacker v0.5.0
[INFO] [stderr]    Compiling serde_derive v1.0.196
[INFO] [stderr]    Compiling async-trait v0.1.77
[INFO] [stderr]     Checking zstd v0.13.0
[INFO] [stderr]     Checking serde v1.0.196
[INFO] [stderr]     Checking deranged v0.3.11
[INFO] [stderr]     Checking time v0.3.34
[INFO] [stderr]     Checking izihawa-tantivy-common v0.6.1
[INFO] [stderr]     Checking izihawa-tantivy-sstable v0.2.1
[INFO] [stderr]     Checking izihawa-tantivy-stacker v0.2.1
[INFO] [stderr]     Checking izihawa-tantivy-columnar v0.2.0 (/opt/rustwide/workdir)
[INFO] [stdout] error[E0308]: mismatched types
[INFO] [stdout]    --> src/columnar/writer/mod.rs:341:19
[INFO] [stdout]     |
[INFO] [stdout] 341 |             .map(|(column_name, addr, _)| {
[INFO] [stdout]     |                   ^^^^^^^^^^^^^^^^^^^^^^
[INFO] [stdout]     |                   |
[INFO] [stdout]     |                   expected a tuple with 2 elements, found one with 3 elements
[INFO] [stdout]     |                   expected due to this
[INFO] [stdout]     |
[INFO] [stdout]     = note: expected tuple `(&[u8], Addr)`
[INFO] [stdout]                found tuple `(_, _, _)`
[INFO] [stdout] 
[INFO] [stdout] 
[INFO] [stdout] error[E0308]: mismatched types
[INFO] [stdout]    --> src/columnar/writer/mod.rs:351:23
[INFO] [stdout]     |
[INFO] [stdout] 351 |                 .map(|(term, addr, _)| (term, ColumnType::Bytes, addr)),
[INFO] [stdout]     |                       ^^^^^^^^^^^^^^^
[INFO] [stdout]     |                       |
[INFO] [stdout]     |                       expected a tuple with 2 elements, found one with 3 elements
[INFO] [stdout]     |                       expected due to this
[INFO] [stdout]     |
[INFO] [stdout]     = note: expected tuple `(&[u8], Addr)`
[INFO] [stdout]                found tuple `(_, _, _)`
[INFO] [stdout] 
[INFO] [stdout] 
[INFO] [stdout] error[E0308]: mismatched types
[INFO] [stdout]    --> src/columnar/writer/mod.rs:356:23
[INFO] [stdout]     |
[INFO] [stdout] 356 |                 .map(|(column_name, addr, _)| (column_name, ColumnType::Str, addr)),
[INFO] [stdout]     |                       ^^^^^^^^^^^^^^^^^^^^^^
[INFO] [stdout]     |                       |
[INFO] [stdout]     |                       expected a tuple with 2 elements, found one with 3 elements
[INFO] [stdout]     |                       expected due to this
[INFO] [stdout]     |
[INFO] [stdout]     = note: expected tuple `(&[u8], Addr)`
[INFO] [stdout]                found tuple `(_, _, _)`
[INFO] [stdout] 
[INFO] [stdout] 
[INFO] [stdout] error[E0308]: mismatched types
[INFO] [stdout]    --> src/columnar/writer/mod.rs:361:23
[INFO] [stdout]     |
[INFO] [stdout] 361 |                 .map(|(column_name, addr, _)| (column_name, ColumnType::Bool, addr)),
[INFO] [stdout]     |                       ^^^^^^^^^^^^^^^^^^^^^^
[INFO] [stdout]     |                       |
[INFO] [stdout]     |                       expected a tuple with 2 elements, found one with 3 elements
[INFO] [stdout]     |                       expected due to this
[INFO] [stdout]     |
[INFO] [stdout]     = note: expected tuple `(&[u8], Addr)`
[INFO] [stdout]                found tuple `(_, _, _)`
[INFO] [stdout] 
[INFO] [stdout] 
[INFO] [stdout] error[E0308]: mismatched types
[INFO] [stdout]    --> src/columnar/writer/mod.rs:366:23
[INFO] [stdout]     |
[INFO] [stdout] 366 |                 .map(|(column_name, addr, _)| (column_name, ColumnType::IpAddr, addr)),
[INFO] [stdout]     |                       ^^^^^^^^^^^^^^^^^^^^^^
[INFO] [stdout]     |                       |
[INFO] [stdout]     |                       expected a tuple with 2 elements, found one with 3 elements
[INFO] [stdout]     |                       expected due to this
[INFO] [stdout]     |
[INFO] [stdout]     = note: expected tuple `(&[u8], Addr)`
[INFO] [stdout]                found tuple `(_, _, _)`
[INFO] [stdout] 
[INFO] [stdout] 
[INFO] [stdout] error[E0308]: mismatched types
[INFO] [stdout]    --> src/columnar/writer/mod.rs:371:23
[INFO] [stdout]     |
[INFO] [stdout] 371 |                 .map(|(column_name, addr, _)| (column_name, ColumnType::DateTime, addr)),
[INFO] [stdout]     |                       ^^^^^^^^^^^^^^^^^^^^^^
[INFO] [stdout]     |                       |
[INFO] [stdout]     |                       expected a tuple with 2 elements, found one with 3 elements
[INFO] [stdout]     |                       expected due to this
[INFO] [stdout]     |
[INFO] [stdout]     = note: expected tuple `(&[u8], Addr)`
[INFO] [stdout]                found tuple `(_, _, _)`
[INFO] [stdout] 
[INFO] [stdout] 
[INFO] [stdout] error: aborting due to 6 previous errors
[INFO] [stdout] 
[INFO] [stdout] 
[INFO] [stdout] For more information about this error, try `rustc --explain E0308`.
[INFO] [stdout] 
[INFO] [stderr] error: could not compile `izihawa-tantivy-columnar` (lib) due to 7 previous errors
[INFO] [stderr] warning: build failed, waiting for other jobs to finish...
[INFO] [stdout] error[E0308]: mismatched types
[INFO] [stdout]    --> src/columnar/writer/mod.rs:341:19
[INFO] [stdout]     |
[INFO] [stdout] 341 |             .map(|(column_name, addr, _)| {
[INFO] [stdout]     |                   ^^^^^^^^^^^^^^^^^^^^^^
[INFO] [stdout]     |                   |
[INFO] [stdout]     |                   expected a tuple with 2 elements, found one with 3 elements
[INFO] [stdout]     |                   expected due to this
[INFO] [stdout]     |
[INFO] [stdout]     = note: expected tuple `(&[u8], Addr)`
[INFO] [stdout]                found tuple `(_, _, _)`
[INFO] [stdout] 
[INFO] [stdout] 
[INFO] [stdout] error[E0308]: mismatched types
[INFO] [stdout]    --> src/columnar/writer/mod.rs:351:23
[INFO] [stdout]     |
[INFO] [stdout] 351 |                 .map(|(term, addr, _)| (term, ColumnType::Bytes, addr)),
[INFO] [stdout]     |                       ^^^^^^^^^^^^^^^
[INFO] [stdout]     |                       |
[INFO] [stdout]     |                       expected a tuple with 2 elements, found one with 3 elements
[INFO] [stdout]     |                       expected due to this
[INFO] [stdout]     |
[INFO] [stdout]     = note: expected tuple `(&[u8], Addr)`
[INFO] [stdout]                found tuple `(_, _, _)`
[INFO] [stdout] 
[INFO] [stdout] 
[INFO] [stdout] error[E0308]: mismatched types
[INFO] [stdout]    --> src/columnar/writer/mod.rs:356:23
[INFO] [stdout]     |
[INFO] [stdout] 356 |                 .map(|(column_name, addr, _)| (column_name, ColumnType::Str, addr)),
[INFO] [stdout]     |                       ^^^^^^^^^^^^^^^^^^^^^^
[INFO] [stdout]     |                       |
[INFO] [stdout]     |                       expected a tuple with 2 elements, found one with 3 elements
[INFO] [stdout]     |                       expected due to this
[INFO] [stdout]     |
[INFO] [stdout]     = note: expected tuple `(&[u8], Addr)`
[INFO] [stdout]                found tuple `(_, _, _)`
[INFO] [stdout] 
[INFO] [stdout] 
[INFO] [stdout] error[E0308]: mismatched types
[INFO] [stdout]    --> src/columnar/writer/mod.rs:361:23
[INFO] [stdout]     |
[INFO] [stdout] 361 |                 .map(|(column_name, addr, _)| (column_name, ColumnType::Bool, addr)),
[INFO] [stdout]     |                       ^^^^^^^^^^^^^^^^^^^^^^
[INFO] [stdout]     |                       |
[INFO] [stdout]     |                       expected a tuple with 2 elements, found one with 3 elements
[INFO] [stdout]     |                       expected due to this
[INFO] [stdout]     |
[INFO] [stdout]     = note: expected tuple `(&[u8], Addr)`
[INFO] [stdout]                found tuple `(_, _, _)`
[INFO] [stdout] 
[INFO] [stdout] 
[INFO] [stdout] error[E0308]: mismatched types
[INFO] [stdout]    --> src/columnar/writer/mod.rs:366:23
[INFO] [stdout]     |
[INFO] [stdout] 366 |                 .map(|(column_name, addr, _)| (column_name, ColumnType::IpAddr, addr)),
[INFO] [stdout]     |                       ^^^^^^^^^^^^^^^^^^^^^^
[INFO] [stdout]     |                       |
[INFO] [stdout]     |                       expected a tuple with 2 elements, found one with 3 elements
[INFO] [stdout]     |                       expected due to this
[INFO] [stdout]     |
[INFO] [stdout]     = note: expected tuple `(&[u8], Addr)`
[INFO] [stdout]                found tuple `(_, _, _)`
[INFO] [stdout] 
[INFO] [stdout] 
[INFO] [stdout] error[E0308]: mismatched types
[INFO] [stdout]    --> src/columnar/writer/mod.rs:371:23
[INFO] [stdout]     |
[INFO] [stdout] 371 |                 .map(|(column_name, addr, _)| (column_name, ColumnType::DateTime, addr)),
[INFO] [stdout]     |                       ^^^^^^^^^^^^^^^^^^^^^^
[INFO] [stdout]     |                       |
[INFO] [stdout]     |                       expected a tuple with 2 elements, found one with 3 elements
[INFO] [stdout]     |                       expected due to this
[INFO] [stdout]     |
[INFO] [stdout]     = note: expected tuple `(&[u8], Addr)`
[INFO] [stdout]                found tuple `(_, _, _)`
[INFO] [stdout] 
[INFO] [stdout] 
[INFO] [stdout] error: aborting due to 6 previous errors
[INFO] [stdout] 
[INFO] [stdout] 
[INFO] [stdout] For more information about this error, try `rustc --explain E0308`.
[INFO] [stdout] 
[INFO] [stderr] error: could not compile `izihawa-tantivy-columnar` (lib test) due to 7 previous errors
[INFO] running `Command { std: "docker" "inspect" "604519c31bf4e53236a76edfab0ff091c6f4dee3ad49b0189dc7ba1595b7ee2b", kill_on_drop: false }`
[INFO] running `Command { std: "docker" "rm" "-f" "604519c31bf4e53236a76edfab0ff091c6f4dee3ad49b0189dc7ba1595b7ee2b", kill_on_drop: false }`
[INFO] [stdout] 604519c31bf4e53236a76edfab0ff091c6f4dee3ad49b0189dc7ba1595b7ee2b
