[INFO] fetching crate ivy-ui 0.10.3...
[INFO] checking ivy-ui-0.10.3 against nightly-2024-02-05 for check-cfg
[INFO] extracting crate ivy-ui 0.10.3 into /workspace/builds/worker-6-tc1/source
[INFO] validating manifest of crates.io crate ivy-ui 0.10.3 on toolchain nightly-2024-02-05
[INFO] running `Command { std: CARGO_HOME="/workspace/cargo-home" RUSTUP_HOME="/workspace/rustup-home" "/workspace/cargo-home/bin/cargo" "+nightly-2024-02-05" "metadata" "--manifest-path" "Cargo.toml" "--no-deps", kill_on_drop: false }`
[INFO] started tweaking crates.io crate ivy-ui 0.10.3
[INFO] finished tweaking crates.io crate ivy-ui 0.10.3
[INFO] tweaked toml for crates.io crate ivy-ui 0.10.3 written to /workspace/builds/worker-6-tc1/source/Cargo.toml
[INFO] running `Command { std: CARGO_HOME="/workspace/cargo-home" RUSTUP_HOME="/workspace/rustup-home" "/workspace/cargo-home/bin/cargo" "+nightly-2024-02-05" "generate-lockfile" "--manifest-path" "Cargo.toml", kill_on_drop: false }`
[INFO] [stderr]     Updating crates.io index
[INFO] running `Command { std: CARGO_HOME="/workspace/cargo-home" RUSTUP_HOME="/workspace/rustup-home" "/workspace/cargo-home/bin/cargo" "+nightly-2024-02-05" "fetch" "--manifest-path" "Cargo.toml", kill_on_drop: false }`
[INFO] [stderr]  Downloading crates ...
[INFO] [stderr]   Downloaded derive-for v1.2.2
[INFO] [stderr]   Downloaded ivy-random v0.10.3
[INFO] [stderr]   Downloaded hecs-schedule v0.5.1
[INFO] [stderr]   Downloaded ivy-graphics v0.10.3
[INFO] [stderr]   Downloaded ivy-input v0.10.3
[INFO] [stderr]   Downloaded records v0.1.1
[INFO] [stderr]   Downloaded hecs-macros v0.8.2
[INFO] [stderr]   Downloaded gltf-derive v0.16.0
[INFO] [stderr]   Downloaded ivy-window v0.10.3
[INFO] [stderr]   Downloaded ivy-base v0.10.3
[INFO] [stderr]   Downloaded shaderc v0.7.4
[INFO] [stderr]   Downloaded hecs-hierarchy v0.11.7
[INFO] [stderr]   Downloaded gltf-json v0.16.0
[INFO] [stderr]   Downloaded spirv_headers v1.5.0
[INFO] [stderr]   Downloaded gltf v0.16.0
[INFO] [stderr]   Downloaded fontdue v0.6.4
[INFO] [stderr]   Downloaded glfw-sys v3.3.5
[INFO] [stderr]   Downloaded ash v0.35.2+1.2.203
[INFO] [stderr]   Downloaded spirv-reflect v0.2.3
[INFO] [stderr]   Downloaded shaderc-sys v0.7.4
[INFO] [stderr]   Downloaded ivy-rendergraph v0.10.3
[INFO] [stderr]   Downloaded ivy-image v0.10.0
[INFO] [stderr]   Downloaded glfw v0.43.0
[INFO] [stderr]   Downloaded hecs v0.7.7
[INFO] [stderr]   Downloaded gpu-allocator v0.15.1
[INFO] [stderr]   Downloaded ttf-parser v0.12.3
[INFO] [stderr]   Downloaded ivy-resources v0.10.3
[INFO] [stderr]   Downloaded ivy-vulkan v0.10.3
[INFO] [stderr]   Downloaded hecs-schedule v0.6.2
[INFO] [stderr]   Downloaded vk-sys v0.4.0
[INFO] [stderr]   Downloaded glam v0.20.5
[INFO] [stderr]   Downloaded anymap v0.12.1
[INFO] running `Command { std: "docker" "create" "-v" "/var/lib/crater-agent-workspace/builds/worker-6-tc1/target:/opt/rustwide/target:rw,Z" "-v" "/var/lib/crater-agent-workspace/builds/worker-6-tc1/source:/opt/rustwide/workdir:ro,Z" "-v" "/var/lib/crater-agent-workspace/cargo-home:/opt/rustwide/cargo-home:ro,Z" "-v" "/var/lib/crater-agent-workspace/rustup-home:/opt/rustwide/rustup-home:ro,Z" "-e" "SOURCE_DIR=/opt/rustwide/workdir" "-e" "CARGO_TARGET_DIR=/opt/rustwide/target" "-e" "CARGO_HOME=/opt/rustwide/cargo-home" "-e" "RUSTUP_HOME=/opt/rustwide/rustup-home" "-w" "/opt/rustwide/workdir" "-m" "1610612736" "--user" "0:0" "--network" "none" "ghcr.io/rust-lang/crates-build-env/linux@sha256:2788e3201cd34a07e3172128adcd8b3090168a8e3bcc40d7c032b9dda1df7d1c" "/opt/rustwide/cargo-home/bin/cargo" "+nightly-2024-02-05" "metadata" "--no-deps" "--format-version=1", kill_on_drop: false }`
[INFO] [stdout] 72f61f78873e9d903dda3519978b24917aea91bb8bcc0884a3d9dd47133742ca
[INFO] running `Command { std: "docker" "start" "-a" "72f61f78873e9d903dda3519978b24917aea91bb8bcc0884a3d9dd47133742ca", kill_on_drop: false }`
[INFO] running `Command { std: "docker" "inspect" "72f61f78873e9d903dda3519978b24917aea91bb8bcc0884a3d9dd47133742ca", kill_on_drop: false }`
[INFO] running `Command { std: "docker" "rm" "-f" "72f61f78873e9d903dda3519978b24917aea91bb8bcc0884a3d9dd47133742ca", kill_on_drop: false }`
[INFO] [stdout] 72f61f78873e9d903dda3519978b24917aea91bb8bcc0884a3d9dd47133742ca
[INFO] running `Command { std: "docker" "create" "-v" "/var/lib/crater-agent-workspace/builds/worker-6-tc1/target:/opt/rustwide/target:rw,Z" "-v" "/var/lib/crater-agent-workspace/builds/worker-6-tc1/source:/opt/rustwide/workdir:ro,Z" "-v" "/var/lib/crater-agent-workspace/cargo-home:/opt/rustwide/cargo-home:ro,Z" "-v" "/var/lib/crater-agent-workspace/rustup-home:/opt/rustwide/rustup-home:ro,Z" "-e" "SOURCE_DIR=/opt/rustwide/workdir" "-e" "CARGO_TARGET_DIR=/opt/rustwide/target" "-e" "CARGO_INCREMENTAL=0" "-e" "RUST_BACKTRACE=full" "-e" "RUSTFLAGS=--cap-lints=forbid" "-e" "RUSTDOCFLAGS=--cap-lints=forbid" "-e" "CARGO_HOME=/opt/rustwide/cargo-home" "-e" "RUSTUP_HOME=/opt/rustwide/rustup-home" "-w" "/opt/rustwide/workdir" "-m" "1610612736" "--user" "0:0" "--network" "none" "ghcr.io/rust-lang/crates-build-env/linux@sha256:2788e3201cd34a07e3172128adcd8b3090168a8e3bcc40d7c032b9dda1df7d1c" "/opt/rustwide/cargo-home/bin/cargo" "+nightly-2024-02-05" "check" "--frozen" "--all" "--all-targets" "--message-format=json", kill_on_drop: false }`
[INFO] [stdout] fbf6d36067a6151bbc64342aded78168062f318589fadfcbc119796d78a3d703
[INFO] running `Command { std: "docker" "start" "-a" "fbf6d36067a6151bbc64342aded78168062f318589fadfcbc119796d78a3d703", kill_on_drop: false }`
[INFO] [stderr]    Compiling syn v1.0.109
[INFO] [stderr]    Compiling num-traits v0.2.17
[INFO] [stderr]    Compiling ahash v0.7.7
[INFO] [stderr]    Compiling cc v1.0.83
[INFO] [stderr]     Checking getrandom v0.2.12
[INFO] [stderr]    Compiling syn v2.0.48
[INFO] [stderr]    Compiling anyhow v1.0.79
[INFO] [stderr]     Checking spin v0.5.2
[INFO] [stderr]    Compiling rand_core v0.6.4
[INFO] [stderr]     Checking lazy_static v1.4.0
[INFO] [stderr]     Checking spin v0.9.8
[INFO] [stderr]    Compiling ppv-lite86 v0.2.17
[INFO] [stderr]    Compiling siphasher v0.3.11
[INFO] [stderr]     Checking hashbrown v0.12.3
[INFO] [stderr]    Compiling cmake v0.1.50
[INFO] [stderr]    Compiling phf_shared v0.11.2
[INFO] [stderr]    Compiling rand_chacha v0.3.1
[INFO] [stderr]    Compiling serde v1.0.196
[INFO] [stderr]    Compiling rand v0.8.5
[INFO] [stderr]    Compiling parking_lot_core v0.8.6
[INFO] [stderr]     Checking atomic_refcell v0.1.13
[INFO] [stderr]     Checking instant v0.1.12
[INFO] [stderr]    Compiling slotmap v1.0.7
[INFO] [stderr]    Compiling backtrace v0.3.69
[INFO] [stderr]    Compiling glfw-sys v3.3.5
[INFO] [stderr]    Compiling phf_generator v0.11.2
[INFO] [stderr]    Compiling num-integer v0.1.45
[INFO] [stderr]     Checking gimli v0.28.1
[INFO] [stderr]     Checking memchr v2.7.1
[INFO] [stderr]    Compiling palette v0.6.1
[INFO] [stderr]    Compiling convert_case v0.4.0
[INFO] [stderr]    Compiling ash v0.35.2+1.2.203
[INFO] [stderr]     Checking miniz_oxide v0.7.2
[INFO] [stderr]     Checking approx v0.5.1
[INFO] [stderr]     Checking parking_lot v0.11.2
[INFO] [stderr]     Checking object v0.32.2
[INFO] [stderr]    Compiling ivy-image v0.10.0
[INFO] [stderr]    Compiling spirv-reflect v0.2.3
[INFO] [stderr]    Compiling shaderc-sys v0.7.4
[INFO] [stderr]     Checking addr2line v0.21.0
[INFO] [stderr]     Checking nanorand v0.7.0
[INFO] [stderr]     Checking glam v0.20.5
[INFO] [stderr]     Checking futures-sink v0.3.30
[INFO] [stderr]     Checking cty v0.2.2
[INFO] [stderr]    Compiling toml v0.5.11
[INFO] [stderr]     Checking rustc-demangle v0.1.23
[INFO] [stderr]     Checking futures-core v0.3.30
[INFO] [stderr]     Checking raw-window-handle v0.4.3
[INFO] [stderr]    Compiling find-crate v0.6.3
[INFO] [stderr]    Compiling thiserror-impl v1.0.56
[INFO] [stderr]    Compiling phf_macros v0.11.2
[INFO] [stderr]    Compiling pin-project-internal v1.1.4
[INFO] [stderr]    Compiling serde_derive v1.0.196
[INFO] [stderr]     Checking phf v0.11.2
[INFO] [stderr]     Checking ivy-random v0.10.3
[INFO] [stderr]     Checking thiserror v1.0.56
[INFO] [stderr]    Compiling hecs-macros v0.8.2
[INFO] [stderr]     Checking pin-project v1.1.4
[INFO] [stderr]    Compiling palette_derive v0.6.1
[INFO] [stderr]    Compiling derive_more v0.99.17
[INFO] [stderr]     Checking flume v0.10.14
[INFO] [stderr]     Checking spirv_headers v1.5.0
[INFO] [stderr]    Compiling num-rational v0.3.2
[INFO] [stderr]    Compiling num-iter v0.1.43
[INFO] [stderr]     Checking hecs v0.7.7
[INFO] [stderr]     Checking vk-sys v0.4.0
[INFO] [stderr]     Checking derive-for v1.2.2
[INFO] [stderr]    Compiling serde_json v1.0.113
[INFO] [stderr]     Checking deflate v0.8.6
[INFO] [stderr]     Checking glfw v0.43.0
[INFO] [stderr]    Compiling records v0.1.1
[INFO] [stderr]    Compiling inflections v1.1.1
[INFO] [stderr]    Compiling same-file v1.0.6
[INFO] [stderr]     Checking hecs-schedule v0.5.1
[INFO] [stderr]    Compiling walkdir v2.4.0
[INFO] [stderr] error: could not compile `ash` (lib)
[INFO] [stderr] 
[INFO] [stderr] Caused by:
[INFO] [stderr]   process didn't exit successfully: `/opt/rustwide/rustup-home/toolchains/nightly-2024-02-05-x86_64-unknown-linux-gnu/bin/rustc --crate-name ash --edition=2018 /opt/rustwide/cargo-home/registry/src/index.crates.io-6f17d22bba15001f/ash-0.35.2+1.2.203/src/lib.rs --error-format=json --json=diagnostic-rendered-ansi,artifacts,future-incompat --crate-type lib --emit=dep-info,metadata -C embed-bitcode=no -C debuginfo=2 --cfg 'feature="debug"' --cfg 'feature="default"' --cfg 'feature="libloading"' --cfg 'feature="loaded"' -C metadata=16048c7cfc95ca39 -C extra-filename=-16048c7cfc95ca39 --out-dir /opt/rustwide/target/debug/deps -L dependency=/opt/rustwide/target/debug/deps --extern libloading=/opt/rustwide/target/debug/deps/liblibloading-9759c23b7b6fd847.rmeta --cap-lints allow --cap-lints=forbid` (signal: 9, SIGKILL: kill)
[INFO] [stderr] warning: build failed, waiting for other jobs to finish...
[INFO] [stdout] error[E0599]: the method `par_bridge` exists for struct `BatchedIter<'_, Q>`, but its trait bounds were not satisfied
[INFO] [stdout]    --> /opt/rustwide/cargo-home/registry/src/index.crates.io-6f17d22bba15001f/hecs-schedule-0.5.1/src/traits.rs:55:14
[INFO] [stdout]     |
[INFO] [stdout] 54  | /         self.iter_batched(batch_size)
[INFO] [stdout] 55  | |             .par_bridge()
[INFO] [stdout]     | |             -^^^^^^^^^^ method cannot be called on `BatchedIter<'_, Q>` due to unsatisfied trait bounds
[INFO] [stdout]     | |_____________|
[INFO] [stdout]     | 
[INFO] [stdout]     |
[INFO] [stdout]    ::: /opt/rustwide/cargo-home/registry/src/index.crates.io-6f17d22bba15001f/hecs-0.7.7/src/query.rs:887:1
[INFO] [stdout]     |
[INFO] [stdout] 887 |   pub struct BatchedIter<'q, Q: Query> {
[INFO] [stdout]     |   ------------------------------------ doesn't satisfy `BatchedIter<'_, Q>: ParallelBridge` or `BatchedIter<'_, Q>: Send`
[INFO] [stdout] ...
[INFO] [stdout] 957 |   pub struct Batch<'q, Q: Query> {
[INFO] [stdout]     |   ------------------------------ doesn't satisfy `hecs::Batch<'_, Q>: Send`
[INFO] [stdout]     |
[INFO] [stdout]     = note: the following trait bounds were not satisfied:
[INFO] [stdout]             `BatchedIter<'_, Q>: Send`
[INFO] [stdout]             which is required by `BatchedIter<'_, Q>: ParallelBridge`
[INFO] [stdout]             `hecs::Batch<'_, Q>: Send`
[INFO] [stdout]             which is required by `BatchedIter<'_, Q>: ParallelBridge`
[INFO] [stdout]             `&BatchedIter<'_, Q>: Iterator`
[INFO] [stdout]             which is required by `&BatchedIter<'_, Q>: ParallelBridge`
[INFO] [stdout]             `&BatchedIter<'_, Q>: Send`
[INFO] [stdout]             which is required by `&BatchedIter<'_, Q>: ParallelBridge`
[INFO] [stdout]             `&mut BatchedIter<'_, Q>: Send`
[INFO] [stdout]             which is required by `&mut BatchedIter<'_, Q>: ParallelBridge`
[INFO] [stdout]             `hecs::Batch<'_, Q>: Send`
[INFO] [stdout]             which is required by `&mut BatchedIter<'_, Q>: ParallelBridge`
[INFO] [stdout] 
[INFO] [stdout] 
[INFO] [stdout] error[E0599]: the method `par_bridge` exists for struct `BatchedIter<'_, Q>`, but its trait bounds were not satisfied
[INFO] [stdout]    --> /opt/rustwide/cargo-home/registry/src/index.crates.io-6f17d22bba15001f/hecs-schedule-0.5.1/src/traits.rs:65:14
[INFO] [stdout]     |
[INFO] [stdout] 64  | /         self.iter_batched(batch_size)
[INFO] [stdout] 65  | |             .par_bridge()
[INFO] [stdout]     | |             -^^^^^^^^^^ method cannot be called on `BatchedIter<'_, Q>` due to unsatisfied trait bounds
[INFO] [stdout]     | |_____________|
[INFO] [stdout]     | 
[INFO] [stdout]     |
[INFO] [stdout]    ::: /opt/rustwide/cargo-home/registry/src/index.crates.io-6f17d22bba15001f/hecs-0.7.7/src/query.rs:887:1
[INFO] [stdout]     |
[INFO] [stdout] 887 |   pub struct BatchedIter<'q, Q: Query> {
[INFO] [stdout]     |   ------------------------------------ doesn't satisfy `BatchedIter<'_, Q>: ParallelBridge` or `BatchedIter<'_, Q>: Send`
[INFO] [stdout] ...
[INFO] [stdout] 957 |   pub struct Batch<'q, Q: Query> {
[INFO] [stdout]     |   ------------------------------ doesn't satisfy `hecs::Batch<'_, Q>: Send`
[INFO] [stdout]     |
[INFO] [stdout]     = note: the following trait bounds were not satisfied:
[INFO] [stdout]             `BatchedIter<'_, Q>: Send`
[INFO] [stdout]             which is required by `BatchedIter<'_, Q>: ParallelBridge`
[INFO] [stdout]             `hecs::Batch<'_, Q>: Send`
[INFO] [stdout]             which is required by `BatchedIter<'_, Q>: ParallelBridge`
[INFO] [stdout]             `&BatchedIter<'_, Q>: Iterator`
[INFO] [stdout]             which is required by `&BatchedIter<'_, Q>: ParallelBridge`
[INFO] [stdout]             `&BatchedIter<'_, Q>: Send`
[INFO] [stdout]             which is required by `&BatchedIter<'_, Q>: ParallelBridge`
[INFO] [stdout]             `&mut BatchedIter<'_, Q>: Send`
[INFO] [stdout]             which is required by `&mut BatchedIter<'_, Q>: ParallelBridge`
[INFO] [stdout]             `hecs::Batch<'_, Q>: Send`
[INFO] [stdout]             which is required by `&mut BatchedIter<'_, Q>: ParallelBridge`
[INFO] [stdout] 
[INFO] [stdout] 
[INFO] [stdout] error: aborting due to 2 previous errors
[INFO] [stdout] 
[INFO] [stdout] 
[INFO] [stdout] For more information about this error, try `rustc --explain E0599`.
[INFO] [stdout] 
[INFO] [stderr] error: could not compile `hecs-schedule` (lib) due to 3 previous errors
[ERROR] error running command: no output for 300 seconds
[INFO] running `Command { std: "docker" "inspect" "fbf6d36067a6151bbc64342aded78168062f318589fadfcbc119796d78a3d703", kill_on_drop: false }`
[INFO] running `Command { std: "docker" "rm" "-f" "fbf6d36067a6151bbc64342aded78168062f318589fadfcbc119796d78a3d703", kill_on_drop: false }`
[INFO] [stdout] fbf6d36067a6151bbc64342aded78168062f318589fadfcbc119796d78a3d703
