[INFO] fetching crate ivy-templates 0.10.3...
[INFO] checking ivy-templates-0.10.3 against nightly-2024-02-05 for check-cfg
[INFO] extracting crate ivy-templates 0.10.3 into /workspace/builds/worker-1-tc1/source
[INFO] validating manifest of crates.io crate ivy-templates 0.10.3 on toolchain nightly-2024-02-05
[INFO] running `Command { std: CARGO_HOME="/workspace/cargo-home" RUSTUP_HOME="/workspace/rustup-home" "/workspace/cargo-home/bin/cargo" "+nightly-2024-02-05" "metadata" "--manifest-path" "Cargo.toml" "--no-deps", kill_on_drop: false }`
[INFO] started tweaking crates.io crate ivy-templates 0.10.3
[INFO] finished tweaking crates.io crate ivy-templates 0.10.3
[INFO] tweaked toml for crates.io crate ivy-templates 0.10.3 written to /workspace/builds/worker-1-tc1/source/Cargo.toml
[INFO] running `Command { std: CARGO_HOME="/workspace/cargo-home" RUSTUP_HOME="/workspace/rustup-home" "/workspace/cargo-home/bin/cargo" "+nightly-2024-02-05" "generate-lockfile" "--manifest-path" "Cargo.toml", kill_on_drop: false }`
[INFO] [stderr]     Blocking waiting for file lock on package cache
[INFO] [stderr]     Updating crates.io index
[INFO] running `Command { std: CARGO_HOME="/workspace/cargo-home" RUSTUP_HOME="/workspace/rustup-home" "/workspace/cargo-home/bin/cargo" "+nightly-2024-02-05" "fetch" "--manifest-path" "Cargo.toml", kill_on_drop: false }`
[INFO] [stderr]     Blocking waiting for file lock on package cache
[INFO] [stderr]     Blocking waiting for file lock on package cache
[INFO] running `Command { std: "docker" "create" "-v" "/var/lib/crater-agent-workspace/builds/worker-1-tc1/target:/opt/rustwide/target:rw,Z" "-v" "/var/lib/crater-agent-workspace/builds/worker-1-tc1/source:/opt/rustwide/workdir:ro,Z" "-v" "/var/lib/crater-agent-workspace/cargo-home:/opt/rustwide/cargo-home:ro,Z" "-v" "/var/lib/crater-agent-workspace/rustup-home:/opt/rustwide/rustup-home:ro,Z" "-e" "SOURCE_DIR=/opt/rustwide/workdir" "-e" "CARGO_TARGET_DIR=/opt/rustwide/target" "-e" "CARGO_HOME=/opt/rustwide/cargo-home" "-e" "RUSTUP_HOME=/opt/rustwide/rustup-home" "-w" "/opt/rustwide/workdir" "-m" "1610612736" "--user" "0:0" "--network" "none" "ghcr.io/rust-lang/crates-build-env/linux@sha256:2788e3201cd34a07e3172128adcd8b3090168a8e3bcc40d7c032b9dda1df7d1c" "/opt/rustwide/cargo-home/bin/cargo" "+nightly-2024-02-05" "metadata" "--no-deps" "--format-version=1", kill_on_drop: false }`
[INFO] [stdout] 12c0d11a567dfc7d9f73a503fb66e11cdcb995cf9af6f95cca0f92370cfaa061
[INFO] running `Command { std: "docker" "start" "-a" "12c0d11a567dfc7d9f73a503fb66e11cdcb995cf9af6f95cca0f92370cfaa061", kill_on_drop: false }`
[INFO] running `Command { std: "docker" "inspect" "12c0d11a567dfc7d9f73a503fb66e11cdcb995cf9af6f95cca0f92370cfaa061", kill_on_drop: false }`
[INFO] running `Command { std: "docker" "rm" "-f" "12c0d11a567dfc7d9f73a503fb66e11cdcb995cf9af6f95cca0f92370cfaa061", kill_on_drop: false }`
[INFO] [stdout] 12c0d11a567dfc7d9f73a503fb66e11cdcb995cf9af6f95cca0f92370cfaa061
[INFO] running `Command { std: "docker" "create" "-v" "/var/lib/crater-agent-workspace/builds/worker-1-tc1/target:/opt/rustwide/target:rw,Z" "-v" "/var/lib/crater-agent-workspace/builds/worker-1-tc1/source:/opt/rustwide/workdir:ro,Z" "-v" "/var/lib/crater-agent-workspace/cargo-home:/opt/rustwide/cargo-home:ro,Z" "-v" "/var/lib/crater-agent-workspace/rustup-home:/opt/rustwide/rustup-home:ro,Z" "-e" "SOURCE_DIR=/opt/rustwide/workdir" "-e" "CARGO_TARGET_DIR=/opt/rustwide/target" "-e" "CARGO_INCREMENTAL=0" "-e" "RUST_BACKTRACE=full" "-e" "RUSTFLAGS=--cap-lints=forbid" "-e" "RUSTDOCFLAGS=--cap-lints=forbid" "-e" "CARGO_HOME=/opt/rustwide/cargo-home" "-e" "RUSTUP_HOME=/opt/rustwide/rustup-home" "-w" "/opt/rustwide/workdir" "-m" "1610612736" "--user" "0:0" "--network" "none" "ghcr.io/rust-lang/crates-build-env/linux@sha256:2788e3201cd34a07e3172128adcd8b3090168a8e3bcc40d7c032b9dda1df7d1c" "/opt/rustwide/cargo-home/bin/cargo" "+nightly-2024-02-05" "check" "--frozen" "--all" "--all-targets" "--message-format=json", kill_on_drop: false }`
[INFO] [stdout] 25ffeb9d43bed92e374fb6d36395a5a78df3d1c22cc04ce6a9ceb202075dc57b
[INFO] running `Command { std: "docker" "start" "-a" "25ffeb9d43bed92e374fb6d36395a5a78df3d1c22cc04ce6a9ceb202075dc57b", kill_on_drop: false }`
[INFO] [stderr]    Compiling syn v1.0.109
[INFO] [stderr]     Checking lazy_static v1.4.0
[INFO] [stderr]     Checking spin v0.9.8
[INFO] [stderr]     Checking ahash v0.7.7
[INFO] [stderr]    Compiling parking_lot_core v0.8.6
[INFO] [stderr]     Checking atomic_refcell v0.1.13
[INFO] [stderr]     Checking instant v0.1.12
[INFO] [stderr]    Compiling slotmap v1.0.7
[INFO] [stderr]    Compiling convert_case v0.4.0
[INFO] [stderr]     Checking hashbrown v0.12.3
[INFO] [stderr]     Checking parking_lot v0.11.2
[INFO] [stderr]    Compiling hecs-macros v0.8.2
[INFO] [stderr]    Compiling derive_more v0.99.17
[INFO] [stderr]     Checking hecs v0.7.7
[INFO] [stderr]     Checking hecs-schedule v0.6.2
[INFO] [stderr]     Checking hecs-schedule v0.5.1
[INFO] [stdout] error[E0599]: the method `par_bridge` exists for struct `BatchedIter<'_, Q>`, but its trait bounds were not satisfied
[INFO] [stdout]    --> /opt/rustwide/cargo-home/registry/src/index.crates.io-6f17d22bba15001f/hecs-schedule-0.5.1/src/traits.rs:55:14
[INFO] [stdout]     |
[INFO] [stdout] 54  | /         self.iter_batched(batch_size)
[INFO] [stdout] 55  | |             .par_bridge()
[INFO] [stdout]     | |             -^^^^^^^^^^ method cannot be called on `BatchedIter<'_, Q>` due to unsatisfied trait bounds
[INFO] [stdout]     | |_____________|
[INFO] [stdout]     | 
[INFO] [stdout]     |
[INFO] [stdout]    ::: /opt/rustwide/cargo-home/registry/src/index.crates.io-6f17d22bba15001f/hecs-0.7.7/src/query.rs:887:1
[INFO] [stdout]     |
[INFO] [stdout] 887 |   pub struct BatchedIter<'q, Q: Query> {
[INFO] [stdout]     |   ------------------------------------ doesn't satisfy `BatchedIter<'_, Q>: ParallelBridge` or `BatchedIter<'_, Q>: Send`
[INFO] [stdout] ...
[INFO] [stdout] 957 |   pub struct Batch<'q, Q: Query> {
[INFO] [stdout]     |   ------------------------------ doesn't satisfy `hecs::Batch<'_, Q>: Send`
[INFO] [stdout]     |
[INFO] [stdout]     = note: the following trait bounds were not satisfied:
[INFO] [stdout]             `BatchedIter<'_, Q>: Send`
[INFO] [stdout]             which is required by `BatchedIter<'_, Q>: ParallelBridge`
[INFO] [stdout]             `hecs::Batch<'_, Q>: Send`
[INFO] [stdout]             which is required by `BatchedIter<'_, Q>: ParallelBridge`
[INFO] [stdout]             `&BatchedIter<'_, Q>: Iterator`
[INFO] [stdout]             which is required by `&BatchedIter<'_, Q>: ParallelBridge`
[INFO] [stdout]             `&BatchedIter<'_, Q>: Send`
[INFO] [stdout]             which is required by `&BatchedIter<'_, Q>: ParallelBridge`
[INFO] [stdout]             `&mut BatchedIter<'_, Q>: Send`
[INFO] [stdout]             which is required by `&mut BatchedIter<'_, Q>: ParallelBridge`
[INFO] [stdout]             `hecs::Batch<'_, Q>: Send`
[INFO] [stdout]             which is required by `&mut BatchedIter<'_, Q>: ParallelBridge`
[INFO] [stdout] 
[INFO] [stdout] 
[INFO] [stdout] error[E0599]: the method `par_bridge` exists for struct `BatchedIter<'_, Q>`, but its trait bounds were not satisfied
[INFO] [stdout]    --> /opt/rustwide/cargo-home/registry/src/index.crates.io-6f17d22bba15001f/hecs-schedule-0.5.1/src/traits.rs:65:14
[INFO] [stdout]     |
[INFO] [stdout] 64  | /         self.iter_batched(batch_size)
[INFO] [stdout] 65  | |             .par_bridge()
[INFO] [stdout]     | |             -^^^^^^^^^^ method cannot be called on `BatchedIter<'_, Q>` due to unsatisfied trait bounds
[INFO] [stdout]     | |_____________|
[INFO] [stdout]     | 
[INFO] [stdout]     |
[INFO] [stdout]    ::: /opt/rustwide/cargo-home/registry/src/index.crates.io-6f17d22bba15001f/hecs-0.7.7/src/query.rs:887:1
[INFO] [stdout]     |
[INFO] [stdout] 887 |   pub struct BatchedIter<'q, Q: Query> {
[INFO] [stdout]     |   ------------------------------------ doesn't satisfy `BatchedIter<'_, Q>: ParallelBridge` or `BatchedIter<'_, Q>: Send`
[INFO] [stdout] ...
[INFO] [stdout] 957 |   pub struct Batch<'q, Q: Query> {
[INFO] [stdout]     |   ------------------------------ doesn't satisfy `hecs::Batch<'_, Q>: Send`
[INFO] [stdout]     |
[INFO] [stdout]     = note: the following trait bounds were not satisfied:
[INFO] [stdout]             `BatchedIter<'_, Q>: Send`
[INFO] [stdout]             which is required by `BatchedIter<'_, Q>: ParallelBridge`
[INFO] [stdout]             `hecs::Batch<'_, Q>: Send`
[INFO] [stdout]             which is required by `BatchedIter<'_, Q>: ParallelBridge`
[INFO] [stdout]             `&BatchedIter<'_, Q>: Iterator`
[INFO] [stdout]             which is required by `&BatchedIter<'_, Q>: ParallelBridge`
[INFO] [stdout]             `&BatchedIter<'_, Q>: Send`
[INFO] [stdout]             which is required by `&BatchedIter<'_, Q>: ParallelBridge`
[INFO] [stdout]             `&mut BatchedIter<'_, Q>: Send`
[INFO] [stdout]             which is required by `&mut BatchedIter<'_, Q>: ParallelBridge`
[INFO] [stdout]             `hecs::Batch<'_, Q>: Send`
[INFO] [stdout]             which is required by `&mut BatchedIter<'_, Q>: ParallelBridge`
[INFO] [stdout] 
[INFO] [stdout] 
[INFO] [stdout] error: aborting due to 2 previous errors
[INFO] [stdout] 
[INFO] [stdout] 
[INFO] [stdout] For more information about this error, try `rustc --explain E0599`.
[INFO] [stdout] 
[INFO] [stderr] error: could not compile `hecs-schedule` (lib) due to 3 previous errors
[INFO] [stderr] warning: build failed, waiting for other jobs to finish...
[INFO] running `Command { std: "docker" "inspect" "25ffeb9d43bed92e374fb6d36395a5a78df3d1c22cc04ce6a9ceb202075dc57b", kill_on_drop: false }`
[INFO] running `Command { std: "docker" "rm" "-f" "25ffeb9d43bed92e374fb6d36395a5a78df3d1c22cc04ce6a9ceb202075dc57b", kill_on_drop: false }`
[INFO] [stdout] 25ffeb9d43bed92e374fb6d36395a5a78df3d1c22cc04ce6a9ceb202075dc57b
[INFO] checking ivy-templates-0.10.3 against nightly-2024-02-05+rustflags=-Dunexpected_cfgs+cargoflags=-Zcheck-cfg for check-cfg
[INFO] extracting crate ivy-templates 0.10.3 into /workspace/builds/worker-1-tc2/source
[INFO] validating manifest of crates.io crate ivy-templates 0.10.3 on toolchain nightly-2024-02-05
[INFO] running `Command { std: CARGO_HOME="/workspace/cargo-home" RUSTUP_HOME="/workspace/rustup-home" "/workspace/cargo-home/bin/cargo" "+nightly-2024-02-05" "metadata" "--manifest-path" "Cargo.toml" "--no-deps", kill_on_drop: false }`
[INFO] started tweaking crates.io crate ivy-templates 0.10.3
[INFO] finished tweaking crates.io crate ivy-templates 0.10.3
[INFO] tweaked toml for crates.io crate ivy-templates 0.10.3 written to /workspace/builds/worker-1-tc2/source/Cargo.toml
[INFO] running `Command { std: CARGO_HOME="/workspace/cargo-home" RUSTUP_HOME="/workspace/rustup-home" "/workspace/cargo-home/bin/cargo" "+nightly-2024-02-05" "generate-lockfile" "--manifest-path" "Cargo.toml", kill_on_drop: false }`
[INFO] [stderr]     Updating crates.io index
[INFO] running `Command { std: CARGO_HOME="/workspace/cargo-home" RUSTUP_HOME="/workspace/rustup-home" "/workspace/cargo-home/bin/cargo" "+nightly-2024-02-05" "fetch" "--manifest-path" "Cargo.toml", kill_on_drop: false }`
[INFO] running `Command { std: "docker" "create" "-v" "/var/lib/crater-agent-workspace/builds/worker-1-tc2/target:/opt/rustwide/target:rw,Z" "-v" "/var/lib/crater-agent-workspace/builds/worker-1-tc2/source:/opt/rustwide/workdir:ro,Z" "-v" "/var/lib/crater-agent-workspace/cargo-home:/opt/rustwide/cargo-home:ro,Z" "-v" "/var/lib/crater-agent-workspace/rustup-home:/opt/rustwide/rustup-home:ro,Z" "-e" "SOURCE_DIR=/opt/rustwide/workdir" "-e" "CARGO_TARGET_DIR=/opt/rustwide/target" "-e" "CARGO_HOME=/opt/rustwide/cargo-home" "-e" "RUSTUP_HOME=/opt/rustwide/rustup-home" "-w" "/opt/rustwide/workdir" "-m" "1610612736" "--user" "0:0" "--network" "none" "ghcr.io/rust-lang/crates-build-env/linux@sha256:2788e3201cd34a07e3172128adcd8b3090168a8e3bcc40d7c032b9dda1df7d1c" "/opt/rustwide/cargo-home/bin/cargo" "+nightly-2024-02-05" "metadata" "--no-deps" "--format-version=1", kill_on_drop: false }`
[INFO] [stdout] 7f4ece5ab424296060c39eef961c37f8d0809e2c76f2b011c18ff27f229a656e
[INFO] running `Command { std: "docker" "start" "-a" "7f4ece5ab424296060c39eef961c37f8d0809e2c76f2b011c18ff27f229a656e", kill_on_drop: false }`
[INFO] running `Command { std: "docker" "inspect" "7f4ece5ab424296060c39eef961c37f8d0809e2c76f2b011c18ff27f229a656e", kill_on_drop: false }`
[INFO] running `Command { std: "docker" "rm" "-f" "7f4ece5ab424296060c39eef961c37f8d0809e2c76f2b011c18ff27f229a656e", kill_on_drop: false }`
[INFO] [stdout] 7f4ece5ab424296060c39eef961c37f8d0809e2c76f2b011c18ff27f229a656e
[INFO] running `Command { std: "docker" "create" "-v" "/var/lib/crater-agent-workspace/builds/worker-1-tc2/target:/opt/rustwide/target:rw,Z" "-v" "/var/lib/crater-agent-workspace/builds/worker-1-tc2/source:/opt/rustwide/workdir:ro,Z" "-v" "/var/lib/crater-agent-workspace/cargo-home:/opt/rustwide/cargo-home:ro,Z" "-v" "/var/lib/crater-agent-workspace/rustup-home:/opt/rustwide/rustup-home:ro,Z" "-e" "SOURCE_DIR=/opt/rustwide/workdir" "-e" "CARGO_TARGET_DIR=/opt/rustwide/target" "-e" "CARGO_INCREMENTAL=0" "-e" "RUST_BACKTRACE=full" "-e" "RUSTFLAGS=--cap-lints=forbid -Dunexpected_cfgs" "-e" "RUSTDOCFLAGS=--cap-lints=forbid" "-e" "CARGO_HOME=/opt/rustwide/cargo-home" "-e" "RUSTUP_HOME=/opt/rustwide/rustup-home" "-w" "/opt/rustwide/workdir" "-m" "1610612736" "--user" "0:0" "--network" "none" "ghcr.io/rust-lang/crates-build-env/linux@sha256:2788e3201cd34a07e3172128adcd8b3090168a8e3bcc40d7c032b9dda1df7d1c" "/opt/rustwide/cargo-home/bin/cargo" "+nightly-2024-02-05" "check" "--frozen" "--all" "--all-targets" "--message-format=json" "-Zcheck-cfg", kill_on_drop: false }`
[INFO] [stdout] a378f971c2a52a02b5b9bf99c8158b432dd4c659df0bab35bad2278f31a04896
[INFO] running `Command { std: "docker" "start" "-a" "a378f971c2a52a02b5b9bf99c8158b432dd4c659df0bab35bad2278f31a04896", kill_on_drop: false }`
[INFO] [stderr]    Compiling syn v1.0.109
[INFO] [stderr]     Checking lazy_static v1.4.0
[INFO] [stderr]     Checking spin v0.9.8
[INFO] [stderr]     Checking ahash v0.7.7
[INFO] [stderr]    Compiling parking_lot_core v0.8.6
[INFO] [stderr]     Checking atomic_refcell v0.1.13
[INFO] [stderr]     Checking instant v0.1.12
[INFO] [stderr]    Compiling slotmap v1.0.7
[INFO] [stderr]    Compiling convert_case v0.4.0
[INFO] [stderr]     Checking hashbrown v0.12.3
[INFO] [stderr]     Checking parking_lot v0.11.2
[INFO] [stderr]    Compiling hecs-macros v0.8.2
[INFO] [stderr]    Compiling derive_more v0.99.17
[INFO] [stderr]     Checking hecs v0.7.7
[INFO] [stderr]     Checking hecs-schedule v0.6.2
[INFO] [stderr]     Checking hecs-schedule v0.5.1
[INFO] [stdout] error[E0599]: the method `par_bridge` exists for struct `BatchedIter<'_, Q>`, but its trait bounds were not satisfied
[INFO] [stdout]    --> /opt/rustwide/cargo-home/registry/src/index.crates.io-6f17d22bba15001f/hecs-schedule-0.5.1/src/traits.rs:55:14
[INFO] [stdout]     |
[INFO] [stdout] 54  | /         self.iter_batched(batch_size)
[INFO] [stdout] 55  | |             .par_bridge()
[INFO] [stdout]     | |             -^^^^^^^^^^ method cannot be called on `BatchedIter<'_, Q>` due to unsatisfied trait bounds
[INFO] [stdout]     | |_____________|
[INFO] [stdout]     | 
[INFO] [stdout]     |
[INFO] [stdout]    ::: /opt/rustwide/cargo-home/registry/src/index.crates.io-6f17d22bba15001f/hecs-0.7.7/src/query.rs:887:1
[INFO] [stdout]     |
[INFO] [stdout] 887 |   pub struct BatchedIter<'q, Q: Query> {
[INFO] [stdout]     |   ------------------------------------ doesn't satisfy `BatchedIter<'_, Q>: ParallelBridge` or `BatchedIter<'_, Q>: Send`
[INFO] [stdout] ...
[INFO] [stdout] 957 |   pub struct Batch<'q, Q: Query> {
[INFO] [stdout]     |   ------------------------------ doesn't satisfy `hecs::Batch<'_, Q>: Send`
[INFO] [stdout]     |
[INFO] [stdout]     = note: the following trait bounds were not satisfied:
[INFO] [stdout]             `BatchedIter<'_, Q>: Send`
[INFO] [stdout]             which is required by `BatchedIter<'_, Q>: ParallelBridge`
[INFO] [stdout]             `hecs::Batch<'_, Q>: Send`
[INFO] [stdout]             which is required by `BatchedIter<'_, Q>: ParallelBridge`
[INFO] [stdout]             `&BatchedIter<'_, Q>: Iterator`
[INFO] [stdout]             which is required by `&BatchedIter<'_, Q>: ParallelBridge`
[INFO] [stdout]             `&BatchedIter<'_, Q>: Send`
[INFO] [stdout]             which is required by `&BatchedIter<'_, Q>: ParallelBridge`
[INFO] [stdout]             `&mut BatchedIter<'_, Q>: Send`
[INFO] [stdout]             which is required by `&mut BatchedIter<'_, Q>: ParallelBridge`
[INFO] [stdout]             `hecs::Batch<'_, Q>: Send`
[INFO] [stdout]             which is required by `&mut BatchedIter<'_, Q>: ParallelBridge`
[INFO] [stdout] 
[INFO] [stdout] 
[INFO] [stdout] error[E0599]: the method `par_bridge` exists for struct `BatchedIter<'_, Q>`, but its trait bounds were not satisfied
[INFO] [stdout]    --> /opt/rustwide/cargo-home/registry/src/index.crates.io-6f17d22bba15001f/hecs-schedule-0.5.1/src/traits.rs:65:14
[INFO] [stdout]     |
[INFO] [stdout] 64  | /         self.iter_batched(batch_size)
[INFO] [stdout] 65  | |             .par_bridge()
[INFO] [stdout]     | |             -^^^^^^^^^^ method cannot be called on `BatchedIter<'_, Q>` due to unsatisfied trait bounds
[INFO] [stdout]     | |_____________|
[INFO] [stdout]     | 
[INFO] [stdout]     |
[INFO] [stdout]    ::: /opt/rustwide/cargo-home/registry/src/index.crates.io-6f17d22bba15001f/hecs-0.7.7/src/query.rs:887:1
[INFO] [stdout]     |
[INFO] [stdout] 887 |   pub struct BatchedIter<'q, Q: Query> {
[INFO] [stdout]     |   ------------------------------------ doesn't satisfy `BatchedIter<'_, Q>: ParallelBridge` or `BatchedIter<'_, Q>: Send`
[INFO] [stdout] ...
[INFO] [stdout] 957 |   pub struct Batch<'q, Q: Query> {
[INFO] [stdout]     |   ------------------------------ doesn't satisfy `hecs::Batch<'_, Q>: Send`
[INFO] [stdout]     |
[INFO] [stdout]     = note: the following trait bounds were not satisfied:
[INFO] [stdout]             `BatchedIter<'_, Q>: Send`
[INFO] [stdout]             which is required by `BatchedIter<'_, Q>: ParallelBridge`
[INFO] [stdout]             `hecs::Batch<'_, Q>: Send`
[INFO] [stdout]             which is required by `BatchedIter<'_, Q>: ParallelBridge`
[INFO] [stdout]             `&BatchedIter<'_, Q>: Iterator`
[INFO] [stdout]             which is required by `&BatchedIter<'_, Q>: ParallelBridge`
[INFO] [stdout]             `&BatchedIter<'_, Q>: Send`
[INFO] [stdout]             which is required by `&BatchedIter<'_, Q>: ParallelBridge`
[INFO] [stdout]             `&mut BatchedIter<'_, Q>: Send`
[INFO] [stdout]             which is required by `&mut BatchedIter<'_, Q>: ParallelBridge`
[INFO] [stdout]             `hecs::Batch<'_, Q>: Send`
[INFO] [stdout]             which is required by `&mut BatchedIter<'_, Q>: ParallelBridge`
[INFO] [stdout] 
[INFO] [stdout] 
[INFO] [stdout] error: aborting due to 2 previous errors
[INFO] [stdout] 
[INFO] [stdout] 
[INFO] [stdout] For more information about this error, try `rustc --explain E0599`.
[INFO] [stdout] 
[INFO] [stderr] error: could not compile `hecs-schedule` (lib) due to 3 previous errors
[INFO] [stderr] warning: build failed, waiting for other jobs to finish...
[INFO] running `Command { std: "docker" "inspect" "a378f971c2a52a02b5b9bf99c8158b432dd4c659df0bab35bad2278f31a04896", kill_on_drop: false }`
[INFO] running `Command { std: "docker" "rm" "-f" "a378f971c2a52a02b5b9bf99c8158b432dd4c659df0bab35bad2278f31a04896", kill_on_drop: false }`
[INFO] [stdout] a378f971c2a52a02b5b9bf99c8158b432dd4c659df0bab35bad2278f31a04896
