[INFO] fetching crate it7259 0.0.1...
[INFO] checking it7259-0.0.1 against nightly-2024-02-05 for check-cfg
[INFO] extracting crate it7259 0.0.1 into /workspace/builds/worker-6-tc1/source
[INFO] validating manifest of crates.io crate it7259 0.0.1 on toolchain nightly-2024-02-05
[INFO] running `Command { std: CARGO_HOME="/workspace/cargo-home" RUSTUP_HOME="/workspace/rustup-home" "/workspace/cargo-home/bin/cargo" "+nightly-2024-02-05" "metadata" "--manifest-path" "Cargo.toml" "--no-deps", kill_on_drop: false }`
[INFO] started tweaking crates.io crate it7259 0.0.1
[INFO] finished tweaking crates.io crate it7259 0.0.1
[INFO] tweaked toml for crates.io crate it7259 0.0.1 written to /workspace/builds/worker-6-tc1/source/Cargo.toml
[INFO] running `Command { std: CARGO_HOME="/workspace/cargo-home" RUSTUP_HOME="/workspace/rustup-home" "/workspace/cargo-home/bin/cargo" "+nightly-2024-02-05" "generate-lockfile" "--manifest-path" "Cargo.toml", kill_on_drop: false }`
[INFO] [stderr]     Updating crates.io index
[INFO] running `Command { std: CARGO_HOME="/workspace/cargo-home" RUSTUP_HOME="/workspace/rustup-home" "/workspace/cargo-home/bin/cargo" "+nightly-2024-02-05" "fetch" "--manifest-path" "Cargo.toml", kill_on_drop: false }`
[INFO] [stderr]  Downloading crates ...
[INFO] [stderr]   Downloaded embedded-hal v1.0.0
[INFO] running `Command { std: "docker" "create" "-v" "/var/lib/crater-agent-workspace/builds/worker-6-tc1/target:/opt/rustwide/target:rw,Z" "-v" "/var/lib/crater-agent-workspace/builds/worker-6-tc1/source:/opt/rustwide/workdir:ro,Z" "-v" "/var/lib/crater-agent-workspace/cargo-home:/opt/rustwide/cargo-home:ro,Z" "-v" "/var/lib/crater-agent-workspace/rustup-home:/opt/rustwide/rustup-home:ro,Z" "-e" "SOURCE_DIR=/opt/rustwide/workdir" "-e" "CARGO_TARGET_DIR=/opt/rustwide/target" "-e" "CARGO_HOME=/opt/rustwide/cargo-home" "-e" "RUSTUP_HOME=/opt/rustwide/rustup-home" "-w" "/opt/rustwide/workdir" "-m" "1610612736" "--user" "0:0" "--network" "none" "ghcr.io/rust-lang/crates-build-env/linux@sha256:2788e3201cd34a07e3172128adcd8b3090168a8e3bcc40d7c032b9dda1df7d1c" "/opt/rustwide/cargo-home/bin/cargo" "+nightly-2024-02-05" "metadata" "--no-deps" "--format-version=1", kill_on_drop: false }`
[INFO] [stdout] 3391c0f05613a659c5e831255db9924020768d78dff947d825c3b5f5969fe51c
[INFO] running `Command { std: "docker" "start" "-a" "3391c0f05613a659c5e831255db9924020768d78dff947d825c3b5f5969fe51c", kill_on_drop: false }`
[INFO] running `Command { std: "docker" "inspect" "3391c0f05613a659c5e831255db9924020768d78dff947d825c3b5f5969fe51c", kill_on_drop: false }`
[INFO] running `Command { std: "docker" "rm" "-f" "3391c0f05613a659c5e831255db9924020768d78dff947d825c3b5f5969fe51c", kill_on_drop: false }`
[INFO] [stdout] 3391c0f05613a659c5e831255db9924020768d78dff947d825c3b5f5969fe51c
[INFO] running `Command { std: "docker" "create" "-v" "/var/lib/crater-agent-workspace/builds/worker-6-tc1/target:/opt/rustwide/target:rw,Z" "-v" "/var/lib/crater-agent-workspace/builds/worker-6-tc1/source:/opt/rustwide/workdir:ro,Z" "-v" "/var/lib/crater-agent-workspace/cargo-home:/opt/rustwide/cargo-home:ro,Z" "-v" "/var/lib/crater-agent-workspace/rustup-home:/opt/rustwide/rustup-home:ro,Z" "-e" "SOURCE_DIR=/opt/rustwide/workdir" "-e" "CARGO_TARGET_DIR=/opt/rustwide/target" "-e" "CARGO_INCREMENTAL=0" "-e" "RUST_BACKTRACE=full" "-e" "RUSTFLAGS=--cap-lints=forbid" "-e" "RUSTDOCFLAGS=--cap-lints=forbid" "-e" "CARGO_HOME=/opt/rustwide/cargo-home" "-e" "RUSTUP_HOME=/opt/rustwide/rustup-home" "-w" "/opt/rustwide/workdir" "-m" "1610612736" "--user" "0:0" "--network" "none" "ghcr.io/rust-lang/crates-build-env/linux@sha256:2788e3201cd34a07e3172128adcd8b3090168a8e3bcc40d7c032b9dda1df7d1c" "/opt/rustwide/cargo-home/bin/cargo" "+nightly-2024-02-05" "check" "--frozen" "--all" "--all-targets" "--message-format=json", kill_on_drop: false }`
[INFO] [stdout] ddc327dc74acbb79d685f25f0fe5792a3f445726abdd35f3a242e3e89cc35fde
[INFO] running `Command { std: "docker" "start" "-a" "ddc327dc74acbb79d685f25f0fe5792a3f445726abdd35f3a242e3e89cc35fde", kill_on_drop: false }`
[INFO] [stderr]     Checking nb v1.1.0
[INFO] [stderr]     Checking embedded-hal v1.0.0
[INFO] [stderr]     Checking nb v0.1.3
[INFO] [stderr]     Checking embedded-hal v0.2.7
[INFO] [stderr]     Checking it7259 v0.0.1 (/opt/rustwide/workdir)
[INFO] [stdout] error[E0432]: unresolved import `embedded_hal_1::delay::DelayUs`
[INFO] [stdout]  --> src/lib.rs:3:22
[INFO] [stdout]   |
[INFO] [stdout] 3 | use embedded_hal_1::{delay::DelayUs, digital::OutputPin, i2c::I2c};
[INFO] [stdout]   |                      ^^^^^^^-------
[INFO] [stdout]   |                      |      |
[INFO] [stdout]   |                      |      help: a similar name exists in the module: `DelayNs`
[INFO] [stdout]   |                      no `DelayUs` in `delay`
[INFO] [stdout]   |
[INFO] [stdout]   = help: consider importing this trait instead:
[INFO] [stdout]           embedded_hal_02::blocking::delay::DelayUs
[INFO] [stdout] 
[INFO] [stdout] 
[INFO] [stdout] error[E0432]: unresolved import `embedded_hal_1::delay::DelayUs`
[INFO] [stdout]  --> src/lib.rs:3:22
[INFO] [stdout]   |
[INFO] [stdout] 3 | use embedded_hal_1::{delay::DelayUs, digital::OutputPin, i2c::I2c};
[INFO] [stdout]   |                      ^^^^^^^-------
[INFO] [stdout]   |                      |      |
[INFO] [stdout]   |                      |      help: a similar name exists in the module: `DelayNs`
[INFO] [stdout]   |                      no `DelayUs` in `delay`
[INFO] [stdout]   |
[INFO] [stdout]   = help: consider importing this trait instead:
[INFO] [stdout]           embedded_hal_02::blocking::delay::DelayUs
[INFO] [stdout] 
[INFO] [stdout] 
[INFO] [stdout] error: aborting due to 1 previous error
[INFO] [stdout] 
[INFO] [stdout] 
[INFO] [stdout] For more information about this error, try `rustc --explain E0432`.
[INFO] [stdout] 
[INFO] [stdout] error: aborting due to 1 previous error
[INFO] [stdout] 
[INFO] [stdout] 
[INFO] [stdout] For more information about this error, try `rustc --explain E0432`.
[INFO] [stdout] 
[INFO] [stderr] error: could not compile `it7259` (lib) due to 2 previous errors
[INFO] [stderr] warning: build failed, waiting for other jobs to finish...
[INFO] [stderr] error: could not compile `it7259` (lib test) due to 2 previous errors
[INFO] running `Command { std: "docker" "inspect" "ddc327dc74acbb79d685f25f0fe5792a3f445726abdd35f3a242e3e89cc35fde", kill_on_drop: false }`
[INFO] running `Command { std: "docker" "rm" "-f" "ddc327dc74acbb79d685f25f0fe5792a3f445726abdd35f3a242e3e89cc35fde", kill_on_drop: false }`
[INFO] [stdout] ddc327dc74acbb79d685f25f0fe5792a3f445726abdd35f3a242e3e89cc35fde
[INFO] checking it7259-0.0.1 against nightly-2024-02-05+rustflags=-Dunexpected_cfgs+cargoflags=-Zcheck-cfg for check-cfg
[INFO] extracting crate it7259 0.0.1 into /workspace/builds/worker-6-tc2/source
[INFO] validating manifest of crates.io crate it7259 0.0.1 on toolchain nightly-2024-02-05
[INFO] running `Command { std: CARGO_HOME="/workspace/cargo-home" RUSTUP_HOME="/workspace/rustup-home" "/workspace/cargo-home/bin/cargo" "+nightly-2024-02-05" "metadata" "--manifest-path" "Cargo.toml" "--no-deps", kill_on_drop: false }`
[INFO] started tweaking crates.io crate it7259 0.0.1
[INFO] finished tweaking crates.io crate it7259 0.0.1
[INFO] tweaked toml for crates.io crate it7259 0.0.1 written to /workspace/builds/worker-6-tc2/source/Cargo.toml
[INFO] running `Command { std: CARGO_HOME="/workspace/cargo-home" RUSTUP_HOME="/workspace/rustup-home" "/workspace/cargo-home/bin/cargo" "+nightly-2024-02-05" "generate-lockfile" "--manifest-path" "Cargo.toml", kill_on_drop: false }`
[INFO] [stderr]     Updating crates.io index
[INFO] running `Command { std: CARGO_HOME="/workspace/cargo-home" RUSTUP_HOME="/workspace/rustup-home" "/workspace/cargo-home/bin/cargo" "+nightly-2024-02-05" "fetch" "--manifest-path" "Cargo.toml", kill_on_drop: false }`
[INFO] running `Command { std: "docker" "create" "-v" "/var/lib/crater-agent-workspace/builds/worker-6-tc2/target:/opt/rustwide/target:rw,Z" "-v" "/var/lib/crater-agent-workspace/builds/worker-6-tc2/source:/opt/rustwide/workdir:ro,Z" "-v" "/var/lib/crater-agent-workspace/cargo-home:/opt/rustwide/cargo-home:ro,Z" "-v" "/var/lib/crater-agent-workspace/rustup-home:/opt/rustwide/rustup-home:ro,Z" "-e" "SOURCE_DIR=/opt/rustwide/workdir" "-e" "CARGO_TARGET_DIR=/opt/rustwide/target" "-e" "CARGO_HOME=/opt/rustwide/cargo-home" "-e" "RUSTUP_HOME=/opt/rustwide/rustup-home" "-w" "/opt/rustwide/workdir" "-m" "1610612736" "--user" "0:0" "--network" "none" "ghcr.io/rust-lang/crates-build-env/linux@sha256:2788e3201cd34a07e3172128adcd8b3090168a8e3bcc40d7c032b9dda1df7d1c" "/opt/rustwide/cargo-home/bin/cargo" "+nightly-2024-02-05" "metadata" "--no-deps" "--format-version=1", kill_on_drop: false }`
[INFO] [stdout] 24cb744a6e8f1018b6f5b9c84b87e56a28bd2830ec6ed2b4115bba1219284047
[INFO] running `Command { std: "docker" "start" "-a" "24cb744a6e8f1018b6f5b9c84b87e56a28bd2830ec6ed2b4115bba1219284047", kill_on_drop: false }`
[INFO] running `Command { std: "docker" "inspect" "24cb744a6e8f1018b6f5b9c84b87e56a28bd2830ec6ed2b4115bba1219284047", kill_on_drop: false }`
[INFO] running `Command { std: "docker" "rm" "-f" "24cb744a6e8f1018b6f5b9c84b87e56a28bd2830ec6ed2b4115bba1219284047", kill_on_drop: false }`
[INFO] [stdout] 24cb744a6e8f1018b6f5b9c84b87e56a28bd2830ec6ed2b4115bba1219284047
[INFO] running `Command { std: "docker" "create" "-v" "/var/lib/crater-agent-workspace/builds/worker-6-tc2/target:/opt/rustwide/target:rw,Z" "-v" "/var/lib/crater-agent-workspace/builds/worker-6-tc2/source:/opt/rustwide/workdir:ro,Z" "-v" "/var/lib/crater-agent-workspace/cargo-home:/opt/rustwide/cargo-home:ro,Z" "-v" "/var/lib/crater-agent-workspace/rustup-home:/opt/rustwide/rustup-home:ro,Z" "-e" "SOURCE_DIR=/opt/rustwide/workdir" "-e" "CARGO_TARGET_DIR=/opt/rustwide/target" "-e" "CARGO_INCREMENTAL=0" "-e" "RUST_BACKTRACE=full" "-e" "RUSTFLAGS=--cap-lints=forbid -Dunexpected_cfgs" "-e" "RUSTDOCFLAGS=--cap-lints=forbid" "-e" "CARGO_HOME=/opt/rustwide/cargo-home" "-e" "RUSTUP_HOME=/opt/rustwide/rustup-home" "-w" "/opt/rustwide/workdir" "-m" "1610612736" "--user" "0:0" "--network" "none" "ghcr.io/rust-lang/crates-build-env/linux@sha256:2788e3201cd34a07e3172128adcd8b3090168a8e3bcc40d7c032b9dda1df7d1c" "/opt/rustwide/cargo-home/bin/cargo" "+nightly-2024-02-05" "check" "--frozen" "--all" "--all-targets" "--message-format=json" "-Zcheck-cfg", kill_on_drop: false }`
[INFO] [stdout] f09f5a18b87fa81bd19e6a64eb0a840ca359469b490758863e11461ae67e5b7a
[INFO] running `Command { std: "docker" "start" "-a" "f09f5a18b87fa81bd19e6a64eb0a840ca359469b490758863e11461ae67e5b7a", kill_on_drop: false }`
[INFO] [stderr]     Checking nb v1.1.0
[INFO] [stderr]     Checking embedded-hal v1.0.0
[INFO] [stderr]     Checking nb v0.1.3
[INFO] [stderr]     Checking embedded-hal v0.2.7
[INFO] [stderr]     Checking it7259 v0.0.1 (/opt/rustwide/workdir)
[INFO] [stdout] error[E0432]: unresolved import `embedded_hal_1::delay::DelayUs`
[INFO] [stdout]  --> src/lib.rs:3:22
[INFO] [stdout]   |
[INFO] [stdout] 3 | use embedded_hal_1::{delay::DelayUs, digital::OutputPin, i2c::I2c};
[INFO] [stdout]   |                      ^^^^^^^-------
[INFO] [stdout]   |                      |      |
[INFO] [stdout]   |                      |      help: a similar name exists in the module: `DelayNs`
[INFO] [stdout]   |                      no `DelayUs` in `delay`
[INFO] [stdout]   |
[INFO] [stdout]   = help: consider importing this trait instead:
[INFO] [stdout]           embedded_hal_02::blocking::delay::DelayUs
[INFO] [stdout] 
[INFO] [stdout] 
[INFO] [stdout] error[E0432]: unresolved import `embedded_hal_1::delay::DelayUs`
[INFO] [stdout]  --> src/lib.rs:3:22
[INFO] [stdout]   |
[INFO] [stdout] 3 | use embedded_hal_1::{delay::DelayUs, digital::OutputPin, i2c::I2c};
[INFO] [stdout]   |                      ^^^^^^^-------
[INFO] [stdout]   |                      |      |
[INFO] [stdout]   |                      |      help: a similar name exists in the module: `DelayNs`
[INFO] [stdout]   |                      no `DelayUs` in `delay`
[INFO] [stdout]   |
[INFO] [stdout]   = help: consider importing this trait instead:
[INFO] [stdout]           embedded_hal_02::blocking::delay::DelayUs
[INFO] [stdout] 
[INFO] [stdout] 
[INFO] [stdout] error: aborting due to 1 previous error
[INFO] [stdout] 
[INFO] [stdout] 
[INFO] [stdout] For more information about this error, try `rustc --explain E0432`.
[INFO] [stdout] 
[INFO] [stdout] error: aborting due to 1 previous error
[INFO] [stdout] 
[INFO] [stdout] 
[INFO] [stdout] For more information about this error, try `rustc --explain E0432`.
[INFO] [stdout] 
[INFO] [stderr] error: could not compile `it7259` (lib) due to 2 previous errors
[INFO] [stderr] warning: build failed, waiting for other jobs to finish...
[INFO] [stderr] error: could not compile `it7259` (lib test) due to 2 previous errors
[INFO] running `Command { std: "docker" "inspect" "f09f5a18b87fa81bd19e6a64eb0a840ca359469b490758863e11461ae67e5b7a", kill_on_drop: false }`
[INFO] running `Command { std: "docker" "rm" "-f" "f09f5a18b87fa81bd19e6a64eb0a840ca359469b490758863e11461ae67e5b7a", kill_on_drop: false }`
[INFO] [stdout] f09f5a18b87fa81bd19e6a64eb0a840ca359469b490758863e11461ae67e5b7a
