[INFO] fetching crate iroha-internal 0.1.1...
[INFO] checking iroha-internal-0.1.1 against nightly-2024-02-05 for check-cfg
[INFO] extracting crate iroha-internal 0.1.1 into /workspace/builds/worker-1-tc1/source
[INFO] validating manifest of crates.io crate iroha-internal 0.1.1 on toolchain nightly-2024-02-05
[INFO] running `Command { std: CARGO_HOME="/workspace/cargo-home" RUSTUP_HOME="/workspace/rustup-home" "/workspace/cargo-home/bin/cargo" "+nightly-2024-02-05" "metadata" "--manifest-path" "Cargo.toml" "--no-deps", kill_on_drop: false }`
[INFO] started tweaking crates.io crate iroha-internal 0.1.1
[INFO] finished tweaking crates.io crate iroha-internal 0.1.1
[INFO] tweaked toml for crates.io crate iroha-internal 0.1.1 written to /workspace/builds/worker-1-tc1/source/Cargo.toml
[INFO] running `Command { std: CARGO_HOME="/workspace/cargo-home" RUSTUP_HOME="/workspace/rustup-home" "/workspace/cargo-home/bin/cargo" "+nightly-2024-02-05" "generate-lockfile" "--manifest-path" "Cargo.toml", kill_on_drop: false }`
[INFO] [stderr]     Updating crates.io index
[INFO] running `Command { std: CARGO_HOME="/workspace/cargo-home" RUSTUP_HOME="/workspace/rustup-home" "/workspace/cargo-home/bin/cargo" "+nightly-2024-02-05" "fetch" "--manifest-path" "Cargo.toml", kill_on_drop: false }`
[INFO] running `Command { std: "docker" "create" "-v" "/var/lib/crater-agent-workspace/builds/worker-1-tc1/target:/opt/rustwide/target:rw,Z" "-v" "/var/lib/crater-agent-workspace/builds/worker-1-tc1/source:/opt/rustwide/workdir:ro,Z" "-v" "/var/lib/crater-agent-workspace/cargo-home:/opt/rustwide/cargo-home:ro,Z" "-v" "/var/lib/crater-agent-workspace/rustup-home:/opt/rustwide/rustup-home:ro,Z" "-e" "SOURCE_DIR=/opt/rustwide/workdir" "-e" "CARGO_TARGET_DIR=/opt/rustwide/target" "-e" "CARGO_HOME=/opt/rustwide/cargo-home" "-e" "RUSTUP_HOME=/opt/rustwide/rustup-home" "-w" "/opt/rustwide/workdir" "-m" "1610612736" "--user" "0:0" "--network" "none" "ghcr.io/rust-lang/crates-build-env/linux@sha256:2788e3201cd34a07e3172128adcd8b3090168a8e3bcc40d7c032b9dda1df7d1c" "/opt/rustwide/cargo-home/bin/cargo" "+nightly-2024-02-05" "metadata" "--no-deps" "--format-version=1", kill_on_drop: false }`
[INFO] [stdout] 152d1e7120abd71a45d65d37e83b83d73dede17149d8e9b799790444a0dc6125
[INFO] running `Command { std: "docker" "start" "-a" "152d1e7120abd71a45d65d37e83b83d73dede17149d8e9b799790444a0dc6125", kill_on_drop: false }`
[INFO] running `Command { std: "docker" "inspect" "152d1e7120abd71a45d65d37e83b83d73dede17149d8e9b799790444a0dc6125", kill_on_drop: false }`
[INFO] running `Command { std: "docker" "rm" "-f" "152d1e7120abd71a45d65d37e83b83d73dede17149d8e9b799790444a0dc6125", kill_on_drop: false }`
[INFO] [stdout] 152d1e7120abd71a45d65d37e83b83d73dede17149d8e9b799790444a0dc6125
[INFO] running `Command { std: "docker" "create" "-v" "/var/lib/crater-agent-workspace/builds/worker-1-tc1/target:/opt/rustwide/target:rw,Z" "-v" "/var/lib/crater-agent-workspace/builds/worker-1-tc1/source:/opt/rustwide/workdir:ro,Z" "-v" "/var/lib/crater-agent-workspace/cargo-home:/opt/rustwide/cargo-home:ro,Z" "-v" "/var/lib/crater-agent-workspace/rustup-home:/opt/rustwide/rustup-home:ro,Z" "-e" "SOURCE_DIR=/opt/rustwide/workdir" "-e" "CARGO_TARGET_DIR=/opt/rustwide/target" "-e" "CARGO_INCREMENTAL=0" "-e" "RUST_BACKTRACE=full" "-e" "RUSTFLAGS=--cap-lints=forbid" "-e" "RUSTDOCFLAGS=--cap-lints=forbid" "-e" "CARGO_HOME=/opt/rustwide/cargo-home" "-e" "RUSTUP_HOME=/opt/rustwide/rustup-home" "-w" "/opt/rustwide/workdir" "-m" "1610612736" "--user" "0:0" "--network" "none" "ghcr.io/rust-lang/crates-build-env/linux@sha256:2788e3201cd34a07e3172128adcd8b3090168a8e3bcc40d7c032b9dda1df7d1c" "/opt/rustwide/cargo-home/bin/cargo" "+nightly-2024-02-05" "check" "--frozen" "--all" "--all-targets" "--message-format=json", kill_on_drop: false }`
[INFO] [stdout] 8691f695eb9e356909c8aedb9fc17e07bd72ae4c568212034a91805a19345185
[INFO] running `Command { std: "docker" "start" "-a" "8691f695eb9e356909c8aedb9fc17e07bd72ae4c568212034a91805a19345185", kill_on_drop: false }`
[INFO] [stderr]    Compiling proc-macro2 v1.0.78
[INFO] [stderr]     Checking unicode-ident v1.0.12
[INFO] [stderr]    Compiling syn v1.0.109
[INFO] [stderr]     Checking quote v1.0.35
[INFO] [stderr]     Checking iroha-internal v0.1.1 (/opt/rustwide/workdir)
[INFO] [stdout] error[E0432]: unresolved import `syn::export`
[INFO] [stdout]  --> src/lib.rs:8:10
[INFO] [stdout]   |
[INFO] [stdout] 8 | use syn::export::ToTokens;
[INFO] [stdout]   |          ^^^^^^ could not find `export` in `syn`
[INFO] [stdout] 
[INFO] [stdout] 
[INFO] [stdout] error[E0432]: unresolved import `syn::export`
[INFO] [stdout]  --> src/lib.rs:8:10
[INFO] [stdout]   |
[INFO] [stdout] 8 | use syn::export::ToTokens;
[INFO] [stdout]   |          ^^^^^^ could not find `export` in `syn`
[INFO] [stdout] 
[INFO] [stdout] 
[INFO] [stdout] error[E0599]: no method named `to_token_stream` found for reference `&syn::Type` in the current scope
[INFO] [stdout]   --> src/lib.rs:59:28
[INFO] [stdout]    |
[INFO] [stdout] 59 |     }.unwrap_or_else(|| ty.to_token_stream())
[INFO] [stdout]    |                            ^^^^^^^^^^^^^^^ method not found in `&syn::Type`
[INFO] [stdout]    |
[INFO] [stdout]    = help: items from traits can only be used if the trait is in scope
[INFO] [stdout] help: the following trait is implemented but not in scope; perhaps add a `use` for it:
[INFO] [stdout]    |
[INFO] [stdout] 1  + use quote::ToTokens;
[INFO] [stdout]    |
[INFO] [stdout] 
[INFO] [stdout] 
[INFO] [stdout] error[E0599]: no method named `to_token_stream` found for reference `&syn::Type` in the current scope
[INFO] [stdout]   --> src/lib.rs:59:28
[INFO] [stdout]    |
[INFO] [stdout] 59 |     }.unwrap_or_else(|| ty.to_token_stream())
[INFO] [stdout]    |                            ^^^^^^^^^^^^^^^ method not found in `&syn::Type`
[INFO] [stdout]    |
[INFO] [stdout]    = help: items from traits can only be used if the trait is in scope
[INFO] [stdout] help: the following trait is implemented but not in scope; perhaps add a `use` for it:
[INFO] [stdout]    |
[INFO] [stdout] 1  + use quote::ToTokens;
[INFO] [stdout]    |
[INFO] [stdout] 
[INFO] [stdout] 
[INFO] [stdout] error: aborting due to 2 previous errors
[INFO] [stdout] 
[INFO] [stdout] 
[INFO] [stdout] Some errors have detailed explanations: E0432, E0599.
[INFO] [stdout] 
[INFO] [stdout] For more information about an error, try `rustc --explain E0432`.
[INFO] [stdout] 
[INFO] [stdout] error: aborting due to 2 previous errors
[INFO] [stdout] 
[INFO] [stdout] 
[INFO] [stdout] Some errors have detailed explanations: E0432, E0599.
[INFO] [stdout] 
[INFO] [stdout] For more information about an error, try `rustc --explain E0432`.
[INFO] [stdout] 
[INFO] [stderr] error: could not compile `iroha-internal` (lib) due to 3 previous errors
[INFO] [stderr] warning: build failed, waiting for other jobs to finish...
[INFO] [stderr] error: could not compile `iroha-internal` (lib test) due to 3 previous errors
[INFO] running `Command { std: "docker" "inspect" "8691f695eb9e356909c8aedb9fc17e07bd72ae4c568212034a91805a19345185", kill_on_drop: false }`
[INFO] running `Command { std: "docker" "rm" "-f" "8691f695eb9e356909c8aedb9fc17e07bd72ae4c568212034a91805a19345185", kill_on_drop: false }`
[INFO] [stdout] 8691f695eb9e356909c8aedb9fc17e07bd72ae4c568212034a91805a19345185
[INFO] checking iroha-internal-0.1.1 against nightly-2024-02-05+rustflags=-Dunexpected_cfgs+cargoflags=-Zcheck-cfg for check-cfg
[INFO] extracting crate iroha-internal 0.1.1 into /workspace/builds/worker-1-tc2/source
[INFO] validating manifest of crates.io crate iroha-internal 0.1.1 on toolchain nightly-2024-02-05
[INFO] running `Command { std: CARGO_HOME="/workspace/cargo-home" RUSTUP_HOME="/workspace/rustup-home" "/workspace/cargo-home/bin/cargo" "+nightly-2024-02-05" "metadata" "--manifest-path" "Cargo.toml" "--no-deps", kill_on_drop: false }`
[INFO] started tweaking crates.io crate iroha-internal 0.1.1
[INFO] finished tweaking crates.io crate iroha-internal 0.1.1
[INFO] tweaked toml for crates.io crate iroha-internal 0.1.1 written to /workspace/builds/worker-1-tc2/source/Cargo.toml
[INFO] running `Command { std: CARGO_HOME="/workspace/cargo-home" RUSTUP_HOME="/workspace/rustup-home" "/workspace/cargo-home/bin/cargo" "+nightly-2024-02-05" "generate-lockfile" "--manifest-path" "Cargo.toml", kill_on_drop: false }`
[INFO] [stderr]     Updating crates.io index
[INFO] running `Command { std: CARGO_HOME="/workspace/cargo-home" RUSTUP_HOME="/workspace/rustup-home" "/workspace/cargo-home/bin/cargo" "+nightly-2024-02-05" "fetch" "--manifest-path" "Cargo.toml", kill_on_drop: false }`
[INFO] running `Command { std: "docker" "create" "-v" "/var/lib/crater-agent-workspace/builds/worker-1-tc2/target:/opt/rustwide/target:rw,Z" "-v" "/var/lib/crater-agent-workspace/builds/worker-1-tc2/source:/opt/rustwide/workdir:ro,Z" "-v" "/var/lib/crater-agent-workspace/cargo-home:/opt/rustwide/cargo-home:ro,Z" "-v" "/var/lib/crater-agent-workspace/rustup-home:/opt/rustwide/rustup-home:ro,Z" "-e" "SOURCE_DIR=/opt/rustwide/workdir" "-e" "CARGO_TARGET_DIR=/opt/rustwide/target" "-e" "CARGO_HOME=/opt/rustwide/cargo-home" "-e" "RUSTUP_HOME=/opt/rustwide/rustup-home" "-w" "/opt/rustwide/workdir" "-m" "1610612736" "--user" "0:0" "--network" "none" "ghcr.io/rust-lang/crates-build-env/linux@sha256:2788e3201cd34a07e3172128adcd8b3090168a8e3bcc40d7c032b9dda1df7d1c" "/opt/rustwide/cargo-home/bin/cargo" "+nightly-2024-02-05" "metadata" "--no-deps" "--format-version=1", kill_on_drop: false }`
[INFO] [stdout] b380f39b37c4bca9ddf580925fdede15e7e301b89b79b53a6660de5724af1d03
[INFO] running `Command { std: "docker" "start" "-a" "b380f39b37c4bca9ddf580925fdede15e7e301b89b79b53a6660de5724af1d03", kill_on_drop: false }`
[INFO] running `Command { std: "docker" "inspect" "b380f39b37c4bca9ddf580925fdede15e7e301b89b79b53a6660de5724af1d03", kill_on_drop: false }`
[INFO] running `Command { std: "docker" "rm" "-f" "b380f39b37c4bca9ddf580925fdede15e7e301b89b79b53a6660de5724af1d03", kill_on_drop: false }`
[INFO] [stdout] b380f39b37c4bca9ddf580925fdede15e7e301b89b79b53a6660de5724af1d03
[INFO] running `Command { std: "docker" "create" "-v" "/var/lib/crater-agent-workspace/builds/worker-1-tc2/target:/opt/rustwide/target:rw,Z" "-v" "/var/lib/crater-agent-workspace/builds/worker-1-tc2/source:/opt/rustwide/workdir:ro,Z" "-v" "/var/lib/crater-agent-workspace/cargo-home:/opt/rustwide/cargo-home:ro,Z" "-v" "/var/lib/crater-agent-workspace/rustup-home:/opt/rustwide/rustup-home:ro,Z" "-e" "SOURCE_DIR=/opt/rustwide/workdir" "-e" "CARGO_TARGET_DIR=/opt/rustwide/target" "-e" "CARGO_INCREMENTAL=0" "-e" "RUST_BACKTRACE=full" "-e" "RUSTFLAGS=--cap-lints=forbid -Dunexpected_cfgs" "-e" "RUSTDOCFLAGS=--cap-lints=forbid" "-e" "CARGO_HOME=/opt/rustwide/cargo-home" "-e" "RUSTUP_HOME=/opt/rustwide/rustup-home" "-w" "/opt/rustwide/workdir" "-m" "1610612736" "--user" "0:0" "--network" "none" "ghcr.io/rust-lang/crates-build-env/linux@sha256:2788e3201cd34a07e3172128adcd8b3090168a8e3bcc40d7c032b9dda1df7d1c" "/opt/rustwide/cargo-home/bin/cargo" "+nightly-2024-02-05" "check" "--frozen" "--all" "--all-targets" "--message-format=json" "-Zcheck-cfg", kill_on_drop: false }`
[INFO] [stdout] f999aa98234f396561e6f2e1a5cd77aaa085b4a35dc84b21ff735f4dc1eb690a
[INFO] running `Command { std: "docker" "start" "-a" "f999aa98234f396561e6f2e1a5cd77aaa085b4a35dc84b21ff735f4dc1eb690a", kill_on_drop: false }`
[INFO] [stderr]    Compiling proc-macro2 v1.0.78
[INFO] [stderr]     Checking unicode-ident v1.0.12
[INFO] [stderr]    Compiling syn v1.0.109
[INFO] [stderr]     Checking quote v1.0.35
[INFO] [stderr]     Checking iroha-internal v0.1.1 (/opt/rustwide/workdir)
[INFO] [stdout] error[E0432]: unresolved import `syn::export`
[INFO] [stdout]  --> src/lib.rs:8:10
[INFO] [stdout]   |
[INFO] [stdout] 8 | use syn::export::ToTokens;
[INFO] [stdout]   |          ^^^^^^ could not find `export` in `syn`
[INFO] [stdout] 
[INFO] [stdout] 
[INFO] [stdout] error[E0432]: unresolved import `syn::export`
[INFO] [stdout]  --> src/lib.rs:8:10
[INFO] [stdout]   |
[INFO] [stdout] 8 | use syn::export::ToTokens;
[INFO] [stdout]   |          ^^^^^^ could not find `export` in `syn`
[INFO] [stdout] 
[INFO] [stdout] 
[INFO] [stdout] error[E0599]: no method named `to_token_stream` found for reference `&syn::Type` in the current scope
[INFO] [stdout]   --> src/lib.rs:59:28
[INFO] [stdout]    |
[INFO] [stdout] 59 |     }.unwrap_or_else(|| ty.to_token_stream())
[INFO] [stdout]    |                            ^^^^^^^^^^^^^^^ method not found in `&syn::Type`
[INFO] [stdout]    |
[INFO] [stdout]    = help: items from traits can only be used if the trait is in scope
[INFO] [stdout] help: the following trait is implemented but not in scope; perhaps add a `use` for it:
[INFO] [stdout]    |
[INFO] [stdout] 1  + use quote::ToTokens;
[INFO] [stdout]    |
[INFO] [stdout] 
[INFO] [stdout] 
[INFO] [stdout] error[E0599]: no method named `to_token_stream` found for reference `&syn::Type` in the current scope
[INFO] [stdout]   --> src/lib.rs:59:28
[INFO] [stdout]    |
[INFO] [stdout] 59 |     }.unwrap_or_else(|| ty.to_token_stream())
[INFO] [stdout]    |                            ^^^^^^^^^^^^^^^ method not found in `&syn::Type`
[INFO] [stdout]    |
[INFO] [stdout]    = help: items from traits can only be used if the trait is in scope
[INFO] [stdout] help: the following trait is implemented but not in scope; perhaps add a `use` for it:
[INFO] [stdout]    |
[INFO] [stdout] 1  + use quote::ToTokens;
[INFO] [stdout]    |
[INFO] [stdout] 
[INFO] [stdout] 
[INFO] [stdout] error: aborting due to 2 previous errors
[INFO] [stdout] 
[INFO] [stdout] 
[INFO] [stdout] Some errors have detailed explanations: E0432, E0599.
[INFO] [stdout] 
[INFO] [stdout] For more information about an error, try `rustc --explain E0432`.
[INFO] [stdout] 
[INFO] [stdout] error: aborting due to 2 previous errors
[INFO] [stdout] 
[INFO] [stdout] 
[INFO] [stdout] Some errors have detailed explanations: E0432, E0599.
[INFO] [stdout] 
[INFO] [stdout] For more information about an error, try `rustc --explain E0432`.
[INFO] [stdout] 
[INFO] [stderr] error: could not compile `iroha-internal` (lib) due to 3 previous errors
[INFO] [stderr] warning: build failed, waiting for other jobs to finish...
[INFO] [stderr] error: could not compile `iroha-internal` (lib test) due to 3 previous errors
[INFO] running `Command { std: "docker" "inspect" "f999aa98234f396561e6f2e1a5cd77aaa085b4a35dc84b21ff735f4dc1eb690a", kill_on_drop: false }`
[INFO] running `Command { std: "docker" "rm" "-f" "f999aa98234f396561e6f2e1a5cd77aaa085b4a35dc84b21ff735f4dc1eb690a", kill_on_drop: false }`
[INFO] [stdout] f999aa98234f396561e6f2e1a5cd77aaa085b4a35dc84b21ff735f4dc1eb690a
